172.56.15.65 - - [29/Jan/2026:01:40:24 -0500] "GET /wp-content/uploads/2019/04/006.jpg HTTP/1.1" 200 100758 "-" "com.google.GoogleMobile/405.0 iPhone/18.6.2 hw/iPhone14_2"
110.19.212.39 - - [29/Jan/2026:01:40:36 -0500] "-" 408 - "-" "-"
107.189.29.231 - - [29/Jan/2026:01:40:58 -0500] "GET /wp-login.php HTTP/1.1" 200 6925 "-" "Mozilla/5.0 (iPad; CPU OS 7_1_1 like Mac OS X) AppleWebKit/537.51.2 (KHTML, like Gecko) Version/7.0 Mobile/11D201 Safari/9537.53"
107.189.29.231 - - [29/Jan/2026:01:40:59 -0500] "POST /wp-login.php HTTP/1.1" 200 7199 "-" "Mozilla/5.0 (iPad; CPU OS 7_1_1 like Mac OS X) AppleWebKit/537.51.2 (KHTML, like Gecko) Version/7.0 Mobile/11D201 Safari/9537.53"
64.59.72.148 - - [29/Jan/2026:01:41:03 -0500] "GET / HTTP/1.1" 200 4446 "-" "check_http/v2.4.9 (nagios-plugins 2.4.9)"
172.252.109.217 - - [29/Jan/2026:01:41:25 -0500] "GET / HTTP/1.1" 200 4446 "-" "Mozilla/5.0 (Macintosh; Intel Mac OS X 10_15_7) AppleWebKit/537.36 (KHTML, like Gecko) Chrome/142.0.0.0 Safari/537.36"
34.221.21.250 - - [29/Jan/2026:01:42:03 -0500] "GET / HTTP/1.1" 301 - "-" "Mozilla/5.0 (X11; Linux i686; rv:124.0) Gecko/20100101 Firefox/124.0"
34.221.21.250 - - [29/Jan/2026:01:42:03 -0500] "GET / HTTP/1.1" 200 4465 "https://www.matrixmodels.com" "Mozilla/5.0 (X11; Linux i686; rv:124.0) Gecko/20100101 Firefox/124.0"
104.28.215.133 - - [29/Jan/2026:01:42:43 -0500] "GET /wp-login.php HTTP/1.1" 200 6925 "-" "Mozilla/5.0 (Windows NT 10.0; Win64; x64; rv:77.0) Gecko/20100101 Firefox/77.0"
104.28.215.133 - - [29/Jan/2026:01:42:43 -0500] "GET /wp-login.php HTTP/1.1" 200 6925 "-" "Mozilla/5.0 (Windows NT 10.0; WOW64; Trident/7.0; .NET4.0C; .NET4.0E; .NET CLR 2.0.50727; .NET CLR 3.0.30729; .NET CLR 3.5.30729; rv:11.0) like Gecko"
104.28.215.133 - - [29/Jan/2026:01:42:43 -0500] "POST /wp-login.php HTTP/1.1" 200 7353 "-" "Mozilla/5.0 (Windows NT 10.0; Win64; x64; rv:77.0) Gecko/20100101 Firefox/77.0"
104.28.215.133 - - [29/Jan/2026:01:42:44 -0500] "POST /wp-login.php HTTP/1.1" 200 7212 "-" "Mozilla/5.0 (Windows NT 10.0; WOW64; Trident/7.0; .NET4.0C; .NET4.0E; .NET CLR 2.0.50727; .NET CLR 3.0.30729; .NET CLR 3.5.30729; rv:11.0) like Gecko"
104.28.215.133 - - [29/Jan/2026:01:42:44 -0500] "POST /wp-login.php HTTP/1.1" 200 7353 "-" "Mozilla/5.0 (Windows NT 10.0; Win64; x64; rv:77.0) Gecko/20100101 Firefox/77.0"
104.28.215.133 - - [29/Jan/2026:01:42:46 -0500] "POST /wp-login.php HTTP/1.1" 200 7212 "-" "Mozilla/5.0 (Windows NT 10.0; WOW64; Trident/7.0; .NET4.0C; .NET4.0E; .NET CLR 2.0.50727; .NET CLR 3.0.30729; .NET CLR 3.5.30729; rv:11.0) like Gecko"
104.28.215.133 - - [29/Jan/2026:01:42:46 -0500] "POST /wp-login.php HTTP/1.1" 200 7353 "-" "Mozilla/5.0 (Windows NT 10.0; Win64; x64; rv:77.0) Gecko/20100101 Firefox/77.0"
104.28.215.133 - - [29/Jan/2026:01:42:47 -0500] "POST /wp-login.php HTTP/1.1" 200 7212 "-" "Mozilla/5.0 (Windows NT 10.0; WOW64; Trident/7.0; .NET4.0C; .NET4.0E; .NET CLR 2.0.50727; .NET CLR 3.0.30729; .NET CLR 3.5.30729; rv:11.0) like Gecko"
64.59.72.148 - - [29/Jan/2026:01:43:03 -0500] "GET / HTTP/1.1" 200 4446 "-" "check_http/v2.4.9 (nagios-plugins 2.4.9)"
107.170.17.98 - - [29/Jan/2026:01:43:42 -0500] "GET /+CSCOL+/Java.jar HTTP/1.1" 404 8520 "-" "Mozilla/5.0 (Windows NT 10.0; Win64; x64) AppleWebKit/537.36 (KHTML, like Gecko) Chrome/108.0.0.0 Safari/537.36"
107.170.17.98 - - [29/Jan/2026:01:43:43 -0500] "GET /+CSCOE+/logon_forms.js HTTP/1.1" 404 8520 "-" "Mozilla/5.0 (Windows NT 10.0; Win64; x64) AppleWebKit/537.36 (KHTML, like Gecko) Chrome/108.0.0.0 Safari/537.36"
107.170.17.98 - - [29/Jan/2026:01:43:44 -0500] "GET /+CSCOL+/a1.jar HTTP/1.1" 404 8520 "-" "Mozilla/5.0 (Windows NT 10.0; Win64; x64) AppleWebKit/537.36 (KHTML, like Gecko) Chrome/108.0.0.0 Safari/537.36"
107.170.17.98 - - [29/Jan/2026:01:43:45 -0500] "GET /+CSCOE+/transfer.js HTTP/1.1" 404 8520 "-" "Mozilla/5.0 (Windows NT 10.0; Win64; x64) AppleWebKit/537.36 (KHTML, like Gecko) Chrome/108.0.0.0 Safari/537.36"
64.59.72.148 - - [29/Jan/2026:01:45:03 -0500] "GET / HTTP/1.1" 200 4446 "-" "check_http/v2.4.9 (nagios-plugins 2.4.9)"
35.168.84.139 - - [29/Jan/2026:01:46:29 -0500] "GET / HTTP/1.1" 200 4446 "-" "Wget/1.21.4"
68.167.151.203 - - [29/Jan/2026:01:46:45 -0500] "GET / HTTP/1.1" 200 4446 "-" "Mozilla/5.0 (Macintosh; Intel Mac OS X 10_15_7) AppleWebKit/537.36 (KHTML, like Gecko) Chrome/142.0.0.0 Safari/537.36"
64.59.72.148 - - [29/Jan/2026:01:47:03 -0500] "GET / HTTP/1.1" 200 4446 "-" "check_http/v2.4.9 (nagios-plugins 2.4.9)"
91.224.99.0 - - [29/Jan/2026:01:47:05 -0500] "-" 408 - "-" "-"
36.28.133.106 - - [29/Jan/2026:01:47:37 -0500] "GET / HTTP/1.1" 200 4465 "-" "Mozilla/5.0 (Phone; OpenHarmony 6.0; Android 10) AppleWebKit/537.36 (KHTML, like Gecko) Chrome/132.0.0.0 Safari/537.36 ArkWeb/6.0.0.125 Mobile HuaweiBrowser/5.1.12.351"
36.28.133.106 - - [29/Jan/2026:01:47:37 -0500] "GET /wp-content/themes/matrix-model/assets/css/owl.carousel.min.css HTTP/1.1" 404 260 "https://matrixmodels.com/" "Mozilla/5.0 (Phone; OpenHarmony 6.0; Android 10) AppleWebKit/537.36 (KHTML, like Gecko) Chrome/132.0.0.0 Safari/537.36 ArkWeb/6.0.0.125 Mobile HuaweiBrowser/5.1.12.351"
36.28.133.106 - - [29/Jan/2026:01:47:37 -0500] "GET /wp-content/themes/matrix-model/assets/css/owl.theme.default.min.css HTTP/1.1" 404 265 "https://matrixmodels.com/" "Mozilla/5.0 (Phone; OpenHarmony 6.0; Android 10) AppleWebKit/537.36 (KHTML, like Gecko) Chrome/132.0.0.0 Safari/537.36 ArkWeb/6.0.0.125 Mobile HuaweiBrowser/5.1.12.351"
36.28.133.106 - - [29/Jan/2026:01:47:38 -0500] "GET /wp-content/themes/matrix-model/assets/css/owl.carousel.min.css HTTP/1.1" 404 260 "https://matrixmodels.com/" "Mozilla/5.0 (Phone; OpenHarmony 6.0; Android 10) AppleWebKit/537.36 (KHTML, like Gecko) Chrome/132.0.0.0 Safari/537.36 ArkWeb/6.0.0.125 Mobile HuaweiBrowser/5.1.12.351"
36.28.133.106 - - [29/Jan/2026:01:47:38 -0500] "GET /wp-content/themes/matrix-model/assets/css/owl.theme.default.min.css HTTP/1.1" 404 265 "https://matrixmodels.com/" "Mozilla/5.0 (Phone; OpenHarmony 6.0; Android 10) AppleWebKit/537.36 (KHTML, like Gecko) Chrome/132.0.0.0 Safari/537.36 ArkWeb/6.0.0.125 Mobile HuaweiBrowser/5.1.12.351"
36.28.133.106 - - [29/Jan/2026:01:47:39 -0500] "GET /wp-content/themes/matrix-model/assets/images/logo/favicon.png HTTP/1.1" 404 259 "https://matrixmodels.com/" "Mozilla/5.0 (Phone; OpenHarmony 6.0; Android 10) AppleWebKit/537.36 (KHTML, like Gecko) Chrome/132.0.0.0 Safari/537.36 ArkWeb/6.0.0.125 Mobile HuaweiBrowser/5.1.12.351"
36.28.133.106 - - [29/Jan/2026:01:47:45 -0500] "GET /our-models/ HTTP/1.1" 200 7615 "https://matrixmodels.com/" "Mozilla/5.0 (Phone; OpenHarmony 6.0; Android 10) AppleWebKit/537.36 (KHTML, like Gecko) Chrome/132.0.0.0 Safari/537.36 ArkWeb/6.0.0.125 Mobile HuaweiBrowser/5.1.12.351"
36.28.133.106 - - [29/Jan/2026:01:47:54 -0500] "GET /our-models/ HTTP/1.1" 200 7615 "https://matrixmodels.com/" "Mozilla/5.0 (Phone; OpenHarmony 6.0; Android 10) AppleWebKit/537.36 (KHTML, like Gecko) Chrome/132.0.0.0 Safari/537.36 ArkWeb/6.0.0.125 Mobile HuaweiBrowser/5.1.12.351"
107.189.8.157 - - [29/Jan/2026:01:48:17 -0500] "GET /wp-login.php HTTP/1.1" 200 6925 "-" "Mozilla/5.0 (X11; Linux x86_64; rv:31.0) Gecko/20100101 Firefox/31.0"
107.189.8.157 - - [29/Jan/2026:01:48:18 -0500] "POST /wp-login.php HTTP/1.1" 200 7198 "-" "Mozilla/5.0 (X11; Linux x86_64; rv:31.0) Gecko/20100101 Firefox/31.0"
172.252.149.93 - - [29/Jan/2026:01:48:53 -0500] "GET / HTTP/1.1" 200 4446 "-" "Mozilla/5.0 (Macintosh; Intel Mac OS X 10_15_7) AppleWebKit/537.36 (KHTML, like Gecko) Chrome/142.0.0.0 Safari/537.36"
64.59.72.148 - - [29/Jan/2026:01:49:03 -0500] "GET / HTTP/1.1" 200 4446 "-" "check_http/v2.4.9 (nagios-plugins 2.4.9)"
46.203.206.127 - - [29/Jan/2026:01:49:31 -0500] "GET /otw-portfolio/jillian-janson/ HTTP/1.1" 301 - "-" "Mozilla/5.0 (Windows NT 10.0; Win64; x64) AppleWebKit/537.36 (KHTML, like Gecko) Chrome/139.0.0.0 Safari/537.36"
46.203.206.127 - - [29/Jan/2026:01:49:32 -0500] "GET / HTTP/1.1" 200 4446 "-" "Mozilla/5.0 (Windows NT 10.0; Win64; x64) AppleWebKit/537.36 (KHTML, like Gecko) Chrome/139.0.0.0 Safari/537.36"
54.39.210.179 - - [29/Jan/2026:01:49:38 -0500] "GET /?dir=%2Fhome%2Fhttpd%2Fhtml%2Fmatrixmodels.com%2Fpublic_html&mode=move&src=xmlrpc.php HTTP/1.1" 200 4446 "-" "Mozilla/5.0 (compatible; AhrefsBot/7.0; +http://ahrefs.com/robot/)"
83.217.208.127 - - [29/Jan/2026:01:50:33 -0500] "GET /wp-login.php HTTP/1.1" 200 6925 "-" "Mozilla/5.0 (Windows NT 6.3; WOW64) AppleWebKit/537.36 (KHTML, like Gecko) Chrome/35.0.1916.153 Safari/537.36"
83.217.208.127 - - [29/Jan/2026:01:50:34 -0500] "POST /wp-login.php HTTP/1.1" 200 7355 "-" "Mozilla/5.0 (Windows NT 6.3; WOW64) AppleWebKit/537.36 (KHTML, like Gecko) Chrome/35.0.1916.153 Safari/537.36"
74.206.165.145 - - [29/Jan/2026:01:51:03 -0500] "POST /wp-cron.php?doing_wp_cron=1769669463.5675289630889892578125 HTTP/1.1" 200 - "http://matrixmodels.com/wp-cron.php?doing_wp_cron=1769669463.5675289630889892578125" "WordPress/5.6.16; http://matrixmodels.com"
64.59.72.148 - - [29/Jan/2026:01:51:03 -0500] "GET / HTTP/1.1" 200 4446 "-" "check_http/v2.4.9 (nagios-plugins 2.4.9)"
77.75.76.172 - - [29/Jan/2026:01:51:05 -0500] "GET /comments/feed/ HTTP/1.1" 200 719 "-" "Mozilla/5.0 (compatible; SeznamBot/4.0; +https://o-seznam.cz/napoveda/vyhledavani/en/seznambot-crawler/)"
66.249.70.135 - - [29/Jan/2026:01:51:55 -0500] "GET /otw-portfolio/ginger-grey/ HTTP/1.1" 301 - "-" "Mozilla/5.0 (Linux; Android 6.0.1; Nexus 5X Build/MMB29P) AppleWebKit/537.36 (KHTML, like Gecko) Chrome/143.0.7499.192 Mobile Safari/537.36 (compatible; Googlebot/2.1; +http://www.google.com/bot.html)"
66.249.70.135 - - [29/Jan/2026:01:51:56 -0500] "GET / HTTP/1.1" 200 4446 "-" "Mozilla/5.0 (Linux; Android 6.0.1; Nexus 5X Build/MMB29P) AppleWebKit/537.36 (KHTML, like Gecko) Chrome/143.0.7499.192 Mobile Safari/537.36 (compatible; Googlebot/2.1; +http://www.google.com/bot.html)"
64.59.72.148 - - [29/Jan/2026:01:53:03 -0500] "GET / HTTP/1.1" 200 4446 "-" "check_http/v2.4.9 (nagios-plugins 2.4.9)"
204.10.194.20 - - [29/Jan/2026:01:54:05 -0500] "POST /wp-login.php HTTP/1.1" 302 - "https://matrixmodels.com/wp-admin/" "Mozilla/5.0 (Windows NT 10.0; Win64; x64) AppleWebKit/537.36 (KHTML, like Gecko) Chrome/90.0.4430.85 Safari/537.36"
204.10.194.20 - - [29/Jan/2026:01:54:06 -0500] "GET /wp-login.php?redirect_to=https%3A%2F%2Fmatrixmodels.com%2Fwp-admin%2F&action=confirm_admin_email&wp_lang=en_US HTTP/1.1" 200 3486 "https://matrixmodels.com/wp-admin/" "Mozilla/5.0 (Windows NT 10.0; Win64; x64) AppleWebKit/537.36 (KHTML, like Gecko) Chrome/90.0.4430.85 Safari/537.36"
204.10.194.20 - - [29/Jan/2026:01:54:06 -0500] "GET /wp-admin/ HTTP/1.1" 200 61388 "https://www.google.com" "Mozilla/5.0 (Windows NT 10.0; Win64; x64) AppleWebKit/537.36 (KHTML, like Gecko) Chrome/90.0.4430.85 Safari/537.36"
64.59.72.148 - - [29/Jan/2026:01:55:03 -0500] "GET / HTTP/1.1" 200 4446 "-" "check_http/v2.4.9 (nagios-plugins 2.4.9)"
43.205.178.6 - - [29/Jan/2026:01:55:03 -0500] "GET / HTTP/1.1" 200 4465 "-" "Mozilla/5.0 (Windows NT 10.0; Win64; x64) AppleWebKit/537.36 (KHTML, like Gecko) Chrome/60.0.3112.113 Safari/537.36 Assetnote/1.0.0"
43.205.178.6 - - [29/Jan/2026:01:55:04 -0500] "HEAD /apps HTTP/1.1" 404 - "-" "Mozilla/5.0 (Windows NT 10.0; Win64; x64) AppleWebKit/537.36 (KHTML, like Gecko) Chrome/60.0.3112.113 Safari/537.36 Assetnote/1.0.0"
43.205.178.6 - - [29/Jan/2026:01:55:04 -0500] "HEAD /api/action HTTP/1.1" 404 - "-" "Mozilla/5.0 (Windows NT 10.0; Win64; x64) AppleWebKit/537.36 (KHTML, like Gecko) Chrome/60.0.3112.113 Safari/537.36 Assetnote/1.0.0"
43.205.178.6 - - [29/Jan/2026:01:55:04 -0500] "HEAD /api/actions HTTP/1.1" 404 - "-" "Mozilla/5.0 (Windows NT 10.0; Win64; x64) AppleWebKit/537.36 (KHTML, like Gecko) Chrome/60.0.3112.113 Safari/537.36 Assetnote/1.0.0"
43.205.178.6 - - [29/Jan/2026:01:55:04 -0500] "HEAD /_next/data HTTP/1.1" 404 - "-" "Mozilla/5.0 (Windows NT 10.0; Win64; x64) AppleWebKit/537.36 (KHTML, like Gecko) Chrome/60.0.3112.113 Safari/537.36 Assetnote/1.0.0"
43.205.178.6 - - [29/Jan/2026:01:55:04 -0500] "POST / HTTP/1.1" 200 4465 "-" "Mozilla/5.0 (Windows NT 10.0; Win64; x64) AppleWebKit/537.36 (KHTML, like Gecko) Chrome/60.0.3112.113 Safari/537.36 Assetnote/1.0.0"
66.249.70.133 - - [29/Jan/2026:01:55:07 -0500] "GET /casino-en-ligne-accessible-aux-fran%C3%A7ais/ HTTP/1.1" 404 8442 "-" "Mozilla/5.0 (Linux; Android 6.0.1; Nexus 5X Build/MMB29P) AppleWebKit/537.36 (KHTML, like Gecko) Chrome/143.0.7499.192 Mobile Safari/537.36 (compatible; Googlebot/2.1; +http://www.google.com/bot.html)"
213.201.252.161 - - [29/Jan/2026:01:55:48 -0500] "GET / HTTP/1.1" 200 4446 "-" "Mozilla/5.0 (Macintosh; Intel Mac OS X 10_15_7) AppleWebKit/537.36 (KHTML, like Gecko) Chrome/142.0.0.0 Safari/537.36"
223.231.144.18 - - [29/Jan/2026:01:55:58 -0500] "GET /wp-content/uploads/2019/04/051.jpg HTTP/1.1" 200 73623 "https://www.google.com/" "Mozilla/5.0 (Linux; Android 14; V2338 Build/UP1A.231005.007; wv) AppleWebKit/537.36 (KHTML, like Gecko) Version/4.0 Chrome/143.0.7499.192 Mobile Safari/537.36 GoogleApp/16.48.57.ve.arm64"
204.10.194.20 - - [29/Jan/2026:01:56:04 -0500] "GET /wp-login.php HTTP/1.1" 200 6925 "https://wordpress.org/" "Mozilla/5.0 (Macintosh; Intel Mac OS X 10_15_7) AppleWebKit/537.36 (KHTML, like Gecko) Chrome/120.0.0.0 Safari/537.36"
204.10.194.20 - - [29/Jan/2026:01:56:04 -0500] "GET /?author=1 HTTP/1.1" 301 - "https://t.co/" "Mozilla/5.0 (X11; Ubuntu; Linux x86_64) AppleWebKit/537.36 (KHTML, like Gecko) Chrome/120.0.0.0 Safari/537.36"
204.10.194.20 - - [29/Jan/2026:01:56:04 -0500] "GET /author/admin/ HTTP/1.1" 200 11212 "https://t.co/" "Mozilla/5.0 (X11; Ubuntu; Linux x86_64) AppleWebKit/537.36 (KHTML, like Gecko) Chrome/120.0.0.0 Safari/537.36"
204.10.194.20 - - [29/Jan/2026:01:56:04 -0500] "GET /?author=2 HTTP/1.1" 404 8466 "https://www.facebook.com/" "Mozilla/5.0 (Macintosh; Intel Mac OS X 13_6_1; rv:120.0) Gecko/20100101 Firefox/120.0"
204.10.194.20 - - [29/Jan/2026:01:56:04 -0500] "GET /?author=3 HTTP/1.1" 404 8466 "https://www.google.com/" "Mozilla/5.0 (X11; Linux x86_64) AppleWebKit/537.36 (KHTML, like Gecko) Chrome/118.0.0.0 Safari/537.36"
204.10.194.20 - - [29/Jan/2026:01:56:04 -0500] "GET /?author=4 HTTP/1.1" 200 11224 "-" "Mozilla/5.0 (Macintosh; Intel Mac OS X 10_15_7) AppleWebKit/537.36 (KHTML, like Gecko) Chrome/119.0.0.0 Safari/537.36"
204.10.194.20 - - [29/Jan/2026:01:56:04 -0500] "GET /?author=5 HTTP/1.1" 301 - "-" "Mozilla/5.0 (Macintosh; Intel Mac OS X 13_6_1) AppleWebKit/605.1.15 (KHTML, like Gecko) Version/17.1 Safari/605.1.15"
204.10.194.20 - - [29/Jan/2026:01:56:05 -0500] "GET /author/root/ HTTP/1.1" 200 12718 "-" "Mozilla/5.0 (Macintosh; Intel Mac OS X 13_6_1) AppleWebKit/605.1.15 (KHTML, like Gecko) Version/17.1 Safari/605.1.15"
204.10.194.20 - - [29/Jan/2026:01:56:05 -0500] "GET /wp-json/wp/v2/users HTTP/1.1" 200 1228 "https://www.google.com/" "Mozilla/5.0 (Macintosh; Intel Mac OS X 13_6_1; rv:118.0) Gecko/20100101 Firefox/118.0"
204.10.194.20 - - [29/Jan/2026:01:56:05 -0500] "POST /wp-login.php HTTP/1.1" 200 7194 "https://matrixmodels.com/wp-login.php" "Mozilla/5.0 (Windows NT 11.0; Win64; x64) AppleWebKit/537.36 (KHTML, like Gecko) Chrome/120.0.0.0 Safari/537.36"
204.10.194.20 - - [29/Jan/2026:01:56:05 -0500] "GET /wp-admin/index.php HTTP/1.1" 302 - "https://matrixmodels.com/wp-login.php" "Mozilla/5.0 (Windows NT 11.0; Win64; x64) AppleWebKit/537.36 (KHTML, like Gecko) Chrome/121.0.0.0 Safari/537.36"
204.10.194.20 - - [29/Jan/2026:01:56:05 -0500] "GET /wp-login.php?redirect_to=https%3A%2F%2Fmatrixmodels.com%2Fwp-admin%2Findex.php&reauth=1 HTTP/1.1" 200 6934 "https://matrixmodels.com/wp-login.php" "Mozilla/5.0 (Windows NT 11.0; Win64; x64) AppleWebKit/537.36 (KHTML, like Gecko) Chrome/121.0.0.0 Safari/537.36"
204.10.194.20 - - [29/Jan/2026:01:56:05 -0500] "POST /wp-login.php HTTP/1.1" 302 - "https://matrixmodels.com/wp-login.php" "Mozilla/5.0 (Windows NT 11.0; Win64; x64) AppleWebKit/537.36 (KHTML, like Gecko) Chrome/119.0.0.0 Safari/537.36"
204.10.194.20 - - [29/Jan/2026:01:56:06 -0500] "GET /wp-admin/index.php HTTP/1.1" 200 61521 "https://matrixmodels.com/wp-login.php" "Mozilla/5.0 (Macintosh; Intel Mac OS X 13_6_1; rv:119.0) Gecko/20100101 Firefox/119.0"
204.10.194.20 - - [29/Jan/2026:01:56:07 -0500] "GET /wp-admin/profile.php HTTP/1.1" 200 50729 "https://matrixmodels.com/wp-login.php" "Mozilla/5.0 (Macintosh; Intel Mac OS X 13_6_1; rv:119.0) Gecko/20100101 Firefox/119.0"
204.10.194.20 - - [29/Jan/2026:01:56:10 -0500] "GET /wp-admin/plugin-install.php?tab=upload HTTP/1.1" 200 33758 "www.google.com" "Mozilla/5.0 (Windows NT 10.0; Win64; x64) AppleWebKit/537.36 (KHTML, like Gecko) Chrome/91.0.4472.124 Safari/537.36"
204.10.194.20 - - [29/Jan/2026:01:56:10 -0500] "POST /wp-admin/update.php?action=upload-plugin HTTP/1.1" 200 25307 "www.google.com" "Mozilla/5.0 (Windows NT 10.0; Win64; x64) AppleWebKit/537.36 (KHTML, like Gecko) Chrome/91.0.4472.124 Safari/537.36"
204.10.194.20 - - [29/Jan/2026:01:56:12 -0500] "GET /wp-content/plugins/tarpcej/index.php HTTP/1.1" 200 28505 "www.google.com" "Mozilla/5.0 (Windows NT 10.0; Win64; x64) AppleWebKit/537.36 (KHTML, like Gecko) Chrome/91.0.4472.124 Safari/537.36"
223.231.144.18 - - [29/Jan/2026:01:56:28 -0500] "-" 408 - "-" "-"
205.234.228.187 - - [29/Jan/2026:01:56:45 -0500] "GET / HTTP/1.1" 200 4446 "-" "Mozilla/5.0 (Macintosh; Intel Mac OS X 10_15_7) AppleWebKit/537.36 (KHTML, like Gecko) Chrome/142.0.0.0 Safari/537.36"
64.59.72.148 - - [29/Jan/2026:01:57:03 -0500] "GET / HTTP/1.1" 200 4446 "-" "check_http/v2.4.9 (nagios-plugins 2.4.9)"
172.121.131.124 - - [29/Jan/2026:01:57:06 -0500] "GET / HTTP/1.1" 200 4465 "-" "Mozilla/5.0 (Macintosh; Intel Mac OS X 10_15_7) AppleWebKit/537.36 (KHTML, like Gecko) Chrome/142.0.0.0 Safari/537.36"
152.232.150.244 - - [29/Jan/2026:01:57:14 -0500] "GET / HTTP/1.1" 200 4465 "-" "Mozilla/5.0 (Macintosh; Intel Mac OS X 10_15_7) AppleWebKit/537.36 (KHTML, like Gecko) Chrome/142.0.0.0 Safari/537.36"
5.133.192.203 - - [29/Jan/2026:01:57:46 -0500] "GET / HTTP/1.1" 200 4446 "-" "Mozilla/5.0 (Linux; Android 14; SM-S901B) AppleWebKit/537.36 (KHTML, like Gecko) Chrome/120.0.6099.280 Mobile Safari/537.36 OPR/80.4.4244.7786"
185.12.149.40 - - [29/Jan/2026:01:57:47 -0500] "GET /our-models HTTP/1.1" 301 - "-" "Mozilla/5.0 (Linux; Android 14; SM-S901B) AppleWebKit/537.36 (KHTML, like Gecko) Chrome/120.0.6099.280 Mobile Safari/537.36 OPR/80.4.4244.7786"
5.133.192.184 - - [29/Jan/2026:01:57:47 -0500] "GET /our-models/ HTTP/1.1" 200 7587 "http://matrixmodels.com/our-models" "Mozilla/5.0 (Linux; Android 14; SM-S901B) AppleWebKit/537.36 (KHTML, like Gecko) Chrome/120.0.6099.280 Mobile Safari/537.36 OPR/80.4.4244.7786"
192.121.135.39 - - [29/Jan/2026:01:57:47 -0500] "GET /https-www-netflix-com-watch-80115908trackid13752289tctx0%2c2%2c1e4d6191-442a-4bbb-b824-80e2389da213-155638059%2c%2c/ HTTP/1.1" 200 9464 "-" "Mozilla/5.0 (Linux; Android 14; SM-S901B) AppleWebKit/537.36 (KHTML, like Gecko) Chrome/120.0.6099.280 Mobile Safari/537.36 OPR/80.4.4244.7786"
185.12.150.110 - - [29/Jan/2026:01:57:48 -0500] "GET /about-matrix-models/ HTTP/1.1" 200 10323 "-" "Mozilla/5.0 (Linux; Android 14; SM-S901B) AppleWebKit/537.36 (KHTML, like Gecko) Chrome/120.0.6099.280 Mobile Safari/537.36 OPR/80.4.4244.7786"
45.145.106.64 - - [29/Jan/2026:01:58:30 -0500] "GET / HTTP/1.1" 200 4446 "-" "Mozilla/5.0 (Macintosh; Intel Mac OS X 10_15_7) AppleWebKit/537.36 (KHTML, like Gecko) Chrome/142.0.0.0 Safari/537.36"
23.239.185.167 - - [29/Jan/2026:01:58:58 -0500] "GET / HTTP/1.1" 200 4465 "-" "Mozilla/5.0 (Macintosh; Intel Mac OS X 10_15_7) AppleWebKit/537.36 (KHTML, like Gecko) Chrome/142.0.0.0 Safari/537.36"
64.59.72.148 - - [29/Jan/2026:01:59:03 -0500] "GET / HTTP/1.1" 200 4446 "-" "check_http/v2.4.9 (nagios-plugins 2.4.9)"
195.178.110.132 - - [29/Jan/2026:01:59:36 -0500] "GET / HTTP/1.1" 301 - "-" "Mozilla/5.0 (Windows NT 10.0; Win64; x64; rv:133.0) Gecko/20100101 Firefox/133.0"
195.178.110.132 - - [29/Jan/2026:01:59:36 -0500] "GET / HTTP/1.1" 200 4465 "https://www.matrixmodels.com" "Mozilla/5.0 (Windows NT 10.0; Win64; x64; rv:133.0) Gecko/20100101 Firefox/133.0"
195.178.110.132 - - [29/Jan/2026:01:59:36 -0500] "GET /.env HTTP/1.1" 500 535 "-" "Mozilla/5.0 (Windows NT 10.0; Win64; x64) AppleWebKit/537.36 (KHTML, like Gecko) Chrome/131.0.0.0 Safari/537.36"
195.178.110.132 - - [29/Jan/2026:01:59:37 -0500] "GET /.env HTTP/1.1" 500 535 "-" "Mozilla/5.0 (Windows NT 10.0; Win64; x64) AppleWebKit/537.36 (KHTML, like Gecko) Chrome/131.0.0.0 Safari/537.36"
195.178.110.132 - - [29/Jan/2026:01:59:38 -0500] "GET /.env.bak HTTP/1.1" 500 535 "-" "Mozilla/5.0 (Macintosh; Intel Mac OS X 10_15_7) AppleWebKit/537.36 (KHTML, like Gecko) Chrome/131.0.0.0 Safari/537.36"
195.178.110.132 - - [29/Jan/2026:01:59:38 -0500] "GET /.env.save HTTP/1.1" 500 535 "-" "Mozilla/5.0 (Macintosh; Intel Mac OS X 10_15_7) AppleWebKit/537.36 (KHTML, like Gecko) Chrome/131.0.0.0 Safari/537.36"
195.178.110.132 - - [29/Jan/2026:01:59:39 -0500] "GET /backend/.env HTTP/1.1" 301 - "-" "Mozilla/5.0 (Windows NT 10.0; Win64; x64) AppleWebKit/537.36 (KHTML, like Gecko) Chrome/131.0.0.0 Safari/537.36"
195.178.110.132 - - [29/Jan/2026:01:59:40 -0500] "GET /backend/.env HTTP/1.1" 404 8466 "https://www.matrixmodels.com/backend/.env" "Mozilla/5.0 (Windows NT 10.0; Win64; x64) AppleWebKit/537.36 (KHTML, like Gecko) Chrome/131.0.0.0 Safari/537.36"
195.178.110.132 - - [29/Jan/2026:01:59:40 -0500] "GET /admin/.env HTTP/1.1" 301 - "-" "Mozilla/5.0 (Macintosh; Intel Mac OS X 10_15_7) AppleWebKit/537.36 (KHTML, like Gecko) Chrome/131.0.0.0 Safari/537.36"
195.178.110.132 - - [29/Jan/2026:01:59:40 -0500] "GET /admin/.env HTTP/1.1" 404 8466 "https://www.matrixmodels.com/admin/.env" "Mozilla/5.0 (Macintosh; Intel Mac OS X 10_15_7) AppleWebKit/537.36 (KHTML, like Gecko) Chrome/131.0.0.0 Safari/537.36"
195.178.110.132 - - [29/Jan/2026:01:59:40 -0500] "GET /.git/config HTTP/1.1" 500 535 "-" "Mozilla/5.0 (Windows NT 10.0; Win64; x64) AppleWebKit/537.36 (KHTML, like Gecko) Chrome/131.0.0.0 Safari/537.36"
54.39.6.77 - - [29/Jan/2026:01:59:40 -0500] "GET /feed/?attachment_id=270 HTTP/1.1" 200 731 "-" "Mozilla/5.0 (compatible; AhrefsBot/7.0; +http://ahrefs.com/robot/)"
195.178.110.132 - - [29/Jan/2026:01:59:41 -0500] "GET /wp-config.php HTTP/1.1" 200 - "-" "Mozilla/5.0 (X11; Linux x86_64) AppleWebKit/537.36 (KHTML, like Gecko) Chrome/131.0.0.0 Safari/537.36"
195.178.110.132 - - [29/Jan/2026:01:59:41 -0500] "GET /wp-config.php.old HTTP/1.1" 301 - "-" "Mozilla/5.0 (X11; Linux x86_64) AppleWebKit/537.36 (KHTML, like Gecko) Chrome/131.0.0.0 Safari/537.36"
195.178.110.132 - - [29/Jan/2026:01:59:41 -0500] "GET /wp-config.php.old HTTP/1.1" 404 8466 "https://www.matrixmodels.com/wp-config.php.old" "Mozilla/5.0 (X11; Linux x86_64) AppleWebKit/537.36 (KHTML, like Gecko) Chrome/131.0.0.0 Safari/537.36"
195.178.110.132 - - [29/Jan/2026:01:59:41 -0500] "GET /config.php HTTP/1.1" 301 - "-" "Mozilla/5.0 (Macintosh; Intel Mac OS X 10_15_7) AppleWebKit/537.36 (KHTML, like Gecko) Chrome/131.0.0.0 Safari/537.36"
195.178.110.132 - - [29/Jan/2026:01:59:41 -0500] "GET /config.php HTTP/1.1" 404 8466 "https://www.matrixmodels.com/config.php" "Mozilla/5.0 (Macintosh; Intel Mac OS X 10_15_7) AppleWebKit/537.36 (KHTML, like Gecko) Chrome/131.0.0.0 Safari/537.36"
195.178.110.132 - - [29/Jan/2026:01:59:41 -0500] "GET /config.php.bak HTTP/1.1" 301 - "-" "Mozilla/5.0 (Windows NT 10.0; Win64; x64; rv:133.0) Gecko/20100101 Firefox/133.0"
195.178.110.132 - - [29/Jan/2026:01:59:42 -0500] "GET /config.php.bak HTTP/1.1" 404 8466 "https://www.matrixmodels.com/config.php.bak" "Mozilla/5.0 (Windows NT 10.0; Win64; x64; rv:133.0) Gecko/20100101 Firefox/133.0"
195.178.110.132 - - [29/Jan/2026:01:59:42 -0500] "GET /config.js HTTP/1.1" 301 - "-" "Mozilla/5.0 (Windows NT 10.0; Win64; x64; rv:133.0) Gecko/20100101 Firefox/133.0"
195.178.110.132 - - [29/Jan/2026:01:59:42 -0500] "GET /config.js HTTP/1.1" 404 8466 "https://www.matrixmodels.com/config.js" "Mozilla/5.0 (Windows NT 10.0; Win64; x64; rv:133.0) Gecko/20100101 Firefox/133.0"
195.178.110.132 - - [29/Jan/2026:01:59:42 -0500] "GET /aws-config.js HTTP/1.1" 301 - "-" "Mozilla/5.0 (X11; Linux x86_64) AppleWebKit/537.36 (KHTML, like Gecko) Chrome/131.0.0.0 Safari/537.36"
195.178.110.132 - - [29/Jan/2026:01:59:42 -0500] "GET /aws-config.js HTTP/1.1" 404 8466 "https://www.matrixmodels.com/aws-config.js" "Mozilla/5.0 (X11; Linux x86_64) AppleWebKit/537.36 (KHTML, like Gecko) Chrome/131.0.0.0 Safari/537.36"
195.178.110.132 - - [29/Jan/2026:01:59:42 -0500] "GET /aws.config.js HTTP/1.1" 301 - "-" "Mozilla/5.0 (Windows NT 10.0; Win64; x64) AppleWebKit/537.36 (KHTML, like Gecko) Chrome/131.0.0.0 Safari/537.36"
195.178.110.132 - - [29/Jan/2026:01:59:42 -0500] "GET /aws.config.js HTTP/1.1" 404 8466 "https://www.matrixmodels.com/aws.config.js" "Mozilla/5.0 (Windows NT 10.0; Win64; x64) AppleWebKit/537.36 (KHTML, like Gecko) Chrome/131.0.0.0 Safari/537.36"
172.252.180.100 - - [29/Jan/2026:01:59:56 -0500] "GET / HTTP/1.1" 200 4446 "-" "Mozilla/5.0 (Macintosh; Intel Mac OS X 10_15_7) AppleWebKit/537.36 (KHTML, like Gecko) Chrome/142.0.0.0 Safari/537.36"
64.59.72.148 - - [29/Jan/2026:02:01:03 -0500] "GET / HTTP/1.1" 200 4446 "-" "check_http/v2.4.9 (nagios-plugins 2.4.9)"
172.252.115.34 - - [29/Jan/2026:02:01:21 -0500] "GET / HTTP/1.1" 200 4446 "-" "Mozilla/5.0 (Macintosh; Intel Mac OS X 10_15_7) AppleWebKit/537.36 (KHTML, like Gecko) Chrome/142.0.0.0 Safari/537.36"
158.220.122.128 - - [29/Jan/2026:02:02:44 -0500] "POST /system/sharedir.php HTTP/1.1" 404 8442 "-" "Mozilla/5.0 (Macintosh; Intel Mac OS X 10_15_7) AppleWebKit/605.1.15 (KHTML, like Gecko) Version/16.4 Safari/605.1.15"
204.10.194.20 - - [29/Jan/2026:02:02:44 -0500] "POST /wp-login.php HTTP/1.1" 302 - "https://matrixmodels.com/wp-admin/" "Mozilla/5.0 (Windows NT 10.0; Win64; x64) AppleWebKit/537.36 (KHTML, like Gecko) Chrome/90.0.4430.85 Safari/537.36"
204.10.194.20 - - [29/Jan/2026:02:02:45 -0500] "GET /wp-login.php?redirect_to=https%3A%2F%2Fmatrixmodels.com%2Fwp-admin%2F&action=confirm_admin_email&wp_lang=en_US HTTP/1.1" 200 3486 "https://matrixmodels.com/wp-admin/" "Mozilla/5.0 (Windows NT 10.0; Win64; x64) AppleWebKit/537.36 (KHTML, like Gecko) Chrome/90.0.4430.85 Safari/537.36"
204.10.194.20 - - [29/Jan/2026:02:02:45 -0500] "GET /wp-admin/ HTTP/1.1" 200 61466 "https://www.google.com" "Mozilla/5.0 (Windows NT 10.0; Win64; x64) AppleWebKit/537.36 (KHTML, like Gecko) Chrome/90.0.4430.85 Safari/537.36"
158.220.122.128 - - [29/Jan/2026:02:02:53 -0500] "POST /en/php/usb_sync.php HTTP/1.1" 404 8442 "-" "Mozilla/5.0 (X11; Linux x86_64) AppleWebKit/537.36 (KHTML, like Gecko) Chrome/55.0.2883.87 Safari/537.36"
64.59.72.148 - - [29/Jan/2026:02:03:03 -0500] "GET / HTTP/1.1" 200 4446 "-" "check_http/v2.4.9 (nagios-plugins 2.4.9)"
36.250.220.183 - - [29/Jan/2026:02:03:15 -0500] "GET /.well-known/matrix/client HTTP/1.1" 500 535 "-" "Mozilla/5.0 (Windows NT 10.0; Win64; x64) AppleWebKit/537.36 (KHTML, like Gecko) Chrome/87.0.4280.88 Safari/537.36"
13.231.177.170 - - [29/Jan/2026:02:03:38 -0500] "GET / HTTP/1.1" 301 - "-" "Mozilla/5.0 (Windows NT 10.0; Win64; x64) AppleWebKit/537.36 (KHTML, like Gecko) Chrome/60.0.3112.113 Safari/537.36 Assetnote/1.0.0"
13.231.177.170 - - [29/Jan/2026:02:03:38 -0500] "POST / HTTP/1.1" 200 4465 "-" "Mozilla/5.0 (Windows NT 10.0; Win64; x64) AppleWebKit/537.36 (KHTML, like Gecko) Chrome/60.0.3112.113 Safari/537.36 Assetnote/1.0.0"
104.222.171.225 - - [29/Jan/2026:02:04:25 -0500] "GET / HTTP/1.1" 200 4446 "-" "Mozilla/5.0 (Macintosh; Intel Mac OS X 10_15_7) AppleWebKit/537.36 (KHTML, like Gecko) Chrome/142.0.0.0 Safari/537.36"
172.252.153.16 - - [29/Jan/2026:02:04:28 -0500] "GET / HTTP/1.1" 200 4446 "-" "Mozilla/5.0 (Macintosh; Intel Mac OS X 10_15_7) AppleWebKit/537.36 (KHTML, like Gecko) Chrome/142.0.0.0 Safari/537.36"
64.59.72.148 - - [29/Jan/2026:02:05:03 -0500] "GET / HTTP/1.1" 200 4446 "-" "check_http/v2.4.9 (nagios-plugins 2.4.9)"
47.128.38.104 - - [29/Jan/2026:02:06:05 -0500] "-" 408 - "-" "-"
47.128.38.104 - - [29/Jan/2026:02:06:05 -0500] "-" 408 - "-" "-"
173.252.83.115 - - [29/Jan/2026:02:06:51 -0500] "GET /casino-en-ligne-autoris%C3%A9-en-suisse/ HTTP/1.1" 404 8442 "-" "meta-webindexer/1.1 (+https://developers.facebook.com/docs/sharing/webmasters/crawler)"
66.249.70.134 - - [29/Jan/2026:02:06:55 -0500] "GET /?p=3670 HTTP/1.1" 404 8442 "-" "Mozilla/5.0 (Linux; Android 6.0.1; Nexus 5X Build/MMB29P) AppleWebKit/537.36 (KHTML, like Gecko) Chrome/143.0.7499.192 Mobile Safari/537.36 (compatible; Googlebot/2.1; +http://www.google.com/bot.html)"
64.59.72.148 - - [29/Jan/2026:02:07:03 -0500] "GET / HTTP/1.1" 200 4446 "-" "check_http/v2.4.9 (nagios-plugins 2.4.9)"
34.234.197.175 - - [29/Jan/2026:02:08:01 -0500] "GET /wp-json/oembed/1.0/embed?url=http://matrixmodels.com/samantha-rone/ HTTP/1.1" 200 2460 "-" "Mozilla/5.0 AppleWebKit/537.36 (KHTML, like Gecko; compatible; Amazonbot/0.1; +https://developer.amazon.com/support/amazonbot) Chrome/119.0.6045.214 Safari/537.36"
74.206.165.145 - - [29/Jan/2026:02:09:03 -0500] "POST /wp-cron.php?doing_wp_cron=1769670543.8117539882659912109375 HTTP/1.1" 200 - "http://matrixmodels.com/wp-cron.php?doing_wp_cron=1769670543.8117539882659912109375" "WordPress/5.6.16; http://matrixmodels.com"
64.59.72.148 - - [29/Jan/2026:02:09:03 -0500] "GET / HTTP/1.1" 200 4446 "-" "check_http/v2.4.9 (nagios-plugins 2.4.9)"
149.88.21.48 - - [29/Jan/2026:02:09:08 -0500] "GET / HTTP/1.1" 200 4465 "https://www.google.com/" "Mozilla/5.0 (Windows NT 10.0; Win64; x64) AppleWebKit/537.36 (KHTML, like Gecko) Chrome/144.0.0.0 Safari/537.36"
149.88.21.48 - - [29/Jan/2026:02:09:08 -0500] "GET /wp-content/themes/matrix-model/assets/css/bootstrap_v4.3.1_min.css HTTP/1.1" 200 155712 "https://matrixmodels.com/" "Mozilla/5.0 (Windows NT 10.0; Win64; x64) AppleWebKit/537.36 (KHTML, like Gecko) Chrome/144.0.0.0 Safari/537.36"
149.88.21.48 - - [29/Jan/2026:02:09:08 -0500] "GET /wp-content/themes/matrix-model/assets/css/owl.carousel.min.css HTTP/1.1" 404 260 "https://matrixmodels.com/" "Mozilla/5.0 (Windows NT 10.0; Win64; x64) AppleWebKit/537.36 (KHTML, like Gecko) Chrome/144.0.0.0 Safari/537.36"
149.88.21.48 - - [29/Jan/2026:02:09:08 -0500] "GET /wp-content/themes/matrix-model/assets/css/aos.css HTTP/1.1" 200 26053 "https://matrixmodels.com/" "Mozilla/5.0 (Windows NT 10.0; Win64; x64) AppleWebKit/537.36 (KHTML, like Gecko) Chrome/144.0.0.0 Safari/537.36"
149.88.21.48 - - [29/Jan/2026:02:09:08 -0500] "GET /wp-content/themes/matrix-model/assets/css/owl.theme.default.min.css HTTP/1.1" 404 265 "https://matrixmodels.com/" "Mozilla/5.0 (Windows NT 10.0; Win64; x64) AppleWebKit/537.36 (KHTML, like Gecko) Chrome/144.0.0.0 Safari/537.36"
149.88.21.48 - - [29/Jan/2026:02:09:08 -0500] "GET /wp-content/themes/matrix-model/assets/css/animate.min.css HTTP/1.1" 200 52592 "https://matrixmodels.com/" "Mozilla/5.0 (Windows NT 10.0; Win64; x64) AppleWebKit/537.36 (KHTML, like Gecko) Chrome/144.0.0.0 Safari/537.36"
149.88.21.48 - - [29/Jan/2026:02:09:08 -0500] "GET /wp-content/themes/matrix-model/assets/images/more/i-1.jpg HTTP/1.1" 200 39164 "https://matrixmodels.com/" "Mozilla/5.0 (Windows NT 10.0; Win64; x64) AppleWebKit/537.36 (KHTML, like Gecko) Chrome/144.0.0.0 Safari/537.36"
149.88.21.48 - - [29/Jan/2026:02:09:08 -0500] "GET /wp-content/themes/matrix-model/assets/css/custom.css HTTP/1.1" 200 5229 "https://matrixmodels.com/" "Mozilla/5.0 (Windows NT 10.0; Win64; x64) AppleWebKit/537.36 (KHTML, like Gecko) Chrome/144.0.0.0 Safari/537.36"
149.88.21.48 - - [29/Jan/2026:02:09:08 -0500] "GET /wp-content/themes/matrix-model/assets/images/more/i-2.jpg HTTP/1.1" 200 44619 "https://matrixmodels.com/" "Mozilla/5.0 (Windows NT 10.0; Win64; x64) AppleWebKit/537.36 (KHTML, like Gecko) Chrome/144.0.0.0 Safari/537.36"
149.88.21.48 - - [29/Jan/2026:02:09:08 -0500] "GET /wp-content/themes/matrix-model/assets/images/more/i-3.jpg HTTP/1.1" 200 36068 "https://matrixmodels.com/" "Mozilla/5.0 (Windows NT 10.0; Win64; x64) AppleWebKit/537.36 (KHTML, like Gecko) Chrome/144.0.0.0 Safari/537.36"
149.88.21.48 - - [29/Jan/2026:02:09:08 -0500] "GET /wp-content/themes/matrix-model/assets/images/more/i-4.jpg HTTP/1.1" 200 28534 "https://matrixmodels.com/" "Mozilla/5.0 (Windows NT 10.0; Win64; x64) AppleWebKit/537.36 (KHTML, like Gecko) Chrome/144.0.0.0 Safari/537.36"
149.88.21.48 - - [29/Jan/2026:02:09:08 -0500] "GET /wp-content/themes/matrix-model/assets/images/more/i-5.jpg HTTP/1.1" 200 35264 "https://matrixmodels.com/" "Mozilla/5.0 (Windows NT 10.0; Win64; x64) AppleWebKit/537.36 (KHTML, like Gecko) Chrome/144.0.0.0 Safari/537.36"
149.88.21.48 - - [29/Jan/2026:02:09:08 -0500] "GET /wp-content/themes/matrix-model/assets/images/more/i-6.jpg HTTP/1.1" 200 39553 "https://matrixmodels.com/" "Mozilla/5.0 (Windows NT 10.0; Win64; x64) AppleWebKit/537.36 (KHTML, like Gecko) Chrome/144.0.0.0 Safari/537.36"
149.88.21.48 - - [29/Jan/2026:02:09:08 -0500] "GET /wp-content/themes/matrix-model/assets/images/more/i-7.jpg HTTP/1.1" 200 35534 "https://matrixmodels.com/" "Mozilla/5.0 (Windows NT 10.0; Win64; x64) AppleWebKit/537.36 (KHTML, like Gecko) Chrome/144.0.0.0 Safari/537.36"
149.88.21.48 - - [29/Jan/2026:02:09:08 -0500] "GET /wp-content/themes/matrix-model/assets/images/more/i-8.jpg HTTP/1.1" 200 31506 "https://matrixmodels.com/" "Mozilla/5.0 (Windows NT 10.0; Win64; x64) AppleWebKit/537.36 (KHTML, like Gecko) Chrome/144.0.0.0 Safari/537.36"
149.88.21.48 - - [29/Jan/2026:02:09:08 -0500] "GET /wp-content/themes/matrix-model/assets/images/more/i-9.jpg HTTP/1.1" 200 39513 "https://matrixmodels.com/" "Mozilla/5.0 (Windows NT 10.0; Win64; x64) AppleWebKit/537.36 (KHTML, like Gecko) Chrome/144.0.0.0 Safari/537.36"
149.88.21.48 - - [29/Jan/2026:02:09:08 -0500] "GET /wp-content/uploads/2021/07/logo.png HTTP/1.1" 200 181002 "https://matrixmodels.com/" "Mozilla/5.0 (Windows NT 10.0; Win64; x64) AppleWebKit/537.36 (KHTML, like Gecko) Chrome/144.0.0.0 Safari/537.36"
172.252.213.87 - - [29/Jan/2026:02:09:12 -0500] "GET / HTTP/1.1" 200 4446 "-" "Mozilla/5.0 (Macintosh; Intel Mac OS X 10_15_7) AppleWebKit/537.36 (KHTML, like Gecko) Chrome/142.0.0.0 Safari/537.36"
149.88.21.48 - - [29/Jan/2026:02:09:36 -0500] "GET /our-models HTTP/1.1" 301 - "https://matrixmodels.com/" "Mozilla/5.0 (Windows NT 10.0; Win64; x64) AppleWebKit/537.36 (KHTML, like Gecko) Chrome/144.0.0.0 Safari/537.36"
149.88.21.48 - - [29/Jan/2026:02:09:37 -0500] "GET /our-models/ HTTP/1.1" 200 7615 "https://matrixmodels.com/" "Mozilla/5.0 (Windows NT 10.0; Win64; x64) AppleWebKit/537.36 (KHTML, like Gecko) Chrome/144.0.0.0 Safari/537.36"
149.88.21.48 - - [29/Jan/2026:02:09:37 -0500] "GET /wp-includes/css/dist/block-library/style.min.css?ver=5.6.16 HTTP/1.1" 200 51338 "https://matrixmodels.com/our-models/" "Mozilla/5.0 (Windows NT 10.0; Win64; x64) AppleWebKit/537.36 (KHTML, like Gecko) Chrome/144.0.0.0 Safari/537.36"
149.88.21.48 - - [29/Jan/2026:02:09:37 -0500] "GET /wp-content/themes/matrix-model/style.css?ver=5.6.16 HTTP/1.1" 200 41969 "https://matrixmodels.com/our-models/" "Mozilla/5.0 (Windows NT 10.0; Win64; x64) AppleWebKit/537.36 (KHTML, like Gecko) Chrome/144.0.0.0 Safari/537.36"
149.88.21.48 - - [29/Jan/2026:02:09:37 -0500] "GET /wp-includes/js/jquery/jquery.min.js?ver=3.5.1 HTTP/1.1" 200 89496 "https://matrixmodels.com/our-models/" "Mozilla/5.0 (Windows NT 10.0; Win64; x64) AppleWebKit/537.36 (KHTML, like Gecko) Chrome/144.0.0.0 Safari/537.36"
149.88.21.48 - - [29/Jan/2026:02:09:37 -0500] "GET /wp-content/themes/matrix-model/images/inner-logo.jpg HTTP/1.1" 200 8330 "https://matrixmodels.com/our-models/" "Mozilla/5.0 (Windows NT 10.0; Win64; x64) AppleWebKit/537.36 (KHTML, like Gecko) Chrome/144.0.0.0 Safari/537.36"
149.88.21.48 - - [29/Jan/2026:02:09:37 -0500] "GET /wp-includes/js/jquery/jquery-migrate.min.js?ver=3.3.2 HTTP/1.1" 200 11224 "https://matrixmodels.com/our-models/" "Mozilla/5.0 (Windows NT 10.0; Win64; x64) AppleWebKit/537.36 (KHTML, like Gecko) Chrome/144.0.0.0 Safari/537.36"
149.88.21.48 - - [29/Jan/2026:02:09:37 -0500] "GET /wp-includes/js/wp-emoji-release.min.js?ver=5.6.16 HTTP/1.1" 200 14229 "https://matrixmodels.com/our-models/" "Mozilla/5.0 (Windows NT 10.0; Win64; x64) AppleWebKit/537.36 (KHTML, like Gecko) Chrome/144.0.0.0 Safari/537.36"
149.88.21.48 - - [29/Jan/2026:02:09:38 -0500] "GET /favicon.ico HTTP/1.1" 200 43 "https://matrixmodels.com/our-models/" "Mozilla/5.0 (Windows NT 10.0; Win64; x64) AppleWebKit/537.36 (KHTML, like Gecko) Chrome/144.0.0.0 Safari/537.36"
149.88.21.48 - - [29/Jan/2026:02:09:41 -0500] "GET /our-models/ HTTP/1.1" 200 7615 "https://matrixmodels.com/our-models/" "Mozilla/5.0 (Windows NT 10.0; Win64; x64) AppleWebKit/537.36 (KHTML, like Gecko) Chrome/144.0.0.0 Safari/537.36"
15.235.96.118 - - [29/Jan/2026:02:09:42 -0500] "GET /feed/?attachment_id=295 HTTP/1.1" 200 719 "-" "Mozilla/5.0 (compatible; AhrefsBot/7.0; +http://ahrefs.com/robot/)"
149.88.21.48 - - [29/Jan/2026:02:09:45 -0500] "GET /our-models/ HTTP/1.1" 200 7615 "https://matrixmodels.com/our-models/" "Mozilla/5.0 (Windows NT 10.0; Win64; x64) AppleWebKit/537.36 (KHTML, like Gecko) Chrome/144.0.0.0 Safari/537.36"
198.204.240.42 - - [29/Jan/2026:02:11:03 -0500] "GET / HTTP/1.1" 200 4465 "-" "Mozilla/5.0 (Windows NT 10.0; Win64; x64) AppleWebKit/537.36 (KHTML, like Gecko) Chrome/131.0.0.0 Safari/537.36"
198.204.240.42 - - [29/Jan/2026:02:11:03 -0500] "GET / HTTP/1.1" 200 4465 "-" "Mozilla/5.0 (compatible; Googlebot/2.1; +http://www.google.com/bot.html)"
198.204.240.42 - - [29/Jan/2026:02:11:03 -0500] "GET /index.php?params=1 HTTP/1.1" 301 - "-" "Mozilla/5.0 (Windows NT 10.0; Win64; x64) AppleWebKit/537.36 (KHTML, like Gecko) Chrome/131.0.0.0 Safari/537.36"
198.204.240.42 - - [29/Jan/2026:02:11:03 -0500] "GET /?params=1 HTTP/1.1" 200 4446 "-" "Mozilla/5.0 (Windows NT 10.0; Win64; x64) AppleWebKit/537.36 (KHTML, like Gecko) Chrome/131.0.0.0 Safari/537.36"
64.59.72.148 - - [29/Jan/2026:02:11:03 -0500] "GET / HTTP/1.1" 200 4446 "-" "check_http/v2.4.9 (nagios-plugins 2.4.9)"
84.37.225.228 - - [29/Jan/2026:02:11:12 -0500] "GET / HTTP/1.1" 200 4446 "-" "Mozilla/5.0 (Macintosh; Intel Mac OS X 10_15_7) AppleWebKit/537.36 (KHTML, like Gecko) Chrome/142.0.0.0 Safari/537.36"
172.252.44.42 - - [29/Jan/2026:02:12:21 -0500] "GET / HTTP/1.1" 200 4446 "-" "Mozilla/5.0 (Macintosh; Intel Mac OS X 10_15_7) AppleWebKit/537.36 (KHTML, like Gecko) Chrome/142.0.0.0 Safari/537.36"
218.201.25.123 - - [29/Jan/2026:02:13:01 -0500] "GET /favicon.ico HTTP/1.1" 200 43 "-" "Mozilla/5.0 (Windows NT 6.1; Win64; x64) AppleWebKit/537.36 (KHTML, like Gecko) Chrome/132.0.0.0 Safari/537.36"
64.59.72.148 - - [29/Jan/2026:02:13:03 -0500] "GET / HTTP/1.1" 200 4446 "-" "check_http/v2.4.9 (nagios-plugins 2.4.9)"
64.59.72.148 - - [29/Jan/2026:02:15:03 -0500] "GET / HTTP/1.1" 200 4446 "-" "check_http/v2.4.9 (nagios-plugins 2.4.9)"
64.59.72.148 - - [29/Jan/2026:02:17:03 -0500] "GET / HTTP/1.1" 200 4446 "-" "check_http/v2.4.9 (nagios-plugins 2.4.9)"
158.220.122.128 - - [29/Jan/2026:02:18:24 -0500] "POST /struts2-rest-showcase/orders/3 HTTP/1.1" 404 8442 "-" "Mozilla/5.0 (Windows NT 10.0; Win64; x64; rv:93.0) Gecko/20100101 Firefox/93.0"
158.220.122.128 - - [29/Jan/2026:02:18:35 -0500] "POST /orders/3 HTTP/1.1" 404 8442 "-" "Mozilla/5.0 (Windows NT 10.0; Win64; x64) AppleWebKit/537.36 (KHTML, like Gecko) Chrome/92.0.4515.159 Safari/537.36"
64.59.72.148 - - [29/Jan/2026:02:19:03 -0500] "GET / HTTP/1.1" 200 4446 "-" "check_http/v2.4.9 (nagios-plugins 2.4.9)"
17.22.253.218 - - [29/Jan/2026:02:19:46 -0500] "GET /robots.txt HTTP/1.1" 200 117 "-" "Mozilla/5.0 (Macintosh; Intel Mac OS X 10_15_7) AppleWebKit/605.1.15 (KHTML, like Gecko) Version/17.4 Safari/605.1.15 (Applebot/0.1; +http://www.apple.com/go/applebot)"
17.22.253.218 - - [29/Jan/2026:02:19:46 -0500] "GET /our-models/ HTTP/1.1" 200 7615 "-" "Mozilla/5.0 (Macintosh; Intel Mac OS X 10_15_7) AppleWebKit/605.1.15 (KHTML, like Gecko) Version/17.4 Safari/605.1.15 (Applebot/0.1; +http://www.apple.com/go/applebot)"
92.222.104.197 - - [29/Jan/2026:02:20:05 -0500] "GET /robots.txt HTTP/1.1" 200 116 "-" "Mozilla/5.0 (compatible; AhrefsBot/7.0; +http://ahrefs.com/robot/)"
167.114.139.255 - - [29/Jan/2026:02:20:09 -0500] "GET /feed/?attachment_id=51 HTTP/1.1" 200 722 "-" "Mozilla/5.0 (compatible; AhrefsBot/7.0; +http://ahrefs.com/robot/)"
64.59.72.148 - - [29/Jan/2026:02:21:03 -0500] "GET / HTTP/1.1" 200 4446 "-" "check_http/v2.4.9 (nagios-plugins 2.4.9)"
66.249.70.134 - - [29/Jan/2026:02:21:55 -0500] "GET /?p=3227 HTTP/1.1" 404 8442 "-" "Mozilla/5.0 (Linux; Android 6.0.1; Nexus 5X Build/MMB29P) AppleWebKit/537.36 (KHTML, like Gecko) Chrome/143.0.7499.192 Mobile Safari/537.36 (compatible; Googlebot/2.1; +http://www.google.com/bot.html)"
17.22.237.28 - - [29/Jan/2026:02:22:03 -0500] "GET /wp-includes/js/wp-emoji-release.min.js?ver=5.6.16 HTTP/1.1" 200 14229 "https://matrixmodels.com/our-models/" "Mozilla/5.0 (Macintosh; Intel Mac OS X 10_15_7) AppleWebKit/605.1.15 (KHTML, like Gecko) Version/17.4 Safari/605.1.15 (Applebot/0.1; +http://www.apple.com/go/applebot)"
17.22.237.176 - - [29/Jan/2026:02:22:05 -0500] "GET /wp-content/themes/matrix-model/style.css?ver=5.6.16 HTTP/1.1" 200 41969 "https://matrixmodels.com/our-models/" "Mozilla/5.0 (Macintosh; Intel Mac OS X 10_15_7) AppleWebKit/605.1.15 (KHTML, like Gecko) Version/17.4 Safari/605.1.15 (Applebot/0.1; +http://www.apple.com/go/applebot)"
17.22.245.107 - - [29/Jan/2026:02:22:06 -0500] "GET /wp-includes/css/dist/block-library/style.min.css?ver=5.6.16 HTTP/1.1" 200 51338 "https://matrixmodels.com/our-models/" "Mozilla/5.0 (Macintosh; Intel Mac OS X 10_15_7) AppleWebKit/605.1.15 (KHTML, like Gecko) Version/17.4 Safari/605.1.15 (Applebot/0.1; +http://www.apple.com/go/applebot)"
17.22.253.192 - - [29/Jan/2026:02:22:08 -0500] "GET /wp-includes/js/jquery/jquery.min.js?ver=3.5.1 HTTP/1.1" 200 89496 "https://matrixmodels.com/our-models/" "Mozilla/5.0 (Macintosh; Intel Mac OS X 10_15_7) AppleWebKit/605.1.15 (KHTML, like Gecko) Version/17.4 Safari/605.1.15 (Applebot/0.1; +http://www.apple.com/go/applebot)"
17.22.237.58 - - [29/Jan/2026:02:22:09 -0500] "GET /wp-includes/js/jquery/jquery-migrate.min.js?ver=3.3.2 HTTP/1.1" 200 11224 "https://matrixmodels.com/our-models/" "Mozilla/5.0 (Macintosh; Intel Mac OS X 10_15_7) AppleWebKit/605.1.15 (KHTML, like Gecko) Version/17.4 Safari/605.1.15 (Applebot/0.1; +http://www.apple.com/go/applebot)"
64.59.72.148 - - [29/Jan/2026:02:23:03 -0500] "GET / HTTP/1.1" 200 4446 "-" "check_http/v2.4.9 (nagios-plugins 2.4.9)"
64.59.72.148 - - [29/Jan/2026:02:25:03 -0500] "GET / HTTP/1.1" 200 4446 "-" "check_http/v2.4.9 (nagios-plugins 2.4.9)"
216.250.104.11 - - [29/Jan/2026:02:25:34 -0500] "GET /wp-content/plugins/vhfwlnn/index.php HTTP/1.1" 200 40775 "-" "Mozilla/5.0 (Windows NT 10.0; Win64; x64) AppleWebKit/537.36 (KHTML, like Gecko) Chrome/109.0.0.0 Safari/537.36"
216.250.104.11 - - [29/Jan/2026:02:25:37 -0500] "GET /favicon.ico HTTP/1.1" 200 43 "https://matrixmodels.com/wp-content/plugins/vhfwlnn/index.php" "Mozilla/5.0 (Windows NT 10.0; Win64; x64) AppleWebKit/537.36 (KHTML, like Gecko) Chrome/109.0.0.0 Safari/537.36"
69.180.13.80 - - [29/Jan/2026:02:26:26 -0500] "-" 408 - "-" "-"
64.59.72.148 - - [29/Jan/2026:02:27:03 -0500] "GET / HTTP/1.1" 200 4446 "-" "check_http/v2.4.9 (nagios-plugins 2.4.9)"
172.252.186.57 - - [29/Jan/2026:02:27:51 -0500] "GET / HTTP/1.1" 200 4465 "-" "Mozilla/5.0 (Macintosh; Intel Mac OS X 10_15_7) AppleWebKit/537.36 (KHTML, like Gecko) Chrome/142.0.0.0 Safari/537.36"
146.70.186.188 - - [29/Jan/2026:02:28:00 -0500] "GET /contact-us/ HTTP/1.1" 200 9621 "-" "Mozilla/5.0 (Macintosh; Intel Mac OS X 12_5) AppleWebKit/537.36 (KHTML, like Gecko) Chrome/114.0.0.0 Safari/537.36"
146.70.186.188 - - [29/Jan/2026:02:28:01 -0500] "GET /wp-includes/css/dist/block-library/style.min.css?ver=5.6.16 HTTP/1.1" 200 51338 "http://matrixmodels.com/contact-us/" "Mozilla/5.0 (Windows NT 10.0; Win64; x64) AppleWebKit/537.36 (KHTML, like Gecko) Chrome/143.0.0.0 Safari/537.36"
146.70.186.188 - - [29/Jan/2026:02:28:02 -0500] "GET / HTTP/1.1" 200 4446 "http://matrixmodels.com/contact-us/" "Mozilla/5.0 (Macintosh; Intel Mac OS X 12_5) AppleWebKit/537.36 (KHTML, like Gecko) Chrome/114.0.0.0 Safari/537.36"
146.70.186.188 - - [29/Jan/2026:02:28:02 -0500] "GET /?p=53 HTTP/1.1" 301 - "http://matrixmodels.com/contact-us/" "Mozilla/5.0 (Macintosh; Intel Mac OS X 12_5) AppleWebKit/537.36 (KHTML, like Gecko) Chrome/114.0.0.0 Safari/537.36"
146.70.186.188 - - [29/Jan/2026:02:28:03 -0500] "GET /contact-us/ HTTP/1.1" 200 9621 "http://matrixmodels.com/?p=53" "Mozilla/5.0 (Macintosh; Intel Mac OS X 12_5) AppleWebKit/537.36 (KHTML, like Gecko) Chrome/114.0.0.0 Safari/537.36"
146.70.186.188 - - [29/Jan/2026:02:28:04 -0500] "GET /about-matrix-models/ HTTP/1.1" 200 10323 "http://matrixmodels.com/contact-us/" "Mozilla/5.0 (Macintosh; Intel Mac OS X 12_5) AppleWebKit/537.36 (KHTML, like Gecko) Chrome/114.0.0.0 Safari/537.36"
146.70.186.188 - - [29/Jan/2026:02:28:05 -0500] "GET /comments/feed/ HTTP/1.1" 200 717 "http://matrixmodels.com/contact-us/" "Mozilla/5.0 (Macintosh; Intel Mac OS X 12_5) AppleWebKit/537.36 (KHTML, like Gecko) Chrome/114.0.0.0 Safari/537.36"
146.70.186.188 - - [29/Jan/2026:02:28:05 -0500] "GET /our-models/ HTTP/1.1" 200 7587 "http://matrixmodels.com/contact-us/" "Mozilla/5.0 (Macintosh; Intel Mac OS X 12_5) AppleWebKit/537.36 (KHTML, like Gecko) Chrome/114.0.0.0 Safari/537.36"
146.70.186.188 - - [29/Jan/2026:02:28:06 -0500] "GET /feed/ HTTP/1.1" 200 28447 "http://matrixmodels.com/contact-us/" "Mozilla/5.0 (Macintosh; Intel Mac OS X 12_5) AppleWebKit/537.36 (KHTML, like Gecko) Chrome/114.0.0.0 Safari/537.36"
146.70.186.188 - - [29/Jan/2026:02:28:07 -0500] "GET /blog/ HTTP/1.1" 200 18565 "http://matrixmodels.com/contact-us/" "Mozilla/5.0 (Macintosh; Intel Mac OS X 12_5) AppleWebKit/537.36 (KHTML, like Gecko) Chrome/114.0.0.0 Safari/537.36"
146.70.186.188 - - [29/Jan/2026:02:28:08 -0500] "GET /wp-includes/wlwmanifest.xml HTTP/1.1" 200 1045 "http://matrixmodels.com/contact-us/" "Mozilla/5.0 (Macintosh; Intel Mac OS X 12_5) AppleWebKit/537.36 (KHTML, like Gecko) Chrome/114.0.0.0 Safari/537.36"
146.70.186.188 - - [29/Jan/2026:02:28:08 -0500] "GET /https-www-netflix-com-watch-80115908trackid13752289tctx0%2c2%2c1e4d6191-442a-4bbb-b824-80e2389da213-155638059%2c%2c/ HTTP/1.1" 200 9464 "http://matrixmodels.com/contact-us/" "Mozilla/5.0 (Macintosh; Intel Mac OS X 12_5) AppleWebKit/537.36 (KHTML, like Gecko) Chrome/114.0.0.0 Safari/537.36"
146.70.186.188 - - [29/Jan/2026:02:28:09 -0500] "GET /wp-json/ HTTP/1.1" 200 93506 "http://matrixmodels.com/contact-us/" "Mozilla/5.0 (Macintosh; Intel Mac OS X 12_5) AppleWebKit/537.36 (KHTML, like Gecko) Chrome/114.0.0.0 Safari/537.36"
146.70.186.188 - - [29/Jan/2026:02:28:10 -0500] "GET /contact-us/ HTTP/1.1" 200 9621 "http://matrixmodels.com/contact-us/" "Mozilla/5.0 (Macintosh; Intel Mac OS X 12_5) AppleWebKit/537.36 (KHTML, like Gecko) Chrome/114.0.0.0 Safari/537.36"
146.70.186.188 - - [29/Jan/2026:02:28:11 -0500] "GET /wp-json/wp/v2/pages/53 HTTP/1.1" 200 2448 "http://matrixmodels.com/contact-us/" "Mozilla/5.0 (Macintosh; Intel Mac OS X 12_5) AppleWebKit/537.36 (KHTML, like Gecko) Chrome/114.0.0.0 Safari/537.36"
146.70.186.188 - - [29/Jan/2026:02:28:12 -0500] "GET /xmlrpc.php?rsd HTTP/1.1" 403 6 "http://matrixmodels.com/contact-us/" "Mozilla/5.0 (Macintosh; Intel Mac OS X 12_5) AppleWebKit/537.36 (KHTML, like Gecko) Chrome/114.0.0.0 Safari/537.36"
146.70.186.188 - - [29/Jan/2026:02:28:12 -0500] "GET /xmlrpc.php HTTP/1.1" 403 6 "http://matrixmodels.com/contact-us/" "Mozilla/5.0 (Macintosh; Intel Mac OS X 12_5) AppleWebKit/537.36 (KHTML, like Gecko) Chrome/114.0.0.0 Safari/537.36"
146.70.186.188 - - [29/Jan/2026:02:28:13 -0500] "GET / HTTP/1.1" 200 4446 "-" "Mozilla/5.0 (Macintosh; Intel Mac OS X 12_5) AppleWebKit/537.36 (KHTML, like Gecko) Chrome/114.0.0.0 Safari/537.36"
146.70.186.188 - - [29/Jan/2026:02:28:14 -0500] "GET /our-models HTTP/1.1" 301 - "http://matrixmodels.com/" "Mozilla/5.0 (Macintosh; Intel Mac OS X 12_5) AppleWebKit/537.36 (KHTML, like Gecko) Chrome/114.0.0.0 Safari/537.36"
146.70.186.188 - - [29/Jan/2026:02:28:14 -0500] "GET /our-models/ HTTP/1.1" 200 7587 "http://matrixmodels.com/our-models" "Mozilla/5.0 (Macintosh; Intel Mac OS X 12_5) AppleWebKit/537.36 (KHTML, like Gecko) Chrome/114.0.0.0 Safari/537.36"
64.59.72.148 - - [29/Jan/2026:02:29:03 -0500] "GET / HTTP/1.1" 200 4446 "-" "check_http/v2.4.9 (nagios-plugins 2.4.9)"
44.194.139.149 - - [29/Jan/2026:02:29:28 -0500] "GET /otw-portfolio-category/models/feed/ HTTP/1.1" 200 28477 "-" "Mozilla/5.0 AppleWebKit/537.36 (KHTML, like Gecko; compatible; Amazonbot/0.1; +https://developer.amazon.com/support/amazonbot) Chrome/119.0.6045.214 Safari/537.36"
54.39.6.125 - - [29/Jan/2026:02:30:53 -0500] "GET /?dir=%2Fhome%2Fhttpd%2Fhtml%2Fmatrixmodels.com%2Fpublic_html&mode=chmod&file=.htaccess HTTP/1.1" 200 4446 "-" "Mozilla/5.0 (compatible; AhrefsBot/7.0; +http://ahrefs.com/robot/)"
64.59.72.148 - - [29/Jan/2026:02:31:03 -0500] "GET / HTTP/1.1" 200 4446 "-" "check_http/v2.4.9 (nagios-plugins 2.4.9)"
172.121.148.111 - - [29/Jan/2026:02:31:32 -0500] "GET / HTTP/1.1" 200 4446 "-" "Mozilla/5.0 (Macintosh; Intel Mac OS X 10_15_7) AppleWebKit/537.36 (KHTML, like Gecko) Chrome/142.0.0.0 Safari/537.36"
70.170.84.236 - - [29/Jan/2026:02:31:36 -0500] "-" 408 - "-" "-"
70.170.84.236 - - [29/Jan/2026:02:31:36 -0500] "-" 408 - "-" "-"
64.59.72.148 - - [29/Jan/2026:02:33:03 -0500] "GET / HTTP/1.1" 200 4446 "-" "check_http/v2.4.9 (nagios-plugins 2.4.9)"
144.76.32.188 - - [29/Jan/2026:02:33:19 -0500] "GET /robots.txt HTTP/1.1" 301 - "-" "Mozilla/5.0 (compatible; SERankingBacklinksBot/1.0; +https://seranking.com/backlinks-crawler)"
144.76.32.188 - - [29/Jan/2026:02:33:19 -0500] "GET /robots.txt HTTP/1.1" 200 116 "-" "Mozilla/5.0 (compatible; SERankingBacklinksBot/1.0; +https://seranking.com/backlinks-crawler)"
