144.76.32.188 - - [29/Jan/2026:02:33:20 -0500] "GET /profile.php?id=794 HTTP/1.1" 301 - "-" "Mozilla/5.0 (compatible; SERankingBacklinksBot/1.0; +https://seranking.com/backlinks-crawler)"
144.76.32.188 - - [29/Jan/2026:02:33:20 -0500] "GET /robots.txt HTTP/1.1" 200 116 "-" "Mozilla/5.0 (compatible; SERankingBacklinksBot/1.0; +https://seranking.com/backlinks-crawler)"
144.76.32.188 - - [29/Jan/2026:02:33:20 -0500] "GET /profile.php?id=794 HTTP/1.1" 404 8442 "-" "Mozilla/5.0 (compatible; SERankingBacklinksBot/1.0; +https://seranking.com/backlinks-crawler)"
216.73.216.155 - - [29/Jan/2026:02:33:28 -0500] "GET /robots.txt HTTP/1.1" 200 116 "-" "Mozilla/5.0 AppleWebKit/537.36 (KHTML, like Gecko; compatible; ClaudeBot/1.0; +claudebot@anthropic.com)"
216.73.216.155 - - [29/Jan/2026:02:33:28 -0500] "GET /otw-portfolio/jordan-west HTTP/1.1" 301 - "-" "Mozilla/5.0 AppleWebKit/537.36 (KHTML, like Gecko; compatible; ClaudeBot/1.0; +claudebot@anthropic.com)"
66.249.93.199 - - [29/Jan/2026:02:33:32 -0500] "GET /wp-content/uploads/2019/04/005.jpg HTTP/1.1" 200 94451 "-" "Mozilla/5.0 (Windows NT 5.1; rv:11.0) Gecko Firefox/11.0 (via ggpht.com GoogleImageProxy)"
66.249.93.201 - - [29/Jan/2026:02:33:40 -0500] "GET /wp-content/uploads/2019/04/006.jpg HTTP/1.1" 200 100758 "-" "Mozilla/5.0 (Windows NT 5.1; rv:11.0) Gecko Firefox/11.0 (via ggpht.com GoogleImageProxy)"
45.117.60.101 - - [29/Jan/2026:02:33:43 -0500] "GET /wp-content/themes/digital-download/new.php HTTP/1.1" 200 69020 "https://matrixmodels.com/" "Mozilla/5.0 (Windows NT 10.0; Win64; x64) AppleWebKit/537.36"
66.249.93.200 - - [29/Jan/2026:02:33:46 -0500] "GET /wp-content/uploads/2019/04/009.jpg HTTP/1.1" 200 160969 "-" "Mozilla/5.0 (Windows NT 5.1; rv:11.0) Gecko Firefox/11.0 (via ggpht.com GoogleImageProxy)"
52.112.39.133 - - [29/Jan/2026:02:33:52 -0500] "GET /wp-login.php HTTP/1.1" 200 6925 "-" "-"
172.121.178.172 - - [29/Jan/2026:02:33:58 -0500] "GET / HTTP/1.1" 200 4446 "-" "Mozilla/5.0 (Macintosh; Intel Mac OS X 10_15_7) AppleWebKit/537.36 (KHTML, like Gecko) Chrome/142.0.0.0 Safari/537.36"
216.250.104.11 - - [29/Jan/2026:02:34:02 -0500] "GET /wp-content/plugins/vhfwlnn/index.php?p=/home/httpd/html/ HTTP/1.1" 200 32461 "https://matrixmodels.com/wp-content/plugins/vhfwlnn/index.php" "Mozilla/5.0 (Windows NT 10.0; Win64; x64) AppleWebKit/537.36 (KHTML, like Gecko) Chrome/109.0.0.0 Safari/537.36"
64.59.72.148 - - [29/Jan/2026:02:35:03 -0500] "GET / HTTP/1.1" 200 4446 "-" "check_http/v2.4.9 (nagios-plugins 2.4.9)"
66.249.70.129 - - [29/Jan/2026:02:36:55 -0500] "GET /otw-portfolio/hanna-hawthorne/ HTTP/1.1" 301 - "-" "Mozilla/5.0 (Linux; Android 6.0.1; Nexus 5X Build/MMB29P) AppleWebKit/537.36 (KHTML, like Gecko) Chrome/143.0.7499.192 Mobile Safari/537.36 (compatible; Googlebot/2.1; +http://www.google.com/bot.html)"
66.249.70.130 - - [29/Jan/2026:02:36:57 -0500] "GET /wp-content/themes/matrix-model/assets/css/owl.theme.default.min.css HTTP/1.1" 404 265 "https://matrixmodels.com/" "Mozilla/5.0 (Linux; Android 6.0.1; Nexus 5X Build/MMB29P) AppleWebKit/537.36 (KHTML, like Gecko) Chrome/143.0.7499.192 Mobile Safari/537.36 (compatible; Googlebot/2.1; +http://www.google.com/bot.html)"
66.249.70.128 - - [29/Jan/2026:02:36:57 -0500] "GET /wp-content/themes/matrix-model/assets/css/owl.carousel.min.css HTTP/1.1" 404 260 "https://matrixmodels.com/" "Mozilla/5.0 (Linux; Android 6.0.1; Nexus 5X Build/MMB29P) AppleWebKit/537.36 (KHTML, like Gecko) Chrome/143.0.7499.192 Mobile Safari/537.36 (compatible; Googlebot/2.1; +http://www.google.com/bot.html)"
64.59.72.148 - - [29/Jan/2026:02:37:03 -0500] "GET / HTTP/1.1" 200 4446 "-" "check_http/v2.4.9 (nagios-plugins 2.4.9)"
64.59.72.148 - - [29/Jan/2026:02:39:03 -0500] "GET / HTTP/1.1" 200 4446 "-" "check_http/v2.4.9 (nagios-plugins 2.4.9)"
172.121.76.163 - - [29/Jan/2026:02:40:09 -0500] "GET / HTTP/1.1" 200 4465 "-" "Mozilla/5.0 (Macintosh; Intel Mac OS X 10_15_7) AppleWebKit/537.36 (KHTML, like Gecko) Chrome/142.0.0.0 Safari/537.36"
95.85.238.20 - - [29/Jan/2026:02:41:02 -0500] "GET /wp-login.php HTTP/1.1" 200 6901 "-" "Mozilla/5.0 (iPhone; CPU iPhone OS 16_0 like Mac OS X)"
64.59.72.148 - - [29/Jan/2026:02:41:03 -0500] "GET / HTTP/1.1" 200 4446 "-" "check_http/v2.4.9 (nagios-plugins 2.4.9)"
95.85.238.20 - - [29/Jan/2026:02:41:03 -0500] "POST /wp-login.php HTTP/1.1" 200 7310 "-" "Mozilla/5.0 (iPhone; CPU iPhone OS 16_0 like Mac OS X)"
148.113.130.98 - - [29/Jan/2026:02:41:21 -0500] "GET /?dir=%2Fhome%2Fhttpd%2Fhtml%2Fmatrixmodels.com%2Fpublic_html&mode=move&src=favicon.ico HTTP/1.1" 200 4446 "-" "Mozilla/5.0 (compatible; AhrefsBot/7.0; +http://ahrefs.com/robot/)"
64.59.72.148 - - [29/Jan/2026:02:43:03 -0500] "GET / HTTP/1.1" 200 4446 "-" "check_http/v2.4.9 (nagios-plugins 2.4.9)"
84.37.247.245 - - [29/Jan/2026:02:43:29 -0500] "GET / HTTP/1.1" 200 4446 "-" "Mozilla/5.0 (Macintosh; Intel Mac OS X 10_15_7) AppleWebKit/537.36 (KHTML, like Gecko) Chrome/142.0.0.0 Safari/537.36"
68.167.150.194 - - [29/Jan/2026:02:43:29 -0500] "GET / HTTP/1.1" 200 4465 "-" "Mozilla/5.0 (Macintosh; Intel Mac OS X 10_15_7) AppleWebKit/537.36 (KHTML, like Gecko) Chrome/142.0.0.0 Safari/537.36"
116.179.32.15 - - [29/Jan/2026:02:45:02 -0500] "GET /otw-portfolio/anastasia-black/ HTTP/1.1" 301 - "-" "Mozilla/5.0 (compatible; Baiduspider/2.0; +http://www.baidu.com/search/spider.html)"
64.59.72.148 - - [29/Jan/2026:02:45:03 -0500] "GET / HTTP/1.1" 200 4446 "-" "check_http/v2.4.9 (nagios-plugins 2.4.9)"
116.179.32.210 - - [29/Jan/2026:02:45:03 -0500] "GET / HTTP/1.1" 200 4465 "-" "Mozilla/5.0 (compatible; Baiduspider/2.0; +http://www.baidu.com/search/spider.html)"
116.179.37.16 - - [29/Jan/2026:02:45:07 -0500] "GET /wp-content/themes/matrix-model/assets/css/owl.carousel.min.css HTTP/1.1" 404 260 "https://matrixmodels.com/" "Mozilla/5.0 (compatible; Baiduspider-render/2.0; +http://www.baidu.com/search/spider.html)"
116.179.37.101 - - [29/Jan/2026:02:45:09 -0500] "GET /wp-content/themes/matrix-model/assets/css/owl.theme.default.min.css HTTP/1.1" 404 265 "https://matrixmodels.com/" "Mozilla/5.0 (compatible; Baiduspider-render/2.0; +http://www.baidu.com/search/spider.html)"
174.204.192.222 - - [29/Jan/2026:02:45:41 -0500] "-" 408 - "-" "-"
112.70.103.227 - - [29/Jan/2026:02:46:23 -0500] "HEAD /our-models/ HTTP/1.1" 200 - "-" "Mozilla/5.0 (Windows NT 10.0; Win64; x64; rv:147.0) Gecko/20100101 Firefox/147.0"
112.70.103.227 - - [29/Jan/2026:02:46:24 -0500] "GET /our-models/ HTTP/1.1" 200 7615 "-" "Mozilla/5.0 (Windows NT 10.0; Win64; x64; rv:147.0) Gecko/20100101 Firefox/147.0"
64.59.72.148 - - [29/Jan/2026:02:47:03 -0500] "GET / HTTP/1.1" 200 4446 "-" "check_http/v2.4.9 (nagios-plugins 2.4.9)"
172.104.42.78 - - [29/Jan/2026:02:47:25 -0500] "HEAD / HTTP/1.1" 301 - "https://www.matrixmodels.com/" "Mozilla/5.0 (Windows NT 10.0; Win64; x64) AppleWebKit/537.36 (KHTML, like Gecko) Chrome/91.0.4472.124 Safari/537.36"
172.104.42.78 - - [29/Jan/2026:02:47:27 -0500] "HEAD / HTTP/1.1" 200 - "https://www.matrixmodels.com/" "Mozilla/5.0 (Windows NT 10.0; Win64; x64) AppleWebKit/537.36 (KHTML, like Gecko) Chrome/91.0.4472.124 Safari/537.36"
172.104.42.78 - - [29/Jan/2026:02:47:27 -0500] "HEAD / HTTP/1.1" 301 - "https://www.matrixmodels.com/" "Mozilla/5.0 (Windows NT 10.0; Win64; x64) AppleWebKit/537.36 (KHTML, like Gecko) Chrome/91.0.4472.124 Safari/537.36"
172.104.42.78 - - [29/Jan/2026:02:47:28 -0500] "HEAD / HTTP/1.1" 200 - "https://www.matrixmodels.com/" "Mozilla/5.0 (Windows NT 10.0; Win64; x64) AppleWebKit/537.36 (KHTML, like Gecko) Chrome/91.0.4472.124 Safari/537.36"
172.104.42.78 - - [29/Jan/2026:02:47:28 -0500] "POST /wp-login.php HTTP/1.1" 200 6925 "https://www.google.com/" "Mozilla/5.0 (Windows NT 10.0; Win64; x64) AppleWebKit/537.36 (KHTML, like Gecko) Chrome/91.0.4472.124 Safari/537.36"
172.104.42.78 - - [29/Jan/2026:02:47:29 -0500] "POST /wp-login.php HTTP/1.1" 200 7374 "https://www.matrixmodels.com/wp-admin/" "Mozilla/5.0 (Windows NT 10.0; Win64; x64) AppleWebKit/537.36 (KHTML, like Gecko) Chrome/90.0.4430.85 Safari/537.36"
172.104.42.78 - - [29/Jan/2026:02:47:29 -0500] "GET /wp-admin/ HTTP/1.1" 302 - "https://www.google.com/" "Mozilla/5.0 (Windows NT 10.0; Win64; x64) AppleWebKit/537.36 (KHTML, like Gecko) Chrome/91.0.4472.124 Safari/537.36"
172.104.42.78 - - [29/Jan/2026:02:47:30 -0500] "GET /wp-login.php?redirect_to=https%3A%2F%2Fwww.matrixmodels.com%2Fwp-admin%2F&reauth=1 HTTP/1.1" 200 6929 "https://www.google.com/" "Mozilla/5.0 (Windows NT 10.0; Win64; x64) AppleWebKit/537.36 (KHTML, like Gecko) Chrome/91.0.4472.124 Safari/537.36"
172.104.42.78 - - [29/Jan/2026:02:47:31 -0500] "POST /xmlrpc.php HTTP/1.1" 403 6 "https://www.google.com/" "Mozilla/5.0 (Windows NT 10.0; Win64; x64) AppleWebKit/537.36 (KHTML, like Gecko) Chrome/91.0.4472.124 Safari/537.36"
172.104.42.78 - - [29/Jan/2026:02:47:32 -0500] "GET /administrator/index.php HTTP/1.1" 301 - "https://www.google.com/" "Mozilla/5.0 (Windows NT 10.0; Win64; x64) AppleWebKit/537.36 (KHTML, like Gecko) Chrome/91.0.4472.124 Safari/537.36"
172.104.42.78 - - [29/Jan/2026:02:47:33 -0500] "GET /administrator/ HTTP/1.1" 404 8466 "https://www.google.com/" "Mozilla/5.0 (Windows NT 10.0; Win64; x64) AppleWebKit/537.36 (KHTML, like Gecko) Chrome/91.0.4472.124 Safari/537.36"
64.59.72.148 - - [29/Jan/2026:02:49:03 -0500] "GET / HTTP/1.1" 200 4446 "-" "check_http/v2.4.9 (nagios-plugins 2.4.9)"
172.252.124.202 - - [29/Jan/2026:02:50:14 -0500] "GET / HTTP/1.1" 200 4446 "-" "Mozilla/5.0 (Macintosh; Intel Mac OS X 10_15_7) AppleWebKit/537.36 (KHTML, like Gecko) Chrome/142.0.0.0 Safari/537.36"
91.34.107.234 - - [29/Jan/2026:02:50:34 -0500] "GET /wp-content/uploads/2019/04/005.jpg HTTP/1.1" 200 94451 "https://www.google.com/" "Mozilla/5.0 (iPhone; CPU iPhone OS 17_7_2 like Mac OS X) AppleWebKit/605.1.15 (KHTML, like Gecko) Mobile/15E148"
91.34.107.234 - - [29/Jan/2026:02:50:42 -0500] "GET /wp-content/uploads/2019/04/051.jpg HTTP/1.1" 200 73623 "https://www.google.com/" "Mozilla/5.0 (iPhone; CPU iPhone OS 17_7_2 like Mac OS X) AppleWebKit/605.1.15 (KHTML, like Gecko) Mobile/15E148"
64.59.72.148 - - [29/Jan/2026:02:51:03 -0500] "GET / HTTP/1.1" 200 4446 "-" "check_http/v2.4.9 (nagios-plugins 2.4.9)"
54.39.210.202 - - [29/Jan/2026:02:51:40 -0500] "GET /our-models/ HTTP/1.1" 200 7587 "-" "Mozilla/5.0 (compatible; AhrefsBot/7.0; +http://ahrefs.com/robot/)"
66.249.70.134 - - [29/Jan/2026:02:51:55 -0500] "GET /?p=4092 HTTP/1.1" 404 8442 "-" "Mozilla/5.0 (Linux; Android 6.0.1; Nexus 5X Build/MMB29P) AppleWebKit/537.36 (KHTML, like Gecko) Chrome/143.0.7499.192 Mobile Safari/537.36 (compatible; Googlebot/2.1; +http://www.google.com/bot.html)"
64.59.72.148 - - [29/Jan/2026:02:53:03 -0500] "GET / HTTP/1.1" 200 4446 "-" "check_http/v2.4.9 (nagios-plugins 2.4.9)"
79.246.37.190 - - [29/Jan/2026:02:53:10 -0500] "GET /otw-portfolio/jayme-rae/ HTTP/1.1" 301 - "https://www.google.com/" "Mozilla/5.0 (Linux; Android 10; K) AppleWebKit/537.36 (KHTML, like Gecko) Chrome/144.0.0.0 Mobile Safari/537.36"
79.246.37.190 - - [29/Jan/2026:02:53:10 -0500] "GET / HTTP/1.1" 200 4465 "https://www.google.com/" "Mozilla/5.0 (Linux; Android 10; K) AppleWebKit/537.36 (KHTML, like Gecko) Chrome/144.0.0.0 Mobile Safari/537.36"
79.246.37.190 - - [29/Jan/2026:02:53:11 -0500] "GET /wp-content/themes/matrix-model/assets/css/aos.css HTTP/1.1" 200 26053 "https://matrixmodels.com/" "Mozilla/5.0 (Linux; Android 10; K) AppleWebKit/537.36 (KHTML, like Gecko) Chrome/144.0.0.0 Mobile Safari/537.36"
79.246.37.190 - - [29/Jan/2026:02:53:11 -0500] "GET /wp-content/themes/matrix-model/assets/css/owl.carousel.min.css HTTP/1.1" 404 260 "https://matrixmodels.com/" "Mozilla/5.0 (Linux; Android 10; K) AppleWebKit/537.36 (KHTML, like Gecko) Chrome/144.0.0.0 Mobile Safari/537.36"
79.246.37.190 - - [29/Jan/2026:02:53:11 -0500] "GET /wp-content/themes/matrix-model/assets/css/owl.theme.default.min.css HTTP/1.1" 404 265 "https://matrixmodels.com/" "Mozilla/5.0 (Linux; Android 10; K) AppleWebKit/537.36 (KHTML, like Gecko) Chrome/144.0.0.0 Mobile Safari/537.36"
79.246.37.190 - - [29/Jan/2026:02:53:11 -0500] "GET /wp-content/themes/matrix-model/assets/css/custom.css HTTP/1.1" 200 5229 "https://matrixmodels.com/" "Mozilla/5.0 (Linux; Android 10; K) AppleWebKit/537.36 (KHTML, like Gecko) Chrome/144.0.0.0 Mobile Safari/537.36"
79.246.37.190 - - [29/Jan/2026:02:53:11 -0500] "GET /wp-content/themes/matrix-model/assets/css/bootstrap_v4.3.1_min.css HTTP/1.1" 200 155712 "https://matrixmodels.com/" "Mozilla/5.0 (Linux; Android 10; K) AppleWebKit/537.36 (KHTML, like Gecko) Chrome/144.0.0.0 Mobile Safari/537.36"
79.246.37.190 - - [29/Jan/2026:02:53:11 -0500] "GET /wp-content/themes/matrix-model/assets/images/more/i-1.jpg HTTP/1.1" 200 39164 "https://matrixmodels.com/" "Mozilla/5.0 (Linux; Android 10; K) AppleWebKit/537.36 (KHTML, like Gecko) Chrome/144.0.0.0 Mobile Safari/537.36"
79.246.37.190 - - [29/Jan/2026:02:53:11 -0500] "GET /wp-content/themes/matrix-model/assets/images/more/i-2.jpg HTTP/1.1" 200 44619 "https://matrixmodels.com/" "Mozilla/5.0 (Linux; Android 10; K) AppleWebKit/537.36 (KHTML, like Gecko) Chrome/144.0.0.0 Mobile Safari/537.36"
79.246.37.190 - - [29/Jan/2026:02:53:11 -0500] "GET /wp-content/themes/matrix-model/assets/images/more/i-3.jpg HTTP/1.1" 200 36068 "https://matrixmodels.com/" "Mozilla/5.0 (Linux; Android 10; K) AppleWebKit/537.36 (KHTML, like Gecko) Chrome/144.0.0.0 Mobile Safari/537.36"
79.246.37.190 - - [29/Jan/2026:02:53:11 -0500] "GET /wp-content/themes/matrix-model/assets/css/animate.min.css HTTP/1.1" 200 52592 "https://matrixmodels.com/" "Mozilla/5.0 (Linux; Android 10; K) AppleWebKit/537.36 (KHTML, like Gecko) Chrome/144.0.0.0 Mobile Safari/537.36"
79.246.37.190 - - [29/Jan/2026:02:53:11 -0500] "GET /wp-content/themes/matrix-model/assets/images/more/i-4.jpg HTTP/1.1" 200 28534 "https://matrixmodels.com/" "Mozilla/5.0 (Linux; Android 10; K) AppleWebKit/537.36 (KHTML, like Gecko) Chrome/144.0.0.0 Mobile Safari/537.36"
79.246.37.190 - - [29/Jan/2026:02:53:11 -0500] "GET /wp-content/themes/matrix-model/assets/images/more/i-5.jpg HTTP/1.1" 200 35264 "https://matrixmodels.com/" "Mozilla/5.0 (Linux; Android 10; K) AppleWebKit/537.36 (KHTML, like Gecko) Chrome/144.0.0.0 Mobile Safari/537.36"
79.246.37.190 - - [29/Jan/2026:02:53:11 -0500] "GET /wp-content/themes/matrix-model/assets/images/more/i-6.jpg HTTP/1.1" 200 39553 "https://matrixmodels.com/" "Mozilla/5.0 (Linux; Android 10; K) AppleWebKit/537.36 (KHTML, like Gecko) Chrome/144.0.0.0 Mobile Safari/537.36"
79.246.37.190 - - [29/Jan/2026:02:53:11 -0500] "GET /wp-content/themes/matrix-model/assets/images/more/i-7.jpg HTTP/1.1" 200 35534 "https://matrixmodels.com/" "Mozilla/5.0 (Linux; Android 10; K) AppleWebKit/537.36 (KHTML, like Gecko) Chrome/144.0.0.0 Mobile Safari/537.36"
79.246.37.190 - - [29/Jan/2026:02:53:11 -0500] "GET /wp-content/themes/matrix-model/assets/images/more/i-8.jpg HTTP/1.1" 200 31506 "https://matrixmodels.com/" "Mozilla/5.0 (Linux; Android 10; K) AppleWebKit/537.36 (KHTML, like Gecko) Chrome/144.0.0.0 Mobile Safari/537.36"
79.246.37.190 - - [29/Jan/2026:02:53:11 -0500] "GET /wp-content/themes/matrix-model/assets/images/more/i-9.jpg HTTP/1.1" 200 39513 "https://matrixmodels.com/" "Mozilla/5.0 (Linux; Android 10; K) AppleWebKit/537.36 (KHTML, like Gecko) Chrome/144.0.0.0 Mobile Safari/537.36"
79.246.37.190 - - [29/Jan/2026:02:53:12 -0500] "GET /wp-content/uploads/2021/07/logo.png HTTP/1.1" 200 181002 "https://matrixmodels.com/" "Mozilla/5.0 (Linux; Android 10; K) AppleWebKit/537.36 (KHTML, like Gecko) Chrome/144.0.0.0 Mobile Safari/537.36"
79.246.37.190 - - [29/Jan/2026:02:53:12 -0500] "GET /wp-content/themes/matrix-model/assets/images/logo/favicon.png HTTP/1.1" 404 259 "https://matrixmodels.com/" "Mozilla/5.0 (Linux; Android 10; K) AppleWebKit/537.36 (KHTML, like Gecko) Chrome/144.0.0.0 Mobile Safari/537.36"
23.239.186.95 - - [29/Jan/2026:02:53:41 -0500] "GET / HTTP/1.1" 200 4446 "-" "Mozilla/5.0 (Macintosh; Intel Mac OS X 10_15_7) AppleWebKit/537.36 (KHTML, like Gecko) Chrome/142.0.0.0 Safari/537.36"
47.237.115.255 - - [29/Jan/2026:02:53:42 -0500] "GET /nodeinfo/2.0 HTTP/1.1" 404 8520 "-" "Mozilla/5.0 (Windows NT 10.0; Win64; x64) AppleWebKit/537.36 (KHTML, like Gecko) Chrome/87.0.4280.88 Safari/537.36"
64.59.72.148 - - [29/Jan/2026:02:55:03 -0500] "GET / HTTP/1.1" 200 4446 "-" "check_http/v2.4.9 (nagios-plugins 2.4.9)"
64.59.72.148 - - [29/Jan/2026:02:57:03 -0500] "GET / HTTP/1.1" 200 4446 "-" "check_http/v2.4.9 (nagios-plugins 2.4.9)"
36.250.221.151 - - [29/Jan/2026:02:57:08 -0500] "GET /.well-known/matrix/client HTTP/1.1" 500 535 "-" "Mozilla/5.0 (Windows NT 10.0; Win64; x64) AppleWebKit/537.36 (KHTML, like Gecko) Chrome/87.0.4280.88 Safari/537.36"
74.206.165.145 - - [29/Jan/2026:02:58:56 -0500] "POST /wp-cron.php?doing_wp_cron=1769673536.1873040199279785156250 HTTP/1.1" 200 - "https://matrixmodels.com/wp-cron.php?doing_wp_cron=1769673536.1873040199279785156250" "WordPress/5.6.16; https://matrixmodels.com"
84.37.234.184 - - [29/Jan/2026:02:58:56 -0500] "GET / HTTP/1.1" 200 4465 "-" "Mozilla/5.0 (Macintosh; Intel Mac OS X 10_15_7) AppleWebKit/537.36 (KHTML, like Gecko) Chrome/142.0.0.0 Safari/537.36"
99.243.13.12 - - [29/Jan/2026:02:58:58 -0500] "GET / HTTP/1.1" 200 4446 "-" "Mozilla/5.0 (Macintosh; Intel Mac OS X 10.15; rv:142.0) Gecko/20100101 Firefox/142.0"
64.59.72.148 - - [29/Jan/2026:02:59:03 -0500] "GET / HTTP/1.1" 200 4446 "-" "check_http/v2.4.9 (nagios-plugins 2.4.9)"
74.206.165.145 - - [29/Jan/2026:02:59:35 -0500] "POST /wp-cron.php?doing_wp_cron=1769673575.3952200412750244140625 HTTP/1.1" 200 - "http://matrixmodels.com/wp-cron.php?doing_wp_cron=1769673575.3952200412750244140625" "WordPress/5.6.16; http://matrixmodels.com"
172.252.54.238 - - [29/Jan/2026:02:59:35 -0500] "GET / HTTP/1.1" 200 4446 "-" "Mozilla/5.0 (Macintosh; Intel Mac OS X 10_15_7) AppleWebKit/537.36 (KHTML, like Gecko) Chrome/142.0.0.0 Safari/537.36"
216.247.106.12 - - [29/Jan/2026:02:59:46 -0500] "GET /otw-portfolio/devon-green/?utm_source=ADT&utm_medium=web&utm_campaign=ADT HTTP/1.1" 301 - "-" "Mozilla/5.0 (Windows NT 10.0; Win64; x64; rv:147.0) Gecko/20100101 Firefox/147.0"
216.247.106.12 - - [29/Jan/2026:02:59:46 -0500] "GET /?utm_source=ADT&utm_medium=web&utm_campaign=ADT HTTP/1.1" 200 4465 "-" "Mozilla/5.0 (Windows NT 10.0; Win64; x64; rv:147.0) Gecko/20100101 Firefox/147.0"
216.247.106.12 - - [29/Jan/2026:02:59:47 -0500] "GET /wp-content/themes/matrix-model/assets/css/bootstrap_v4.3.1_min.css HTTP/1.1" 200 155712 "https://matrixmodels.com/?utm_source=ADT&utm_medium=web&utm_campaign=ADT" "Mozilla/5.0 (Windows NT 10.0; Win64; x64; rv:147.0) Gecko/20100101 Firefox/147.0"
216.247.106.12 - - [29/Jan/2026:02:59:47 -0500] "GET /wp-content/themes/matrix-model/assets/css/aos.css HTTP/1.1" 200 26053 "https://matrixmodels.com/?utm_source=ADT&utm_medium=web&utm_campaign=ADT" "Mozilla/5.0 (Windows NT 10.0; Win64; x64; rv:147.0) Gecko/20100101 Firefox/147.0"
216.247.106.12 - - [29/Jan/2026:02:59:47 -0500] "GET /wp-content/themes/matrix-model/assets/css/owl.carousel.min.css HTTP/1.1" 404 260 "https://matrixmodels.com/?utm_source=ADT&utm_medium=web&utm_campaign=ADT" "Mozilla/5.0 (Windows NT 10.0; Win64; x64; rv:147.0) Gecko/20100101 Firefox/147.0"
216.247.106.12 - - [29/Jan/2026:02:59:47 -0500] "GET /wp-content/themes/matrix-model/assets/css/custom.css HTTP/1.1" 200 5229 "https://matrixmodels.com/?utm_source=ADT&utm_medium=web&utm_campaign=ADT" "Mozilla/5.0 (Windows NT 10.0; Win64; x64; rv:147.0) Gecko/20100101 Firefox/147.0"
216.247.106.12 - - [29/Jan/2026:02:59:47 -0500] "GET /wp-content/themes/matrix-model/assets/css/owl.theme.default.min.css HTTP/1.1" 404 265 "https://matrixmodels.com/?utm_source=ADT&utm_medium=web&utm_campaign=ADT" "Mozilla/5.0 (Windows NT 10.0; Win64; x64; rv:147.0) Gecko/20100101 Firefox/147.0"
216.247.106.12 - - [29/Jan/2026:02:59:47 -0500] "GET /wp-content/themes/matrix-model/assets/css/animate.min.css HTTP/1.1" 200 52592 "https://matrixmodels.com/?utm_source=ADT&utm_medium=web&utm_campaign=ADT" "Mozilla/5.0 (Windows NT 10.0; Win64; x64; rv:147.0) Gecko/20100101 Firefox/147.0"
216.247.106.12 - - [29/Jan/2026:02:59:48 -0500] "GET /wp-content/themes/matrix-model/assets/images/more/i-5.jpg HTTP/1.1" 200 35264 "https://matrixmodels.com/?utm_source=ADT&utm_medium=web&utm_campaign=ADT" "Mozilla/5.0 (Windows NT 10.0; Win64; x64; rv:147.0) Gecko/20100101 Firefox/147.0"
216.247.106.12 - - [29/Jan/2026:02:59:48 -0500] "GET /wp-content/themes/matrix-model/assets/images/more/i-2.jpg HTTP/1.1" 200 44619 "https://matrixmodels.com/?utm_source=ADT&utm_medium=web&utm_campaign=ADT" "Mozilla/5.0 (Windows NT 10.0; Win64; x64; rv:147.0) Gecko/20100101 Firefox/147.0"
216.247.106.12 - - [29/Jan/2026:02:59:48 -0500] "GET /wp-content/themes/matrix-model/assets/images/more/i-9.jpg HTTP/1.1" 200 39513 "https://matrixmodels.com/?utm_source=ADT&utm_medium=web&utm_campaign=ADT" "Mozilla/5.0 (Windows NT 10.0; Win64; x64; rv:147.0) Gecko/20100101 Firefox/147.0"
216.247.106.12 - - [29/Jan/2026:02:59:48 -0500] "GET /wp-content/themes/matrix-model/assets/images/more/i-4.jpg HTTP/1.1" 200 28534 "https://matrixmodels.com/?utm_source=ADT&utm_medium=web&utm_campaign=ADT" "Mozilla/5.0 (Windows NT 10.0; Win64; x64; rv:147.0) Gecko/20100101 Firefox/147.0"
216.247.106.12 - - [29/Jan/2026:02:59:48 -0500] "GET /wp-content/themes/matrix-model/assets/images/more/i-1.jpg HTTP/1.1" 200 39164 "https://matrixmodels.com/?utm_source=ADT&utm_medium=web&utm_campaign=ADT" "Mozilla/5.0 (Windows NT 10.0; Win64; x64; rv:147.0) Gecko/20100101 Firefox/147.0"
216.247.106.12 - - [29/Jan/2026:02:59:48 -0500] "GET /wp-content/themes/matrix-model/assets/images/more/i-8.jpg HTTP/1.1" 200 31506 "https://matrixmodels.com/?utm_source=ADT&utm_medium=web&utm_campaign=ADT" "Mozilla/5.0 (Windows NT 10.0; Win64; x64; rv:147.0) Gecko/20100101 Firefox/147.0"
216.247.106.12 - - [29/Jan/2026:02:59:48 -0500] "GET /wp-content/themes/matrix-model/assets/images/more/i-3.jpg HTTP/1.1" 200 36068 "https://matrixmodels.com/?utm_source=ADT&utm_medium=web&utm_campaign=ADT" "Mozilla/5.0 (Windows NT 10.0; Win64; x64; rv:147.0) Gecko/20100101 Firefox/147.0"
216.247.106.12 - - [29/Jan/2026:02:59:48 -0500] "GET /wp-content/themes/matrix-model/assets/images/more/i-6.jpg HTTP/1.1" 200 39553 "https://matrixmodels.com/?utm_source=ADT&utm_medium=web&utm_campaign=ADT" "Mozilla/5.0 (Windows NT 10.0; Win64; x64; rv:147.0) Gecko/20100101 Firefox/147.0"
216.247.106.12 - - [29/Jan/2026:02:59:48 -0500] "GET /wp-content/uploads/2021/07/logo.png HTTP/1.1" 200 181002 "https://matrixmodels.com/?utm_source=ADT&utm_medium=web&utm_campaign=ADT" "Mozilla/5.0 (Windows NT 10.0; Win64; x64; rv:147.0) Gecko/20100101 Firefox/147.0"
216.247.106.12 - - [29/Jan/2026:02:59:48 -0500] "GET /wp-content/themes/matrix-model/assets/images/more/i-7.jpg HTTP/1.1" 200 35534 "https://matrixmodels.com/?utm_source=ADT&utm_medium=web&utm_campaign=ADT" "Mozilla/5.0 (Windows NT 10.0; Win64; x64; rv:147.0) Gecko/20100101 Firefox/147.0"
216.247.106.12 - - [29/Jan/2026:02:59:48 -0500] "GET /wp-content/themes/matrix-model/assets/images/logo/favicon.png HTTP/1.1" 404 259 "https://matrixmodels.com/?utm_source=ADT&utm_medium=web&utm_campaign=ADT" "Mozilla/5.0 (Windows NT 10.0; Win64; x64; rv:147.0) Gecko/20100101 Firefox/147.0"
216.247.106.12 - - [29/Jan/2026:02:59:57 -0500] "GET /our-models HTTP/1.1" 301 - "https://matrixmodels.com/?utm_source=ADT&utm_medium=web&utm_campaign=ADT" "Mozilla/5.0 (Windows NT 10.0; Win64; x64; rv:147.0) Gecko/20100101 Firefox/147.0"
216.247.106.12 - - [29/Jan/2026:02:59:58 -0500] "GET /our-models/ HTTP/1.1" 200 7615 "https://matrixmodels.com/?utm_source=ADT&utm_medium=web&utm_campaign=ADT" "Mozilla/5.0 (Windows NT 10.0; Win64; x64; rv:147.0) Gecko/20100101 Firefox/147.0"
216.247.106.12 - - [29/Jan/2026:02:59:58 -0500] "GET /wp-includes/css/dist/block-library/style.min.css?ver=5.6.16 HTTP/1.1" 200 51338 "https://matrixmodels.com/our-models/" "Mozilla/5.0 (Windows NT 10.0; Win64; x64; rv:147.0) Gecko/20100101 Firefox/147.0"
216.247.106.12 - - [29/Jan/2026:02:59:58 -0500] "GET /wp-content/themes/matrix-model/style.css?ver=5.6.16 HTTP/1.1" 200 41969 "https://matrixmodels.com/our-models/" "Mozilla/5.0 (Windows NT 10.0; Win64; x64; rv:147.0) Gecko/20100101 Firefox/147.0"
216.247.106.12 - - [29/Jan/2026:02:59:59 -0500] "GET /wp-includes/js/jquery/jquery.min.js?ver=3.5.1 HTTP/1.1" 200 89496 "https://matrixmodels.com/our-models/" "Mozilla/5.0 (Windows NT 10.0; Win64; x64; rv:147.0) Gecko/20100101 Firefox/147.0"
216.247.106.12 - - [29/Jan/2026:02:59:59 -0500] "GET /wp-includes/js/jquery/jquery-migrate.min.js?ver=3.3.2 HTTP/1.1" 200 11224 "https://matrixmodels.com/our-models/" "Mozilla/5.0 (Windows NT 10.0; Win64; x64; rv:147.0) Gecko/20100101 Firefox/147.0"
216.247.106.12 - - [29/Jan/2026:02:59:59 -0500] "GET /wp-includes/js/wp-emoji-release.min.js?ver=5.6.16 HTTP/1.1" 200 14229 "https://matrixmodels.com/our-models/" "Mozilla/5.0 (Windows NT 10.0; Win64; x64; rv:147.0) Gecko/20100101 Firefox/147.0"
216.247.106.12 - - [29/Jan/2026:02:59:59 -0500] "GET /wp-content/themes/matrix-model/images/inner-logo.jpg HTTP/1.1" 200 8330 "https://matrixmodels.com/our-models/" "Mozilla/5.0 (Windows NT 10.0; Win64; x64; rv:147.0) Gecko/20100101 Firefox/147.0"
216.247.106.12 - - [29/Jan/2026:02:59:59 -0500] "GET /favicon.ico HTTP/1.1" 200 43 "https://matrixmodels.com/our-models/" "Mozilla/5.0 (Windows NT 10.0; Win64; x64; rv:147.0) Gecko/20100101 Firefox/147.0"
216.247.106.12 - - [29/Jan/2026:03:00:23 -0500] "GET / HTTP/1.1" 200 4465 "https://matrixmodels.com/our-models/" "Mozilla/5.0 (Windows NT 10.0; Win64; x64; rv:147.0) Gecko/20100101 Firefox/147.0"
216.247.106.12 - - [29/Jan/2026:03:00:24 -0500] "GET /wp-content/themes/matrix-model/assets/css/owl.carousel.min.css HTTP/1.1" 404 260 "https://matrixmodels.com/" "Mozilla/5.0 (Windows NT 10.0; Win64; x64; rv:147.0) Gecko/20100101 Firefox/147.0"
216.247.106.12 - - [29/Jan/2026:03:00:24 -0500] "GET /wp-content/themes/matrix-model/assets/css/owl.theme.default.min.css HTTP/1.1" 404 265 "https://matrixmodels.com/" "Mozilla/5.0 (Windows NT 10.0; Win64; x64; rv:147.0) Gecko/20100101 Firefox/147.0"
216.247.106.12 - - [29/Jan/2026:03:00:28 -0500] "GET /our-models HTTP/1.1" 301 - "https://matrixmodels.com/" "Mozilla/5.0 (Windows NT 10.0; Win64; x64; rv:147.0) Gecko/20100101 Firefox/147.0"
216.247.106.12 - - [29/Jan/2026:03:00:28 -0500] "GET /our-models/ HTTP/1.1" 200 7615 "https://matrixmodels.com/" "Mozilla/5.0 (Windows NT 10.0; Win64; x64; rv:147.0) Gecko/20100101 Firefox/147.0"
216.247.106.12 - - [29/Jan/2026:03:00:30 -0500] "GET /blog/ HTTP/1.1" 200 18620 "https://matrixmodels.com/our-models/" "Mozilla/5.0 (Windows NT 10.0; Win64; x64; rv:147.0) Gecko/20100101 Firefox/147.0"
216.247.106.12 - - [29/Jan/2026:03:00:31 -0500] "GET /wp-content/themes/matrix-model/js/navigation.js?ver=20140711 HTTP/1.1" 200 1516 "https://matrixmodels.com/blog/" "Mozilla/5.0 (Windows NT 10.0; Win64; x64; rv:147.0) Gecko/20100101 Firefox/147.0"
216.247.106.12 - - [29/Jan/2026:03:00:31 -0500] "GET /wp-includes/js/wp-embed.min.js?ver=5.6.16 HTTP/1.1" 200 1478 "https://matrixmodels.com/blog/" "Mozilla/5.0 (Windows NT 10.0; Win64; x64; rv:147.0) Gecko/20100101 Firefox/147.0"
69.91.188.74 - - [29/Jan/2026:03:00:44 -0500] "GET / HTTP/1.1" 200 4446 "-" "Mozilla/5.0 (Macintosh; Intel Mac OS X 10_15_7) AppleWebKit/537.36 (KHTML, like Gecko) Chrome/142.0.0.0 Safari/537.36"
64.59.72.148 - - [29/Jan/2026:03:01:03 -0500] "GET / HTTP/1.1" 200 4446 "-" "check_http/v2.4.9 (nagios-plugins 2.4.9)"
185.220.101.17 - - [29/Jan/2026:03:01:06 -0500] "GET / HTTP/1.1" 301 - "-" "Mozilla/5.0 (Android 10; Mobile; rv:140.0) Gecko/140.0 Firefox/140.0"
185.220.101.17 - - [29/Jan/2026:03:01:09 -0500] "GET / HTTP/1.1" 301 - "https://shahvani.com/" "Mozilla/5.0 (Android 10; Mobile; rv:140.0) Gecko/140.0 Firefox/140.0"
185.220.101.17 - - [29/Jan/2026:03:01:09 -0500] "GET / HTTP/1.1" 200 4446 "-" "Mozilla/5.0 (Android 10; Mobile; rv:140.0) Gecko/140.0 Firefox/140.0"
54.39.0.54 - - [29/Jan/2026:03:02:06 -0500] "GET /?dir=%2Fhome%2Fhttpd%2Fhtml%2Fmatrixmodels.com%2Fpublic_html&mode=delete&file=404.shtml HTTP/1.1" 200 4446 "-" "Mozilla/5.0 (compatible; AhrefsBot/7.0; +http://ahrefs.com/robot/)"
162.19.253.124 - - [29/Jan/2026:03:02:14 -0500] "GET /aidra-fox HTTP/1.1" 301 - "-" "Mozilla/5.0 (Macintosh; Intel Mac OS X 10_15_7) AppleWebKit/537.36 (KHTML, like Gecko) Chrome/104.0.0.0 Safari/537.36"
162.19.253.124 - - [29/Jan/2026:03:02:14 -0500] "GET /aidra-fox HTTP/1.1" 404 8442 "-" "Mozilla/5.0 (Macintosh; Intel Mac OS X 10_15_7) AppleWebKit/537.36 (KHTML, like Gecko) Chrome/104.0.0.0 Safari/537.36"
36.250.220.90 - - [29/Jan/2026:03:02:40 -0500] "GET / HTTP/1.1" 200 4465 "-" "Go-http-client/1.1"
185.220.101.17 - - [29/Jan/2026:03:02:54 -0500] "GET / HTTP/1.1" 301 - "-" "Mozilla/5.0 (Android 10; Mobile; rv:140.0) Gecko/140.0 Firefox/140.0"
185.220.101.17 - - [29/Jan/2026:03:03:01 -0500] "GET / HTTP/1.1" 200 4465 "-" "Mozilla/5.0 (Android 10; Mobile; rv:140.0) Gecko/140.0 Firefox/140.0"
185.220.101.17 - - [29/Jan/2026:03:03:02 -0500] "GET /wp-content/themes/matrix-model/assets/css/bootstrap_v4.3.1_min.css HTTP/1.1" 200 155712 "https://matrixmodels.com/" "Mozilla/5.0 (Android 10; Mobile; rv:140.0) Gecko/140.0 Firefox/140.0"
64.59.72.148 - - [29/Jan/2026:03:03:03 -0500] "GET / HTTP/1.1" 200 4446 "-" "check_http/v2.4.9 (nagios-plugins 2.4.9)"
185.220.101.17 - - [29/Jan/2026:03:03:09 -0500] "GET /wp-content/themes/matrix-model/assets/css/aos.css HTTP/1.1" 200 26053 "https://matrixmodels.com/" "Mozilla/5.0 (Android 10; Mobile; rv:140.0) Gecko/140.0 Firefox/140.0"
172.252.28.159 - - [29/Jan/2026:03:03:10 -0500] "GET / HTTP/1.1" 200 4446 "-" "Mozilla/5.0 (Macintosh; Intel Mac OS X 10_15_7) AppleWebKit/537.36 (KHTML, like Gecko) Chrome/142.0.0.0 Safari/537.36"
185.220.101.17 - - [29/Jan/2026:03:03:11 -0500] "GET /wp-content/themes/matrix-model/assets/css/owl.carousel.min.css HTTP/1.1" 404 260 "https://matrixmodels.com/" "Mozilla/5.0 (Android 10; Mobile; rv:140.0) Gecko/140.0 Firefox/140.0"
185.220.101.17 - - [29/Jan/2026:03:03:11 -0500] "GET /wp-content/themes/matrix-model/assets/css/owl.theme.default.min.css HTTP/1.1" 404 265 "https://matrixmodels.com/" "Mozilla/5.0 (Android 10; Mobile; rv:140.0) Gecko/140.0 Firefox/140.0"
185.220.101.17 - - [29/Jan/2026:03:03:11 -0500] "GET /wp-content/themes/matrix-model/assets/images/logo/favicon.png HTTP/1.1" 404 259 "-" "Mozilla/5.0 (Android 10; Mobile; rv:140.0) Gecko/140.0 Firefox/140.0"
185.220.101.17 - - [29/Jan/2026:03:03:11 -0500] "GET /wp-content/themes/matrix-model/assets/css/custom.css HTTP/1.1" 200 5229 "https://matrixmodels.com/" "Mozilla/5.0 (Android 10; Mobile; rv:140.0) Gecko/140.0 Firefox/140.0"
185.220.101.17 - - [29/Jan/2026:03:03:11 -0500] "GET /wp-content/themes/matrix-model/assets/css/animate.min.css HTTP/1.1" 200 52592 "https://matrixmodels.com/" "Mozilla/5.0 (Android 10; Mobile; rv:140.0) Gecko/140.0 Firefox/140.0"
185.220.101.17 - - [29/Jan/2026:03:03:15 -0500] "GET /wp-content/themes/matrix-model/assets/images/more/i-2.jpg HTTP/1.1" 200 44619 "https://matrixmodels.com/" "Mozilla/5.0 (Android 10; Mobile; rv:140.0) Gecko/140.0 Firefox/140.0"
185.220.101.17 - - [29/Jan/2026:03:03:15 -0500] "GET /wp-content/themes/matrix-model/assets/images/more/i-8.jpg HTTP/1.1" 200 31506 "https://matrixmodels.com/" "Mozilla/5.0 (Android 10; Mobile; rv:140.0) Gecko/140.0 Firefox/140.0"
185.220.101.17 - - [29/Jan/2026:03:03:15 -0500] "GET /wp-content/themes/matrix-model/assets/images/more/i-7.jpg HTTP/1.1" 200 35534 "https://matrixmodels.com/" "Mozilla/5.0 (Android 10; Mobile; rv:140.0) Gecko/140.0 Firefox/140.0"
185.220.101.17 - - [29/Jan/2026:03:03:15 -0500] "GET /wp-content/themes/matrix-model/assets/images/more/i-9.jpg HTTP/1.1" 200 39513 "https://matrixmodels.com/" "Mozilla/5.0 (Android 10; Mobile; rv:140.0) Gecko/140.0 Firefox/140.0"
185.220.101.17 - - [29/Jan/2026:03:03:32 -0500] "GET /wp-content/themes/matrix-model/assets/images/more/i-6.jpg HTTP/1.1" 200 39553 "https://matrixmodels.com/" "Mozilla/5.0 (Android 10; Mobile; rv:140.0) Gecko/140.0 Firefox/140.0"
185.220.101.17 - - [29/Jan/2026:03:03:32 -0500] "GET /wp-content/themes/matrix-model/assets/images/more/i-5.jpg HTTP/1.1" 200 35264 "https://matrixmodels.com/" "Mozilla/5.0 (Android 10; Mobile; rv:140.0) Gecko/140.0 Firefox/140.0"
185.220.101.17 - - [29/Jan/2026:03:03:40 -0500] "GET /wp-content/themes/matrix-model/assets/images/more/i-4.jpg HTTP/1.1" 200 28534 "https://matrixmodels.com/" "Mozilla/5.0 (Android 10; Mobile; rv:140.0) Gecko/140.0 Firefox/140.0"
185.220.101.17 - - [29/Jan/2026:03:03:40 -0500] "GET /wp-content/themes/matrix-model/assets/images/more/i-1.jpg HTTP/1.1" 200 39164 "https://matrixmodels.com/" "Mozilla/5.0 (Android 10; Mobile; rv:140.0) Gecko/140.0 Firefox/140.0"
185.220.101.17 - - [29/Jan/2026:03:03:40 -0500] "GET /wp-content/themes/matrix-model/assets/images/more/i-3.jpg HTTP/1.1" 200 36068 "https://matrixmodels.com/" "Mozilla/5.0 (Android 10; Mobile; rv:140.0) Gecko/140.0 Firefox/140.0"
185.220.101.17 - - [29/Jan/2026:03:03:40 -0500] "GET /wp-content/uploads/2021/07/logo.png HTTP/1.1" 200 181002 "https://matrixmodels.com/" "Mozilla/5.0 (Android 10; Mobile; rv:140.0) Gecko/140.0 Firefox/140.0"
64.59.72.148 - - [29/Jan/2026:03:05:03 -0500] "GET / HTTP/1.1" 200 4446 "-" "check_http/v2.4.9 (nagios-plugins 2.4.9)"
52.167.144.214 - - [29/Jan/2026:03:05:38 -0500] "GET /la-roulette-europ%C3%A9enne-gratuits-en-ligne/ HTTP/1.1" 404 8442 "-" "Mozilla/5.0 AppleWebKit/537.36 (KHTML, like Gecko; compatible; bingbot/2.0; +http://www.bing.com/bingbot.htm) Chrome/116.0.1938.76 Safari/537.36"
66.249.70.133 - - [29/Jan/2026:03:06:55 -0500] "GET /?p=4340 HTTP/1.1" 404 8442 "-" "Mozilla/5.0 (Linux; Android 6.0.1; Nexus 5X Build/MMB29P) AppleWebKit/537.36 (KHTML, like Gecko) Chrome/143.0.7499.192 Mobile Safari/537.36 (compatible; Googlebot/2.1; +http://www.google.com/bot.html)"
64.59.72.148 - - [29/Jan/2026:03:07:03 -0500] "GET / HTTP/1.1" 200 4446 "-" "check_http/v2.4.9 (nagios-plugins 2.4.9)"
74.206.165.145 - - [29/Jan/2026:03:09:04 -0500] "POST /wp-cron.php?doing_wp_cron=1769674144.2055740356445312500000 HTTP/1.1" 200 - "http://matrixmodels.com/wp-cron.php?doing_wp_cron=1769674144.2055740356445312500000" "WordPress/5.6.16; http://matrixmodels.com"
64.59.72.148 - - [29/Jan/2026:03:09:04 -0500] "GET / HTTP/1.1" 200 4446 "-" "check_http/v2.4.9 (nagios-plugins 2.4.9)"
95.85.238.21 - - [29/Jan/2026:03:09:14 -0500] "GET /wp-login.php HTTP/1.1" 200 6925 "-" "Mozilla/5.0 (Windows NT 6.1; rv:30.0) Gecko/20100101 Firefox/30.0"
95.85.238.21 - - [29/Jan/2026:03:09:15 -0500] "POST /wp-login.php HTTP/1.1" 200 7355 "-" "Mozilla/5.0 (Windows NT 6.1; rv:30.0) Gecko/20100101 Firefox/30.0"
198.98.60.91 - - [29/Jan/2026:03:10:15 -0500] "GET /wp-login.php HTTP/1.1" 200 6925 "-" "Mozilla/5.0 (Windows NT 6.2; WOW64; rv:31.0) Gecko/20100101 Firefox/31.0"
198.98.60.91 - - [29/Jan/2026:03:10:16 -0500] "POST /wp-login.php HTTP/1.1" 200 7198 "-" "Mozilla/5.0 (Windows NT 6.2; WOW64; rv:31.0) Gecko/20100101 Firefox/31.0"
172.252.214.221 - - [29/Jan/2026:03:10:45 -0500] "GET / HTTP/1.1" 200 4446 "-" "Mozilla/5.0 (Macintosh; Intel Mac OS X 10_15_7) AppleWebKit/537.36 (KHTML, like Gecko) Chrome/142.0.0.0 Safari/537.36"
64.59.72.148 - - [29/Jan/2026:03:11:03 -0500] "GET / HTTP/1.1" 200 4446 "-" "check_http/v2.4.9 (nagios-plugins 2.4.9)"
52.167.144.214 - - [29/Jan/2026:03:12:18 -0500] "GET /?p=3577 HTTP/1.1" 404 8442 "-" "Mozilla/5.0 AppleWebKit/537.36 (KHTML, like Gecko; compatible; bingbot/2.0; +http://www.bing.com/bingbot.htm) Chrome/116.0.1938.76 Safari/537.36"
64.59.72.148 - - [29/Jan/2026:03:13:03 -0500] "GET / HTTP/1.1" 200 4446 "-" "check_http/v2.4.9 (nagios-plugins 2.4.9)"
103.240.235.203 - - [29/Jan/2026:03:13:31 -0500] "-" 408 - "-" "-"
64.59.72.148 - - [29/Jan/2026:03:15:03 -0500] "GET / HTTP/1.1" 200 4446 "-" "check_http/v2.4.9 (nagios-plugins 2.4.9)"
84.37.231.125 - - [29/Jan/2026:03:16:45 -0500] "GET / HTTP/1.1" 200 4465 "-" "Mozilla/5.0 (Macintosh; Intel Mac OS X 10_15_7) AppleWebKit/537.36 (KHTML, like Gecko) Chrome/142.0.0.0 Safari/537.36"
64.59.72.148 - - [29/Jan/2026:03:17:03 -0500] "GET / HTTP/1.1" 200 4446 "-" "check_http/v2.4.9 (nagios-plugins 2.4.9)"
172.121.92.188 - - [29/Jan/2026:03:17:40 -0500] "GET / HTTP/1.1" 200 4465 "-" "Mozilla/5.0 (Macintosh; Intel Mac OS X 10_15_7) AppleWebKit/537.36 (KHTML, like Gecko) Chrome/142.0.0.0 Safari/537.36"
66.249.70.135 - - [29/Jan/2026:03:17:57 -0500] "GET /otw-portfolio/athena-palomino/ HTTP/1.1" 301 - "-" "Mozilla/5.0 (Linux; Android 6.0.1; Nexus 5X Build/MMB29P) AppleWebKit/537.36 (KHTML, like Gecko) Chrome/143.0.7499.192 Mobile Safari/537.36 (compatible; Googlebot/2.1; +http://www.google.com/bot.html)"
66.249.70.135 - - [29/Jan/2026:03:17:58 -0500] "GET /?p=2972 HTTP/1.1" 404 8442 "-" "Mozilla/5.0 (Linux; Android 6.0.1; Nexus 5X Build/MMB29P) AppleWebKit/537.36 (KHTML, like Gecko) Chrome/143.0.7499.192 Mobile Safari/537.36 (compatible; Googlebot/2.1; +http://www.google.com/bot.html)"
64.59.72.148 - - [29/Jan/2026:03:19:03 -0500] "GET / HTTP/1.1" 200 4446 "-" "check_http/v2.4.9 (nagios-plugins 2.4.9)"
185.12.59.118 - - [29/Jan/2026:03:19:17 -0500] "GET / HTTP/1.0" 400 362 "-" "-"
37.19.205.205 - - [29/Jan/2026:03:20:00 -0500] "GET /profile.php?id=327 HTTP/1.1" 301 - "https://www.indexxx.com/" "Mozilla/5.0 (Linux; Android 12; en-US; POCO M2 Pro Build/SKQ1.211019.001) AppleWebKit/537.36 (KHTML, like Gecko) Chrome/123.0.6312.80 UCMobile/15.0.7.1383 Mobile Safari/537.36"
37.19.205.205 - - [29/Jan/2026:03:20:02 -0500] "GET /profile.php?id=327 HTTP/1.1" 404 8442 "https://www.indexxx.com/" "Mozilla/5.0 (Linux; Android 12; en-US; POCO M2 Pro Build/SKQ1.211019.001) AppleWebKit/537.36 (KHTML, like Gecko) Chrome/123.0.6312.80 UCMobile/15.0.7.1383 Mobile Safari/537.36"
37.19.205.205 - - [29/Jan/2026:03:20:02 -0500] "GET /wp-includes/css/dist/block-library/style.min.css?ver=5.6.16 HTTP/1.1" 200 51338 "http://matrixmodels.com/profile.php?id=327" "Mozilla/5.0 (Linux; Android 12; en-US; POCO M2 Pro Build/SKQ1.211019.001) AppleWebKit/537.36 (KHTML, like Gecko) Chrome/123.0.6312.80 UCMobile/15.0.7.1383 Mobile Safari/537.36"
37.19.205.205 - - [29/Jan/2026:03:20:02 -0500] "GET /wp-includes/js/jquery/jquery-migrate.min.js?ver=3.3.2 HTTP/1.1" 200 11224 "http://matrixmodels.com/profile.php?id=327" "Mozilla/5.0 (Linux; Android 12; en-US; POCO M2 Pro Build/SKQ1.211019.001) AppleWebKit/537.36 (KHTML, like Gecko) Chrome/123.0.6312.80 UCMobile/15.0.7.1383 Mobile Safari/537.36"
37.19.205.205 - - [29/Jan/2026:03:20:03 -0500] "GET /wp-content/themes/matrix-model/style.css?ver=5.6.16 HTTP/1.1" 200 41969 "http://matrixmodels.com/profile.php?id=327" "Mozilla/5.0 (Linux; Android 12; en-US; POCO M2 Pro Build/SKQ1.211019.001) AppleWebKit/537.36 (KHTML, like Gecko) Chrome/123.0.6312.80 UCMobile/15.0.7.1383 Mobile Safari/537.36"
37.19.205.205 - - [29/Jan/2026:03:20:03 -0500] "GET /wp-includes/js/jquery/jquery.min.js?ver=3.5.1 HTTP/1.1" 200 89496 "http://matrixmodels.com/profile.php?id=327" "Mozilla/5.0 (Linux; Android 12; en-US; POCO M2 Pro Build/SKQ1.211019.001) AppleWebKit/537.36 (KHTML, like Gecko) Chrome/123.0.6312.80 UCMobile/15.0.7.1383 Mobile Safari/537.36"
37.19.205.205 - - [29/Jan/2026:03:20:03 -0500] "GET /wp-content/themes/matrix-model/images/inner-logo.jpg HTTP/1.1" 200 8330 "http://matrixmodels.com/profile.php?id=327" "Mozilla/5.0 (Linux; Android 12; en-US; POCO M2 Pro Build/SKQ1.211019.001) AppleWebKit/537.36 (KHTML, like Gecko) Chrome/123.0.6312.80 UCMobile/15.0.7.1383 Mobile Safari/537.36"
37.19.205.205 - - [29/Jan/2026:03:20:03 -0500] "GET /wp-content/themes/matrix-model/js/navigation.js?ver=20140711 HTTP/1.1" 200 1516 "http://matrixmodels.com/profile.php?id=327" "Mozilla/5.0 (Linux; Android 12; en-US; POCO M2 Pro Build/SKQ1.211019.001) AppleWebKit/537.36 (KHTML, like Gecko) Chrome/123.0.6312.80 UCMobile/15.0.7.1383 Mobile Safari/537.36"
37.19.205.205 - - [29/Jan/2026:03:20:03 -0500] "GET /wp-includes/js/wp-embed.min.js?ver=5.6.16 HTTP/1.1" 200 1478 "http://matrixmodels.com/profile.php?id=327" "Mozilla/5.0 (Linux; Android 12; en-US; POCO M2 Pro Build/SKQ1.211019.001) AppleWebKit/537.36 (KHTML, like Gecko) Chrome/123.0.6312.80 UCMobile/15.0.7.1383 Mobile Safari/537.36"
37.19.205.205 - - [29/Jan/2026:03:20:04 -0500] "GET /wp-includes/js/wp-emoji-release.min.js?ver=5.6.16 HTTP/1.1" 200 14229 "http://matrixmodels.com/profile.php?id=327" "Mozilla/5.0 (Linux; Android 12; en-US; POCO M2 Pro Build/SKQ1.211019.001) AppleWebKit/537.36 (KHTML, like Gecko) Chrome/123.0.6312.80 UCMobile/15.0.7.1383 Mobile Safari/537.36"
37.19.205.205 - - [29/Jan/2026:03:20:04 -0500] "GET /wp-content/themes/matrix-model/images/title_bg.jpg HTTP/1.1" 200 1124 "http://matrixmodels.com/wp-content/themes/matrix-model/style.css?ver=5.6.16" "Mozilla/5.0 (Linux; Android 12; en-US; POCO M2 Pro Build/SKQ1.211019.001) AppleWebKit/537.36 (KHTML, like Gecko) Chrome/123.0.6312.80 UCMobile/15.0.7.1383 Mobile Safari/537.36"
37.19.205.205 - - [29/Jan/2026:03:20:04 -0500] "GET /favicon.ico HTTP/1.1" 200 43 "http://matrixmodels.com/profile.php?id=327" "Mozilla/5.0 (Linux; Android 12; en-US; POCO M2 Pro Build/SKQ1.211019.001) AppleWebKit/537.36 (KHTML, like Gecko) Chrome/123.0.6312.80 UCMobile/15.0.7.1383 Mobile Safari/537.36"
64.59.72.148 - - [29/Jan/2026:03:21:03 -0500] "GET / HTTP/1.1" 200 4446 "-" "check_http/v2.4.9 (nagios-plugins 2.4.9)"
64.59.72.148 - - [29/Jan/2026:03:23:03 -0500] "GET / HTTP/1.1" 200 4446 "-" "check_http/v2.4.9 (nagios-plugins 2.4.9)"
🌑 DarkStealth — WP Plugin Edition
Directory: /home/httpd/logs