144.91.126.77 - - [28/Jan/2026:21:20:12 -0500] "GET /wp-login.php?redirect_to=https%3A%2F%2Fmatrixmodels.com%2Fwp-admin%2Fplugins.php&reauth=1 HTTP/1.1" 406 59 "https://MATRIXMODELS.COM/wp-login.php" "Mozilla/5.0 (Macintosh; Intel Mac OS X 13_6_1) AppleWebKit/605.1.15 (KHTML, like Gecko) Version/16.6.1 Safari/605.1.15"
144.91.126.77 - - [28/Jan/2026:21:20:13 -0500] "POST /wp-login.php HTTP/1.1" 406 59 "https://MATRIXMODELS.COM/wp-login.php" "Mozilla/5.0 (X11; Ubuntu; Linux x86_64) AppleWebKit/537.36 (KHTML, like Gecko) Chrome/120.0.6099.130 Safari/537.36"
144.91.126.77 - - [28/Jan/2026:21:20:13 -0500] "GET /wp-admin/index.php HTTP/1.1" 302 - "https://MATRIXMODELS.COM/wp-login.php" "Mozilla/5.0 (X11; Ubuntu; Linux x86_64) AppleWebKit/537.36 (KHTML, like Gecko) Chrome/120.0.6099.130 Safari/537.36"
144.91.126.77 - - [28/Jan/2026:21:20:13 -0500] "GET /wp-login.php?redirect_to=https%3A%2F%2Fmatrixmodels.com%2Fwp-admin%2Findex.php&reauth=1 HTTP/1.1" 406 59 "https://MATRIXMODELS.COM/wp-login.php" "Mozilla/5.0 (X11; Ubuntu; Linux x86_64) AppleWebKit/537.36 (KHTML, like Gecko) Chrome/120.0.6099.130 Safari/537.36"
144.91.126.77 - - [28/Jan/2026:21:20:13 -0500] "GET /wp-admin/profile.php HTTP/1.1" 302 - "https://MATRIXMODELS.COM/wp-login.php" "Mozilla/5.0 (X11; Ubuntu; Linux x86_64) AppleWebKit/537.36 (KHTML, like Gecko) Chrome/120.0.6099.130 Safari/537.36"
144.91.126.77 - - [28/Jan/2026:21:20:14 -0500] "GET /wp-login.php?redirect_to=https%3A%2F%2Fmatrixmodels.com%2Fwp-admin%2Fprofile.php&reauth=1 HTTP/1.1" 406 59 "https://MATRIXMODELS.COM/wp-login.php" "Mozilla/5.0 (X11; Ubuntu; Linux x86_64) AppleWebKit/537.36 (KHTML, like Gecko) Chrome/120.0.6099.130 Safari/537.36"
144.91.126.77 - - [28/Jan/2026:21:20:14 -0500] "GET /wp-admin/edit.php HTTP/1.1" 302 - "https://MATRIXMODELS.COM/wp-login.php" "Mozilla/5.0 (X11; Ubuntu; Linux x86_64) AppleWebKit/537.36 (KHTML, like Gecko) Chrome/120.0.6099.130 Safari/537.36"
144.91.126.77 - - [28/Jan/2026:21:20:14 -0500] "GET /wp-login.php?redirect_to=https%3A%2F%2Fmatrixmodels.com%2Fwp-admin%2Fedit.php&reauth=1 HTTP/1.1" 406 59 "https://MATRIXMODELS.COM/wp-login.php" "Mozilla/5.0 (X11; Ubuntu; Linux x86_64) AppleWebKit/537.36 (KHTML, like Gecko) Chrome/120.0.6099.130 Safari/537.36"
144.91.126.77 - - [28/Jan/2026:21:20:14 -0500] "GET /wp-admin/plugins.php HTTP/1.1" 302 - "https://MATRIXMODELS.COM/wp-login.php" "Mozilla/5.0 (X11; Ubuntu; Linux x86_64) AppleWebKit/537.36 (KHTML, like Gecko) Chrome/120.0.6099.130 Safari/537.36"
144.91.126.77 - - [28/Jan/2026:21:20:14 -0500] "GET /wp-login.php?redirect_to=https%3A%2F%2Fmatrixmodels.com%2Fwp-admin%2Fplugins.php&reauth=1 HTTP/1.1" 406 59 "https://MATRIXMODELS.COM/wp-login.php" "Mozilla/5.0 (X11; Ubuntu; Linux x86_64) AppleWebKit/537.36 (KHTML, like Gecko) Chrome/120.0.6099.130 Safari/537.36"
144.91.126.77 - - [28/Jan/2026:21:20:15 -0500] "POST /wp-login.php HTTP/1.1" 406 59 "https://MATRIXMODELS.COM/wp-login.php" "Mozilla/5.0 (Windows NT 11.0; Win64; x64) AppleWebKit/537.36 (KHTML, like Gecko) Chrome/121.0.6167.85 Safari/537.36"
144.91.126.77 - - [28/Jan/2026:21:20:15 -0500] "GET /wp-admin/index.php HTTP/1.1" 302 - "https://MATRIXMODELS.COM/wp-login.php" "Mozilla/5.0 (Windows NT 11.0; Win64; x64) AppleWebKit/537.36 (KHTML, like Gecko) Chrome/121.0.6167.85 Safari/537.36"
144.91.126.77 - - [28/Jan/2026:21:20:15 -0500] "GET /wp-login.php?redirect_to=https%3A%2F%2Fmatrixmodels.com%2Fwp-admin%2Findex.php&reauth=1 HTTP/1.1" 406 59 "https://MATRIXMODELS.COM/wp-login.php" "Mozilla/5.0 (Windows NT 11.0; Win64; x64) AppleWebKit/537.36 (KHTML, like Gecko) Chrome/121.0.6167.85 Safari/537.36"
144.91.126.77 - - [28/Jan/2026:21:20:15 -0500] "GET /wp-admin/profile.php HTTP/1.1" 302 - "https://MATRIXMODELS.COM/wp-login.php" "Mozilla/5.0 (Windows NT 11.0; Win64; x64) AppleWebKit/537.36 (KHTML, like Gecko) Chrome/121.0.6167.85 Safari/537.36"
144.91.126.77 - - [28/Jan/2026:21:20:16 -0500] "GET /wp-login.php?redirect_to=https%3A%2F%2Fmatrixmodels.com%2Fwp-admin%2Fprofile.php&reauth=1 HTTP/1.1" 406 59 "https://MATRIXMODELS.COM/wp-login.php" "Mozilla/5.0 (Windows NT 11.0; Win64; x64) AppleWebKit/537.36 (KHTML, like Gecko) Chrome/121.0.6167.85 Safari/537.36"
144.91.126.77 - - [28/Jan/2026:21:20:16 -0500] "GET /wp-admin/edit.php HTTP/1.1" 302 - "https://MATRIXMODELS.COM/wp-login.php" "Mozilla/5.0 (Windows NT 11.0; Win64; x64) AppleWebKit/537.36 (KHTML, like Gecko) Chrome/121.0.6167.85 Safari/537.36"
144.91.126.77 - - [28/Jan/2026:21:20:16 -0500] "GET /wp-login.php?redirect_to=https%3A%2F%2Fmatrixmodels.com%2Fwp-admin%2Fedit.php&reauth=1 HTTP/1.1" 406 59 "https://MATRIXMODELS.COM/wp-login.php" "Mozilla/5.0 (Windows NT 11.0; Win64; x64) AppleWebKit/537.36 (KHTML, like Gecko) Chrome/121.0.6167.85 Safari/537.36"
144.91.126.77 - - [28/Jan/2026:21:20:16 -0500] "GET /wp-admin/plugins.php HTTP/1.1" 302 - "https://MATRIXMODELS.COM/wp-login.php" "Mozilla/5.0 (Windows NT 11.0; Win64; x64) AppleWebKit/537.36 (KHTML, like Gecko) Chrome/121.0.6167.85 Safari/537.36"
144.91.126.77 - - [28/Jan/2026:21:20:16 -0500] "GET /wp-login.php?redirect_to=https%3A%2F%2Fmatrixmodels.com%2Fwp-admin%2Fplugins.php&reauth=1 HTTP/1.1" 406 59 "https://MATRIXMODELS.COM/wp-login.php" "Mozilla/5.0 (Windows NT 11.0; Win64; x64) AppleWebKit/537.36 (KHTML, like Gecko) Chrome/121.0.6167.85 Safari/537.36"
144.91.126.77 - - [28/Jan/2026:21:20:17 -0500] "POST /wp-login.php HTTP/1.1" 406 59 "https://MATRIXMODELS.COM/wp-login.php" "Mozilla/5.0 (Macintosh; Intel Mac OS X 12_6_2) AppleWebKit/605.1.15 (KHTML, like Gecko) Version/16.6.1 Safari/605.1.15"
144.91.126.77 - - [28/Jan/2026:21:20:17 -0500] "GET /wp-admin/index.php HTTP/1.1" 302 - "https://MATRIXMODELS.COM/wp-login.php" "Mozilla/5.0 (Macintosh; Intel Mac OS X 12_6_2) AppleWebKit/605.1.15 (KHTML, like Gecko) Version/16.6.1 Safari/605.1.15"
144.91.126.77 - - [28/Jan/2026:21:20:17 -0500] "GET /wp-login.php?redirect_to=https%3A%2F%2Fmatrixmodels.com%2Fwp-admin%2Findex.php&reauth=1 HTTP/1.1" 406 59 "https://MATRIXMODELS.COM/wp-login.php" "Mozilla/5.0 (Macintosh; Intel Mac OS X 12_6_2) AppleWebKit/605.1.15 (KHTML, like Gecko) Version/16.6.1 Safari/605.1.15"
144.91.126.77 - - [28/Jan/2026:21:20:17 -0500] "GET /wp-admin/profile.php HTTP/1.1" 302 - "https://MATRIXMODELS.COM/wp-login.php" "Mozilla/5.0 (Macintosh; Intel Mac OS X 12_6_2) AppleWebKit/605.1.15 (KHTML, like Gecko) Version/16.6.1 Safari/605.1.15"
144.91.126.77 - - [28/Jan/2026:21:20:17 -0500] "GET /wp-login.php?redirect_to=https%3A%2F%2Fmatrixmodels.com%2Fwp-admin%2Fprofile.php&reauth=1 HTTP/1.1" 406 59 "https://MATRIXMODELS.COM/wp-login.php" "Mozilla/5.0 (Macintosh; Intel Mac OS X 12_6_2) AppleWebKit/605.1.15 (KHTML, like Gecko) Version/16.6.1 Safari/605.1.15"
144.91.126.77 - - [28/Jan/2026:21:20:18 -0500] "GET /wp-admin/edit.php HTTP/1.1" 302 - "https://MATRIXMODELS.COM/wp-login.php" "Mozilla/5.0 (Macintosh; Intel Mac OS X 12_6_2) AppleWebKit/605.1.15 (KHTML, like Gecko) Version/16.6.1 Safari/605.1.15"
144.91.126.77 - - [28/Jan/2026:21:20:18 -0500] "GET /wp-login.php?redirect_to=https%3A%2F%2Fmatrixmodels.com%2Fwp-admin%2Fedit.php&reauth=1 HTTP/1.1" 406 59 "https://MATRIXMODELS.COM/wp-login.php" "Mozilla/5.0 (Macintosh; Intel Mac OS X 12_6_2) AppleWebKit/605.1.15 (KHTML, like Gecko) Version/16.6.1 Safari/605.1.15"
144.91.126.77 - - [28/Jan/2026:21:20:18 -0500] "GET /wp-admin/plugins.php HTTP/1.1" 302 - "https://MATRIXMODELS.COM/wp-login.php" "Mozilla/5.0 (Macintosh; Intel Mac OS X 12_6_2) AppleWebKit/605.1.15 (KHTML, like Gecko) Version/16.6.1 Safari/605.1.15"
144.91.126.77 - - [28/Jan/2026:21:20:18 -0500] "GET /wp-login.php?redirect_to=https%3A%2F%2Fmatrixmodels.com%2Fwp-admin%2Fplugins.php&reauth=1 HTTP/1.1" 406 59 "https://MATRIXMODELS.COM/wp-login.php" "Mozilla/5.0 (Macintosh; Intel Mac OS X 12_6_2) AppleWebKit/605.1.15 (KHTML, like Gecko) Version/16.6.1 Safari/605.1.15"
144.91.126.77 - - [28/Jan/2026:21:20:19 -0500] "POST /wp-login.php HTTP/1.1" 406 59 "https://MATRIXMODELS.COM/wp-login.php" "Mozilla/5.0 (Macintosh; Intel Mac OS X 10.15) Gecko/20100101 Firefox/119.0.1"
144.91.126.77 - - [28/Jan/2026:21:20:19 -0500] "GET /wp-admin/index.php HTTP/1.1" 302 - "https://MATRIXMODELS.COM/wp-login.php" "Mozilla/5.0 (Macintosh; Intel Mac OS X 10.15) Gecko/20100101 Firefox/119.0.1"
144.91.126.77 - - [28/Jan/2026:21:20:19 -0500] "GET /wp-login.php?redirect_to=https%3A%2F%2Fmatrixmodels.com%2Fwp-admin%2Findex.php&reauth=1 HTTP/1.1" 406 59 "https://MATRIXMODELS.COM/wp-login.php" "Mozilla/5.0 (Macintosh; Intel Mac OS X 10.15) Gecko/20100101 Firefox/119.0.1"
144.91.126.77 - - [28/Jan/2026:21:20:19 -0500] "GET /wp-admin/profile.php HTTP/1.1" 302 - "https://MATRIXMODELS.COM/wp-login.php" "Mozilla/5.0 (Macintosh; Intel Mac OS X 10.15) Gecko/20100101 Firefox/119.0.1"
144.91.126.77 - - [28/Jan/2026:21:20:19 -0500] "GET /wp-login.php?redirect_to=https%3A%2F%2Fmatrixmodels.com%2Fwp-admin%2Fprofile.php&reauth=1 HTTP/1.1" 406 59 "https://MATRIXMODELS.COM/wp-login.php" "Mozilla/5.0 (Macintosh; Intel Mac OS X 10.15) Gecko/20100101 Firefox/119.0.1"
144.91.126.77 - - [28/Jan/2026:21:20:19 -0500] "GET /wp-admin/edit.php HTTP/1.1" 302 - "https://MATRIXMODELS.COM/wp-login.php" "Mozilla/5.0 (Macintosh; Intel Mac OS X 10.15) Gecko/20100101 Firefox/119.0.1"
144.91.126.77 - - [28/Jan/2026:21:20:20 -0500] "GET /wp-login.php?redirect_to=https%3A%2F%2Fmatrixmodels.com%2Fwp-admin%2Fedit.php&reauth=1 HTTP/1.1" 406 59 "https://MATRIXMODELS.COM/wp-login.php" "Mozilla/5.0 (Macintosh; Intel Mac OS X 10.15) Gecko/20100101 Firefox/119.0.1"
144.91.126.77 - - [28/Jan/2026:21:20:20 -0500] "GET /wp-admin/plugins.php HTTP/1.1" 302 - "https://MATRIXMODELS.COM/wp-login.php" "Mozilla/5.0 (Macintosh; Intel Mac OS X 10.15) Gecko/20100101 Firefox/119.0.1"
144.91.126.77 - - [28/Jan/2026:21:20:20 -0500] "GET /wp-login.php?redirect_to=https%3A%2F%2Fmatrixmodels.com%2Fwp-admin%2Fplugins.php&reauth=1 HTTP/1.1" 406 59 "https://MATRIXMODELS.COM/wp-login.php" "Mozilla/5.0 (Macintosh; Intel Mac OS X 10.15) Gecko/20100101 Firefox/119.0.1"
144.91.126.77 - - [28/Jan/2026:21:20:20 -0500] "POST /wp-login.php HTTP/1.1" 406 59 "https://MATRIXMODELS.COM/wp-login.php" "Mozilla/5.0 (Macintosh; Intel Mac OS X 10_15_7) AppleWebKit/605.1.15 (KHTML, like Gecko) Version/17.2.1 Safari/605.1.15"
144.91.126.77 - - [28/Jan/2026:21:20:21 -0500] "GET /wp-admin/index.php HTTP/1.1" 302 - "https://MATRIXMODELS.COM/wp-login.php" "Mozilla/5.0 (Macintosh; Intel Mac OS X 10_15_7) AppleWebKit/605.1.15 (KHTML, like Gecko) Version/17.2.1 Safari/605.1.15"
144.91.126.77 - - [28/Jan/2026:21:20:21 -0500] "GET /wp-login.php?redirect_to=https%3A%2F%2Fmatrixmodels.com%2Fwp-admin%2Findex.php&reauth=1 HTTP/1.1" 406 59 "https://MATRIXMODELS.COM/wp-login.php" "Mozilla/5.0 (Macintosh; Intel Mac OS X 10_15_7) AppleWebKit/605.1.15 (KHTML, like Gecko) Version/17.2.1 Safari/605.1.15"
144.91.126.77 - - [28/Jan/2026:21:20:21 -0500] "GET /wp-admin/profile.php HTTP/1.1" 302 - "https://MATRIXMODELS.COM/wp-login.php" "Mozilla/5.0 (Macintosh; Intel Mac OS X 10_15_7) AppleWebKit/605.1.15 (KHTML, like Gecko) Version/17.2.1 Safari/605.1.15"
144.91.126.77 - - [28/Jan/2026:21:20:21 -0500] "GET /wp-login.php?redirect_to=https%3A%2F%2Fmatrixmodels.com%2Fwp-admin%2Fprofile.php&reauth=1 HTTP/1.1" 406 59 "https://MATRIXMODELS.COM/wp-login.php" "Mozilla/5.0 (Macintosh; Intel Mac OS X 10_15_7) AppleWebKit/605.1.15 (KHTML, like Gecko) Version/17.2.1 Safari/605.1.15"
144.91.126.77 - - [28/Jan/2026:21:20:21 -0500] "GET /wp-admin/edit.php HTTP/1.1" 302 - "https://MATRIXMODELS.COM/wp-login.php" "Mozilla/5.0 (Macintosh; Intel Mac OS X 10_15_7) AppleWebKit/605.1.15 (KHTML, like Gecko) Version/17.2.1 Safari/605.1.15"
144.91.126.77 - - [28/Jan/2026:21:20:21 -0500] "GET /wp-login.php?redirect_to=https%3A%2F%2Fmatrixmodels.com%2Fwp-admin%2Fedit.php&reauth=1 HTTP/1.1" 406 59 "https://MATRIXMODELS.COM/wp-login.php" "Mozilla/5.0 (Macintosh; Intel Mac OS X 10_15_7) AppleWebKit/605.1.15 (KHTML, like Gecko) Version/17.2.1 Safari/605.1.15"
144.91.126.77 - - [28/Jan/2026:21:20:21 -0500] "GET /wp-admin/plugins.php HTTP/1.1" 302 - "https://MATRIXMODELS.COM/wp-login.php" "Mozilla/5.0 (Macintosh; Intel Mac OS X 10_15_7) AppleWebKit/605.1.15 (KHTML, like Gecko) Version/17.2.1 Safari/605.1.15"
144.91.126.77 - - [28/Jan/2026:21:20:22 -0500] "GET /wp-login.php?redirect_to=https%3A%2F%2Fmatrixmodels.com%2Fwp-admin%2Fplugins.php&reauth=1 HTTP/1.1" 406 59 "https://MATRIXMODELS.COM/wp-login.php" "Mozilla/5.0 (Macintosh; Intel Mac OS X 10_15_7) AppleWebKit/605.1.15 (KHTML, like Gecko) Version/17.2.1 Safari/605.1.15"
144.91.126.77 - - [28/Jan/2026:21:20:22 -0500] "POST /wp-login.php HTTP/1.1" 406 59 "https://MATRIXMODELS.COM/wp-login.php" "Mozilla/5.0 (Macintosh; Intel Mac OS X 11_7_2) AppleWebKit/605.1.15 (KHTML, like Gecko) Version/16.6.1 Safari/605.1.15"
14.116.251.29 - - [28/Jan/2026:21:20:22 -0500] "GET /wp-login.php HTTP/1.1" 200 6901 "-" "Apache-HttpClient/4.5.2 (Java/1.8.0_161)"
144.91.126.77 - - [28/Jan/2026:21:20:23 -0500] "GET /wp-admin/index.php HTTP/1.1" 302 - "https://MATRIXMODELS.COM/wp-login.php" "Mozilla/5.0 (Macintosh; Intel Mac OS X 11_7_2) AppleWebKit/605.1.15 (KHTML, like Gecko) Version/16.6.1 Safari/605.1.15"
144.91.126.77 - - [28/Jan/2026:21:20:23 -0500] "GET /wp-login.php?redirect_to=https%3A%2F%2Fmatrixmodels.com%2Fwp-admin%2Findex.php&reauth=1 HTTP/1.1" 406 59 "https://MATRIXMODELS.COM/wp-login.php" "Mozilla/5.0 (Macintosh; Intel Mac OS X 11_7_2) AppleWebKit/605.1.15 (KHTML, like Gecko) Version/16.6.1 Safari/605.1.15"
144.91.126.77 - - [28/Jan/2026:21:20:23 -0500] "GET /wp-admin/profile.php HTTP/1.1" 302 - "https://MATRIXMODELS.COM/wp-login.php" "Mozilla/5.0 (Macintosh; Intel Mac OS X 11_7_2) AppleWebKit/605.1.15 (KHTML, like Gecko) Version/16.6.1 Safari/605.1.15"
14.116.251.29 - - [28/Jan/2026:21:20:23 -0500] "GET /?author=1 HTTP/1.1" 301 - "-" "Apache-HttpClient/4.5.2 (Java/1.8.0_161)"
144.91.126.77 - - [28/Jan/2026:21:20:23 -0500] "GET /wp-login.php?redirect_to=https%3A%2F%2Fmatrixmodels.com%2Fwp-admin%2Fprofile.php&reauth=1 HTTP/1.1" 406 59 "https://MATRIXMODELS.COM/wp-login.php" "Mozilla/5.0 (Macintosh; Intel Mac OS X 11_7_2) AppleWebKit/605.1.15 (KHTML, like Gecko) Version/16.6.1 Safari/605.1.15"
144.91.126.77 - - [28/Jan/2026:21:20:23 -0500] "GET /wp-admin/edit.php HTTP/1.1" 302 - "https://MATRIXMODELS.COM/wp-login.php" "Mozilla/5.0 (Macintosh; Intel Mac OS X 11_7_2) AppleWebKit/605.1.15 (KHTML, like Gecko) Version/16.6.1 Safari/605.1.15"
14.116.251.29 - - [28/Jan/2026:21:20:23 -0500] "GET /author/admin/ HTTP/1.1" 200 11174 "-" "Apache-HttpClient/4.5.2 (Java/1.8.0_161)"
144.91.126.77 - - [28/Jan/2026:21:20:23 -0500] "GET /wp-login.php?redirect_to=https%3A%2F%2Fmatrixmodels.com%2Fwp-admin%2Fedit.php&reauth=1 HTTP/1.1" 406 59 "https://MATRIXMODELS.COM/wp-login.php" "Mozilla/5.0 (Macintosh; Intel Mac OS X 11_7_2) AppleWebKit/605.1.15 (KHTML, like Gecko) Version/16.6.1 Safari/605.1.15"
144.91.126.77 - - [28/Jan/2026:21:20:23 -0500] "GET /wp-admin/plugins.php HTTP/1.1" 302 - "https://MATRIXMODELS.COM/wp-login.php" "Mozilla/5.0 (Macintosh; Intel Mac OS X 11_7_2) AppleWebKit/605.1.15 (KHTML, like Gecko) Version/16.6.1 Safari/605.1.15"
14.116.251.29 - - [28/Jan/2026:21:20:23 -0500] "GET /?author=2 HTTP/1.1" 404 8442 "-" "Apache-HttpClient/4.5.2 (Java/1.8.0_161)"
144.91.126.77 - - [28/Jan/2026:21:20:23 -0500] "GET /wp-login.php?redirect_to=https%3A%2F%2Fmatrixmodels.com%2Fwp-admin%2Fplugins.php&reauth=1 HTTP/1.1" 406 59 "https://MATRIXMODELS.COM/wp-login.php" "Mozilla/5.0 (Macintosh; Intel Mac OS X 11_7_2) AppleWebKit/605.1.15 (KHTML, like Gecko) Version/16.6.1 Safari/605.1.15"
14.116.251.29 - - [28/Jan/2026:21:20:24 -0500] "GET /?author=3 HTTP/1.1" 404 8442 "-" "Apache-HttpClient/4.5.2 (Java/1.8.0_161)"
14.116.251.29 - - [28/Jan/2026:21:20:24 -0500] "GET /?author=4 HTTP/1.1" 200 11186 "-" "Apache-HttpClient/4.5.2 (Java/1.8.0_161)"
14.116.251.29 - - [28/Jan/2026:21:20:24 -0500] "GET /?author=5 HTTP/1.1" 301 - "-" "Apache-HttpClient/4.5.2 (Java/1.8.0_161)"
144.91.126.77 - - [28/Jan/2026:21:20:24 -0500] "POST /wp-login.php HTTP/1.1" 406 59 "https://MATRIXMODELS.COM/wp-login.php" "Mozilla/5.0 (Macintosh; Intel Mac OS X 13_6_2) AppleWebKit/537.36 (KHTML, like Gecko) Chrome/120.0.6099.130 Safari/537.36"
144.91.126.77 - - [28/Jan/2026:21:20:24 -0500] "GET /wp-admin/index.php HTTP/1.1" 302 - "https://MATRIXMODELS.COM/wp-login.php" "Mozilla/5.0 (Macintosh; Intel Mac OS X 13_6_2) AppleWebKit/537.36 (KHTML, like Gecko) Chrome/120.0.6099.130 Safari/537.36"
14.116.251.29 - - [28/Jan/2026:21:20:24 -0500] "GET /author/root/ HTTP/1.1" 200 12676 "-" "Apache-HttpClient/4.5.2 (Java/1.8.0_161)"
144.91.126.77 - - [28/Jan/2026:21:20:24 -0500] "GET /wp-login.php?redirect_to=https%3A%2F%2Fmatrixmodels.com%2Fwp-admin%2Findex.php&reauth=1 HTTP/1.1" 406 59 "https://MATRIXMODELS.COM/wp-login.php" "Mozilla/5.0 (Macintosh; Intel Mac OS X 13_6_2) AppleWebKit/537.36 (KHTML, like Gecko) Chrome/120.0.6099.130 Safari/537.36"
144.91.126.77 - - [28/Jan/2026:21:20:25 -0500] "GET /wp-admin/profile.php HTTP/1.1" 302 - "https://MATRIXMODELS.COM/wp-login.php" "Mozilla/5.0 (Macintosh; Intel Mac OS X 13_6_2) AppleWebKit/537.36 (KHTML, like Gecko) Chrome/120.0.6099.130 Safari/537.36"
14.116.251.29 - - [28/Jan/2026:21:20:25 -0500] "GET /?author=6 HTTP/1.1" 301 - "-" "Apache-HttpClient/4.5.2 (Java/1.8.0_161)"
144.91.126.77 - - [28/Jan/2026:21:20:25 -0500] "GET /wp-login.php?redirect_to=https%3A%2F%2Fmatrixmodels.com%2Fwp-admin%2Fprofile.php&reauth=1 HTTP/1.1" 406 59 "https://MATRIXMODELS.COM/wp-login.php" "Mozilla/5.0 (Macintosh; Intel Mac OS X 13_6_2) AppleWebKit/537.36 (KHTML, like Gecko) Chrome/120.0.6099.130 Safari/537.36"
144.91.126.77 - - [28/Jan/2026:21:20:25 -0500] "GET /wp-admin/edit.php HTTP/1.1" 302 - "https://MATRIXMODELS.COM/wp-login.php" "Mozilla/5.0 (Macintosh; Intel Mac OS X 13_6_2) AppleWebKit/537.36 (KHTML, like Gecko) Chrome/120.0.6099.130 Safari/537.36"
14.116.251.29 - - [28/Jan/2026:21:20:25 -0500] "GET /author/auditwpmedia/ HTTP/1.1" 200 17260 "-" "Apache-HttpClient/4.5.2 (Java/1.8.0_161)"
144.91.126.77 - - [28/Jan/2026:21:20:25 -0500] "GET /wp-login.php?redirect_to=https%3A%2F%2Fmatrixmodels.com%2Fwp-admin%2Fedit.php&reauth=1 HTTP/1.1" 406 59 "https://MATRIXMODELS.COM/wp-login.php" "Mozilla/5.0 (Macintosh; Intel Mac OS X 13_6_2) AppleWebKit/537.36 (KHTML, like Gecko) Chrome/120.0.6099.130 Safari/537.36"
144.91.126.77 - - [28/Jan/2026:21:20:25 -0500] "GET /wp-admin/plugins.php HTTP/1.1" 302 - "https://MATRIXMODELS.COM/wp-login.php" "Mozilla/5.0 (Macintosh; Intel Mac OS X 13_6_2) AppleWebKit/537.36 (KHTML, like Gecko) Chrome/120.0.6099.130 Safari/537.36"
14.116.251.29 - - [28/Jan/2026:21:20:25 -0500] "GET /?author=7 HTTP/1.1" 200 11206 "-" "Apache-HttpClient/4.5.2 (Java/1.8.0_161)"
144.91.126.77 - - [28/Jan/2026:21:20:25 -0500] "GET /wp-login.php?redirect_to=https%3A%2F%2Fmatrixmodels.com%2Fwp-admin%2Fplugins.php&reauth=1 HTTP/1.1" 406 59 "https://MATRIXMODELS.COM/wp-login.php" "Mozilla/5.0 (Macintosh; Intel Mac OS X 13_6_2) AppleWebKit/537.36 (KHTML, like Gecko) Chrome/120.0.6099.130 Safari/537.36"
14.116.251.29 - - [28/Jan/2026:21:20:25 -0500] "GET /?author=8 HTTP/1.1" 200 11182 "-" "Apache-HttpClient/4.5.2 (Java/1.8.0_161)"
14.116.251.29 - - [28/Jan/2026:21:20:26 -0500] "GET /?author=9 HTTP/1.1" 200 11190 "-" "Apache-HttpClient/4.5.2 (Java/1.8.0_161)"
144.91.126.77 - - [28/Jan/2026:21:20:26 -0500] "POST /wp-login.php HTTP/1.1" 406 59 "https://MATRIXMODELS.COM/wp-login.php" "Mozilla/5.0 (Windows NT 10.0; Win64; x64) AppleWebKit/537.36 (KHTML, like Gecko) Chrome/121.0.0.0 Safari/537.36 Edg/121.0.2277.83"
144.91.126.77 - - [28/Jan/2026:21:20:26 -0500] "GET /wp-admin/index.php HTTP/1.1" 302 - "https://MATRIXMODELS.COM/wp-login.php" "Mozilla/5.0 (Windows NT 10.0; Win64; x64) AppleWebKit/537.36 (KHTML, like Gecko) Chrome/121.0.0.0 Safari/537.36 Edg/121.0.2277.83"
144.91.126.77 - - [28/Jan/2026:21:20:26 -0500] "GET /wp-login.php?redirect_to=https%3A%2F%2Fmatrixmodels.com%2Fwp-admin%2Findex.php&reauth=1 HTTP/1.1" 406 59 "https://MATRIXMODELS.COM/wp-login.php" "Mozilla/5.0 (Windows NT 10.0; Win64; x64) AppleWebKit/537.36 (KHTML, like Gecko) Chrome/121.0.0.0 Safari/537.36 Edg/121.0.2277.83"
14.116.251.29 - - [28/Jan/2026:21:20:26 -0500] "GET /?author=10 HTTP/1.1" 200 11172 "-" "Apache-HttpClient/4.5.2 (Java/1.8.0_161)"
144.91.126.77 - - [28/Jan/2026:21:20:26 -0500] "GET /wp-admin/profile.php HTTP/1.1" 302 - "https://MATRIXMODELS.COM/wp-login.php" "Mozilla/5.0 (Windows NT 10.0; Win64; x64) AppleWebKit/537.36 (KHTML, like Gecko) Chrome/121.0.0.0 Safari/537.36 Edg/121.0.2277.83"
144.91.126.77 - - [28/Jan/2026:21:20:26 -0500] "GET /wp-login.php?redirect_to=https%3A%2F%2Fmatrixmodels.com%2Fwp-admin%2Fprofile.php&reauth=1 HTTP/1.1" 406 59 "https://MATRIXMODELS.COM/wp-login.php" "Mozilla/5.0 (Windows NT 10.0; Win64; x64) AppleWebKit/537.36 (KHTML, like Gecko) Chrome/121.0.0.0 Safari/537.36 Edg/121.0.2277.83"
14.116.251.29 - - [28/Jan/2026:21:20:27 -0500] "GET /?author=11 HTTP/1.1" 200 11196 "-" "Apache-HttpClient/4.5.2 (Java/1.8.0_161)"
144.91.126.77 - - [28/Jan/2026:21:20:27 -0500] "GET /wp-admin/edit.php HTTP/1.1" 302 - "https://MATRIXMODELS.COM/wp-login.php" "Mozilla/5.0 (Windows NT 10.0; Win64; x64) AppleWebKit/537.36 (KHTML, like Gecko) Chrome/121.0.0.0 Safari/537.36 Edg/121.0.2277.83"
144.91.126.77 - - [28/Jan/2026:21:20:27 -0500] "GET /wp-login.php?redirect_to=https%3A%2F%2Fmatrixmodels.com%2Fwp-admin%2Fedit.php&reauth=1 HTTP/1.1" 406 59 "https://MATRIXMODELS.COM/wp-login.php" "Mozilla/5.0 (Windows NT 10.0; Win64; x64) AppleWebKit/537.36 (KHTML, like Gecko) Chrome/121.0.0.0 Safari/537.36 Edg/121.0.2277.83"
14.116.251.29 - - [28/Jan/2026:21:20:27 -0500] "GET /?author=12 HTTP/1.1" 200 11224 "-" "Apache-HttpClient/4.5.2 (Java/1.8.0_161)"
144.91.126.77 - - [28/Jan/2026:21:20:27 -0500] "GET /wp-admin/plugins.php HTTP/1.1" 302 - "https://MATRIXMODELS.COM/wp-login.php" "Mozilla/5.0 (Windows NT 10.0; Win64; x64) AppleWebKit/537.36 (KHTML, like Gecko) Chrome/121.0.0.0 Safari/537.36 Edg/121.0.2277.83"
144.91.126.77 - - [28/Jan/2026:21:20:27 -0500] "GET /wp-login.php?redirect_to=https%3A%2F%2Fmatrixmodels.com%2Fwp-admin%2Fplugins.php&reauth=1 HTTP/1.1" 406 59 "https://MATRIXMODELS.COM/wp-login.php" "Mozilla/5.0 (Windows NT 10.0; Win64; x64) AppleWebKit/537.36 (KHTML, like Gecko) Chrome/121.0.0.0 Safari/537.36 Edg/121.0.2277.83"
14.116.251.29 - - [28/Jan/2026:21:20:27 -0500] "GET /?author=13 HTTP/1.1" 404 8442 "-" "Apache-HttpClient/4.5.2 (Java/1.8.0_161)"
14.116.251.29 - - [28/Jan/2026:21:20:27 -0500] "GET /?author=14 HTTP/1.1" 404 8442 "-" "Apache-HttpClient/4.5.2 (Java/1.8.0_161)"
14.116.251.29 - - [28/Jan/2026:21:20:27 -0500] "GET /?author=15 HTTP/1.1" 404 8442 "-" "Apache-HttpClient/4.5.2 (Java/1.8.0_161)"
144.91.126.77 - - [28/Jan/2026:21:20:28 -0500] "POST /wp-login.php HTTP/1.1" 406 59 "https://MATRIXMODELS.COM/wp-login.php" "Mozilla/5.0 (Windows NT 10.0; Win64; x64) AppleWebKit/537.36 (KHTML, like Gecko) Chrome/122.0.6261.57 Safari/537.36"
14.116.251.29 - - [28/Jan/2026:21:20:28 -0500] "GET /?author=16 HTTP/1.1" 404 8442 "-" "Apache-HttpClient/4.5.2 (Java/1.8.0_161)"
144.91.126.77 - - [28/Jan/2026:21:20:28 -0500] "GET /wp-admin/index.php HTTP/1.1" 302 - "https://MATRIXMODELS.COM/wp-login.php" "Mozilla/5.0 (Windows NT 10.0; Win64; x64) AppleWebKit/537.36 (KHTML, like Gecko) Chrome/122.0.6261.57 Safari/537.36"
14.116.251.29 - - [28/Jan/2026:21:20:28 -0500] "GET /?author=17 HTTP/1.1" 404 8442 "-" "Apache-HttpClient/4.5.2 (Java/1.8.0_161)"
144.91.126.77 - - [28/Jan/2026:21:20:28 -0500] "GET /wp-login.php?redirect_to=https%3A%2F%2Fmatrixmodels.com%2Fwp-admin%2Findex.php&reauth=1 HTTP/1.1" 406 59 "https://MATRIXMODELS.COM/wp-login.php" "Mozilla/5.0 (Windows NT 10.0; Win64; x64) AppleWebKit/537.36 (KHTML, like Gecko) Chrome/122.0.6261.57 Safari/537.36"
144.91.126.77 - - [28/Jan/2026:21:20:28 -0500] "GET /wp-admin/profile.php HTTP/1.1" 302 - "https://MATRIXMODELS.COM/wp-login.php" "Mozilla/5.0 (Windows NT 10.0; Win64; x64) AppleWebKit/537.36 (KHTML, like Gecko) Chrome/122.0.6261.57 Safari/537.36"
14.116.251.29 - - [28/Jan/2026:21:20:28 -0500] "GET /?author=18 HTTP/1.1" 404 8442 "-" "Apache-HttpClient/4.5.2 (Java/1.8.0_161)"
144.91.126.77 - - [28/Jan/2026:21:20:28 -0500] "GET /wp-login.php?redirect_to=https%3A%2F%2Fmatrixmodels.com%2Fwp-admin%2Fprofile.php&reauth=1 HTTP/1.1" 406 59 "https://MATRIXMODELS.COM/wp-login.php" "Mozilla/5.0 (Windows NT 10.0; Win64; x64) AppleWebKit/537.36 (KHTML, like Gecko) Chrome/122.0.6261.57 Safari/537.36"
144.91.126.77 - - [28/Jan/2026:21:20:28 -0500] "GET /wp-admin/edit.php HTTP/1.1" 302 - "https://MATRIXMODELS.COM/wp-login.php" "Mozilla/5.0 (Windows NT 10.0; Win64; x64) AppleWebKit/537.36 (KHTML, like Gecko) Chrome/122.0.6261.57 Safari/537.36"
14.116.251.29 - - [28/Jan/2026:21:20:28 -0500] "GET /?author=19 HTTP/1.1" 404 8442 "-" "Apache-HttpClient/4.5.2 (Java/1.8.0_161)"
144.91.126.77 - - [28/Jan/2026:21:20:28 -0500] "GET /wp-login.php?redirect_to=https%3A%2F%2Fmatrixmodels.com%2Fwp-admin%2Fedit.php&reauth=1 HTTP/1.1" 406 59 "https://MATRIXMODELS.COM/wp-login.php" "Mozilla/5.0 (Windows NT 10.0; Win64; x64) AppleWebKit/537.36 (KHTML, like Gecko) Chrome/122.0.6261.57 Safari/537.36"
144.91.126.77 - - [28/Jan/2026:21:20:29 -0500] "GET /wp-admin/plugins.php HTTP/1.1" 302 - "https://MATRIXMODELS.COM/wp-login.php" "Mozilla/5.0 (Windows NT 10.0; Win64; x64) AppleWebKit/537.36 (KHTML, like Gecko) Chrome/122.0.6261.57 Safari/537.36"
14.116.251.29 - - [28/Jan/2026:21:20:29 -0500] "GET /?author=20 HTTP/1.1" 404 8442 "-" "Apache-HttpClient/4.5.2 (Java/1.8.0_161)"
144.91.126.77 - - [28/Jan/2026:21:20:29 -0500] "GET /wp-login.php?redirect_to=https%3A%2F%2Fmatrixmodels.com%2Fwp-admin%2Fplugins.php&reauth=1 HTTP/1.1" 406 59 "https://MATRIXMODELS.COM/wp-login.php" "Mozilla/5.0 (Windows NT 10.0; Win64; x64) AppleWebKit/537.36 (KHTML, like Gecko) Chrome/122.0.6261.57 Safari/537.36"
14.116.251.29 - - [28/Jan/2026:21:20:29 -0500] "GET /xmlrpc.php HTTP/1.1" 403 6 "-" "Apache-HttpClient/4.5.2 (Java/1.8.0_161)"
144.91.126.77 - - [28/Jan/2026:21:20:29 -0500] "POST /wp-login.php HTTP/1.1" 406 59 "https://MATRIXMODELS.COM/wp-login.php" "Mozilla/5.0 (Windows NT 11.0; Win64; x64) AppleWebKit/537.36 (KHTML, like Gecko) Chrome/119.0.6045.159 Safari/537.36"
144.91.126.77 - - [28/Jan/2026:21:20:29 -0500] "GET /wp-admin/index.php HTTP/1.1" 302 - "https://MATRIXMODELS.COM/wp-login.php" "Mozilla/5.0 (Windows NT 11.0; Win64; x64) AppleWebKit/537.36 (KHTML, like Gecko) Chrome/119.0.6045.159 Safari/537.36"
144.91.126.77 - - [28/Jan/2026:21:20:30 -0500] "GET /wp-login.php?redirect_to=https%3A%2F%2Fmatrixmodels.com%2Fwp-admin%2Findex.php&reauth=1 HTTP/1.1" 406 59 "https://MATRIXMODELS.COM/wp-login.php" "Mozilla/5.0 (Windows NT 11.0; Win64; x64) AppleWebKit/537.36 (KHTML, like Gecko) Chrome/119.0.6045.159 Safari/537.36"
144.91.126.77 - - [28/Jan/2026:21:20:30 -0500] "GET /wp-admin/profile.php HTTP/1.1" 302 - "https://MATRIXMODELS.COM/wp-login.php" "Mozilla/5.0 (Windows NT 11.0; Win64; x64) AppleWebKit/537.36 (KHTML, like Gecko) Chrome/119.0.6045.159 Safari/537.36"
144.91.126.77 - - [28/Jan/2026:21:20:30 -0500] "GET /wp-login.php?redirect_to=https%3A%2F%2Fmatrixmodels.com%2Fwp-admin%2Fprofile.php&reauth=1 HTTP/1.1" 406 59 "https://MATRIXMODELS.COM/wp-login.php" "Mozilla/5.0 (Windows NT 11.0; Win64; x64) AppleWebKit/537.36 (KHTML, like Gecko) Chrome/119.0.6045.159 Safari/537.36"
144.91.126.77 - - [28/Jan/2026:21:20:30 -0500] "GET /wp-admin/edit.php HTTP/1.1" 302 - "https://MATRIXMODELS.COM/wp-login.php" "Mozilla/5.0 (Windows NT 11.0; Win64; x64) AppleWebKit/537.36 (KHTML, like Gecko) Chrome/119.0.6045.159 Safari/537.36"
144.91.126.77 - - [28/Jan/2026:21:20:31 -0500] "GET /wp-login.php?redirect_to=https%3A%2F%2Fmatrixmodels.com%2Fwp-admin%2Fedit.php&reauth=1 HTTP/1.1" 406 59 "https://MATRIXMODELS.COM/wp-login.php" "Mozilla/5.0 (Windows NT 11.0; Win64; x64) AppleWebKit/537.36 (KHTML, like Gecko) Chrome/119.0.6045.159 Safari/537.36"
144.91.126.77 - - [28/Jan/2026:21:20:31 -0500] "GET /wp-admin/plugins.php HTTP/1.1" 302 - "https://MATRIXMODELS.COM/wp-login.php" "Mozilla/5.0 (Windows NT 11.0; Win64; x64) AppleWebKit/537.36 (KHTML, like Gecko) Chrome/119.0.6045.159 Safari/537.36"
144.91.126.77 - - [28/Jan/2026:21:20:31 -0500] "GET /wp-login.php?redirect_to=https%3A%2F%2Fmatrixmodels.com%2Fwp-admin%2Fplugins.php&reauth=1 HTTP/1.1" 406 59 "https://MATRIXMODELS.COM/wp-login.php" "Mozilla/5.0 (Windows NT 11.0; Win64; x64) AppleWebKit/537.36 (KHTML, like Gecko) Chrome/119.0.6045.159 Safari/537.36"
144.91.126.77 - - [28/Jan/2026:21:20:32 -0500] "POST /wp-login.php HTTP/1.1" 406 59 "https://MATRIXMODELS.COM/wp-login.php" "Mozilla/5.0 (Windows NT 10.0; Win64; x64) AppleWebKit/537.36 (KHTML, like Gecko) Chrome/119.0.6045.159 Safari/537.36"
166.0.182.2 - - [28/Jan/2026:21:20:32 -0500] "-" 408 - "-" "-"
144.91.126.77 - - [28/Jan/2026:21:20:32 -0500] "GET /wp-admin/index.php HTTP/1.1" 302 - "https://MATRIXMODELS.COM/wp-login.php" "Mozilla/5.0 (Windows NT 10.0; Win64; x64) AppleWebKit/537.36 (KHTML, like Gecko) Chrome/119.0.6045.159 Safari/537.36"
144.91.126.77 - - [28/Jan/2026:21:20:32 -0500] "GET /wp-login.php?redirect_to=https%3A%2F%2Fmatrixmodels.com%2Fwp-admin%2Findex.php&reauth=1 HTTP/1.1" 406 59 "https://MATRIXMODELS.COM/wp-login.php" "Mozilla/5.0 (Windows NT 10.0; Win64; x64) AppleWebKit/537.36 (KHTML, like Gecko) Chrome/119.0.6045.159 Safari/537.36"
144.91.126.77 - - [28/Jan/2026:21:20:32 -0500] "GET /wp-admin/profile.php HTTP/1.1" 302 - "https://MATRIXMODELS.COM/wp-login.php" "Mozilla/5.0 (Windows NT 10.0; Win64; x64) AppleWebKit/537.36 (KHTML, like Gecko) Chrome/119.0.6045.159 Safari/537.36"
144.91.126.77 - - [28/Jan/2026:21:20:32 -0500] "GET /wp-login.php?redirect_to=https%3A%2F%2Fmatrixmodels.com%2Fwp-admin%2Fprofile.php&reauth=1 HTTP/1.1" 406 59 "https://MATRIXMODELS.COM/wp-login.php" "Mozilla/5.0 (Windows NT 10.0; Win64; x64) AppleWebKit/537.36 (KHTML, like Gecko) Chrome/119.0.6045.159 Safari/537.36"
144.91.126.77 - - [28/Jan/2026:21:20:32 -0500] "GET /wp-admin/edit.php HTTP/1.1" 302 - "https://MATRIXMODELS.COM/wp-login.php" "Mozilla/5.0 (Windows NT 10.0; Win64; x64) AppleWebKit/537.36 (KHTML, like Gecko) Chrome/119.0.6045.159 Safari/537.36"
144.91.126.77 - - [28/Jan/2026:21:20:32 -0500] "GET /wp-login.php?redirect_to=https%3A%2F%2Fmatrixmodels.com%2Fwp-admin%2Fedit.php&reauth=1 HTTP/1.1" 406 59 "https://MATRIXMODELS.COM/wp-login.php" "Mozilla/5.0 (Windows NT 10.0; Win64; x64) AppleWebKit/537.36 (KHTML, like Gecko) Chrome/119.0.6045.159 Safari/537.36"
144.91.126.77 - - [28/Jan/2026:21:20:32 -0500] "GET /wp-admin/plugins.php HTTP/1.1" 302 - "https://MATRIXMODELS.COM/wp-login.php" "Mozilla/5.0 (Windows NT 10.0; Win64; x64) AppleWebKit/537.36 (KHTML, like Gecko) Chrome/119.0.6045.159 Safari/537.36"
144.91.126.77 - - [28/Jan/2026:21:20:33 -0500] "GET /wp-login.php?redirect_to=https%3A%2F%2Fmatrixmodels.com%2Fwp-admin%2Fplugins.php&reauth=1 HTTP/1.1" 406 59 "https://MATRIXMODELS.COM/wp-login.php" "Mozilla/5.0 (Windows NT 10.0; Win64; x64) AppleWebKit/537.36 (KHTML, like Gecko) Chrome/119.0.6045.159 Safari/537.36"
144.91.126.77 - - [28/Jan/2026:21:20:33 -0500] "POST /wp-login.php HTTP/1.1" 406 59 "https://MATRIXMODELS.COM/wp-login.php" "Mozilla/5.0 (Windows NT 10.0; Win64; x64) AppleWebKit/537.36 (KHTML, like Gecko) Chrome/119.0.0.0 Safari/537.36 Edg/119.0.2151.97"
144.91.126.77 - - [28/Jan/2026:21:20:33 -0500] "GET /wp-admin/index.php HTTP/1.1" 302 - "https://MATRIXMODELS.COM/wp-login.php" "Mozilla/5.0 (Windows NT 10.0; Win64; x64) AppleWebKit/537.36 (KHTML, like Gecko) Chrome/119.0.0.0 Safari/537.36 Edg/119.0.2151.97"
144.91.126.77 - - [28/Jan/2026:21:20:34 -0500] "GET /wp-login.php?redirect_to=https%3A%2F%2Fmatrixmodels.com%2Fwp-admin%2Findex.php&reauth=1 HTTP/1.1" 406 59 "https://MATRIXMODELS.COM/wp-login.php" "Mozilla/5.0 (Windows NT 10.0; Win64; x64) AppleWebKit/537.36 (KHTML, like Gecko) Chrome/119.0.0.0 Safari/537.36 Edg/119.0.2151.97"
144.91.126.77 - - [28/Jan/2026:21:20:34 -0500] "GET /wp-admin/profile.php HTTP/1.1" 302 - "https://MATRIXMODELS.COM/wp-login.php" "Mozilla/5.0 (Windows NT 10.0; Win64; x64) AppleWebKit/537.36 (KHTML, like Gecko) Chrome/119.0.0.0 Safari/537.36 Edg/119.0.2151.97"
144.91.126.77 - - [28/Jan/2026:21:20:34 -0500] "GET /wp-login.php?redirect_to=https%3A%2F%2Fmatrixmodels.com%2Fwp-admin%2Fprofile.php&reauth=1 HTTP/1.1" 406 59 "https://MATRIXMODELS.COM/wp-login.php" "Mozilla/5.0 (Windows NT 10.0; Win64; x64) AppleWebKit/537.36 (KHTML, like Gecko) Chrome/119.0.0.0 Safari/537.36 Edg/119.0.2151.97"
144.91.126.77 - - [28/Jan/2026:21:20:34 -0500] "GET /wp-admin/edit.php HTTP/1.1" 302 - "https://MATRIXMODELS.COM/wp-login.php" "Mozilla/5.0 (Windows NT 10.0; Win64; x64) AppleWebKit/537.36 (KHTML, like Gecko) Chrome/119.0.0.0 Safari/537.36 Edg/119.0.2151.97"
144.91.126.77 - - [28/Jan/2026:21:20:34 -0500] "GET /wp-login.php?redirect_to=https%3A%2F%2Fmatrixmodels.com%2Fwp-admin%2Fedit.php&reauth=1 HTTP/1.1" 406 59 "https://MATRIXMODELS.COM/wp-login.php" "Mozilla/5.0 (Windows NT 10.0; Win64; x64) AppleWebKit/537.36 (KHTML, like Gecko) Chrome/119.0.0.0 Safari/537.36 Edg/119.0.2151.97"
144.91.126.77 - - [28/Jan/2026:21:20:34 -0500] "GET /wp-admin/plugins.php HTTP/1.1" 302 - "https://MATRIXMODELS.COM/wp-login.php" "Mozilla/5.0 (Windows NT 10.0; Win64; x64) AppleWebKit/537.36 (KHTML, like Gecko) Chrome/119.0.0.0 Safari/537.36 Edg/119.0.2151.97"
144.91.126.77 - - [28/Jan/2026:21:20:34 -0500] "GET /wp-login.php?redirect_to=https%3A%2F%2Fmatrixmodels.com%2Fwp-admin%2Fplugins.php&reauth=1 HTTP/1.1" 406 59 "https://MATRIXMODELS.COM/wp-login.php" "Mozilla/5.0 (Windows NT 10.0; Win64; x64) AppleWebKit/537.36 (KHTML, like Gecko) Chrome/119.0.0.0 Safari/537.36 Edg/119.0.2151.97"
144.91.126.77 - - [28/Jan/2026:21:20:35 -0500] "POST /wp-login.php HTTP/1.1" 406 59 "https://MATRIXMODELS.COM/wp-login.php" "Mozilla/5.0 (Windows NT 10.0; Win64; x64) AppleWebKit/537.36 (KHTML, like Gecko) Chrome/119.0.0.0 Safari/537.36 Edg/119.0.2151.97"
144.91.126.77 - - [28/Jan/2026:21:20:35 -0500] "GET /wp-admin/index.php HTTP/1.1" 302 - "https://MATRIXMODELS.COM/wp-login.php" "Mozilla/5.0 (Windows NT 10.0; Win64; x64) AppleWebKit/537.36 (KHTML, like Gecko) Chrome/119.0.0.0 Safari/537.36 Edg/119.0.2151.97"
144.91.126.77 - - [28/Jan/2026:21:20:36 -0500] "GET /wp-login.php?redirect_to=https%3A%2F%2Fmatrixmodels.com%2Fwp-admin%2Findex.php&reauth=1 HTTP/1.1" 406 59 "https://MATRIXMODELS.COM/wp-login.php" "Mozilla/5.0 (Windows NT 10.0; Win64; x64) AppleWebKit/537.36 (KHTML, like Gecko) Chrome/119.0.0.0 Safari/537.36 Edg/119.0.2151.97"
144.91.126.77 - - [28/Jan/2026:21:20:36 -0500] "GET /wp-admin/profile.php HTTP/1.1" 302 - "https://MATRIXMODELS.COM/wp-login.php" "Mozilla/5.0 (Windows NT 10.0; Win64; x64) AppleWebKit/537.36 (KHTML, like Gecko) Chrome/119.0.0.0 Safari/537.36 Edg/119.0.2151.97"
144.91.126.77 - - [28/Jan/2026:21:20:36 -0500] "GET /wp-login.php?redirect_to=https%3A%2F%2Fmatrixmodels.com%2Fwp-admin%2Fprofile.php&reauth=1 HTTP/1.1" 406 59 "https://MATRIXMODELS.COM/wp-login.php" "Mozilla/5.0 (Windows NT 10.0; Win64; x64) AppleWebKit/537.36 (KHTML, like Gecko) Chrome/119.0.0.0 Safari/537.36 Edg/119.0.2151.97"
144.91.126.77 - - [28/Jan/2026:21:20:36 -0500] "GET /wp-admin/edit.php HTTP/1.1" 302 - "https://MATRIXMODELS.COM/wp-login.php" "Mozilla/5.0 (Windows NT 10.0; Win64; x64) AppleWebKit/537.36 (KHTML, like Gecko) Chrome/119.0.0.0 Safari/537.36 Edg/119.0.2151.97"
144.91.126.77 - - [28/Jan/2026:21:20:36 -0500] "GET /wp-login.php?redirect_to=https%3A%2F%2Fmatrixmodels.com%2Fwp-admin%2Fedit.php&reauth=1 HTTP/1.1" 406 59 "https://MATRIXMODELS.COM/wp-login.php" "Mozilla/5.0 (Windows NT 10.0; Win64; x64) AppleWebKit/537.36 (KHTML, like Gecko) Chrome/119.0.0.0 Safari/537.36 Edg/119.0.2151.97"
144.91.126.77 - - [28/Jan/2026:21:20:36 -0500] "GET /wp-admin/plugins.php HTTP/1.1" 302 - "https://MATRIXMODELS.COM/wp-login.php" "Mozilla/5.0 (Windows NT 10.0; Win64; x64) AppleWebKit/537.36 (KHTML, like Gecko) Chrome/119.0.0.0 Safari/537.36 Edg/119.0.2151.97"
144.91.126.77 - - [28/Jan/2026:21:20:36 -0500] "GET /wp-login.php?redirect_to=https%3A%2F%2Fmatrixmodels.com%2Fwp-admin%2Fplugins.php&reauth=1 HTTP/1.1" 406 59 "https://MATRIXMODELS.COM/wp-login.php" "Mozilla/5.0 (Windows NT 10.0; Win64; x64) AppleWebKit/537.36 (KHTML, like Gecko) Chrome/119.0.0.0 Safari/537.36 Edg/119.0.2151.97"
144.91.126.77 - - [28/Jan/2026:21:20:37 -0500] "POST /wp-login.php HTTP/1.1" 406 59 "https://MATRIXMODELS.COM/wp-login.php" "Mozilla/5.0 (Windows NT 11.0; Win64; x64) AppleWebKit/537.36 (KHTML, like Gecko) Chrome/122.0.6261.57 Safari/537.36"
144.91.126.77 - - [28/Jan/2026:21:20:37 -0500] "GET /wp-admin/index.php HTTP/1.1" 302 - "https://MATRIXMODELS.COM/wp-login.php" "Mozilla/5.0 (Windows NT 11.0; Win64; x64) AppleWebKit/537.36 (KHTML, like Gecko) Chrome/122.0.6261.57 Safari/537.36"
144.91.126.77 - - [28/Jan/2026:21:20:37 -0500] "GET /wp-login.php?redirect_to=https%3A%2F%2Fmatrixmodels.com%2Fwp-admin%2Findex.php&reauth=1 HTTP/1.1" 406 59 "https://MATRIXMODELS.COM/wp-login.php" "Mozilla/5.0 (Windows NT 11.0; Win64; x64) AppleWebKit/537.36 (KHTML, like Gecko) Chrome/122.0.6261.57 Safari/537.36"
144.91.126.77 - - [28/Jan/2026:21:20:37 -0500] "GET /wp-admin/profile.php HTTP/1.1" 302 - "https://MATRIXMODELS.COM/wp-login.php" "Mozilla/5.0 (Windows NT 11.0; Win64; x64) AppleWebKit/537.36 (KHTML, like Gecko) Chrome/122.0.6261.57 Safari/537.36"
144.91.126.77 - - [28/Jan/2026:21:20:38 -0500] "GET /wp-login.php?redirect_to=https%3A%2F%2Fmatrixmodels.com%2Fwp-admin%2Fprofile.php&reauth=1 HTTP/1.1" 406 59 "https://MATRIXMODELS.COM/wp-login.php" "Mozilla/5.0 (Windows NT 11.0; Win64; x64) AppleWebKit/537.36 (KHTML, like Gecko) Chrome/122.0.6261.57 Safari/537.36"
144.91.126.77 - - [28/Jan/2026:21:20:38 -0500] "GET /wp-admin/edit.php HTTP/1.1" 302 - "https://MATRIXMODELS.COM/wp-login.php" "Mozilla/5.0 (Windows NT 11.0; Win64; x64) AppleWebKit/537.36 (KHTML, like Gecko) Chrome/122.0.6261.57 Safari/537.36"
144.91.126.77 - - [28/Jan/2026:21:20:38 -0500] "GET /wp-login.php?redirect_to=https%3A%2F%2Fmatrixmodels.com%2Fwp-admin%2Fedit.php&reauth=1 HTTP/1.1" 406 59 "https://MATRIXMODELS.COM/wp-login.php" "Mozilla/5.0 (Windows NT 11.0; Win64; x64) AppleWebKit/537.36 (KHTML, like Gecko) Chrome/122.0.6261.57 Safari/537.36"
144.91.126.77 - - [28/Jan/2026:21:20:38 -0500] "GET /wp-admin/plugins.php HTTP/1.1" 302 - "https://MATRIXMODELS.COM/wp-login.php" "Mozilla/5.0 (Windows NT 11.0; Win64; x64) AppleWebKit/537.36 (KHTML, like Gecko) Chrome/122.0.6261.57 Safari/537.36"
144.91.126.77 - - [28/Jan/2026:21:20:38 -0500] "GET /wp-login.php?redirect_to=https%3A%2F%2Fmatrixmodels.com%2Fwp-admin%2Fplugins.php&reauth=1 HTTP/1.1" 406 59 "https://MATRIXMODELS.COM/wp-login.php" "Mozilla/5.0 (Windows NT 11.0; Win64; x64) AppleWebKit/537.36 (KHTML, like Gecko) Chrome/122.0.6261.57 Safari/537.36"
144.91.126.77 - - [28/Jan/2026:21:20:39 -0500] "POST /wp-login.php HTTP/1.1" 406 59 "https://MATRIXMODELS.COM/wp-login.php" "Mozilla/5.0 (X11; Ubuntu; Linux x86_64; rv:121.0) Gecko/20100101 Firefox/121.0"
144.91.126.77 - - [28/Jan/2026:21:20:39 -0500] "GET /wp-admin/index.php HTTP/1.1" 302 - "https://MATRIXMODELS.COM/wp-login.php" "Mozilla/5.0 (X11; Ubuntu; Linux x86_64; rv:121.0) Gecko/20100101 Firefox/121.0"
144.91.126.77 - - [28/Jan/2026:21:20:39 -0500] "GET /wp-login.php?redirect_to=https%3A%2F%2Fmatrixmodels.com%2Fwp-admin%2Findex.php&reauth=1 HTTP/1.1" 406 59 "https://MATRIXMODELS.COM/wp-login.php" "Mozilla/5.0 (X11; Ubuntu; Linux x86_64; rv:121.0) Gecko/20100101 Firefox/121.0"
144.91.126.77 - - [28/Jan/2026:21:20:39 -0500] "GET /wp-admin/profile.php HTTP/1.1" 302 - "https://MATRIXMODELS.COM/wp-login.php" "Mozilla/5.0 (X11; Ubuntu; Linux x86_64; rv:121.0) Gecko/20100101 Firefox/121.0"
144.91.126.77 - - [28/Jan/2026:21:20:39 -0500] "GET /wp-login.php?redirect_to=https%3A%2F%2Fmatrixmodels.com%2Fwp-admin%2Fprofile.php&reauth=1 HTTP/1.1" 406 59 "https://MATRIXMODELS.COM/wp-login.php" "Mozilla/5.0 (X11; Ubuntu; Linux x86_64; rv:121.0) Gecko/20100101 Firefox/121.0"
144.91.126.77 - - [28/Jan/2026:21:20:39 -0500] "GET /wp-admin/edit.php HTTP/1.1" 302 - "https://MATRIXMODELS.COM/wp-login.php" "Mozilla/5.0 (X11; Ubuntu; Linux x86_64; rv:121.0) Gecko/20100101 Firefox/121.0"
144.91.126.77 - - [28/Jan/2026:21:20:40 -0500] "GET /wp-login.php?redirect_to=https%3A%2F%2Fmatrixmodels.com%2Fwp-admin%2Fedit.php&reauth=1 HTTP/1.1" 406 59 "https://MATRIXMODELS.COM/wp-login.php" "Mozilla/5.0 (X11; Ubuntu; Linux x86_64; rv:121.0) Gecko/20100101 Firefox/121.0"
144.91.126.77 - - [28/Jan/2026:21:20:40 -0500] "GET /wp-admin/plugins.php HTTP/1.1" 302 - "https://MATRIXMODELS.COM/wp-login.php" "Mozilla/5.0 (X11; Ubuntu; Linux x86_64; rv:121.0) Gecko/20100101 Firefox/121.0"
144.91.126.77 - - [28/Jan/2026:21:20:40 -0500] "GET /wp-login.php?redirect_to=https%3A%2F%2Fmatrixmodels.com%2Fwp-admin%2Fplugins.php&reauth=1 HTTP/1.1" 406 59 "https://MATRIXMODELS.COM/wp-login.php" "Mozilla/5.0 (X11; Ubuntu; Linux x86_64; rv:121.0) Gecko/20100101 Firefox/121.0"
144.91.126.77 - - [28/Jan/2026:21:20:40 -0500] "POST /wp-login.php HTTP/1.1" 406 59 "https://MATRIXMODELS.COM/wp-login.php" "Mozilla/5.0 (Macintosh; Intel Mac OS X 11_7_2) AppleWebKit/605.1.15 (KHTML, like Gecko) Version/17.2.1 Safari/605.1.15"
144.91.126.77 - - [28/Jan/2026:21:20:40 -0500] "GET /wp-admin/index.php HTTP/1.1" 302 - "https://MATRIXMODELS.COM/wp-login.php" "Mozilla/5.0 (Macintosh; Intel Mac OS X 11_7_2) AppleWebKit/605.1.15 (KHTML, like Gecko) Version/17.2.1 Safari/605.1.15"
144.91.126.77 - - [28/Jan/2026:21:20:41 -0500] "GET /wp-login.php?redirect_to=https%3A%2F%2Fmatrixmodels.com%2Fwp-admin%2Findex.php&reauth=1 HTTP/1.1" 406 59 "https://MATRIXMODELS.COM/wp-login.php" "Mozilla/5.0 (Macintosh; Intel Mac OS X 11_7_2) AppleWebKit/605.1.15 (KHTML, like Gecko) Version/17.2.1 Safari/605.1.15"
144.91.126.77 - - [28/Jan/2026:21:20:41 -0500] "GET /wp-admin/profile.php HTTP/1.1" 302 - "https://MATRIXMODELS.COM/wp-login.php" "Mozilla/5.0 (Macintosh; Intel Mac OS X 11_7_2) AppleWebKit/605.1.15 (KHTML, like Gecko) Version/17.2.1 Safari/605.1.15"
144.91.126.77 - - [28/Jan/2026:21:20:41 -0500] "GET /wp-login.php?redirect_to=https%3A%2F%2Fmatrixmodels.com%2Fwp-admin%2Fprofile.php&reauth=1 HTTP/1.1" 406 59 "https://MATRIXMODELS.COM/wp-login.php" "Mozilla/5.0 (Macintosh; Intel Mac OS X 11_7_2) AppleWebKit/605.1.15 (KHTML, like Gecko) Version/17.2.1 Safari/605.1.15"
144.91.126.77 - - [28/Jan/2026:21:20:41 -0500] "GET /wp-admin/edit.php HTTP/1.1" 302 - "https://MATRIXMODELS.COM/wp-login.php" "Mozilla/5.0 (Macintosh; Intel Mac OS X 11_7_2) AppleWebKit/605.1.15 (KHTML, like Gecko) Version/17.2.1 Safari/605.1.15"
144.91.126.77 - - [28/Jan/2026:21:20:41 -0500] "GET /wp-login.php?redirect_to=https%3A%2F%2Fmatrixmodels.com%2Fwp-admin%2Fedit.php&reauth=1 HTTP/1.1" 406 59 "https://MATRIXMODELS.COM/wp-login.php" "Mozilla/5.0 (Macintosh; Intel Mac OS X 11_7_2) AppleWebKit/605.1.15 (KHTML, like Gecko) Version/17.2.1 Safari/605.1.15"
144.91.126.77 - - [28/Jan/2026:21:20:41 -0500] "GET /wp-admin/plugins.php HTTP/1.1" 302 - "https://MATRIXMODELS.COM/wp-login.php" "Mozilla/5.0 (Macintosh; Intel Mac OS X 11_7_2) AppleWebKit/605.1.15 (KHTML, like Gecko) Version/17.2.1 Safari/605.1.15"
144.91.126.77 - - [28/Jan/2026:21:20:41 -0500] "GET /wp-login.php?redirect_to=https%3A%2F%2Fmatrixmodels.com%2Fwp-admin%2Fplugins.php&reauth=1 HTTP/1.1" 406 59 "https://MATRIXMODELS.COM/wp-login.php" "Mozilla/5.0 (Macintosh; Intel Mac OS X 11_7_2) AppleWebKit/605.1.15 (KHTML, like Gecko) Version/17.2.1 Safari/605.1.15"
144.91.126.77 - - [28/Jan/2026:21:20:42 -0500] "POST /wp-login.php HTTP/1.1" 406 59 "https://MATRIXMODELS.COM/wp-login.php" "Mozilla/5.0 (Windows NT 10.0; Win64; x64) AppleWebKit/537.36 (KHTML, like Gecko) Chrome/120.0.0.0 Safari/537.36 Edg/120.0.2210.133"
144.91.126.77 - - [28/Jan/2026:21:20:42 -0500] "GET /wp-admin/index.php HTTP/1.1" 302 - "https://MATRIXMODELS.COM/wp-login.php" "Mozilla/5.0 (Windows NT 10.0; Win64; x64) AppleWebKit/537.36 (KHTML, like Gecko) Chrome/120.0.0.0 Safari/537.36 Edg/120.0.2210.133"
144.91.126.77 - - [28/Jan/2026:21:20:42 -0500] "GET /wp-login.php?redirect_to=https%3A%2F%2Fmatrixmodels.com%2Fwp-admin%2Findex.php&reauth=1 HTTP/1.1" 406 59 "https://MATRIXMODELS.COM/wp-login.php" "Mozilla/5.0 (Windows NT 10.0; Win64; x64) AppleWebKit/537.36 (KHTML, like Gecko) Chrome/120.0.0.0 Safari/537.36 Edg/120.0.2210.133"
144.91.126.77 - - [28/Jan/2026:21:20:42 -0500] "GET /wp-admin/profile.php HTTP/1.1" 302 - "https://MATRIXMODELS.COM/wp-login.php" "Mozilla/5.0 (Windows NT 10.0; Win64; x64) AppleWebKit/537.36 (KHTML, like Gecko) Chrome/120.0.0.0 Safari/537.36 Edg/120.0.2210.133"
144.91.126.77 - - [28/Jan/2026:21:20:43 -0500] "GET /wp-login.php?redirect_to=https%3A%2F%2Fmatrixmodels.com%2Fwp-admin%2Fprofile.php&reauth=1 HTTP/1.1" 406 59 "https://MATRIXMODELS.COM/wp-login.php" "Mozilla/5.0 (Windows NT 10.0; Win64; x64) AppleWebKit/537.36 (KHTML, like Gecko) Chrome/120.0.0.0 Safari/537.36 Edg/120.0.2210.133"
144.91.126.77 - - [28/Jan/2026:21:20:43 -0500] "GET /wp-admin/edit.php HTTP/1.1" 302 - "https://MATRIXMODELS.COM/wp-login.php" "Mozilla/5.0 (Windows NT 10.0; Win64; x64) AppleWebKit/537.36 (KHTML, like Gecko) Chrome/120.0.0.0 Safari/537.36 Edg/120.0.2210.133"
144.91.126.77 - - [28/Jan/2026:21:20:43 -0500] "GET /wp-login.php?redirect_to=https%3A%2F%2Fmatrixmodels.com%2Fwp-admin%2Fedit.php&reauth=1 HTTP/1.1" 406 59 "https://MATRIXMODELS.COM/wp-login.php" "Mozilla/5.0 (Windows NT 10.0; Win64; x64) AppleWebKit/537.36 (KHTML, like Gecko) Chrome/120.0.0.0 Safari/537.36 Edg/120.0.2210.133"
144.91.126.77 - - [28/Jan/2026:21:20:43 -0500] "GET /wp-admin/plugins.php HTTP/1.1" 302 - "https://MATRIXMODELS.COM/wp-login.php" "Mozilla/5.0 (Windows NT 10.0; Win64; x64) AppleWebKit/537.36 (KHTML, like Gecko) Chrome/120.0.0.0 Safari/537.36 Edg/120.0.2210.133"
144.91.126.77 - - [28/Jan/2026:21:20:43 -0500] "GET /wp-login.php?redirect_to=https%3A%2F%2Fmatrixmodels.com%2Fwp-admin%2Fplugins.php&reauth=1 HTTP/1.1" 406 59 "https://MATRIXMODELS.COM/wp-login.php" "Mozilla/5.0 (Windows NT 10.0; Win64; x64) AppleWebKit/537.36 (KHTML, like Gecko) Chrome/120.0.0.0 Safari/537.36 Edg/120.0.2210.133"
144.91.126.77 - - [28/Jan/2026:21:20:44 -0500] "POST /wp-login.php HTTP/1.1" 406 59 "https://MATRIXMODELS.COM/wp-login.php" "Mozilla/5.0 (X11; Ubuntu; Linux x86_64) AppleWebKit/537.36 (KHTML, like Gecko) Chrome/120.0.6099.130 Safari/537.36"
144.91.126.77 - - [28/Jan/2026:21:20:44 -0500] "GET /wp-admin/index.php HTTP/1.1" 302 - "https://MATRIXMODELS.COM/wp-login.php" "Mozilla/5.0 (X11; Ubuntu; Linux x86_64) AppleWebKit/537.36 (KHTML, like Gecko) Chrome/120.0.6099.130 Safari/537.36"
144.91.126.77 - - [28/Jan/2026:21:20:44 -0500] "GET /wp-login.php?redirect_to=https%3A%2F%2Fmatrixmodels.com%2Fwp-admin%2Findex.php&reauth=1 HTTP/1.1" 406 59 "https://MATRIXMODELS.COM/wp-login.php" "Mozilla/5.0 (X11; Ubuntu; Linux x86_64) AppleWebKit/537.36 (KHTML, like Gecko) Chrome/120.0.6099.130 Safari/537.36"
144.91.126.77 - - [28/Jan/2026:21:20:44 -0500] "GET /wp-admin/profile.php HTTP/1.1" 302 - "https://MATRIXMODELS.COM/wp-login.php" "Mozilla/5.0 (X11; Ubuntu; Linux x86_64) AppleWebKit/537.36 (KHTML, like Gecko) Chrome/120.0.6099.130 Safari/537.36"
144.91.126.77 - - [28/Jan/2026:21:20:44 -0500] "GET /wp-login.php?redirect_to=https%3A%2F%2Fmatrixmodels.com%2Fwp-admin%2Fprofile.php&reauth=1 HTTP/1.1" 406 59 "https://MATRIXMODELS.COM/wp-login.php" "Mozilla/5.0 (X11; Ubuntu; Linux x86_64) AppleWebKit/537.36 (KHTML, like Gecko) Chrome/120.0.6099.130 Safari/537.36"
144.91.126.77 - - [28/Jan/2026:21:20:44 -0500] "GET /wp-admin/edit.php HTTP/1.1" 302 - "https://MATRIXMODELS.COM/wp-login.php" "Mozilla/5.0 (X11; Ubuntu; Linux x86_64) AppleWebKit/537.36 (KHTML, like Gecko) Chrome/120.0.6099.130 Safari/537.36"
144.91.126.77 - - [28/Jan/2026:21:20:45 -0500] "GET /wp-login.php?redirect_to=https%3A%2F%2Fmatrixmodels.com%2Fwp-admin%2Fedit.php&reauth=1 HTTP/1.1" 406 59 "https://MATRIXMODELS.COM/wp-login.php" "Mozilla/5.0 (X11; Ubuntu; Linux x86_64) AppleWebKit/537.36 (KHTML, like Gecko) Chrome/120.0.6099.130 Safari/537.36"
144.91.126.77 - - [28/Jan/2026:21:20:45 -0500] "GET /wp-admin/plugins.php HTTP/1.1" 302 - "https://MATRIXMODELS.COM/wp-login.php" "Mozilla/5.0 (X11; Ubuntu; Linux x86_64) AppleWebKit/537.36 (KHTML, like Gecko) Chrome/120.0.6099.130 Safari/537.36"
144.91.126.77 - - [28/Jan/2026:21:20:45 -0500] "GET /wp-login.php?redirect_to=https%3A%2F%2Fmatrixmodels.com%2Fwp-admin%2Fplugins.php&reauth=1 HTTP/1.1" 406 59 "https://MATRIXMODELS.COM/wp-login.php" "Mozilla/5.0 (X11; Ubuntu; Linux x86_64) AppleWebKit/537.36 (KHTML, like Gecko) Chrome/120.0.6099.130 Safari/537.36"
144.91.126.77 - - [28/Jan/2026:21:20:46 -0500] "POST /wp-login.php HTTP/1.1" 406 59 "https://MATRIXMODELS.COM/wp-login.php" "Mozilla/5.0 (X11; Ubuntu; Linux x86_64) AppleWebKit/537.36 (KHTML, like Gecko) Chrome/119.0.6045.159 Safari/537.36"
144.91.126.77 - - [28/Jan/2026:21:20:46 -0500] "GET /wp-admin/index.php HTTP/1.1" 302 - "https://MATRIXMODELS.COM/wp-login.php" "Mozilla/5.0 (X11; Ubuntu; Linux x86_64) AppleWebKit/537.36 (KHTML, like Gecko) Chrome/119.0.6045.159 Safari/537.36"
144.91.126.77 - - [28/Jan/2026:21:20:46 -0500] "GET /wp-login.php?redirect_to=https%3A%2F%2Fmatrixmodels.com%2Fwp-admin%2Findex.php&reauth=1 HTTP/1.1" 406 59 "https://MATRIXMODELS.COM/wp-login.php" "Mozilla/5.0 (X11; Ubuntu; Linux x86_64) AppleWebKit/537.36 (KHTML, like Gecko) Chrome/119.0.6045.159 Safari/537.36"
144.91.126.77 - - [28/Jan/2026:21:20:46 -0500] "GET /wp-admin/profile.php HTTP/1.1" 302 - "https://MATRIXMODELS.COM/wp-login.php" "Mozilla/5.0 (X11; Ubuntu; Linux x86_64) AppleWebKit/537.36 (KHTML, like Gecko) Chrome/119.0.6045.159 Safari/537.36"
144.91.126.77 - - [28/Jan/2026:21:20:46 -0500] "GET /wp-login.php?redirect_to=https%3A%2F%2Fmatrixmodels.com%2Fwp-admin%2Fprofile.php&reauth=1 HTTP/1.1" 406 59 "https://MATRIXMODELS.COM/wp-login.php" "Mozilla/5.0 (X11; Ubuntu; Linux x86_64) AppleWebKit/537.36 (KHTML, like Gecko) Chrome/119.0.6045.159 Safari/537.36"
