52.167.144.142 - - [29/Jan/2026:01:03:19 -0500] "GET /rami-r%C3%A8gle-blackjack/ HTTP/1.1" 404 8442 "-" "Mozilla/5.0 AppleWebKit/537.36 (KHTML, like Gecko; compatible; bingbot/2.0; +http://www.bing.com/bingbot.htm) Chrome/116.0.1938.76 Safari/537.36"
77.75.76.172 - - [29/Jan/2026:01:03:20 -0500] "GET /wp-content/uploads/2019/09/DEVON-8.jpg HTTP/1.1" 200 134291 "-" "Mozilla/5.0 (compatible; SeznamBot/4.0; +https://o-seznam.cz/napoveda/vyhledavani/en/seznambot-crawler/)"
172.56.242.197 - - [29/Jan/2026:01:03:49 -0500] "-" 408 - "-" "-"
13.114.45.205 - - [29/Jan/2026:01:03:51 -0500] "GET /wp-json/wp/v2/posts HTTP/1.1" 200 56722 "-" "Mozilla/5.0 (Windows NT 10.0; Win64; x64) AppleWebKit/537.36 (KHTML, like Gecko) Chrome/120.0.0.0 Safari/537.36"
13.114.45.205 - - [29/Jan/2026:01:03:52 -0500] "POST /wp-comments-post.php HTTP/1.1" 403 2731 "-" "Mozilla/5.0 (Windows NT 10.0; Win64; x64) AppleWebKit/537.36 (KHTML, like Gecko) Chrome/120.0.0.0 Safari/537.36"
172.56.242.197 - - [29/Jan/2026:01:04:48 -0500] "-" 408 - "-" "-"
64.59.72.148 - - [29/Jan/2026:01:05:03 -0500] "GET / HTTP/1.1" 200 4446 "-" "check_http/v2.4.9 (nagios-plugins 2.4.9)"
172.56.242.197 - - [29/Jan/2026:01:05:20 -0500] "-" 408 - "-" "-"
207.180.246.239 - - [29/Jan/2026:01:05:33 -0500] "GET /wp-admin/css/ HTTP/1.1" 403 6 "binance.com" "Mozilla/5.0 (Windows NT 10.0; Win64; x64) AppleWebKit/537.36 (KHTML, like Gecko) Chrome/90.0.4430.85 Safari/537.36"
172.252.237.230 - - [29/Jan/2026:01:05:44 -0500] "GET / HTTP/1.1" 200 4446 "-" "Mozilla/5.0 (Macintosh; Intel Mac OS X 10_15_7) AppleWebKit/537.36 (KHTML, like Gecko) Chrome/142.0.0.0 Safari/537.36"
52.123.190.89 - - [29/Jan/2026:01:07:03 -0500] "GET /wp-login.php HTTP/1.1" 200 6925 "-" "-"
64.59.72.148 - - [29/Jan/2026:01:07:03 -0500] "GET / HTTP/1.1" 200 4446 "-" "check_http/v2.4.9 (nagios-plugins 2.4.9)"
42.236.17.54 - - [29/Jan/2026:01:07:05 -0500] "GET / HTTP/1.1" 301 - "http://www.matrixmodels.com/" "User-Agent:Mozilla/5.0 (Windows NT 10.0; Win64; x64) AppleWebKit/537.36 (KHTML, like Gecko) Chrome/140.0.0.0 Safari/537.36 Edg/140.0.0.0; 360Spider"
52.123.190.90 - - [29/Jan/2026:01:07:07 -0500] "GET /wp-login.php HTTP/1.1" 200 6925 "-" "-"
42.236.17.54 - - [29/Jan/2026:01:07:07 -0500] "GET / HTTP/1.1" 200 4446 "http://matrixmodels.com/" "User-Agent:Mozilla/5.0 (Windows NT 10.0; Win64; x64) AppleWebKit/537.36 (KHTML, like Gecko) Chrome/140.0.0.0 Safari/537.36 Edg/140.0.0.0; 360Spider"
74.206.165.145 - - [29/Jan/2026:01:08:27 -0500] "POST /wp-cron.php?doing_wp_cron=1769666907.5474588871002197265625 HTTP/1.1" 200 - "https://matrixmodels.com/wp-cron.php?doing_wp_cron=1769666907.5474588871002197265625" "WordPress/5.6.16; https://matrixmodels.com"
36.28.133.106 - - [29/Jan/2026:01:08:27 -0500] "GET /otw-portfolio/giulia-wylde/ HTTP/1.1" 301 - "-" "Mozilla/5.0 (Phone; OpenHarmony 6.0; Android 10) AppleWebKit/537.36 (KHTML, like Gecko) Chrome/132.0.0.0 Safari/537.36 ArkWeb/6.0.0.125 Mobile HuaweiBrowser/5.1.12.351"
36.28.133.106 - - [29/Jan/2026:01:08:29 -0500] "GET / HTTP/1.1" 200 4465 "-" "Mozilla/5.0 (Phone; OpenHarmony 6.0; Android 10) AppleWebKit/537.36 (KHTML, like Gecko) Chrome/132.0.0.0 Safari/537.36 ArkWeb/6.0.0.125 Mobile HuaweiBrowser/5.1.12.351"
36.28.133.106 - - [29/Jan/2026:01:08:30 -0500] "GET /wp-content/themes/matrix-model/assets/css/aos.css HTTP/1.1" 200 26053 "https://matrixmodels.com/" "Mozilla/5.0 (Phone; OpenHarmony 6.0; Android 10) AppleWebKit/537.36 (KHTML, like Gecko) Chrome/132.0.0.0 Safari/537.36 ArkWeb/6.0.0.125 Mobile HuaweiBrowser/5.1.12.351"
36.28.133.106 - - [29/Jan/2026:01:08:30 -0500] "GET /wp-content/themes/matrix-model/assets/css/owl.carousel.min.css HTTP/1.1" 404 260 "https://matrixmodels.com/" "Mozilla/5.0 (Phone; OpenHarmony 6.0; Android 10) AppleWebKit/537.36 (KHTML, like Gecko) Chrome/132.0.0.0 Safari/537.36 ArkWeb/6.0.0.125 Mobile HuaweiBrowser/5.1.12.351"
36.28.133.106 - - [29/Jan/2026:01:08:30 -0500] "GET /wp-content/themes/matrix-model/assets/css/owl.theme.default.min.css HTTP/1.1" 404 265 "https://matrixmodels.com/" "Mozilla/5.0 (Phone; OpenHarmony 6.0; Android 10) AppleWebKit/537.36 (KHTML, like Gecko) Chrome/132.0.0.0 Safari/537.36 ArkWeb/6.0.0.125 Mobile HuaweiBrowser/5.1.12.351"
36.28.133.106 - - [29/Jan/2026:01:08:30 -0500] "GET /wp-content/themes/matrix-model/assets/css/animate.min.css HTTP/1.1" 200 52592 "https://matrixmodels.com/" "Mozilla/5.0 (Phone; OpenHarmony 6.0; Android 10) AppleWebKit/537.36 (KHTML, like Gecko) Chrome/132.0.0.0 Safari/537.36 ArkWeb/6.0.0.125 Mobile HuaweiBrowser/5.1.12.351"
36.28.133.106 - - [29/Jan/2026:01:08:30 -0500] "GET /wp-content/themes/matrix-model/assets/css/custom.css HTTP/1.1" 200 5229 "https://matrixmodels.com/" "Mozilla/5.0 (Phone; OpenHarmony 6.0; Android 10) AppleWebKit/537.36 (KHTML, like Gecko) Chrome/132.0.0.0 Safari/537.36 ArkWeb/6.0.0.125 Mobile HuaweiBrowser/5.1.12.351"
36.28.133.106 - - [29/Jan/2026:01:08:30 -0500] "GET /wp-content/themes/matrix-model/assets/images/more/i-1.jpg HTTP/1.1" 200 39164 "https://matrixmodels.com/" "Mozilla/5.0 (Phone; OpenHarmony 6.0; Android 10) AppleWebKit/537.36 (KHTML, like Gecko) Chrome/132.0.0.0 Safari/537.36 ArkWeb/6.0.0.125 Mobile HuaweiBrowser/5.1.12.351"
36.28.133.106 - - [29/Jan/2026:01:08:31 -0500] "GET /wp-content/themes/matrix-model/assets/images/more/i-2.jpg HTTP/1.1" 200 44619 "https://matrixmodels.com/" "Mozilla/5.0 (Phone; OpenHarmony 6.0; Android 10) AppleWebKit/537.36 (KHTML, like Gecko) Chrome/132.0.0.0 Safari/537.36 ArkWeb/6.0.0.125 Mobile HuaweiBrowser/5.1.12.351"
36.28.133.106 - - [29/Jan/2026:01:08:31 -0500] "GET /wp-content/themes/matrix-model/assets/images/more/i-3.jpg HTTP/1.1" 200 36068 "https://matrixmodels.com/" "Mozilla/5.0 (Phone; OpenHarmony 6.0; Android 10) AppleWebKit/537.36 (KHTML, like Gecko) Chrome/132.0.0.0 Safari/537.36 ArkWeb/6.0.0.125 Mobile HuaweiBrowser/5.1.12.351"
36.28.133.106 - - [29/Jan/2026:01:08:31 -0500] "GET /wp-content/themes/matrix-model/assets/images/more/i-4.jpg HTTP/1.1" 200 28534 "https://matrixmodels.com/" "Mozilla/5.0 (Phone; OpenHarmony 6.0; Android 10) AppleWebKit/537.36 (KHTML, like Gecko) Chrome/132.0.0.0 Safari/537.36 ArkWeb/6.0.0.125 Mobile HuaweiBrowser/5.1.12.351"
36.28.133.106 - - [29/Jan/2026:01:08:32 -0500] "GET /wp-content/themes/matrix-model/assets/images/more/i-5.jpg HTTP/1.1" 200 35264 "https://matrixmodels.com/" "Mozilla/5.0 (Phone; OpenHarmony 6.0; Android 10) AppleWebKit/537.36 (KHTML, like Gecko) Chrome/132.0.0.0 Safari/537.36 ArkWeb/6.0.0.125 Mobile HuaweiBrowser/5.1.12.351"
36.28.133.106 - - [29/Jan/2026:01:08:33 -0500] "GET /wp-content/themes/matrix-model/assets/images/more/i-6.jpg HTTP/1.1" 200 39553 "https://matrixmodels.com/" "Mozilla/5.0 (Phone; OpenHarmony 6.0; Android 10) AppleWebKit/537.36 (KHTML, like Gecko) Chrome/132.0.0.0 Safari/537.36 ArkWeb/6.0.0.125 Mobile HuaweiBrowser/5.1.12.351"
36.28.133.106 - - [29/Jan/2026:01:08:34 -0500] "GET /wp-content/themes/matrix-model/assets/images/more/i-7.jpg HTTP/1.1" 200 35534 "https://matrixmodels.com/" "Mozilla/5.0 (Phone; OpenHarmony 6.0; Android 10) AppleWebKit/537.36 (KHTML, like Gecko) Chrome/132.0.0.0 Safari/537.36 ArkWeb/6.0.0.125 Mobile HuaweiBrowser/5.1.12.351"
36.28.133.106 - - [29/Jan/2026:01:08:35 -0500] "GET /wp-content/themes/matrix-model/assets/images/more/i-8.jpg HTTP/1.1" 200 31506 "https://matrixmodels.com/" "Mozilla/5.0 (Phone; OpenHarmony 6.0; Android 10) AppleWebKit/537.36 (KHTML, like Gecko) Chrome/132.0.0.0 Safari/537.36 ArkWeb/6.0.0.125 Mobile HuaweiBrowser/5.1.12.351"
36.28.133.106 - - [29/Jan/2026:01:08:35 -0500] "GET /wp-content/themes/matrix-model/assets/images/more/i-9.jpg HTTP/1.1" 200 39513 "https://matrixmodels.com/" "Mozilla/5.0 (Phone; OpenHarmony 6.0; Android 10) AppleWebKit/537.36 (KHTML, like Gecko) Chrome/132.0.0.0 Safari/537.36 ArkWeb/6.0.0.125 Mobile HuaweiBrowser/5.1.12.351"
36.28.133.106 - - [29/Jan/2026:01:08:30 -0500] "GET /wp-content/themes/matrix-model/assets/css/bootstrap_v4.3.1_min.css HTTP/1.1" 200 155712 "https://matrixmodels.com/" "Mozilla/5.0 (Phone; OpenHarmony 6.0; Android 10) AppleWebKit/537.36 (KHTML, like Gecko) Chrome/132.0.0.0 Safari/537.36 ArkWeb/6.0.0.125 Mobile HuaweiBrowser/5.1.12.351"
36.28.133.106 - - [29/Jan/2026:01:08:38 -0500] "GET /wp-content/uploads/2021/07/logo.png HTTP/1.1" 200 181002 "https://matrixmodels.com/" "Mozilla/5.0 (Phone; OpenHarmony 6.0; Android 10) AppleWebKit/537.36 (KHTML, like Gecko) Chrome/132.0.0.0 Safari/537.36 ArkWeb/6.0.0.125 Mobile HuaweiBrowser/5.1.12.351"
36.28.133.106 - - [29/Jan/2026:01:08:50 -0500] "GET /wp-content/themes/matrix-model/assets/images/logo/favicon.png HTTP/1.1" 404 259 "https://matrixmodels.com/" "Mozilla/5.0 (Phone; OpenHarmony 6.0; Android 10) AppleWebKit/537.36 (KHTML, like Gecko) Chrome/132.0.0.0 Safari/537.36 ArkWeb/6.0.0.125 Mobile HuaweiBrowser/5.1.12.351"
36.28.133.106 - - [29/Jan/2026:01:08:50 -0500] "GET /wp-content/themes/matrix-model/assets/images/logo/favicon.png HTTP/1.1" 404 259 "https://matrixmodels.com/" "Mozilla/5.0 (Phone; OpenHarmony 6.0; Android 10) AppleWebKit/537.36 (KHTML, like Gecko) Chrome/132.0.0.0 Safari/537.36 ArkWeb/6.0.0.125 Mobile HuaweiBrowser/5.1.12.351"
66.249.70.135 - - [29/Jan/2026:01:08:55 -0500] "GET /?p=5709 HTTP/1.1" 404 8442 "-" "Mozilla/5.0 (Linux; Android 6.0.1; Nexus 5X Build/MMB29P) AppleWebKit/537.36 (KHTML, like Gecko) Chrome/143.0.7499.192 Mobile Safari/537.36 (compatible; Googlebot/2.1; +http://www.google.com/bot.html)"
64.59.72.148 - - [29/Jan/2026:01:09:03 -0500] "GET / HTTP/1.1" 200 4446 "-" "check_http/v2.4.9 (nagios-plugins 2.4.9)"
36.28.133.106 - - [29/Jan/2026:01:09:07 -0500] "GET / HTTP/1.1" 200 4465 "-" "Mozilla/5.0 (Phone; OpenHarmony 6.0; Android 10) AppleWebKit/537.36 (KHTML, like Gecko) Chrome/132.0.0.0 Safari/537.36 ArkWeb/6.0.0.125 Mobile HuaweiBrowser/5.1.12.351"
36.28.133.106 - - [29/Jan/2026:01:09:08 -0500] "GET /wp-content/themes/matrix-model/assets/css/owl.carousel.min.css HTTP/1.1" 404 260 "https://matrixmodels.com/" "Mozilla/5.0 (Phone; OpenHarmony 6.0; Android 10) AppleWebKit/537.36 (KHTML, like Gecko) Chrome/132.0.0.0 Safari/537.36 ArkWeb/6.0.0.125 Mobile HuaweiBrowser/5.1.12.351"
36.28.133.106 - - [29/Jan/2026:01:09:08 -0500] "GET /wp-content/themes/matrix-model/assets/css/owl.theme.default.min.css HTTP/1.1" 404 265 "https://matrixmodels.com/" "Mozilla/5.0 (Phone; OpenHarmony 6.0; Android 10) AppleWebKit/537.36 (KHTML, like Gecko) Chrome/132.0.0.0 Safari/537.36 ArkWeb/6.0.0.125 Mobile HuaweiBrowser/5.1.12.351"
36.28.133.106 - - [29/Jan/2026:01:09:15 -0500] "GET /our-models HTTP/1.1" 301 - "https://matrixmodels.com/" "Mozilla/5.0 (Phone; OpenHarmony 6.0; Android 10) AppleWebKit/537.36 (KHTML, like Gecko) Chrome/132.0.0.0 Safari/537.36 ArkWeb/6.0.0.125 Mobile HuaweiBrowser/5.1.12.351"
36.28.133.106 - - [29/Jan/2026:01:09:16 -0500] "GET /our-models/ HTTP/1.1" 200 7615 "https://matrixmodels.com/" "Mozilla/5.0 (Phone; OpenHarmony 6.0; Android 10) AppleWebKit/537.36 (KHTML, like Gecko) Chrome/132.0.0.0 Safari/537.36 ArkWeb/6.0.0.125 Mobile HuaweiBrowser/5.1.12.351"
36.28.133.106 - - [29/Jan/2026:01:09:16 -0500] "GET /wp-includes/css/dist/block-library/style.min.css?ver=5.6.16 HTTP/1.1" 200 51338 "https://matrixmodels.com/our-models/" "Mozilla/5.0 (Phone; OpenHarmony 6.0; Android 10) AppleWebKit/537.36 (KHTML, like Gecko) Chrome/132.0.0.0 Safari/537.36 ArkWeb/6.0.0.125 Mobile HuaweiBrowser/5.1.12.351"
36.28.133.106 - - [29/Jan/2026:01:09:17 -0500] "GET /wp-content/themes/matrix-model/style.css?ver=5.6.16 HTTP/1.1" 200 41969 "https://matrixmodels.com/our-models/" "Mozilla/5.0 (Phone; OpenHarmony 6.0; Android 10) AppleWebKit/537.36 (KHTML, like Gecko) Chrome/132.0.0.0 Safari/537.36 ArkWeb/6.0.0.125 Mobile HuaweiBrowser/5.1.12.351"
36.28.133.106 - - [29/Jan/2026:01:09:17 -0500] "GET /wp-includes/js/jquery/jquery-migrate.min.js?ver=3.3.2 HTTP/1.1" 200 11224 "https://matrixmodels.com/our-models/" "Mozilla/5.0 (Phone; OpenHarmony 6.0; Android 10) AppleWebKit/537.36 (KHTML, like Gecko) Chrome/132.0.0.0 Safari/537.36 ArkWeb/6.0.0.125 Mobile HuaweiBrowser/5.1.12.351"
36.28.133.106 - - [29/Jan/2026:01:09:17 -0500] "GET /wp-content/themes/matrix-model/images/inner-logo.jpg HTTP/1.1" 200 8330 "https://matrixmodels.com/our-models/" "Mozilla/5.0 (Phone; OpenHarmony 6.0; Android 10) AppleWebKit/537.36 (KHTML, like Gecko) Chrome/132.0.0.0 Safari/537.36 ArkWeb/6.0.0.125 Mobile HuaweiBrowser/5.1.12.351"
36.28.133.106 - - [29/Jan/2026:01:09:17 -0500] "GET /wp-includes/js/jquery/jquery.min.js?ver=3.5.1 HTTP/1.1" 200 89496 "https://matrixmodels.com/our-models/" "Mozilla/5.0 (Phone; OpenHarmony 6.0; Android 10) AppleWebKit/537.36 (KHTML, like Gecko) Chrome/132.0.0.0 Safari/537.36 ArkWeb/6.0.0.125 Mobile HuaweiBrowser/5.1.12.351"
36.28.133.106 - - [29/Jan/2026:01:09:22 -0500] "GET /wp-includes/js/wp-emoji-release.min.js?ver=5.6.16 HTTP/1.1" 200 14229 "https://matrixmodels.com/our-models/" "Mozilla/5.0 (Phone; OpenHarmony 6.0; Android 10) AppleWebKit/537.36 (KHTML, like Gecko) Chrome/132.0.0.0 Safari/537.36 ArkWeb/6.0.0.125 Mobile HuaweiBrowser/5.1.12.351"
36.28.133.106 - - [29/Jan/2026:01:09:26 -0500] "GET /favicon.ico HTTP/1.1" 200 43 "https://matrixmodels.com/our-models/" "Mozilla/5.0 (Phone; OpenHarmony 6.0; Android 10) AppleWebKit/537.36 (KHTML, like Gecko) Chrome/132.0.0.0 Safari/537.36 ArkWeb/6.0.0.125 Mobile HuaweiBrowser/5.1.12.351"
27.115.124.6 - - [29/Jan/2026:01:09:30 -0500] "GET /our-models/ HTTP/1.1" 200 7615 "-" "Mozilla/5.0 (Linux; Android 10; HUAWEI P30 Pro) AppleWebKit/537.36 (KHTML, like Gecko) Chrome/89.0.4389.105 Mobile Safari/537.36"
24.80.20.65 - - [29/Jan/2026:01:09:30 -0500] "GET /wp-content/uploads/2019/03/CFL08093.jpg HTTP/1.1" 200 135759 "https://www.google.com/" "Mozilla/5.0 (Linux; Android 10; K) AppleWebKit/537.36 (KHTML, like Gecko) SamsungBrowser/29.0 Chrome/136.0.0.0 Mobile Safari/537.36"
36.28.133.106 - - [29/Jan/2026:01:09:31 -0500] "GET /our-models/ HTTP/1.1" 200 7615 "https://matrixmodels.com/" "Mozilla/5.0 (Phone; OpenHarmony 6.0; Android 10) AppleWebKit/537.36 (KHTML, like Gecko) Chrome/132.0.0.0 Safari/537.36 ArkWeb/6.0.0.125 Mobile HuaweiBrowser/5.1.12.351"
27.115.124.6 - - [29/Jan/2026:01:09:32 -0500] "GET /wp-includes/css/dist/block-library/style.min.css?ver=5.6.16 HTTP/1.1" 200 51338 "https://matrixmodels.com/our-models/" "Mozilla/5.0 (Linux; Android 10; HUAWEI P30 Pro) AppleWebKit/537.36 (KHTML, like Gecko) Chrome/89.0.4389.105 Mobile Safari/537.36"
36.28.133.106 - - [29/Jan/2026:01:09:33 -0500] "GET /wp-content/themes/matrix-model/assets/css/owl.carousel.min.css HTTP/1.1" 404 260 "https://matrixmodels.com/" "Mozilla/5.0 (Phone; OpenHarmony 6.0; Android 10) AppleWebKit/537.36 (KHTML, like Gecko) Chrome/132.0.0.0 Safari/537.36 ArkWeb/6.0.0.125 Mobile HuaweiBrowser/5.1.12.351"
27.115.124.6 - - [29/Jan/2026:01:09:33 -0500] "GET /wp-content/themes/matrix-model/style.css?ver=5.6.16 HTTP/1.1" 200 41969 "https://matrixmodels.com/our-models/" "Mozilla/5.0 (Linux; Android 10; HUAWEI P30 Pro) AppleWebKit/537.36 (KHTML, like Gecko) Chrome/89.0.4389.105 Mobile Safari/537.36"
27.115.124.53 - - [29/Jan/2026:01:09:33 -0500] "GET /our-models/ HTTP/1.1" 200 7615 "-" "Mozilla/5.0 (Linux; Android 10; HUAWEI P30 Pro) AppleWebKit/537.36 (KHTML, like Gecko) Chrome/89.0.4389.105 Mobile Safari/537.36"
27.115.124.109 - - [29/Jan/2026:01:09:33 -0500] "GET /wp-includes/js/jquery/jquery.min.js?ver=3.5.1 HTTP/1.1" 200 89496 "https://matrixmodels.com/our-models/" "Mozilla/5.0 (Linux; Android 10; HUAWEI P30 Pro) AppleWebKit/537.36 (KHTML, like Gecko) Chrome/89.0.4389.105 Mobile Safari/537.36"
27.115.124.70 - - [29/Jan/2026:01:09:33 -0500] "GET /wp-includes/js/jquery/jquery-migrate.min.js?ver=3.3.2 HTTP/1.1" 200 11224 "https://matrixmodels.com/our-models/" "Mozilla/5.0 (Linux; Android 10; HUAWEI P30 Pro) AppleWebKit/537.36 (KHTML, like Gecko) Chrome/89.0.4389.105 Mobile Safari/537.36"
27.115.124.101 - - [29/Jan/2026:01:09:33 -0500] "GET /wp-content/themes/matrix-model/images/inner-logo.jpg HTTP/1.1" 200 8330 "https://matrixmodels.com/our-models/" "Mozilla/5.0 (Linux; Android 10; HUAWEI P30 Pro) AppleWebKit/537.36 (KHTML, like Gecko) Chrome/89.0.4389.105 Mobile Safari/537.36"
34.159.74.143 - - [29/Jan/2026:01:09:33 -0500] "GET / HTTP/1.1" 200 4465 "-" "Mozilla/5.0 (Windows NT 10.0; Win64; x64) AppleWebKit/537.36 (KHTML, like Gecko) Chrome/135.0.0.0 Safari/537.36 Edg/135.0.0.0"
27.115.124.53 - - [29/Jan/2026:01:09:33 -0500] "GET /wp-includes/js/wp-emoji-release.min.js?ver=5.6.16 HTTP/1.1" 200 14229 "https://matrixmodels.com/our-models/" "Mozilla/5.0 (Linux; Android 10; HUAWEI P30 Pro) AppleWebKit/537.36 (KHTML, like Gecko) Chrome/89.0.4389.105 Mobile Safari/537.36"
36.28.133.106 - - [29/Jan/2026:01:09:34 -0500] "GET /wp-content/themes/matrix-model/assets/css/owl.carousel.min.css HTTP/1.1" 404 260 "https://matrixmodels.com/" "Mozilla/5.0 (Phone; OpenHarmony 6.0; Android 10) AppleWebKit/537.36 (KHTML, like Gecko) Chrome/132.0.0.0 Safari/537.36 ArkWeb/6.0.0.125 Mobile HuaweiBrowser/5.1.12.351"
34.159.74.143 - - [29/Jan/2026:01:09:34 -0500] "GET /wp-content/themes/matrix-model/assets/css/aos.css HTTP/1.1" 200 26053 "https://matrixmodels.com/" "Mozilla/5.0 (Windows NT 10.0; Win64; x64) AppleWebKit/537.36 (KHTML, like Gecko) Chrome/135.0.0.0 Safari/537.36 Edg/135.0.0.0"
34.159.74.143 - - [29/Jan/2026:01:09:34 -0500] "GET /wp-content/themes/matrix-model/assets/css/owl.carousel.min.css HTTP/1.1" 404 260 "https://matrixmodels.com/" "Mozilla/5.0 (Windows NT 10.0; Win64; x64) AppleWebKit/537.36 (KHTML, like Gecko) Chrome/135.0.0.0 Safari/537.36 Edg/135.0.0.0"
34.159.74.143 - - [29/Jan/2026:01:09:33 -0500] "GET /wp-content/themes/matrix-model/assets/css/bootstrap_v4.3.1_min.css HTTP/1.1" 200 155712 "https://matrixmodels.com/" "Mozilla/5.0 (Windows NT 10.0; Win64; x64) AppleWebKit/537.36 (KHTML, like Gecko) Chrome/135.0.0.0 Safari/537.36 Edg/135.0.0.0"
36.28.133.106 - - [29/Jan/2026:01:09:34 -0500] "GET /wp-content/themes/matrix-model/assets/css/owl.theme.default.min.css HTTP/1.1" 404 265 "https://matrixmodels.com/" "Mozilla/5.0 (Phone; OpenHarmony 6.0; Android 10) AppleWebKit/537.36 (KHTML, like Gecko) Chrome/132.0.0.0 Safari/537.36 ArkWeb/6.0.0.125 Mobile HuaweiBrowser/5.1.12.351"
34.159.74.143 - - [29/Jan/2026:01:09:34 -0500] "GET /wp-content/themes/matrix-model/assets/css/owl.theme.default.min.css HTTP/1.1" 404 265 "https://matrixmodels.com/" "Mozilla/5.0 (Windows NT 10.0; Win64; x64) AppleWebKit/537.36 (KHTML, like Gecko) Chrome/135.0.0.0 Safari/537.36 Edg/135.0.0.0"
34.159.74.143 - - [29/Jan/2026:01:09:34 -0500] "GET /wp-content/themes/matrix-model/assets/css/custom.css HTTP/1.1" 200 5229 "https://matrixmodels.com/" "Mozilla/5.0 (Windows NT 10.0; Win64; x64) AppleWebKit/537.36 (KHTML, like Gecko) Chrome/135.0.0.0 Safari/537.36 Edg/135.0.0.0"
34.159.74.143 - - [29/Jan/2026:01:09:34 -0500] "GET /wp-content/themes/matrix-model/assets/images/more/i-1.jpg HTTP/1.1" 200 39164 "https://matrixmodels.com/" "Mozilla/5.0 (Windows NT 10.0; Win64; x64) AppleWebKit/537.36 (KHTML, like Gecko) Chrome/135.0.0.0 Safari/537.36 Edg/135.0.0.0"
34.159.74.143 - - [29/Jan/2026:01:09:34 -0500] "GET /wp-content/themes/matrix-model/assets/images/more/i-2.jpg HTTP/1.1" 200 44619 "https://matrixmodels.com/" "Mozilla/5.0 (Windows NT 10.0; Win64; x64) AppleWebKit/537.36 (KHTML, like Gecko) Chrome/135.0.0.0 Safari/537.36 Edg/135.0.0.0"
34.159.74.143 - - [29/Jan/2026:01:09:34 -0500] "GET /wp-content/themes/matrix-model/assets/images/more/i-3.jpg HTTP/1.1" 200 36068 "https://matrixmodels.com/" "Mozilla/5.0 (Windows NT 10.0; Win64; x64) AppleWebKit/537.36 (KHTML, like Gecko) Chrome/135.0.0.0 Safari/537.36 Edg/135.0.0.0"
34.159.74.143 - - [29/Jan/2026:01:09:34 -0500] "GET /wp-content/themes/matrix-model/assets/images/more/i-4.jpg HTTP/1.1" 200 28534 "https://matrixmodels.com/" "Mozilla/5.0 (Windows NT 10.0; Win64; x64) AppleWebKit/537.36 (KHTML, like Gecko) Chrome/135.0.0.0 Safari/537.36 Edg/135.0.0.0"
34.159.74.143 - - [29/Jan/2026:01:09:34 -0500] "GET /wp-content/themes/matrix-model/assets/css/animate.min.css HTTP/1.1" 200 52592 "https://matrixmodels.com/" "Mozilla/5.0 (Windows NT 10.0; Win64; x64) AppleWebKit/537.36 (KHTML, like Gecko) Chrome/135.0.0.0 Safari/537.36 Edg/135.0.0.0"
34.159.74.143 - - [29/Jan/2026:01:09:34 -0500] "GET /wp-content/themes/matrix-model/assets/images/more/i-6.jpg HTTP/1.1" 200 39553 "https://matrixmodels.com/" "Mozilla/5.0 (Windows NT 10.0; Win64; x64) AppleWebKit/537.36 (KHTML, like Gecko) Chrome/135.0.0.0 Safari/537.36 Edg/135.0.0.0"
34.159.74.143 - - [29/Jan/2026:01:09:34 -0500] "GET /wp-content/themes/matrix-model/assets/images/more/i-7.jpg HTTP/1.1" 200 35534 "https://matrixmodels.com/" "Mozilla/5.0 (Windows NT 10.0; Win64; x64) AppleWebKit/537.36 (KHTML, like Gecko) Chrome/135.0.0.0 Safari/537.36 Edg/135.0.0.0"
34.159.74.143 - - [29/Jan/2026:01:09:34 -0500] "GET /wp-content/themes/matrix-model/assets/images/more/i-8.jpg HTTP/1.1" 200 31506 "https://matrixmodels.com/" "Mozilla/5.0 (Windows NT 10.0; Win64; x64) AppleWebKit/537.36 (KHTML, like Gecko) Chrome/135.0.0.0 Safari/537.36 Edg/135.0.0.0"
34.159.74.143 - - [29/Jan/2026:01:09:34 -0500] "GET /wp-content/themes/matrix-model/assets/images/more/i-9.jpg HTTP/1.1" 200 39513 "https://matrixmodels.com/" "Mozilla/5.0 (Windows NT 10.0; Win64; x64) AppleWebKit/537.36 (KHTML, like Gecko) Chrome/135.0.0.0 Safari/537.36 Edg/135.0.0.0"
34.159.74.143 - - [29/Jan/2026:01:09:34 -0500] "GET /wp-content/themes/matrix-model/assets/images/more/i-5.jpg HTTP/1.1" 200 35264 "https://matrixmodels.com/" "Mozilla/5.0 (Windows NT 10.0; Win64; x64) AppleWebKit/537.36 (KHTML, like Gecko) Chrome/135.0.0.0 Safari/537.36 Edg/135.0.0.0"
34.159.74.143 - - [29/Jan/2026:01:09:34 -0500] "GET /wp-content/uploads/2021/07/logo.png HTTP/1.1" 200 181002 "https://matrixmodels.com/" "Mozilla/5.0 (Windows NT 10.0; Win64; x64) AppleWebKit/537.36 (KHTML, like Gecko) Chrome/135.0.0.0 Safari/537.36 Edg/135.0.0.0"
27.115.124.6 - - [29/Jan/2026:01:09:34 -0500] "GET /wp-includes/js/jquery/jquery.min.js?ver=3.5.1 HTTP/1.1" 200 89496 "https://matrixmodels.com/our-models/" "Mozilla/5.0 (Linux; Android 10; HUAWEI P30 Pro) AppleWebKit/537.36 (KHTML, like Gecko) Chrome/89.0.4389.105 Mobile Safari/537.36"
27.115.124.53 - - [29/Jan/2026:01:09:34 -0500] "GET /wp-includes/css/dist/block-library/style.min.css?ver=5.6.16 HTTP/1.1" 200 51338 "https://matrixmodels.com/our-models/" "Mozilla/5.0 (Linux; Android 10; HUAWEI P30 Pro) AppleWebKit/537.36 (KHTML, like Gecko) Chrome/89.0.4389.105 Mobile Safari/537.36"
27.115.124.53 - - [29/Jan/2026:01:09:34 -0500] "GET /wp-content/themes/matrix-model/style.css?ver=5.6.16 HTTP/1.1" 200 41969 "https://matrixmodels.com/our-models/" "Mozilla/5.0 (Linux; Android 10; HUAWEI P30 Pro) AppleWebKit/537.36 (KHTML, like Gecko) Chrome/89.0.4389.105 Mobile Safari/537.36"
27.115.124.109 - - [29/Jan/2026:01:09:34 -0500] "GET /wp-includes/js/jquery/jquery-migrate.min.js?ver=3.3.2 HTTP/1.1" 200 11224 "https://matrixmodels.com/our-models/" "Mozilla/5.0 (Linux; Android 10; HUAWEI P30 Pro) AppleWebKit/537.36 (KHTML, like Gecko) Chrome/89.0.4389.105 Mobile Safari/537.36"
34.159.74.143 - - [29/Jan/2026:01:09:35 -0500] "GET /wp-content/themes/matrix-model/assets/images/logo/favicon.png HTTP/1.1" 404 259 "https://matrixmodels.com/" "Mozilla/5.0 (Windows NT 10.0; Win64; x64) AppleWebKit/537.36 (KHTML, like Gecko) Chrome/135.0.0.0 Safari/537.36 Edg/135.0.0.0"
24.80.20.65 - - [29/Jan/2026:01:09:34 -0500] "GET /wp-content/uploads/2019/03/CFL08093.jpg HTTP/1.1" 200 135759 "-" "Mozilla/5.0 (Linux; Android 10; K) AppleWebKit/537.36 (KHTML, like Gecko) SamsungBrowser/29.0 Chrome/136.0.0.0 Mobile Safari/537.36"
24.80.20.65 - - [29/Jan/2026:01:09:35 -0500] "GET /favicon.ico HTTP/1.1" 200 43 "https://matrixmodels.com/wp-content/uploads/2019/03/CFL08093.jpg" "Mozilla/5.0 (Linux; Android 10; K) AppleWebKit/537.36 (KHTML, like Gecko) SamsungBrowser/29.0 Chrome/136.0.0.0 Mobile Safari/537.36"
27.115.124.53 - - [29/Jan/2026:01:09:35 -0500] "GET /wp-content/themes/matrix-model/images/inner-logo.jpg HTTP/1.1" 200 8330 "https://matrixmodels.com/our-models/" "Mozilla/5.0 (Linux; Android 10; HUAWEI P30 Pro) AppleWebKit/537.36 (KHTML, like Gecko) Chrome/89.0.4389.105 Mobile Safari/537.36"
27.115.124.53 - - [29/Jan/2026:01:09:36 -0500] "GET /wp-includes/js/wp-emoji-release.min.js?ver=5.6.16 HTTP/1.1" 200 14229 "https://matrixmodels.com/our-models/" "Mozilla/5.0 (Linux; Android 10; HUAWEI P30 Pro) AppleWebKit/537.36 (KHTML, like Gecko) Chrome/89.0.4389.105 Mobile Safari/537.36"
27.115.124.38 - - [29/Jan/2026:01:09:40 -0500] "GET /favicon.ico HTTP/1.1" 200 43 "-" "Mozilla/5.0 (Windows NT 10.0; WOW64) AppleWebKit/537.36 (KHTML, like Gecko) Chrome/78.0.3904.108 Safari/537.36"
27.115.124.101 - - [29/Jan/2026:01:09:41 -0500] "GET /favicon.ico HTTP/1.1" 200 43 "-" "Mozilla/5.0 (Windows NT 10.0; WOW64) AppleWebKit/537.36 (KHTML, like Gecko) Chrome/78.0.3904.108 Safari/537.36"
27.115.124.6 - - [29/Jan/2026:01:09:43 -0500] "GET /favicon.ico HTTP/1.1" 200 43 "-" "Mozilla/5.0 (Windows NT 10.0; Win64; x64) AppleWebKit/537.36 (KHTML, like Gecko) Chrome/120.0.0.0 Safari/537.36"
27.115.124.5 - - [29/Jan/2026:01:09:45 -0500] "GET /favicon.ico HTTP/1.1" 200 43 "-" "Mozilla/5.0 (Macintosh; Intel Mac OS X 10_7_0) AppleWebKit/535.11 (KHTML, like Gecko) Chrome/17.0.963.56 Safari/535.11"
36.28.133.106 - - [29/Jan/2026:01:09:54 -0500] "GET /our-models/ HTTP/1.1" 200 7615 "https://matrixmodels.com/" "Mozilla/5.0 (Phone; OpenHarmony 6.0; Android 10) AppleWebKit/537.36 (KHTML, like Gecko) Chrome/132.0.0.0 Safari/537.36 ArkWeb/6.0.0.125 Mobile HuaweiBrowser/5.1.12.351"
66.249.70.135 - - [29/Jan/2026:01:09:58 -0500] "GET /?p=4932 HTTP/1.1" 404 8442 "-" "Mozilla/5.0 (Linux; Android 6.0.1; Nexus 5X Build/MMB29P) AppleWebKit/537.36 (KHTML, like Gecko) Chrome/143.0.7499.192 Mobile Safari/537.36 (compatible; Googlebot/2.1; +http://www.google.com/bot.html)"
24.80.20.65 - - [29/Jan/2026:01:10:00 -0500] "-" 408 - "-" "-"
24.80.20.65 - - [29/Jan/2026:01:10:04 -0500] "-" 408 - "-" "-"
114.119.155.38 - - [29/Jan/2026:01:10:09 -0500] "GET /otw-portfolio/megan-sage/ HTTP/1.1" 301 - "https://www.thenude.com/Megan%20Sage_31554.htm" "Mozilla/5.0 (Linux; Android 7.0;) AppleWebKit/537.36 (KHTML, like Gecko) Mobile Safari/537.36 (compatible; PetalBot;+https://webmaster.petalsearch.com/site/petalbot)"
114.119.155.38 - - [29/Jan/2026:01:10:10 -0500] "GET / HTTP/1.1" 200 4446 "https://www.thenude.com/Megan%20Sage_31554.htm" "Mozilla/5.0 (Linux; Android 7.0;) AppleWebKit/537.36 (KHTML, like Gecko) Mobile Safari/537.36 (compatible; PetalBot;+https://webmaster.petalsearch.com/site/petalbot)"
24.80.20.65 - - [29/Jan/2026:01:10:46 -0500] "GET /otw-portfolio/chanel-shortcake/ HTTP/1.1" 301 - "https://www.google.com/" "Mozilla/5.0 (Linux; Android 10; K) AppleWebKit/537.36 (KHTML, like Gecko) SamsungBrowser/29.0 Chrome/136.0.0.0 Mobile Safari/537.36"
24.80.20.65 - - [29/Jan/2026:01:10:47 -0500] "GET / HTTP/1.1" 200 4465 "https://www.google.com/" "Mozilla/5.0 (Linux; Android 10; K) AppleWebKit/537.36 (KHTML, like Gecko) SamsungBrowser/29.0 Chrome/136.0.0.0 Mobile Safari/537.36"
24.80.20.65 - - [29/Jan/2026:01:10:47 -0500] "GET /wp-content/themes/matrix-model/assets/css/aos.css HTTP/1.1" 200 26053 "https://matrixmodels.com/" "Mozilla/5.0 (Linux; Android 10; K) AppleWebKit/537.36 (KHTML, like Gecko) SamsungBrowser/29.0 Chrome/136.0.0.0 Mobile Safari/537.36"
24.80.20.65 - - [29/Jan/2026:01:10:47 -0500] "GET /wp-content/themes/matrix-model/assets/css/owl.theme.default.min.css HTTP/1.1" 404 265 "https://matrixmodels.com/" "Mozilla/5.0 (Linux; Android 10; K) AppleWebKit/537.36 (KHTML, like Gecko) SamsungBrowser/29.0 Chrome/136.0.0.0 Mobile Safari/537.36"
24.80.20.65 - - [29/Jan/2026:01:10:47 -0500] "GET /wp-content/themes/matrix-model/assets/css/owl.carousel.min.css HTTP/1.1" 404 260 "https://matrixmodels.com/" "Mozilla/5.0 (Linux; Android 10; K) AppleWebKit/537.36 (KHTML, like Gecko) SamsungBrowser/29.0 Chrome/136.0.0.0 Mobile Safari/537.36"
24.80.20.65 - - [29/Jan/2026:01:10:47 -0500] "GET /wp-content/themes/matrix-model/assets/css/bootstrap_v4.3.1_min.css HTTP/1.1" 200 155712 "https://matrixmodels.com/" "Mozilla/5.0 (Linux; Android 10; K) AppleWebKit/537.36 (KHTML, like Gecko) SamsungBrowser/29.0 Chrome/136.0.0.0 Mobile Safari/537.36"
24.80.20.65 - - [29/Jan/2026:01:10:47 -0500] "GET /wp-content/themes/matrix-model/assets/css/custom.css HTTP/1.1" 200 5229 "https://matrixmodels.com/" "Mozilla/5.0 (Linux; Android 10; K) AppleWebKit/537.36 (KHTML, like Gecko) SamsungBrowser/29.0 Chrome/136.0.0.0 Mobile Safari/537.36"
24.80.20.65 - - [29/Jan/2026:01:10:47 -0500] "GET /wp-content/themes/matrix-model/assets/css/animate.min.css HTTP/1.1" 200 52592 "https://matrixmodels.com/" "Mozilla/5.0 (Linux; Android 10; K) AppleWebKit/537.36 (KHTML, like Gecko) SamsungBrowser/29.0 Chrome/136.0.0.0 Mobile Safari/537.36"
24.80.20.65 - - [29/Jan/2026:01:10:47 -0500] "GET /wp-content/themes/matrix-model/assets/images/more/i-1.jpg HTTP/1.1" 200 39164 "https://matrixmodels.com/" "Mozilla/5.0 (Linux; Android 10; K) AppleWebKit/537.36 (KHTML, like Gecko) SamsungBrowser/29.0 Chrome/136.0.0.0 Mobile Safari/537.36"
24.80.20.65 - - [29/Jan/2026:01:10:47 -0500] "GET /wp-content/themes/matrix-model/assets/images/more/i-2.jpg HTTP/1.1" 200 44619 "https://matrixmodels.com/" "Mozilla/5.0 (Linux; Android 10; K) AppleWebKit/537.36 (KHTML, like Gecko) SamsungBrowser/29.0 Chrome/136.0.0.0 Mobile Safari/537.36"
24.80.20.65 - - [29/Jan/2026:01:10:47 -0500] "GET /wp-content/themes/matrix-model/assets/images/more/i-3.jpg HTTP/1.1" 200 36068 "https://matrixmodels.com/" "Mozilla/5.0 (Linux; Android 10; K) AppleWebKit/537.36 (KHTML, like Gecko) SamsungBrowser/29.0 Chrome/136.0.0.0 Mobile Safari/537.36"
24.80.20.65 - - [29/Jan/2026:01:10:47 -0500] "GET /wp-content/themes/matrix-model/assets/images/more/i-4.jpg HTTP/1.1" 200 28534 "https://matrixmodels.com/" "Mozilla/5.0 (Linux; Android 10; K) AppleWebKit/537.36 (KHTML, like Gecko) SamsungBrowser/29.0 Chrome/136.0.0.0 Mobile Safari/537.36"
24.80.20.65 - - [29/Jan/2026:01:10:47 -0500] "GET /wp-content/themes/matrix-model/assets/images/more/i-6.jpg HTTP/1.1" 200 39553 "https://matrixmodels.com/" "Mozilla/5.0 (Linux; Android 10; K) AppleWebKit/537.36 (KHTML, like Gecko) SamsungBrowser/29.0 Chrome/136.0.0.0 Mobile Safari/537.36"
24.80.20.65 - - [29/Jan/2026:01:10:47 -0500] "GET /wp-content/themes/matrix-model/assets/images/more/i-5.jpg HTTP/1.1" 200 35264 "https://matrixmodels.com/" "Mozilla/5.0 (Linux; Android 10; K) AppleWebKit/537.36 (KHTML, like Gecko) SamsungBrowser/29.0 Chrome/136.0.0.0 Mobile Safari/537.36"
24.80.20.65 - - [29/Jan/2026:01:10:47 -0500] "GET /wp-content/themes/matrix-model/assets/images/more/i-7.jpg HTTP/1.1" 200 35534 "https://matrixmodels.com/" "Mozilla/5.0 (Linux; Android 10; K) AppleWebKit/537.36 (KHTML, like Gecko) SamsungBrowser/29.0 Chrome/136.0.0.0 Mobile Safari/537.36"
24.80.20.65 - - [29/Jan/2026:01:10:47 -0500] "GET /wp-content/themes/matrix-model/assets/images/more/i-9.jpg HTTP/1.1" 200 39513 "https://matrixmodels.com/" "Mozilla/5.0 (Linux; Android 10; K) AppleWebKit/537.36 (KHTML, like Gecko) SamsungBrowser/29.0 Chrome/136.0.0.0 Mobile Safari/537.36"
24.80.20.65 - - [29/Jan/2026:01:10:47 -0500] "GET /wp-content/themes/matrix-model/assets/images/more/i-8.jpg HTTP/1.1" 200 31506 "https://matrixmodels.com/" "Mozilla/5.0 (Linux; Android 10; K) AppleWebKit/537.36 (KHTML, like Gecko) SamsungBrowser/29.0 Chrome/136.0.0.0 Mobile Safari/537.36"
24.80.20.65 - - [29/Jan/2026:01:10:47 -0500] "GET /wp-content/uploads/2021/07/logo.png HTTP/1.1" 200 181002 "https://matrixmodels.com/" "Mozilla/5.0 (Linux; Android 10; K) AppleWebKit/537.36 (KHTML, like Gecko) SamsungBrowser/29.0 Chrome/136.0.0.0 Mobile Safari/537.36"
24.80.20.65 - - [29/Jan/2026:01:10:48 -0500] "GET /wp-content/themes/matrix-model/assets/images/logo/favicon.png HTTP/1.1" 404 259 "https://matrixmodels.com/" "Mozilla/5.0 (Linux; Android 10; K) AppleWebKit/537.36 (KHTML, like Gecko) SamsungBrowser/29.0 Chrome/136.0.0.0 Mobile Safari/537.36"
43.173.177.86 - - [29/Jan/2026:01:10:50 -0500] "GET /about-matrix-models HTTP/1.1" 301 - "-" "Mozilla/5.0 (Windows NT 10.0; Win64; x64) AppleWebKit/537.36 (KHTML, like Gecko) Chrome/111.0.0.0 Safari/537.36"
43.173.177.86 - - [29/Jan/2026:01:10:51 -0500] "GET /about-matrix-models/ HTTP/1.1" 200 10323 "http://matrixmodels.com/about-matrix-models" "Mozilla/5.0 (Windows NT 10.0; Win64; x64) AppleWebKit/537.36 (KHTML, like Gecko) Chrome/111.0.0.0 Safari/537.36"
43.173.179.141 - - [29/Jan/2026:01:10:53 -0500] "GET /about-matrix-models HTTP/1.1" 301 - "-" "Mozilla/5.0 (Windows NT 10.0; Win64; x64) AppleWebKit/537.36 (KHTML, like Gecko) Chrome/116.0.0.0 Safari/537.36"
43.173.179.141 - - [29/Jan/2026:01:10:54 -0500] "GET /about-matrix-models/ HTTP/1.1" 200 10323 "http://matrixmodels.com/about-matrix-models" "Mozilla/5.0 (Windows NT 10.0; Win64; x64) AppleWebKit/537.36 (KHTML, like Gecko) Chrome/116.0.0.0 Safari/537.36"
64.59.72.148 - - [29/Jan/2026:01:11:03 -0500] "GET / HTTP/1.1" 200 4446 "-" "check_http/v2.4.9 (nagios-plugins 2.4.9)"
114.119.145.36 - - [29/Jan/2026:01:11:31 -0500] "GET /otw-portfolio/athena-palomino/ HTTP/1.1" 301 - "https://www.thenude.com/Athena_Palominothenude_42663.htm" "Mozilla/5.0 (Linux; Android 7.0;) AppleWebKit/537.36 (KHTML, like Gecko) Mobile Safari/537.36 (compatible; PetalBot;+https://webmaster.petalsearch.com/site/petalbot)"
114.119.145.36 - - [29/Jan/2026:01:11:31 -0500] "GET / HTTP/1.1" 200 4446 "https://www.thenude.com/Athena_Palominothenude_42663.htm" "Mozilla/5.0 (Linux; Android 7.0;) AppleWebKit/537.36 (KHTML, like Gecko) Mobile Safari/537.36 (compatible; PetalBot;+https://webmaster.petalsearch.com/site/petalbot)"
114.119.155.22 - - [29/Jan/2026:01:12:54 -0500] "GET /2025/11/ HTTP/1.1" 404 8442 "http://matrixmodels.com/2025/11/" "Mozilla/5.0 (Linux; Android 7.0;) AppleWebKit/537.36 (KHTML, like Gecko) Mobile Safari/537.36 (compatible; PetalBot;+https://webmaster.petalsearch.com/site/petalbot)"
64.59.72.148 - - [29/Jan/2026:01:13:03 -0500] "GET / HTTP/1.1" 200 4446 "-" "check_http/v2.4.9 (nagios-plugins 2.4.9)"
172.121.95.225 - - [29/Jan/2026:01:14:31 -0500] "GET / HTTP/1.1" 200 4446 "-" "Mozilla/5.0 (Macintosh; Intel Mac OS X 10_15_7) AppleWebKit/537.36 (KHTML, like Gecko) Chrome/142.0.0.0 Safari/537.36"
64.59.72.148 - - [29/Jan/2026:01:15:03 -0500] "GET / HTTP/1.1" 200 4446 "-" "check_http/v2.4.9 (nagios-plugins 2.4.9)"
64.59.72.148 - - [29/Jan/2026:01:17:03 -0500] "GET / HTTP/1.1" 200 4446 "-" "check_http/v2.4.9 (nagios-plugins 2.4.9)"
54.39.210.160 - - [29/Jan/2026:01:17:17 -0500] "GET /wp-sitemap.xml HTTP/1.1" 200 18479 "-" "Mozilla/5.0 (compatible; AhrefsBot/7.0; +http://ahrefs.com/robot/)"
172.121.88.187 - - [29/Jan/2026:01:17:28 -0500] "GET / HTTP/1.1" 200 4446 "-" "Mozilla/5.0 (Macintosh; Intel Mac OS X 10_15_7) AppleWebKit/537.36 (KHTML, like Gecko) Chrome/142.0.0.0 Safari/537.36"
158.173.154.45 - - [29/Jan/2026:01:17:29 -0500] "GET /wp-login.php HTTP/1.1" 200 6901 "-" "Mozilla/5.0 (Windows NT 10.0; Win64; x64) AppleWebKit/537.36 (KHTML, like Gecko) Chrome/91.0.4472.124 Safari/537.36"
158.173.154.45 - - [29/Jan/2026:01:17:29 -0500] "POST /xmlrpc.php HTTP/1.1" 403 6 "-" "curl/7.30.0"
76.176.201.37 - - [29/Jan/2026:01:18:58 -0500] "-" 408 - "-" "-"
64.59.72.148 - - [29/Jan/2026:01:19:03 -0500] "GET / HTTP/1.1" 200 4446 "-" "check_http/v2.4.9 (nagios-plugins 2.4.9)"
45.148.10.238 - - [29/Jan/2026:01:19:41 -0500] "GET /.git/config HTTP/1.1" 500 535 "-" "Mozilla/5.0 (Linux; Android 8.0.0; RNE-L21) AppleWebKit/537.36 (KHTML, like Gecko) Chrome/76.0.3809.89 Mobile Safari/537.36"
64.59.72.148 - - [29/Jan/2026:01:21:03 -0500] "GET / HTTP/1.1" 200 4446 "-" "check_http/v2.4.9 (nagios-plugins 2.4.9)"
66.249.70.135 - - [29/Jan/2026:01:21:55 -0500] "GET /?p=3409 HTTP/1.1" 404 8442 "-" "Mozilla/5.0 (Linux; Android 6.0.1; Nexus 5X Build/MMB29P) AppleWebKit/537.36 (KHTML, like Gecko) Chrome/143.0.7499.192 Mobile Safari/537.36 (compatible; Googlebot/2.1; +http://www.google.com/bot.html)"
172.252.209.207 - - [29/Jan/2026:01:22:02 -0500] "GET / HTTP/1.1" 200 4446 "-" "Mozilla/5.0 (Macintosh; Intel Mac OS X 10_15_7) AppleWebKit/537.36 (KHTML, like Gecko) Chrome/142.0.0.0 Safari/537.36"
162.216.150.63 - - [29/Jan/2026:01:22:24 -0500] "GET /wp-login.php HTTP/1.1" 200 6925 "-" "Hello from Palo Alto Networks, find out more about our scans in https://docs-cortex.paloaltonetworks.com/r/1/Cortex-Xpanse/Scanning-activity"
64.59.72.148 - - [29/Jan/2026:01:23:03 -0500] "GET / HTTP/1.1" 200 4446 "-" "check_http/v2.4.9 (nagios-plugins 2.4.9)"
172.252.114.74 - - [29/Jan/2026:01:23:18 -0500] "GET / HTTP/1.1" 200 4465 "-" "Mozilla/5.0 (Macintosh; Intel Mac OS X 10_15_7) AppleWebKit/537.36 (KHTML, like Gecko) Chrome/142.0.0.0 Safari/537.36"
95.85.238.21 - - [29/Jan/2026:01:23:55 -0500] "GET /wp-login.php HTTP/1.1" 200 6901 "-" "Mozilla/5.0 (Windows NT 6.1; Trident/7.0; rv:11.0) like Gecko"
95.85.238.21 - - [29/Jan/2026:01:23:56 -0500] "POST /wp-login.php HTTP/1.1" 200 7310 "-" "Mozilla/5.0 (Windows NT 6.1; Trident/7.0; rv:11.0) like Gecko"
49.237.10.60 - - [29/Jan/2026:01:24:03 -0500] "-" 408 - "-" "-"
64.59.72.148 - - [29/Jan/2026:01:25:03 -0500] "GET / HTTP/1.1" 200 4446 "-" "check_http/v2.4.9 (nagios-plugins 2.4.9)"
42.236.12.208 - - [29/Jan/2026:01:25:52 -0500] "GET / HTTP/1.1" 200 4446 "http://matrixmodels.com/" "User-Agent:Mozilla/5.0 (Windows NT 10.0; Win64; x64) AppleWebKit/537.36 (KHTML, like Gecko) Chrome/140.0.0.0 Safari/537.36 Edg/140.0.0.0; 360Spider"
64.59.72.148 - - [29/Jan/2026:01:27:03 -0500] "GET / HTTP/1.1" 200 4446 "-" "check_http/v2.4.9 (nagios-plugins 2.4.9)"
172.252.46.19 - - [29/Jan/2026:01:27:49 -0500] "GET / HTTP/1.1" 200 4446 "-" "Mozilla/5.0 (Macintosh; Intel Mac OS X 10_15_7) AppleWebKit/537.36 (KHTML, like Gecko) Chrome/142.0.0.0 Safari/537.36"
172.121.173.205 - - [29/Jan/2026:01:27:57 -0500] "GET / HTTP/1.1" 200 4446 "-" "Mozilla/5.0 (Macintosh; Intel Mac OS X 10_15_7) AppleWebKit/537.36 (KHTML, like Gecko) Chrome/142.0.0.0 Safari/537.36"
198.98.51.43 - - [29/Jan/2026:01:28:25 -0500] "GET /wp-login.php HTTP/1.1" 200 6925 "-" "Mozilla/5.0 (compatible; MSIE 9.0; Windows NT 6.1; WOW64; Trident/5.0)"
198.98.51.43 - - [29/Jan/2026:01:28:25 -0500] "POST /wp-login.php HTTP/1.1" 200 7216 "-" "Mozilla/5.0 (compatible; MSIE 9.0; Windows NT 6.1; WOW64; Trident/5.0)"
54.39.0.244 - - [29/Jan/2026:01:28:54 -0500] "GET /otw-portfolio/gabbie-carter/ HTTP/1.1" 301 - "-" "Mozilla/5.0 (compatible; AhrefsBot/7.0; +http://ahrefs.com/robot/)"
158.220.122.128 - - [29/Jan/2026:01:28:58 -0500] "POST /GponForm/diag_Form?images/ HTTP/1.1" 404 8442 "-" "Mozilla/5.0 (CentOS; Linux i686) AppleWebKit/537.36 (KHTML, like Gecko) Chrome/131.0.0.0 Safari/537.36"
64.59.72.148 - - [29/Jan/2026:01:29:03 -0500] "GET / HTTP/1.1" 200 4446 "-" "check_http/v2.4.9 (nagios-plugins 2.4.9)"
158.220.122.128 - - [29/Jan/2026:01:29:08 -0500] "POST /GponForm/diag_Form?images/ HTTP/1.1" 404 8442 "-" "Mozilla/5.0 (Macintosh; Intel Mac OS X 10_15_7) AppleWebKit/537.36 (KHTML, like Gecko) Chrome/110.0.0.0 Safari/537.36"
64.64.110.113 - - [29/Jan/2026:01:29:30 -0500] "GET /our-models/ HTTP/1.1" 200 7587 "-" "Mozilla/5.0 (Windows NT 10.0; Win64; x64) AppleWebKit/537.36 (KHTML, like Gecko) Chrome/139.0.0.0 Safari/537.36"
64.59.72.148 - - [29/Jan/2026:01:31:03 -0500] "GET / HTTP/1.1" 200 4446 "-" "check_http/v2.4.9 (nagios-plugins 2.4.9)"
204.10.194.20 - - [29/Jan/2026:01:32:27 -0500] "GET /wp-login.php HTTP/1.1" 200 6925 "https://www.google.com/" "Mozilla/5.0 (Macintosh; Intel Mac OS X 13_6_1; rv:118.0) Gecko/20100101 Firefox/118.0"
204.10.194.20 - - [29/Jan/2026:01:32:27 -0500] "GET /?author=1 HTTP/1.1" 301 - "https://wordpress.org/" "Mozilla/5.0 (Windows NT 10.0; Win64; x64; rv:121.0) Gecko/20100101 Firefox/121.0"
204.10.194.20 - - [29/Jan/2026:01:32:27 -0500] "GET /author/admin/ HTTP/1.1" 200 11212 "https://wordpress.org/" "Mozilla/5.0 (Windows NT 10.0; Win64; x64; rv:121.0) Gecko/20100101 Firefox/121.0"
204.10.194.20 - - [29/Jan/2026:01:32:27 -0500] "GET /?author=2 HTTP/1.1" 404 8466 "-" "Mozilla/5.0 (Windows NT 11.0; Win64; x64) AppleWebKit/537.36 (KHTML, like Gecko) Chrome/118.0.0.0 Safari/537.36"
204.10.194.20 - - [29/Jan/2026:01:32:28 -0500] "GET /?author=3 HTTP/1.1" 404 8466 "-" "Mozilla/5.0 (Macintosh; Intel Mac OS X 10_15_7) AppleWebKit/605.1.15 (KHTML, like Gecko) Version/17.2 Safari/605.1.15"
204.10.194.20 - - [29/Jan/2026:01:32:28 -0500] "GET /?author=4 HTTP/1.1" 200 11224 "https://www.facebook.com/" "Mozilla/5.0 (Macintosh; Intel Mac OS X 13_6_1; rv:119.0) Gecko/20100101 Firefox/119.0"
204.10.194.20 - - [29/Jan/2026:01:32:28 -0500] "GET /?author=5 HTTP/1.1" 301 - "" "Mozilla/5.0 (Macintosh; Intel Mac OS X 10_15_7) AppleWebKit/605.1.15 (KHTML, like Gecko) Version/16.6 Safari/605.1.15"
204.10.194.20 - - [29/Jan/2026:01:32:28 -0500] "GET /author/root/ HTTP/1.1" 200 12718 "" "Mozilla/5.0 (Macintosh; Intel Mac OS X 10_15_7) AppleWebKit/605.1.15 (KHTML, like Gecko) Version/16.6 Safari/605.1.15"
204.10.194.20 - - [29/Jan/2026:01:32:28 -0500] "GET /wp-json/wp/v2/users HTTP/1.1" 200 1228 "-" "Mozilla/5.0 (Macintosh; Intel Mac OS X 13_6_1) AppleWebKit/605.1.15 (KHTML, like Gecko) Version/17.0 Safari/605.1.15"
204.10.194.20 - - [29/Jan/2026:01:32:28 -0500] "POST /wp-login.php HTTP/1.1" 200 7194 "https://matrixmodels.com/wp-login.php" "Mozilla/5.0 (Macintosh; Intel Mac OS X 10_15_7; rv:118.0) Gecko/20100101 Firefox/118.0"
204.10.194.20 - - [29/Jan/2026:01:32:28 -0500] "GET /wp-admin/index.php HTTP/1.1" 302 - "https://matrixmodels.com/wp-login.php" "Mozilla/5.0 (Windows NT 11.0; Win64; x64) AppleWebKit/537.36 (KHTML, like Gecko) Chrome/119.0.0.0 Safari/537.36"
204.10.194.20 - - [29/Jan/2026:01:32:29 -0500] "GET /wp-login.php?redirect_to=https%3A%2F%2Fmatrixmodels.com%2Fwp-admin%2Findex.php&reauth=1 HTTP/1.1" 200 6934 "https://matrixmodels.com/wp-login.php" "Mozilla/5.0 (Windows NT 11.0; Win64; x64) AppleWebKit/537.36 (KHTML, like Gecko) Chrome/119.0.0.0 Safari/537.36"
204.10.194.20 - - [29/Jan/2026:01:32:29 -0500] "POST /wp-login.php HTTP/1.1" 302 - "https://matrixmodels.com/wp-login.php" "Mozilla/5.0 (Macintosh; Intel Mac OS X 13_6_1; rv:120.0) Gecko/20100101 Firefox/120.0"
204.10.194.20 - - [29/Jan/2026:01:32:30 -0500] "GET /wp-admin/index.php HTTP/1.1" 200 61521 "https://matrixmodels.com/wp-login.php" "Mozilla/5.0 (Macintosh; Intel Mac OS X 13_6_1; rv:118.0) Gecko/20100101 Firefox/118.0"
204.10.194.20 - - [29/Jan/2026:01:32:30 -0500] "GET /wp-admin/profile.php HTTP/1.1" 200 50729 "https://matrixmodels.com/wp-login.php" "Mozilla/5.0 (Macintosh; Intel Mac OS X 13_6_1; rv:118.0) Gecko/20100101 Firefox/118.0"
204.10.194.20 - - [29/Jan/2026:01:32:32 -0500] "GET /wp-admin/plugin-install.php?tab=upload HTTP/1.1" 200 33758 "www.google.com" "Mozilla/5.0 (Windows NT 10.0; Win64; x64) AppleWebKit/537.36 (KHTML, like Gecko) Chrome/91.0.4472.124 Safari/537.36"
204.10.194.20 - - [29/Jan/2026:01:32:32 -0500] "POST /wp-admin/update.php?action=upload-plugin HTTP/1.1" 200 25307 "www.google.com" "Mozilla/5.0 (Windows NT 10.0; Win64; x64) AppleWebKit/537.36 (KHTML, like Gecko) Chrome/91.0.4472.124 Safari/537.36"
204.10.194.20 - - [29/Jan/2026:01:32:34 -0500] "GET /wp-content/plugins/maubpgp/index.php HTTP/1.1" 200 28505 "www.google.com" "Mozilla/5.0 (Windows NT 10.0; Win64; x64) AppleWebKit/537.36 (KHTML, like Gecko) Chrome/91.0.4472.124 Safari/537.36"
64.59.72.148 - - [29/Jan/2026:01:33:03 -0500] "GET / HTTP/1.1" 200 4446 "-" "check_http/v2.4.9 (nagios-plugins 2.4.9)"
89.245.27.142 - - [29/Jan/2026:01:33:48 -0500] "GET /wp-content/uploads/2019/04/006.jpg HTTP/1.1" 200 100758 "https://www.google.com/" "Mozilla/5.0 (Linux; Android 10; K) AppleWebKit/537.36 (KHTML, like Gecko) SamsungBrowser/29.0 Chrome/136.0.0.0 Mobile Safari/537.36"
172.252.201.28 - - [29/Jan/2026:01:34:08 -0500] "GET / HTTP/1.1" 200 4465 "-" "Mozilla/5.0 (Macintosh; Intel Mac OS X 10_15_7) AppleWebKit/537.36 (KHTML, like Gecko) Chrome/142.0.0.0 Safari/537.36"
89.245.27.142 - - [29/Jan/2026:01:34:18 -0500] "-" 408 - "-" "-"
64.59.72.148 - - [29/Jan/2026:01:35:03 -0500] "GET / HTTP/1.1" 200 4446 "-" "check_http/v2.4.9 (nagios-plugins 2.4.9)"
172.252.192.219 - - [29/Jan/2026:01:36:25 -0500] "GET / HTTP/1.1" 200 4465 "-" "Mozilla/5.0 (Macintosh; Intel Mac OS X 10_15_7) AppleWebKit/537.36 (KHTML, like Gecko) Chrome/142.0.0.0 Safari/537.36"
66.249.70.135 - - [29/Jan/2026:01:36:58 -0500] "GET /?p=4096 HTTP/1.1" 404 8442 "-" "Mozilla/5.0 (Linux; Android 6.0.1; Nexus 5X Build/MMB29P) AppleWebKit/537.36 (KHTML, like Gecko) Chrome/143.0.7499.192 Mobile Safari/537.36 (compatible; Googlebot/2.1; +http://www.google.com/bot.html)"
64.59.72.148 - - [29/Jan/2026:01:37:03 -0500] "GET / HTTP/1.1" 200 4446 "-" "check_http/v2.4.9 (nagios-plugins 2.4.9)"
198.98.60.91 - - [29/Jan/2026:01:37:10 -0500] "GET /wp-login.php HTTP/1.1" 200 6925 "-" "Mozilla/5.0 (compatible; MSIE 10.0; Windows NT 6.1; WOW64; Trident/6.0)"
198.98.60.91 - - [29/Jan/2026:01:37:11 -0500] "POST /wp-login.php HTTP/1.1" 200 7194 "-" "Mozilla/5.0 (compatible; MSIE 10.0; Windows NT 6.1; WOW64; Trident/6.0)"
64.59.72.148 - - [29/Jan/2026:01:39:03 -0500] "GET / HTTP/1.1" 200 4446 "-" "check_http/v2.4.9 (nagios-plugins 2.4.9)"
15.235.27.230 - - [29/Jan/2026:01:39:15 -0500] "GET /8-3/ HTTP/1.1" 200 12364 "-" "Mozilla/5.0 (compatible; AhrefsBot/7.0; +http://ahrefs.com/robot/)"
82.24.225.204 - - [29/Jan/2026:01:39:31 -0500] "GET /otw-portfolio/luna-springs/ HTTP/1.1" 301 - "-" "Mozilla/5.0 (Windows NT 10.0; Win64; x64) AppleWebKit/537.36 (KHTML, like Gecko) Chrome/139.0.0.0 Safari/537.36"
82.24.225.204 - - [29/Jan/2026:01:39:32 -0500] "GET / HTTP/1.1" 200 4446 "-" "Mozilla/5.0 (Windows NT 10.0; Win64; x64) AppleWebKit/537.36 (KHTML, like Gecko) Chrome/139.0.0.0 Safari/537.36"
110.19.212.39 - - [29/Jan/2026:01:39:43 -0500] "GET /our-models/ HTTP/1.1" 200 7615 "-" "Mozilla/5.0 (Windows NT 10.0; Win64; x64) AppleWebKit/537.36 (KHTML, like Gecko) Chrome/143.0.0.0 Safari/537.36"
110.19.212.39 - - [29/Jan/2026:01:39:43 -0500] "GET /wp-includes/css/dist/block-library/style.min.css?ver=5.6.16 HTTP/1.1" 200 51338 "https://matrixmodels.com/our-models/" "Mozilla/5.0 (Windows NT 10.0; Win64; x64) AppleWebKit/537.36 (KHTML, like Gecko) Chrome/143.0.0.0 Safari/537.36"
110.19.212.39 - - [29/Jan/2026:01:39:44 -0500] "GET /wp-content/themes/matrix-model/style.css?ver=5.6.16 HTTP/1.1" 200 41969 "https://matrixmodels.com/our-models/" "Mozilla/5.0 (Windows NT 10.0; Win64; x64) AppleWebKit/537.36 (KHTML, like Gecko) Chrome/143.0.0.0 Safari/537.36"
110.19.212.39 - - [29/Jan/2026:01:39:44 -0500] "GET /wp-includes/js/jquery/jquery.min.js?ver=3.5.1 HTTP/1.1" 200 89496 "https://matrixmodels.com/our-models/" "Mozilla/5.0 (Windows NT 10.0; Win64; x64) AppleWebKit/537.36 (KHTML, like Gecko) Chrome/143.0.0.0 Safari/537.36"
110.19.212.39 - - [29/Jan/2026:01:39:44 -0500] "GET /wp-includes/js/jquery/jquery-migrate.min.js?ver=3.3.2 HTTP/1.1" 200 11224 "https://matrixmodels.com/our-models/" "Mozilla/5.0 (Windows NT 10.0; Win64; x64) AppleWebKit/537.36 (KHTML, like Gecko) Chrome/143.0.0.0 Safari/537.36"
110.19.212.39 - - [29/Jan/2026:01:39:44 -0500] "GET /wp-content/themes/matrix-model/images/inner-logo.jpg HTTP/1.1" 200 8330 "https://matrixmodels.com/our-models/" "Mozilla/5.0 (Windows NT 10.0; Win64; x64) AppleWebKit/537.36 (KHTML, like Gecko) Chrome/143.0.0.0 Safari/537.36"
110.19.212.39 - - [29/Jan/2026:01:39:45 -0500] "GET /wp-includes/js/wp-emoji-release.min.js?ver=5.6.16 HTTP/1.1" 200 14229 "https://matrixmodels.com/our-models/" "Mozilla/5.0 (Windows NT 10.0; Win64; x64) AppleWebKit/537.36 (KHTML, like Gecko) Chrome/143.0.0.0 Safari/537.36"
110.19.212.39 - - [29/Jan/2026:01:39:45 -0500] "GET /favicon.ico HTTP/1.1" 200 43 "https://matrixmodels.com/our-models/" "Mozilla/5.0 (Windows NT 10.0; Win64; x64) AppleWebKit/537.36 (KHTML, like Gecko) Chrome/143.0.0.0 Safari/537.36"
110.19.212.39 - - [29/Jan/2026:01:39:53 -0500] "GET /about-matrix-models/ HTTP/1.1" 200 10353 "https://matrixmodels.com/our-models/" "Mozilla/5.0 (Windows NT 10.0; Win64; x64) AppleWebKit/537.36 (KHTML, like Gecko) Chrome/143.0.0.0 Safari/537.36"
110.19.212.39 - - [29/Jan/2026:01:39:53 -0500] "GET /wp-content/uploads/2014/12/Matrix-Models-Photo-Logo.jpg HTTP/1.1" 200 36134 "https://matrixmodels.com/about-matrix-models/" "Mozilla/5.0 (Windows NT 10.0; Win64; x64) AppleWebKit/537.36 (KHTML, like Gecko) Chrome/143.0.0.0 Safari/537.36"
110.19.212.39 - - [29/Jan/2026:01:39:54 -0500] "GET /wp-content/themes/matrix-model/js/navigation.js?ver=20140711 HTTP/1.1" 200 1516 "https://matrixmodels.com/about-matrix-models/" "Mozilla/5.0 (Windows NT 10.0; Win64; x64) AppleWebKit/537.36 (KHTML, like Gecko) Chrome/143.0.0.0 Safari/537.36"
110.19.212.39 - - [29/Jan/2026:01:39:54 -0500] "GET /wp-includes/js/wp-embed.min.js?ver=5.6.16 HTTP/1.1" 200 1478 "https://matrixmodels.com/about-matrix-models/" "Mozilla/5.0 (Windows NT 10.0; Win64; x64) AppleWebKit/537.36 (KHTML, like Gecko) Chrome/143.0.0.0 Safari/537.36"
110.19.212.39 - - [29/Jan/2026:01:39:54 -0500] "GET /wp-content/themes/matrix-model/images/title_bg.jpg HTTP/1.1" 200 1124 "https://matrixmodels.com/wp-content/themes/matrix-model/style.css?ver=5.6.16" "Mozilla/5.0 (Windows NT 10.0; Win64; x64) AppleWebKit/537.36 (KHTML, like Gecko) Chrome/143.0.0.0 Safari/537.36"
110.19.212.39 - - [29/Jan/2026:01:40:00 -0500] "GET /https-www-netflix-com-watch-80115908trackid13752289tctx0%2c2%2c1e4d6191-442a-4bbb-b824-80e2389da213-155638059%2c%2c/ HTTP/1.1" 200 9494 "https://matrixmodels.com/about-matrix-models/" "Mozilla/5.0 (Windows NT 10.0; Win64; x64) AppleWebKit/537.36 (KHTML, like Gecko) Chrome/143.0.0.0 Safari/537.36"
110.19.212.39 - - [29/Jan/2026:01:40:12 -0500] "-" 408 - "-" "-"
110.19.212.39 - - [29/Jan/2026:01:40:13 -0500] "-" 408 - "-" "-"
110.19.212.39 - - [29/Jan/2026:01:40:13 -0500] "-" 408 - "-" "-"
110.19.212.39 - - [29/Jan/2026:01:40:14 -0500] "-" 408 - "-" "-"
110.19.212.39 - - [29/Jan/2026:01:40:23 -0500] "-" 408 - "-" "-"
