92.71.45.133 - - [28/Jan/2026:14:20:37 -0500] "GET /wp-content/themes/matrix-model/assets/images/more/i-2.jpg HTTP/1.1" 200 44619 "https://matrixmodels.com/" "Mozilla/5.0 (Macintosh; Intel Mac OS X 10_15_7) AppleWebKit/537.36 (KHTML, like Gecko) Chrome/139.0.0.0 Safari/537.36"
92.71.45.133 - - [28/Jan/2026:14:20:37 -0500] "GET /wp-content/themes/matrix-model/assets/images/more/i-5.jpg HTTP/1.1" 200 35264 "https://matrixmodels.com/" "Mozilla/5.0 (Macintosh; Intel Mac OS X 10_15_7) AppleWebKit/537.36 (KHTML, like Gecko) Chrome/139.0.0.0 Safari/537.36"
92.71.45.133 - - [28/Jan/2026:14:20:37 -0500] "GET /wp-content/themes/matrix-model/assets/images/more/i-6.jpg HTTP/1.1" 200 39553 "https://matrixmodels.com/" "Mozilla/5.0 (Macintosh; Intel Mac OS X 10_15_7) AppleWebKit/537.36 (KHTML, like Gecko) Chrome/139.0.0.0 Safari/537.36"
92.71.45.133 - - [28/Jan/2026:14:20:37 -0500] "GET /wp-content/themes/matrix-model/assets/images/more/i-7.jpg HTTP/1.1" 200 35534 "https://matrixmodels.com/" "Mozilla/5.0 (Macintosh; Intel Mac OS X 10_15_7) AppleWebKit/537.36 (KHTML, like Gecko) Chrome/139.0.0.0 Safari/537.36"
92.71.45.133 - - [28/Jan/2026:14:20:37 -0500] "GET /wp-content/themes/matrix-model/assets/images/more/i-8.jpg HTTP/1.1" 200 31506 "https://matrixmodels.com/" "Mozilla/5.0 (Macintosh; Intel Mac OS X 10_15_7) AppleWebKit/537.36 (KHTML, like Gecko) Chrome/139.0.0.0 Safari/537.36"
92.71.45.133 - - [28/Jan/2026:14:20:37 -0500] "GET /wp-content/themes/matrix-model/assets/images/more/i-9.jpg HTTP/1.1" 200 39513 "https://matrixmodels.com/" "Mozilla/5.0 (Macintosh; Intel Mac OS X 10_15_7) AppleWebKit/537.36 (KHTML, like Gecko) Chrome/139.0.0.0 Safari/537.36"
92.71.45.133 - - [28/Jan/2026:14:20:37 -0500] "GET /wp-content/uploads/2021/07/logo.png HTTP/1.1" 200 181002 "https://matrixmodels.com/" "Mozilla/5.0 (Macintosh; Intel Mac OS X 10_15_7) AppleWebKit/537.36 (KHTML, like Gecko) Chrome/139.0.0.0 Safari/537.36"
92.71.45.133 - - [28/Jan/2026:14:20:41 -0500] "GET /wp-content/themes/matrix-model/assets/images/logo/favicon.png HTTP/1.1" 404 259 "https://matrixmodels.com/" "Mozilla/5.0 (Macintosh; Intel Mac OS X 10_15_7) AppleWebKit/537.36 (KHTML, like Gecko) Chrome/139.0.0.0 Safari/537.36"
64.59.72.148 - - [28/Jan/2026:14:20:44 -0500] "GET / HTTP/1.1" 200 4446 "-" "check_http/v2.4.9 (nagios-plugins 2.4.9)"
76.84.101.157 - - [28/Jan/2026:14:20:44 -0500] "GET / HTTP/1.1" 200 4465 "-" "Mozilla/5.0 (Macintosh; Intel Mac OS X 10.15; rv:143.0) Gecko/20100101 Firefox/143.0"
172.121.89.153 - - [28/Jan/2026:14:21:05 -0500] "GET / HTTP/1.1" 200 4465 "-" "Mozilla/5.0 (Macintosh; Intel Mac OS X 10_15_7) AppleWebKit/537.36 (KHTML, like Gecko) Chrome/142.0.0.0 Safari/537.36"
207.46.13.160 - - [28/Jan/2026:14:22:40 -0500] "GET /otw-portfolio/amber-adams/ HTTP/1.1" 301 - "-" "Mozilla/5.0 AppleWebKit/537.36 (KHTML, like Gecko; compatible; bingbot/2.0; +http://www.bing.com/bingbot.htm) Chrome/116.0.1938.76 Safari/537.36"
64.59.72.148 - - [28/Jan/2026:14:22:44 -0500] "GET / HTTP/1.1" 200 4446 "-" "check_http/v2.4.9 (nagios-plugins 2.4.9)"
172.121.149.59 - - [28/Jan/2026:14:23:24 -0500] "GET / HTTP/1.1" 200 4446 "-" "Mozilla/5.0 (Macintosh; Intel Mac OS X 10_15_7) AppleWebKit/537.36 (KHTML, like Gecko) Chrome/142.0.0.0 Safari/537.36"
64.59.72.148 - - [28/Jan/2026:14:24:44 -0500] "GET / HTTP/1.1" 200 4446 "-" "check_http/v2.4.9 (nagios-plugins 2.4.9)"
172.252.206.42 - - [28/Jan/2026:14:25:53 -0500] "GET / HTTP/1.1" 200 4446 "-" "Mozilla/5.0 (Macintosh; Intel Mac OS X 10_15_7) AppleWebKit/537.36 (KHTML, like Gecko) Chrome/142.0.0.0 Safari/537.36"
176.124.17.35 - - [28/Jan/2026:14:26:08 -0500] "GET /wp-content/uploads/2019/06/CARA-5.jpg HTTP/1.1" 200 130235 "https://yandex.ru/images/touch/search?text=%D0%BA%D0%B0%D1%80%D0%BB+%D0%B4%D0%B5%D0%BD%D0%B2%D0%B5%D1%80%D1%81+%D0%BF%D0%BE%D1%80%D0%BD%D0%BE&img_url=https%3A%2F%2Fmatrixmodels.com%2Fwp-content%2Fuploads%2F2019%2F06%2FCARA-5.jpg&rpt=simage&pos=64" "Mozilla/5.0 (Linux; arm_64; Android 13; TECNO KJ6) AppleWebKit/537.36 (KHTML, like Gecko) Chrome/142.0.7444.213 YaBrowser/25.12.3.213.00 Mobile Safari/537.36"
66.249.70.133 - - [28/Jan/2026:14:26:11 -0500] "GET /?p=2997 HTTP/1.1" 404 8442 "-" "Mozilla/5.0 (Linux; Android 6.0.1; Nexus 5X Build/MMB29P) AppleWebKit/537.36 (KHTML, like Gecko) Chrome/143.0.7499.192 Mobile Safari/537.36 (compatible; Googlebot/2.1; +http://www.google.com/bot.html)"
64.59.72.148 - - [28/Jan/2026:14:26:44 -0500] "GET / HTTP/1.1" 200 4446 "-" "check_http/v2.4.9 (nagios-plugins 2.4.9)"
51.77.211.229 - - [28/Jan/2026:14:27:10 -0500] "GET /wp-content/uploads/2018/05/138.jpg HTTP/1.1" 200 140475 "-" "Mozilla/5.0 (Windows NT 10.0; Win64; x64) AppleWebKit/537.36 (KHTML, like Gecko) Chrome/139.0.0.0 Safari/537.36"
57.129.81.154 - - [28/Jan/2026:14:27:12 -0500] "GET /wp-content/uploads/2015/12/JILLIAN-1.jpg HTTP/1.1" 200 119007 "-" "Mozilla/5.0 (Windows NT 10.0; Win64; x64) AppleWebKit/537.36 (KHTML, like Gecko) Chrome/139.0.0.0 Safari/537.36"
84.32.68.66 - - [28/Jan/2026:14:27:40 -0500] "GET / HTTP/1.1" 301 - "-" "Mozilla/5.0 (Macintosh; Intel Mac OS X 10_15_7) AppleWebKit/537.36 (KHTML, like Gecko) Chrome/142.0.0.0 Safari/537.36"
172.252.183.163 - - [28/Jan/2026:14:27:52 -0500] "GET / HTTP/1.1" 200 4446 "-" "Mozilla/5.0 (Macintosh; Intel Mac OS X 10_15_7) AppleWebKit/537.36 (KHTML, like Gecko) Chrome/142.0.0.0 Safari/537.36"
90.11.2.9 - - [28/Jan/2026:14:28:35 -0500] "GET /our-models/ HTTP/1.1" 200 7615 "https://matrixmodels.com/our-models/" "Mozilla/5.0 (Windows NT 10.0; Win64; x64) AppleWebKit/537.36 (KHTML, like Gecko) Chrome/144.0.0.0 Safari/537.36"
142.44.228.61 - - [28/Jan/2026:14:28:35 -0500] "GET /trik-menang-togel-online-era-baru/ HTTP/1.1" 404 8442 "-" "Mozilla/5.0 (compatible; AhrefsBot/7.0; +http://ahrefs.com/robot/)"
90.11.2.9 - - [28/Jan/2026:14:28:35 -0500] "GET /wp-includes/js/wp-emoji-release.min.js?ver=5.6.16 HTTP/1.1" 200 14229 "https://matrixmodels.com/our-models/" "Mozilla/5.0 (Windows NT 10.0; Win64; x64) AppleWebKit/537.36 (KHTML, like Gecko) Chrome/144.0.0.0 Safari/537.36"
90.11.2.9 - - [28/Jan/2026:14:28:36 -0500] "GET /wp-includes/css/dist/block-library/style.min.css?ver=5.6.16 HTTP/1.1" 200 51338 "https://matrixmodels.com/our-models/" "Mozilla/5.0 (Windows NT 10.0; Win64; x64) AppleWebKit/537.36 (KHTML, like Gecko) Chrome/144.0.0.0 Safari/537.36"
90.11.2.9 - - [28/Jan/2026:14:28:36 -0500] "GET /wp-content/themes/matrix-model/style.css?ver=5.6.16 HTTP/1.1" 200 41969 "https://matrixmodels.com/our-models/" "Mozilla/5.0 (Windows NT 10.0; Win64; x64) AppleWebKit/537.36 (KHTML, like Gecko) Chrome/144.0.0.0 Safari/537.36"
90.11.2.9 - - [28/Jan/2026:14:28:36 -0500] "GET /wp-includes/js/jquery/jquery.min.js?ver=3.5.1 HTTP/1.1" 200 89496 "https://matrixmodels.com/our-models/" "Mozilla/5.0 (Windows NT 10.0; Win64; x64) AppleWebKit/537.36 (KHTML, like Gecko) Chrome/144.0.0.0 Safari/537.36"
90.11.2.9 - - [28/Jan/2026:14:28:36 -0500] "GET /wp-includes/js/jquery/jquery-migrate.min.js?ver=3.3.2 HTTP/1.1" 200 11224 "https://matrixmodels.com/our-models/" "Mozilla/5.0 (Windows NT 10.0; Win64; x64) AppleWebKit/537.36 (KHTML, like Gecko) Chrome/144.0.0.0 Safari/537.36"
90.11.2.9 - - [28/Jan/2026:14:28:36 -0500] "GET /wp-content/themes/matrix-model/images/inner-logo.jpg HTTP/1.1" 200 8330 "https://matrixmodels.com/our-models/" "Mozilla/5.0 (Windows NT 10.0; Win64; x64) AppleWebKit/537.36 (KHTML, like Gecko) Chrome/144.0.0.0 Safari/537.36"
90.11.2.9 - - [28/Jan/2026:14:28:37 -0500] "GET /favicon.ico HTTP/1.1" 200 43 "https://matrixmodels.com/our-models/" "Mozilla/5.0 (Windows NT 10.0; Win64; x64) AppleWebKit/537.36 (KHTML, like Gecko) Chrome/144.0.0.0 Safari/537.36"
64.59.72.148 - - [28/Jan/2026:14:28:44 -0500] "GET / HTTP/1.1" 200 4446 "-" "check_http/v2.4.9 (nagios-plugins 2.4.9)"
90.11.2.9 - - [28/Jan/2026:14:28:46 -0500] "GET /our-models/ HTTP/1.1" 200 7615 "https://matrixmodels.com/our-models/" "Mozilla/5.0 (Windows NT 10.0; Win64; x64) AppleWebKit/537.36 (KHTML, like Gecko) Chrome/144.0.0.0 Safari/537.36"
90.11.2.9 - - [28/Jan/2026:14:28:56 -0500] "GET /our-models/ HTTP/1.1" 200 7615 "https://matrixmodels.com/our-models/" "Mozilla/5.0 (Windows NT 10.0; Win64; x64) AppleWebKit/537.36 (KHTML, like Gecko) Chrome/144.0.0.0 Safari/537.36"
172.252.238.47 - - [28/Jan/2026:14:28:57 -0500] "GET / HTTP/1.1" 200 4446 "-" "Mozilla/5.0 (Macintosh; Intel Mac OS X 10_15_7) AppleWebKit/537.36 (KHTML, like Gecko) Chrome/142.0.0.0 Safari/537.36"
172.121.76.85 - - [28/Jan/2026:14:29:51 -0500] "GET / HTTP/1.1" 200 4446 "-" "Mozilla/5.0 (Macintosh; Intel Mac OS X 10_15_7) AppleWebKit/537.36 (KHTML, like Gecko) Chrome/142.0.0.0 Safari/537.36"
65.21.113.249 - - [28/Jan/2026:14:30:11 -0500] "GET /robots.txt HTTP/1.1" 200 116 "-" "Mozilla/5.0 (compatible; AwarioBot/1.0; +https://awario.com/bots.html)"
65.21.113.249 - - [28/Jan/2026:14:30:11 -0500] "GET /our-models HTTP/1.1" 301 - "-" "Mozilla/5.0 (compatible; AwarioBot/1.0; +https://awario.com/bots.html)"
65.21.113.249 - - [28/Jan/2026:14:30:11 -0500] "GET /our-models/ HTTP/1.1" 200 7587 "-" "Mozilla/5.0 (compatible; AwarioBot/1.0; +https://awario.com/bots.html)"
64.59.72.148 - - [28/Jan/2026:14:30:44 -0500] "GET / HTTP/1.1" 200 4446 "-" "check_http/v2.4.9 (nagios-plugins 2.4.9)"
172.252.136.112 - - [28/Jan/2026:14:30:49 -0500] "GET / HTTP/1.1" 200 4465 "-" "Mozilla/5.0 (Macintosh; Intel Mac OS X 10_15_7) AppleWebKit/537.36 (KHTML, like Gecko) Chrome/142.0.0.0 Safari/537.36"
157.173.123.222 - - [28/Jan/2026:14:31:36 -0500] "GET /robots.txt HTTP/1.1" 200 116 "-" "yacybot (/global; amd64 Linux 6.12.63+deb13-amd64; java 21.0.10; Europe/en) http://yacy.net/bot.html"
51.68.111.207 - - [28/Jan/2026:14:32:05 -0500] "GET /robots.txt HTTP/1.1" 200 117 "-" "Mozilla/5.0 (compatible; MJ12bot/v2.0.4; http://mj12bot.com/)"
51.68.111.207 - - [28/Jan/2026:14:32:05 -0500] "GET / HTTP/1.1" 200 4465 "-" "Mozilla/5.0 (compatible; MJ12bot/v2.0.4; http://mj12bot.com/)"
207.46.13.92 - - [28/Jan/2026:14:32:29 -0500] "GET /casino-en-ligne-avec-neosurf/ HTTP/1.1" 404 8442 "-" "Mozilla/5.0 AppleWebKit/537.36 (KHTML, like Gecko; compatible; bingbot/2.0; +http://www.bing.com/bingbot.htm) Chrome/116.0.1938.76 Safari/537.36"
45.156.129.132 - - [28/Jan/2026:14:32:32 -0500] "GET / HTTP/1.1" 301 - "-" "Mozilla/5.0 (Windows NT 10.0; Win64; x64) AppleWebKit/537.36 (KHTML, like Gecko) Chrome/60.0.3112.113 Safari/537.36"
45.156.129.56 - - [28/Jan/2026:14:32:32 -0500] "GET / HTTP/1.1" 200 4465 "https://74.206.165.146/" "Mozilla/5.0 (Windows NT 10.0; Win64; x64) AppleWebKit/537.36 (KHTML, like Gecko) Chrome/60.0.3112.113 Safari/537.36"
64.59.72.148 - - [28/Jan/2026:14:32:44 -0500] "GET / HTTP/1.1" 200 4446 "-" "check_http/v2.4.9 (nagios-plugins 2.4.9)"
31.56.252.151 - - [28/Jan/2026:14:32:55 -0500] "GET / HTTP/1.1" 200 4465 "-" "Mozilla/5.0 (Macintosh; Intel Mac OS X 10_15_7) AppleWebKit/537.36 (KHTML, like Gecko) Chrome/142.0.0.0 Safari/537.36"
172.252.228.220 - - [28/Jan/2026:14:33:15 -0500] "GET / HTTP/1.1" 200 4465 "-" "Mozilla/5.0 (Macintosh; Intel Mac OS X 10_15_7) AppleWebKit/537.36 (KHTML, like Gecko) Chrome/142.0.0.0 Safari/537.36"
172.252.149.193 - - [28/Jan/2026:14:33:29 -0500] "GET / HTTP/1.1" 200 4465 "-" "Mozilla/5.0 (Macintosh; Intel Mac OS X 10_15_7) AppleWebKit/537.36 (KHTML, like Gecko) Chrome/142.0.0.0 Safari/537.36"
45.61.185.137 - - [28/Jan/2026:14:33:35 -0500] "GET /wp-login.php HTTP/1.1" 200 6925 "-" "Mozilla/5.0 (Macintosh; Intel Mac OS X 10_9_4 AppleWebKit/537.36 (KHTML, like Gecko) Chrome/36.0.1985.125 Safari/537.36"
45.61.185.137 - - [28/Jan/2026:14:33:36 -0500] "POST /wp-login.php HTTP/1.1" 200 7335 "-" "Mozilla/5.0 (Macintosh; Intel Mac OS X 10_9_4 AppleWebKit/537.36 (KHTML, like Gecko) Chrome/36.0.1985.125 Safari/537.36"
172.252.46.155 - - [28/Jan/2026:14:33:56 -0500] "GET / HTTP/1.1" 200 4465 "-" "Mozilla/5.0 (Macintosh; Intel Mac OS X 10_15_7) AppleWebKit/537.36 (KHTML, like Gecko) Chrome/142.0.0.0 Safari/537.36"
64.59.72.148 - - [28/Jan/2026:14:34:44 -0500] "GET / HTTP/1.1" 200 4446 "-" "check_http/v2.4.9 (nagios-plugins 2.4.9)"
172.252.28.25 - - [28/Jan/2026:14:35:17 -0500] "GET / HTTP/1.1" 200 4465 "-" "Mozilla/5.0 (Macintosh; Intel Mac OS X 10_15_7) AppleWebKit/537.36 (KHTML, like Gecko) Chrome/142.0.0.0 Safari/537.36"
172.252.218.175 - - [28/Jan/2026:14:35:17 -0500] "GET / HTTP/1.1" 200 4465 "-" "Mozilla/5.0 (Macintosh; Intel Mac OS X 10_15_7) AppleWebKit/537.36 (KHTML, like Gecko) Chrome/142.0.0.0 Safari/537.36"
172.252.149.206 - - [28/Jan/2026:14:35:27 -0500] "GET / HTTP/1.1" 200 4465 "-" "Mozilla/5.0 (Macintosh; Intel Mac OS X 10_15_7) AppleWebKit/537.36 (KHTML, like Gecko) Chrome/142.0.0.0 Safari/537.36"
64.59.72.148 - - [28/Jan/2026:14:36:44 -0500] "GET / HTTP/1.1" 200 4446 "-" "check_http/v2.4.9 (nagios-plugins 2.4.9)"
167.114.139.113 - - [28/Jan/2026:14:37:21 -0500] "GET /?dir=%2Fhome%2Fhttpd%2Fhtml%2Fmatrixmodels.com%2Fpublic_html&mode=copy&src=400.shtml HTTP/1.1" 200 4465 "-" "Mozilla/5.0 (compatible; AhrefsBot/7.0; +http://ahrefs.com/robot/)"
216.73.216.155 - - [28/Jan/2026:14:37:26 -0500] "GET /otw-portfolio/leah-gotti HTTP/1.1" 301 - "-" "Mozilla/5.0 AppleWebKit/537.36 (KHTML, like Gecko; compatible; ClaudeBot/1.0; +claudebot@anthropic.com)"
64.59.72.148 - - [28/Jan/2026:14:38:44 -0500] "GET / HTTP/1.1" 200 4446 "-" "check_http/v2.4.9 (nagios-plugins 2.4.9)"
52.167.144.194 - - [28/Jan/2026:14:39:03 -0500] "GET /lucky-31-casino-fr-2025-review/ HTTP/1.1" 404 8442 "-" "Mozilla/5.0 AppleWebKit/537.36 (KHTML, like Gecko; compatible; bingbot/2.0; +http://www.bing.com/bingbot.htm) Chrome/116.0.1938.76 Safari/537.36"
136.115.45.117 - - [28/Jan/2026:14:39:04 -0500] "GET / HTTP/1.1" 200 4465 "-" "got (https://github.com/sindresorhus/got)"
172.252.183.121 - - [28/Jan/2026:14:39:57 -0500] "GET / HTTP/1.1" 200 4465 "-" "Mozilla/5.0 (Macintosh; Intel Mac OS X 10_15_7) AppleWebKit/537.36 (KHTML, like Gecko) Chrome/142.0.0.0 Safari/537.36"
172.252.184.208 - - [28/Jan/2026:14:40:20 -0500] "GET /our-models/ HTTP/1.1" 200 7615 "-" "Mozilla/5.0 (Macintosh; Intel Mac OS X 10_15_7) AppleWebKit/537.36 (KHTML, like Gecko) Chrome/142.0.0.0 Safari/537.36"
64.59.72.148 - - [28/Jan/2026:14:40:44 -0500] "GET / HTTP/1.1" 200 4446 "-" "check_http/v2.4.9 (nagios-plugins 2.4.9)"
172.252.117.193 - - [28/Jan/2026:14:42:20 -0500] "GET /our-models/ HTTP/1.1" 200 7615 "-" "Mozilla/5.0 (Macintosh; Intel Mac OS X 10_15_7) AppleWebKit/537.36 (KHTML, like Gecko) Chrome/142.0.0.0 Safari/537.36"
172.121.118.150 - - [28/Jan/2026:14:42:32 -0500] "GET / HTTP/1.1" 200 4465 "-" "Mozilla/5.0 (Macintosh; Intel Mac OS X 10_15_7) AppleWebKit/537.36 (KHTML, like Gecko) Chrome/142.0.0.0 Safari/537.36"
64.59.72.148 - - [28/Jan/2026:14:42:44 -0500] "GET / HTTP/1.1" 200 4446 "-" "check_http/v2.4.9 (nagios-plugins 2.4.9)"
172.121.93.192 - - [28/Jan/2026:14:42:47 -0500] "GET /our-models/ HTTP/1.1" 200 7615 "-" "Mozilla/5.0 (Macintosh; Intel Mac OS X 10_15_7) AppleWebKit/537.36 (KHTML, like Gecko) Chrome/142.0.0.0 Safari/537.36"
57.141.4.4 - - [28/Jan/2026:14:43:02 -0500] "GET /our-models/ HTTP/1.1" 200 7587 "-" "meta-webindexer/1.1 (+https://developers.facebook.com/docs/sharing/webmasters/crawler)"
172.252.179.9 - - [28/Jan/2026:14:43:53 -0500] "GET /our-models/ HTTP/1.1" 200 7615 "-" "Mozilla/5.0 (Macintosh; Intel Mac OS X 10_15_7) AppleWebKit/537.36 (KHTML, like Gecko) Chrome/142.0.0.0 Safari/537.36"
66.249.70.134 - - [28/Jan/2026:14:43:55 -0500] "GET /cleopatra-slots-gratuits-en-ligne/ HTTP/1.1" 404 8442 "-" "Mozilla/5.0 (Linux; Android 6.0.1; Nexus 5X Build/MMB29P) AppleWebKit/537.36 (KHTML, like Gecko) Chrome/143.0.7499.192 Mobile Safari/537.36 (compatible; Googlebot/2.1; +http://www.google.com/bot.html)"
64.59.72.148 - - [28/Jan/2026:14:44:44 -0500] "GET / HTTP/1.1" 200 4446 "-" "check_http/v2.4.9 (nagios-plugins 2.4.9)"
51.68.111.214 - - [28/Jan/2026:14:45:17 -0500] "GET /robots.txt HTTP/1.1" 200 116 "-" "Mozilla/5.0 (compatible; MJ12bot/v2.0.4; http://mj12bot.com/)"
51.68.111.214 - - [28/Jan/2026:14:45:17 -0500] "GET /otw-portfolio/gabbie-carter/ HTTP/1.1" 301 - "-" "Mozilla/5.0 (compatible; MJ12bot/v2.0.4; http://mj12bot.com/)"
51.68.111.214 - - [28/Jan/2026:14:45:17 -0500] "GET / HTTP/1.1" 200 4446 "-" "Mozilla/5.0 (compatible; MJ12bot/v2.0.4; http://mj12bot.com/)"
204.188.254.159 - - [28/Jan/2026:14:45:46 -0500] "GET / HTTP/1.1" 301 - "-" "Mozilla/5.0 (Linux; Android 11; CPH2185) AppleWebKit/537.36 (KHTML, like Gecko) Chrome/91.0.4472.101 Mobile Safari/537.36"
204.188.254.159 - - [28/Jan/2026:14:45:46 -0500] "GET / HTTP/1.1" 200 4446 "-" "Mozilla/5.0 (Linux; Android 11; CPH2185) AppleWebKit/537.36 (KHTML, like Gecko) Chrome/91.0.4472.101 Mobile Safari/537.36"
54.39.0.200 - - [28/Jan/2026:14:46:36 -0500] "GET /home-page/feed/ HTTP/1.1" 200 714 "-" "Mozilla/5.0 (compatible; AhrefsBot/7.0; +http://ahrefs.com/robot/)"
64.59.72.148 - - [28/Jan/2026:14:46:44 -0500] "GET / HTTP/1.1" 200 4446 "-" "check_http/v2.4.9 (nagios-plugins 2.4.9)"
172.121.89.151 - - [28/Jan/2026:14:46:54 -0500] "GET / HTTP/1.1" 200 4465 "-" "Mozilla/5.0 (Macintosh; Intel Mac OS X 10_15_7) AppleWebKit/537.36 (KHTML, like Gecko) Chrome/142.0.0.0 Safari/537.36"
71.231.80.245 - - [28/Jan/2026:14:47:10 -0500] "-" 408 - "-" "-"
185.247.137.182 - - [28/Jan/2026:14:47:17 -0500] "GET / HTTP/1.1" 301 - "-" "Mozilla/5.0 (compatible; InternetMeasurement/1.0; +https://internet-measurement.com/)"
185.247.137.182 - - [28/Jan/2026:14:47:17 -0500] "GET / HTTP/1.1" 200 4446 "http://www.matrixmodels.com" "Mozilla/5.0 (compatible; InternetMeasurement/1.0; +https://internet-measurement.com/)"
185.247.137.201 - - [28/Jan/2026:14:47:19 -0500] "GET /favicon.ico HTTP/1.1" 200 43 "-" "Mozilla/5.0 (compatible; InternetMeasurement/1.0; +https://internet-measurement.com/)"
185.247.137.174 - - [28/Jan/2026:14:47:19 -0500] "GET /wp-content/themes/matrix-model/assets/images/logo/favicon.png HTTP/1.1" 404 259 "-" "Mozilla/5.0 (compatible; InternetMeasurement/1.0; +https://internet-measurement.com/)"
159.65.219.252 - - [28/Jan/2026:14:47:19 -0500] "GET /wp-content/themes/matrix-model/assets/images/logo/favicon.png HTTP/1.1" 404 259 "-" "Mozilla/5.0 (compatible; InternetMeasurement/1.0; +https://internet-measurement.com/)"
71.231.80.245 - - [28/Jan/2026:14:47:43 -0500] "-" 408 - "-" "-"
71.231.80.245 - - [28/Jan/2026:14:47:43 -0500] "-" 408 - "-" "-"
223.109.252.211 - - [28/Jan/2026:14:48:25 -0500] "GET / HTTP/1.1" 200 4446 "-" "Sogou web spider/4.0(+http://www.sogou.com/docs/help/webmasters.htm#07)"
223.109.252.211 - - [28/Jan/2026:14:48:26 -0500] "GET / HTTP/1.1" 200 4446 "-" "Sogou web spider/4.0(+http://www.sogou.com/docs/help/webmasters.htm#07)"
223.109.252.211 - - [28/Jan/2026:14:48:26 -0500] "GET / HTTP/1.1" 200 4446 "-" "Sogou web spider/4.0(+http://www.sogou.com/docs/help/webmasters.htm#07)"
223.109.252.211 - - [28/Jan/2026:14:48:26 -0500] "GET / HTTP/1.1" 200 4446 "-" "Sogou web spider/4.0(+http://www.sogou.com/docs/help/webmasters.htm#07)"
64.59.72.148 - - [28/Jan/2026:14:48:44 -0500] "GET / HTTP/1.1" 200 4446 "-" "check_http/v2.4.9 (nagios-plugins 2.4.9)"
66.249.70.135 - - [28/Jan/2026:14:49:42 -0500] "GET /?p=3354 HTTP/1.1" 404 8442 "-" "Mozilla/5.0 (Linux; Android 6.0.1; Nexus 5X Build/MMB29P) AppleWebKit/537.36 (KHTML, like Gecko) Chrome/143.0.7499.192 Mobile Safari/537.36 (compatible; Googlebot/2.1; +http://www.google.com/bot.html)"
64.59.72.148 - - [28/Jan/2026:14:50:44 -0500] "GET / HTTP/1.1" 200 4446 "-" "check_http/v2.4.9 (nagios-plugins 2.4.9)"
34.205.163.103 - - [28/Jan/2026:14:51:40 -0500] "GET /robots.txt HTTP/1.1" 200 116 "-" "Mozilla/5.0 AppleWebKit/537.36 (KHTML, like Gecko; compatible; Amazonbot/0.1; +https://developer.amazon.com/support/amazonbot) Chrome/119.0.6045.214 Safari/537.36"
34.231.156.59 - - [28/Jan/2026:14:51:43 -0500] "GET /otw-portfolio/kylie-page/ HTTP/1.1" 301 - "-" "Mozilla/5.0 AppleWebKit/537.36 (KHTML, like Gecko; compatible; Amazonbot/0.1; +https://developer.amazon.com/support/amazonbot) Chrome/119.0.6045.214 Safari/537.36"
52.200.58.199 - - [28/Jan/2026:14:51:43 -0500] "GET / HTTP/1.1" 200 4446 "-" "Mozilla/5.0 AppleWebKit/537.36 (KHTML, like Gecko; compatible; Amazonbot/0.1; +https://developer.amazon.com/support/amazonbot) Chrome/119.0.6045.214 Safari/537.36"
162.144.181.160 - - [28/Jan/2026:14:52:11 -0500] "HEAD / HTTP/1.1" 200 - "https://www.lukeisback.com" "WPMU DEV Broken Link Checker Local Engine"
162.144.181.160 - - [28/Jan/2026:14:52:11 -0500] "GET / HTTP/1.1" 200 4446 "https://www.lukeisback.com" "WPMU DEV Broken Link Checker Local Engine"
64.59.72.148 - - [28/Jan/2026:14:52:44 -0500] "GET / HTTP/1.1" 200 4446 "-" "check_http/v2.4.9 (nagios-plugins 2.4.9)"
17.241.227.104 - - [28/Jan/2026:14:53:31 -0500] "GET /otw-portfolio/sophia-lux/ HTTP/1.1" 301 - "-" "Mozilla/5.0 (Macintosh; Intel Mac OS X 10_15_7) AppleWebKit/605.1.15 (KHTML, like Gecko) Version/17.4 Safari/605.1.15 (Applebot/0.1; +http://www.apple.com/go/applebot)"
17.241.227.104 - - [28/Jan/2026:14:53:31 -0500] "GET / HTTP/1.1" 200 4446 "-" "Mozilla/5.0 (Macintosh; Intel Mac OS X 10_15_7) AppleWebKit/605.1.15 (KHTML, like Gecko) Version/17.4 Safari/605.1.15 (Applebot/0.1; +http://www.apple.com/go/applebot)"
64.59.72.148 - - [28/Jan/2026:14:54:44 -0500] "GET / HTTP/1.1" 200 4446 "-" "check_http/v2.4.9 (nagios-plugins 2.4.9)"
45.3.46.121 - - [28/Jan/2026:14:54:54 -0500] "GET /contact-us/ HTTP/1.1" 200 9621 "-" "Mozilla/5.0 (Macintosh; Intel Mac OS X 12_5) AppleWebKit/537.36 (KHTML, like Gecko) Chrome/114.0.0.0 Safari/537.36"
45.3.46.121 - - [28/Jan/2026:14:55:00 -0500] "GET / HTTP/1.1" 200 4446 "http://matrixmodels.com/contact-us/" "Mozilla/5.0 (Macintosh; Intel Mac OS X 12_5) AppleWebKit/537.36 (KHTML, like Gecko) Chrome/114.0.0.0 Safari/537.36"
45.3.46.121 - - [28/Jan/2026:14:55:00 -0500] "GET /?p=53 HTTP/1.1" 301 - "http://matrixmodels.com/contact-us/" "Mozilla/5.0 (Macintosh; Intel Mac OS X 12_5) AppleWebKit/537.36 (KHTML, like Gecko) Chrome/114.0.0.0 Safari/537.36"
45.3.46.121 - - [28/Jan/2026:14:55:01 -0500] "GET /contact-us/ HTTP/1.1" 200 9621 "http://matrixmodels.com/?p=53" "Mozilla/5.0 (Macintosh; Intel Mac OS X 12_5) AppleWebKit/537.36 (KHTML, like Gecko) Chrome/114.0.0.0 Safari/537.36"
45.3.46.121 - - [28/Jan/2026:14:55:02 -0500] "GET /about-matrix-models/ HTTP/1.1" 200 10323 "http://matrixmodels.com/contact-us/" "Mozilla/5.0 (Macintosh; Intel Mac OS X 12_5) AppleWebKit/537.36 (KHTML, like Gecko) Chrome/114.0.0.0 Safari/537.36"
45.3.46.121 - - [28/Jan/2026:14:55:13 -0500] "GET /comments/feed/ HTTP/1.1" 200 717 "http://matrixmodels.com/contact-us/" "Mozilla/5.0 (Macintosh; Intel Mac OS X 12_5) AppleWebKit/537.36 (KHTML, like Gecko) Chrome/114.0.0.0 Safari/537.36"
45.3.46.121 - - [28/Jan/2026:14:55:15 -0500] "GET /our-models/ HTTP/1.1" 200 7587 "http://matrixmodels.com/contact-us/" "Mozilla/5.0 (Macintosh; Intel Mac OS X 12_5) AppleWebKit/537.36 (KHTML, like Gecko) Chrome/114.0.0.0 Safari/537.36"
45.3.46.121 - - [28/Jan/2026:14:55:19 -0500] "GET /feed/ HTTP/1.1" 200 28447 "http://matrixmodels.com/contact-us/" "Mozilla/5.0 (Macintosh; Intel Mac OS X 12_5) AppleWebKit/537.36 (KHTML, like Gecko) Chrome/114.0.0.0 Safari/537.36"
45.3.46.121 - - [28/Jan/2026:14:55:29 -0500] "GET /blog/ HTTP/1.1" 200 18565 "http://matrixmodels.com/contact-us/" "Mozilla/5.0 (Macintosh; Intel Mac OS X 12_5) AppleWebKit/537.36 (KHTML, like Gecko) Chrome/114.0.0.0 Safari/537.36"
45.3.46.121 - - [28/Jan/2026:14:55:32 -0500] "GET /wp-includes/wlwmanifest.xml HTTP/1.1" 200 1045 "http://matrixmodels.com/contact-us/" "Mozilla/5.0 (Macintosh; Intel Mac OS X 12_5) AppleWebKit/537.36 (KHTML, like Gecko) Chrome/114.0.0.0 Safari/537.36"
45.3.46.121 - - [28/Jan/2026:14:55:32 -0500] "GET /https-www-netflix-com-watch-80115908trackid13752289tctx0%2c2%2c1e4d6191-442a-4bbb-b824-80e2389da213-155638059%2c%2c/ HTTP/1.1" 200 9464 "http://matrixmodels.com/contact-us/" "Mozilla/5.0 (Macintosh; Intel Mac OS X 12_5) AppleWebKit/537.36 (KHTML, like Gecko) Chrome/114.0.0.0 Safari/537.36"
54.39.203.174 - - [28/Jan/2026:14:55:36 -0500] "GET /?dir=%2Fhome%2Fhttpd%2Fhtml%2Fmatrixmodels.com%2Fpublic_html&mode=move&src=wp-settings.php HTTP/1.1" 200 4465 "-" "Mozilla/5.0 (compatible; AhrefsBot/7.0; +http://ahrefs.com/robot/)"
45.3.46.121 - - [28/Jan/2026:14:55:42 -0500] "GET /wp-json/ HTTP/1.1" 200 93506 "http://matrixmodels.com/contact-us/" "Mozilla/5.0 (Macintosh; Intel Mac OS X 12_5) AppleWebKit/537.36 (KHTML, like Gecko) Chrome/114.0.0.0 Safari/537.36"
45.3.46.121 - - [28/Jan/2026:14:55:42 -0500] "GET /contact-us/ HTTP/1.1" 200 9621 "http://matrixmodels.com/contact-us/" "Mozilla/5.0 (Macintosh; Intel Mac OS X 12_5) AppleWebKit/537.36 (KHTML, like Gecko) Chrome/114.0.0.0 Safari/537.36"
45.3.46.121 - - [28/Jan/2026:14:55:43 -0500] "GET /wp-json/wp/v2/pages/53 HTTP/1.1" 200 2448 "http://matrixmodels.com/contact-us/" "Mozilla/5.0 (Macintosh; Intel Mac OS X 12_5) AppleWebKit/537.36 (KHTML, like Gecko) Chrome/114.0.0.0 Safari/537.36"
45.3.46.121 - - [28/Jan/2026:14:55:44 -0500] "GET /xmlrpc.php?rsd HTTP/1.1" 403 6 "http://matrixmodels.com/contact-us/" "Mozilla/5.0 (Macintosh; Intel Mac OS X 12_5) AppleWebKit/537.36 (KHTML, like Gecko) Chrome/114.0.0.0 Safari/537.36"
45.3.50.122 - - [28/Jan/2026:14:55:44 -0500] "GET /xmlrpc.php?rsd HTTP/1.1" 403 6 "http://matrixmodels.com/contact-us/" "Mozilla/5.0 (Macintosh; Intel Mac OS X 12_5) AppleWebKit/537.36 (KHTML, like Gecko) Chrome/114.0.0.0 Safari/537.36"
104.167.25.114 - - [28/Jan/2026:14:55:44 -0500] "GET /xmlrpc.php?rsd HTTP/1.1" 403 6 "http://matrixmodels.com/contact-us/" "Mozilla/5.0 (Macintosh; Intel Mac OS X 12_5) AppleWebKit/537.36 (KHTML, like Gecko) Chrome/114.0.0.0 Safari/537.36"
45.3.46.67 - - [28/Jan/2026:14:55:45 -0500] "GET /xmlrpc.php?rsd HTTP/1.1" 403 6 "http://matrixmodels.com/contact-us/" "Mozilla/5.0 (Macintosh; Intel Mac OS X 12_5) AppleWebKit/537.36 (KHTML, like Gecko) Chrome/114.0.0.0 Safari/537.36"
45.3.41.167 - - [28/Jan/2026:14:55:45 -0500] "GET /xmlrpc.php HTTP/1.1" 403 6 "http://matrixmodels.com/contact-us/" "Mozilla/5.0 (Macintosh; Intel Mac OS X 12_5) AppleWebKit/537.36 (KHTML, like Gecko) Chrome/114.0.0.0 Safari/537.36"
209.50.170.183 - - [28/Jan/2026:14:55:46 -0500] "GET /xmlrpc.php HTTP/1.1" 403 6 "http://matrixmodels.com/contact-us/" "Mozilla/5.0 (Macintosh; Intel Mac OS X 12_5) AppleWebKit/537.36 (KHTML, like Gecko) Chrome/114.0.0.0 Safari/537.36"
45.3.46.107 - - [28/Jan/2026:14:55:46 -0500] "GET /xmlrpc.php HTTP/1.1" 403 6 "http://matrixmodels.com/contact-us/" "Mozilla/5.0 (Macintosh; Intel Mac OS X 12_5) AppleWebKit/537.36 (KHTML, like Gecko) Chrome/114.0.0.0 Safari/537.36"
45.3.46.37 - - [28/Jan/2026:14:55:46 -0500] "GET /xmlrpc.php HTTP/1.1" 403 6 "http://matrixmodels.com/contact-us/" "Mozilla/5.0 (Macintosh; Intel Mac OS X 12_5) AppleWebKit/537.36 (KHTML, like Gecko) Chrome/114.0.0.0 Safari/537.36"
45.3.46.121 - - [28/Jan/2026:14:55:47 -0500] "GET / HTTP/1.1" 200 4446 "-" "Mozilla/5.0 (Macintosh; Intel Mac OS X 12_5) AppleWebKit/537.36 (KHTML, like Gecko) Chrome/114.0.0.0 Safari/537.36"
45.3.46.165 - - [28/Jan/2026:14:55:47 -0500] "GET /our-models HTTP/1.1" 301 - "http://matrixmodels.com/" "Mozilla/5.0 (Macintosh; Intel Mac OS X 12_5) AppleWebKit/537.36 (KHTML, like Gecko) Chrome/114.0.0.0 Safari/537.36"
45.3.46.165 - - [28/Jan/2026:14:55:48 -0500] "GET /our-models/ HTTP/1.1" 200 7587 "http://matrixmodels.com/our-models" "Mozilla/5.0 (Macintosh; Intel Mac OS X 12_5) AppleWebKit/537.36 (KHTML, like Gecko) Chrome/114.0.0.0 Safari/537.36"
17.241.75.69 - - [28/Jan/2026:14:56:14 -0500] "GET /wp-content/themes/matrix-model/assets/css/bootstrap_v4.3.1_min.css HTTP/1.1" 200 155712 "http://matrixmodels.com/" "Mozilla/5.0 (Macintosh; Intel Mac OS X 10_15_7) AppleWebKit/605.1.15 (KHTML, like Gecko) Version/17.4 Safari/605.1.15 (Applebot/0.1; +http://www.apple.com/go/applebot)"
17.241.75.186 - - [28/Jan/2026:14:56:16 -0500] "GET /wp-content/themes/matrix-model/assets/css/aos.css HTTP/1.1" 200 26053 "http://matrixmodels.com/" "Mozilla/5.0 (Macintosh; Intel Mac OS X 10_15_7) AppleWebKit/605.1.15 (KHTML, like Gecko) Version/17.4 Safari/605.1.15 (Applebot/0.1; +http://www.apple.com/go/applebot)"
17.241.227.92 - - [28/Jan/2026:14:56:17 -0500] "GET /wp-content/themes/matrix-model/assets/css/owl.carousel.min.css HTTP/1.1" 404 260 "http://matrixmodels.com/" "Mozilla/5.0 (Macintosh; Intel Mac OS X 10_15_7) AppleWebKit/605.1.15 (KHTML, like Gecko) Version/17.4 Safari/605.1.15 (Applebot/0.1; +http://www.apple.com/go/applebot)"
17.241.219.140 - - [28/Jan/2026:14:56:19 -0500] "GET /wp-content/themes/matrix-model/assets/css/owl.theme.default.min.css HTTP/1.1" 404 265 "http://matrixmodels.com/" "Mozilla/5.0 (Macintosh; Intel Mac OS X 10_15_7) AppleWebKit/605.1.15 (KHTML, like Gecko) Version/17.4 Safari/605.1.15 (Applebot/0.1; +http://www.apple.com/go/applebot)"
146.70.178.166 - - [28/Jan/2026:14:56:20 -0500] "GET /wp-content/uploads/ HTTP/1.1" 200 34497 "-" "-"
17.241.227.32 - - [28/Jan/2026:14:56:20 -0500] "GET /wp-content/themes/matrix-model/assets/css/custom.css HTTP/1.1" 200 5229 "http://matrixmodels.com/" "Mozilla/5.0 (Macintosh; Intel Mac OS X 10_15_7) AppleWebKit/605.1.15 (KHTML, like Gecko) Version/17.4 Safari/605.1.15 (Applebot/0.1; +http://www.apple.com/go/applebot)"
146.70.178.166 - - [28/Jan/2026:14:56:20 -0500] "GET /wp-includes/ HTTP/1.1" 403 6 "-" "-"
146.70.178.166 - - [28/Jan/2026:14:56:21 -0500] "GET /wp-includes/css/ HTTP/1.1" 403 6 "-" "-"
146.70.178.166 - - [28/Jan/2026:14:56:21 -0500] "GET /wp-includes/ID3/ HTTP/1.1" 403 6 "-" "-"
146.70.178.166 - - [28/Jan/2026:14:56:21 -0500] "GET /wp-includes/IXR/ HTTP/1.1" 403 6 "-" "-"
146.70.178.166 - - [28/Jan/2026:14:56:22 -0500] "GET /wp-includes/Requests/ HTTP/1.1" 403 6 "-" "-"
17.241.227.128 - - [28/Jan/2026:14:56:22 -0500] "GET /wp-content/themes/matrix-model/assets/css/animate.min.css HTTP/1.1" 200 52592 "http://matrixmodels.com/" "Mozilla/5.0 (Macintosh; Intel Mac OS X 10_15_7) AppleWebKit/605.1.15 (KHTML, like Gecko) Version/17.4 Safari/605.1.15 (Applebot/0.1; +http://www.apple.com/go/applebot)"
146.70.178.166 - - [28/Jan/2026:14:56:22 -0500] "GET /wp-includes/SimplePie/ HTTP/1.1" 403 6 "-" "-"
146.70.178.166 - - [28/Jan/2026:14:56:22 -0500] "GET /wp-includes/Text/ HTTP/1.1" 403 6 "-" "-"
146.70.178.166 - - [28/Jan/2026:14:56:22 -0500] "GET /wp-content/mu-plugins-old/ HTTP/1.1" 404 224 "-" "-"
146.70.178.166 - - [28/Jan/2026:14:56:22 -0500] "GET /wp-content/themes/classic/inc/ HTTP/1.1" 404 228 "-" "-"
146.70.178.166 - - [28/Jan/2026:14:56:23 -0500] "GET /wp-content/plugins/ninja-forms/ HTTP/1.1" 404 229 "-" "-"
146.70.178.166 - - [28/Jan/2026:14:56:23 -0500] "GET /wp-content/mu-plugins/ HTTP/1.1" 403 6 "-" "-"
146.70.178.166 - - [28/Jan/2026:14:56:23 -0500] "GET /wp-includes/Text/Diff/Renderer/ HTTP/1.1" 403 6 "-" "-"
146.70.178.166 - - [28/Jan/2026:14:56:24 -0500] "GET /wp-includes/blocks/ HTTP/1.1" 500 - "-" "-"
146.70.178.166 - - [28/Jan/2026:14:56:24 -0500] "GET /wp-includes/certificates/ HTTP/1.1" 403 6 "-" "-"
146.70.178.166 - - [28/Jan/2026:14:56:24 -0500] "GET /wp-includes/customize/ HTTP/1.1" 403 6 "-" "-"
146.70.178.166 - - [28/Jan/2026:14:56:24 -0500] "GET /wp-includes/fonts/ HTTP/1.1" 403 6 "-" "-"
146.70.178.166 - - [28/Jan/2026:14:56:25 -0500] "GET /wp-includes/images/ HTTP/1.1" 403 6 "-" "-"
146.70.178.166 - - [28/Jan/2026:14:56:25 -0500] "GET /.well-known/ HTTP/1.1" 500 535 "-" "-"
146.70.178.166 - - [28/Jan/2026:14:56:26 -0500] "GET /ALFA_DATA/ HTTP/1.1" 404 8442 "-" "-"
146.70.178.166 - - [28/Jan/2026:14:56:26 -0500] "GET /.well-knownold/ HTTP/1.1" 500 535 "-" "-"
146.70.178.166 - - [28/Jan/2026:14:56:26 -0500] "GET /.well-known/acme-challenge/ HTTP/1.1" 403 6 "-" "-"
146.70.178.166 - - [28/Jan/2026:14:56:26 -0500] "GET /cgi-bin/ HTTP/1.1" 403 6 "-" "-"
146.70.178.166 - - [28/Jan/2026:14:56:27 -0500] "GET /index/ HTTP/1.1" 404 8442 "-" "-"
146.70.178.166 - - [28/Jan/2026:14:56:27 -0500] "GET /id/ HTTP/1.1" 404 8442 "-" "-"
146.70.178.166 - - [28/Jan/2026:14:56:27 -0500] "GET /www/ HTTP/1.1" 404 8442 "-" "-"
146.70.178.166 - - [28/Jan/2026:14:56:27 -0500] "GET /web/ HTTP/1.1" 404 8442 "-" "-"
146.70.178.166 - - [28/Jan/2026:14:56:28 -0500] "GET /uploads/ HTTP/1.1" 404 8442 "-" "-"
146.70.178.166 - - [28/Jan/2026:14:56:28 -0500] "GET /upload/ HTTP/1.1" 404 8442 "-" "-"
146.70.178.166 - - [28/Jan/2026:14:56:28 -0500] "GET /admin/uploads/ HTTP/1.1" 404 8442 "-" "-"
146.70.178.166 - - [28/Jan/2026:14:56:28 -0500] "GET /Admin/uploads/ HTTP/1.1" 404 8442 "-" "-"
146.70.178.166 - - [28/Jan/2026:14:56:29 -0500] "GET /admin/ HTTP/1.1" 302 - "-" "-"
146.70.178.166 - - [28/Jan/2026:14:56:29 -0500] "GET /wp-admin/ HTTP/1.1" 302 - "-" "-"
146.70.178.166 - - [28/Jan/2026:14:56:29 -0500] "GET /wp-login.php?redirect_to=http%3A%2F%2Fmatrixmodels.com%2Fwp-admin%2F&reauth=1 HTTP/1.1" 200 6901 "-" "-"
146.70.178.166 - - [28/Jan/2026:14:56:29 -0500] "GET /images/ HTTP/1.1" 404 8442 "-" "-"
146.70.178.166 - - [28/Jan/2026:14:56:29 -0500] "GET /assets/ HTTP/1.1" 404 8442 "-" "-"
146.70.178.166 - - [28/Jan/2026:14:56:30 -0500] "GET /vendor/phpunit/phpunit/src/Util/PHP/ HTTP/1.1" 404 8442 "-" "-"
146.70.178.166 - - [28/Jan/2026:14:56:30 -0500] "GET /upload/image/ HTTP/1.1" 301 - "-" "-"
146.70.178.166 - - [28/Jan/2026:14:56:30 -0500] "GET /image/ HTTP/1.1" 200 12439 "-" "-"
146.70.178.166 - - [28/Jan/2026:14:56:30 -0500] "GET /assets/images/ HTTP/1.1" 404 8442 "-" "-"
146.70.178.166 - - [28/Jan/2026:14:56:31 -0500] "GET /Public/ HTTP/1.1" 404 8442 "-" "-"
146.70.178.166 - - [28/Jan/2026:14:56:31 -0500] "GET /vendor/ HTTP/1.1" 404 8442 "-" "-"
146.70.178.166 - - [28/Jan/2026:14:56:31 -0500] "GET /local/ HTTP/1.1" 404 8442 "-" "-"
146.70.178.166 - - [28/Jan/2026:14:56:32 -0500] "GET /modules/ HTTP/1.1" 404 8442 "-" "-"
146.70.178.166 - - [28/Jan/2026:14:56:32 -0500] "GET /Site/ HTTP/1.1" 404 8442 "-" "-"
146.70.178.166 - - [28/Jan/2026:14:56:32 -0500] "GET /system/ HTTP/1.1" 404 8442 "-" "-"
146.70.178.166 - - [28/Jan/2026:14:56:33 -0500] "GET /template/ HTTP/1.1" 404 8442 "-" "-"
146.70.178.166 - - [28/Jan/2026:14:56:33 -0500] "GET /shop/ HTTP/1.1" 404 8442 "-" "-"
146.70.178.166 - - [28/Jan/2026:14:56:33 -0500] "GET /files/ HTTP/1.1" 403 6 "-" "-"
146.70.178.166 - - [28/Jan/2026:14:56:34 -0500] "GET /admin/editor/ HTTP/1.1" 404 8442 "-" "-"
146.70.178.166 - - [28/Jan/2026:14:56:34 -0500] "GET /include/ HTTP/1.1" 404 8442 "-" "-"
146.70.178.166 - - [28/Jan/2026:14:56:34 -0500] "GET /Assets/ HTTP/1.1" 404 8442 "-" "-"
146.70.178.166 - - [28/Jan/2026:14:56:35 -0500] "GET /images/stories/ HTTP/1.1" 404 8442 "-" "-"
146.70.178.166 - - [28/Jan/2026:14:56:35 -0500] "GET /plugins/ HTTP/1.1" 404 8442 "-" "-"
146.70.178.166 - - [28/Jan/2026:14:56:35 -0500] "GET /php/ HTTP/1.1" 404 8442 "-" "-"
146.70.178.166 - - [28/Jan/2026:14:56:35 -0500] "GET /wp-admin/css/ HTTP/1.1" 403 6 "-" "-"
146.70.178.166 - - [28/Jan/2026:14:56:36 -0500] "GET /wp-content/themes/twentytwenty/ HTTP/1.1" 500 - "-" "-"
146.70.178.166 - - [28/Jan/2026:14:56:36 -0500] "GET /wp-content/cache/ HTTP/1.1" 404 215 "-" "-"
146.70.178.166 - - [28/Jan/2026:14:56:36 -0500] "GET /wp-admin/maint/ HTTP/1.1" 403 6 "-" "-"
146.70.178.166 - - [28/Jan/2026:14:56:37 -0500] "GET /wp-content/plugins/akismet/ HTTP/1.1" 404 225 "-" "-"
146.70.178.166 - - [28/Jan/2026:14:56:37 -0500] "GET /wp-includes/assets/ HTTP/1.1" 403 6 "-" "-"
146.70.178.166 - - [28/Jan/2026:14:56:37 -0500] "GET /wp-includes/block-patterns/ HTTP/1.1" 403 6 "-" "-"
146.70.178.166 - - [28/Jan/2026:14:56:37 -0500] "GET /wp-includes/block-supports/ HTTP/1.1" 403 6 "-" "-"
146.70.178.166 - - [28/Jan/2026:14:56:38 -0500] "GET /wp-includes/html-api/ HTTP/1.1" 404 8442 "-" "-"
146.70.178.166 - - [28/Jan/2026:14:56:38 -0500] "GET /wp-includes/js/ HTTP/1.1" 403 6 "-" "-"
146.70.178.166 - - [28/Jan/2026:14:56:38 -0500] "GET /wp-includes/php-compat/ HTTP/1.1" 404 8442 "-" "-"
146.70.178.166 - - [28/Jan/2026:14:56:39 -0500] "GET /wp-includes/PHPMailer/ HTTP/1.1" 403 6 "-" "-"
146.70.178.166 - - [28/Jan/2026:14:56:39 -0500] "GET /wp-includes/pomo/ HTTP/1.1" 403 6 "-" "-"
146.70.178.166 - - [28/Jan/2026:14:56:39 -0500] "GET /wp-includes/random_compat/ HTTP/1.1" 403 6 "-" "-"
146.70.178.166 - - [28/Jan/2026:14:56:40 -0500] "GET /wp-includes/rest-api/ HTTP/1.1" 403 6 "-" "-"
146.70.178.166 - - [28/Jan/2026:14:56:40 -0500] "GET /wp-includes/sitemaps/ HTTP/1.1" 403 6 "-" "-"
146.70.178.166 - - [28/Jan/2026:14:56:40 -0500] "GET /wp-includes/sodium_compat/ HTTP/1.1" 403 6 "-" "-"
146.70.178.166 - - [28/Jan/2026:14:56:40 -0500] "GET /wp-includes/style-engine/ HTTP/1.1" 404 8442 "-" "-"
146.70.178.166 - - [28/Jan/2026:14:56:41 -0500] "GET /wp-includes/theme-compat/ HTTP/1.1" 403 6 "-" "-"
146.70.178.166 - - [28/Jan/2026:14:56:41 -0500] "GET /wp-includes/widgets/ HTTP/1.1" 403 6 "-" "-"
146.70.178.166 - - [28/Jan/2026:14:56:41 -0500] "GET /wp-admin/css/colors/ectoplasm/ HTTP/1.1" 403 6 "-" "-"
146.70.178.166 - - [28/Jan/2026:14:56:41 -0500] "GET /wp-admin/css/colors/ HTTP/1.1" 403 6 "-" "-"
146.70.178.166 - - [28/Jan/2026:14:56:42 -0500] "GET /admin/images/slider/ HTTP/1.1" 404 8442 "-" "-"
146.70.178.166 - - [28/Jan/2026:14:56:42 -0500] "GET /admin/fckeditor/editor/filemanager/ HTTP/1.1" 404 8442 "-" "-"
146.70.178.166 - - [28/Jan/2026:14:56:42 -0500] "GET /sites/default/files/ HTTP/1.1" 404 8442 "-" "-"
146.70.178.166 - - [28/Jan/2026:14:56:43 -0500] "GET /admin/controller/extension/extension/ HTTP/1.1" 404 8442 "-" "-"
146.70.178.166 - - [28/Jan/2026:14:56:43 -0500] "GET /modules/mod_simplefileuploadv1.3/elements/ HTTP/1.1" 404 8442 "-" "-"
146.70.178.166 - - [28/Jan/2026:14:56:43 -0500] "GET /components/ HTTP/1.1" 404 8442 "-" "-"
146.70.178.166 - - [28/Jan/2026:14:56:43 -0500] "GET /admin/uploads/images/ HTTP/1.1" 404 8442 "-" "-"
146.70.178.166 - - [28/Jan/2026:14:56:44 -0500] "GET /wp-content/plugins/classic-editor/ HTTP/1.1" 200 21212 "-" "-"
64.59.72.148 - - [28/Jan/2026:14:56:44 -0500] "GET / HTTP/1.1" 200 4446 "-" "check_http/v2.4.9 (nagios-plugins 2.4.9)"
146.70.178.166 - - [28/Jan/2026:14:56:45 -0500] "GET /wp-content/fonts/ HTTP/1.1" 404 215 "-" "-"
146.70.178.166 - - [28/Jan/2026:14:56:45 -0500] "GET /wp-content/plugins/contact-form-7/admin/js/ HTTP/1.1" 403 6 "-" "-"
146.70.178.166 - - [28/Jan/2026:14:56:45 -0500] "GET /wp-content/plugins/contact-form-7/ HTTP/1.1" 403 6 "-" "-"
146.70.178.166 - - [28/Jan/2026:14:56:46 -0500] "GET /wordpress/ HTTP/1.1" 200 418 "-" "-"
146.70.178.166 - - [28/Jan/2026:14:56:46 -0500] "GET /wp-admin/images/ HTTP/1.1" 403 6 "-" "-"
146.70.178.166 - - [28/Jan/2026:14:56:46 -0500] "GET /wp-content/plugins/wordpress-seo/js/dist/ HTTP/1.1" 403 6 "-" "-"
146.70.178.166 - - [28/Jan/2026:14:56:46 -0500] "GET /wp-content/plugins/wordpress-seo/ HTTP/1.1" 200 - "-" "-"
146.70.178.166 - - [28/Jan/2026:14:56:47 -0500] "GET /js/ HTTP/1.1" 404 8442 "-" "-"
146.70.178.166 - - [28/Jan/2026:14:56:47 -0500] "GET /wp-content/plugins/woocommerce/assets/js/ HTTP/1.1" 404 239 "-" "-"
146.70.178.166 - - [28/Jan/2026:14:56:47 -0500] "GET /wp-content/plugins/woocommerce/ HTTP/1.1" 404 229 "-" "-"
146.70.178.166 - - [28/Jan/2026:14:56:47 -0500] "GET /wp-admin/meta/ HTTP/1.1" 404 8442 "-" "-"
146.70.178.166 - - [28/Jan/2026:14:56:48 -0500] "GET /wp-admin/network/ HTTP/1.1" 302 - "-" "-"
146.70.178.166 - - [28/Jan/2026:14:56:48 -0500] "GET /wp-login.php?redirect_to=http%3A%2F%2Fmatrixmodels.com%2Fwp-admin%2Fnetwork%2F&reauth=1 HTTP/1.1" 200 6909 "-" "-"
146.70.178.166 - - [28/Jan/2026:14:56:48 -0500] "GET /wp-admin/user/ HTTP/1.1" 302 - "-" "-"
146.70.178.166 - - [28/Jan/2026:14:56:48 -0500] "GET /wp-login.php?redirect_to=http%3A%2F%2Fmatrixmodels.com%2Fwp-admin%2Fuser%2F&reauth=1 HTTP/1.1" 200 6906 "-" "-"
146.70.178.166 - - [28/Jan/2026:14:56:49 -0500] "GET /wp-content/ HTTP/1.1" 200 - "-" "-"
146.70.178.166 - - [28/Jan/2026:14:56:49 -0500] "GET /wp-content/plugins/ HTTP/1.1" 200 - "-" "-"
146.70.178.166 - - [28/Jan/2026:14:56:50 -0500] "GET /wp-content/themes/ HTTP/1.1" 200 - "-" "-"
146.70.178.166 - - [28/Jan/2026:14:56:50 -0500] "GET /wp-admin/includes/ HTTP/1.1" 403 6 "-" "-"
146.70.178.166 - - [28/Jan/2026:14:56:50 -0500] "GET /wp-admin/ HTTP/1.1" 302 - "-" "-"
146.70.178.166 - - [28/Jan/2026:14:56:51 -0500] "GET /wp-login.php?redirect_to=http%3A%2F%2Fmatrixmodels.com%2Fwp-admin%2F&reauth=1 HTTP/1.1" 200 6901 "-" "-"
146.70.178.166 - - [28/Jan/2026:14:56:51 -0500] "GET /wp-content/upgrade/ HTTP/1.1" 403 6 "-" "-"
176.212.200.17 - - [28/Jan/2026:14:58:15 -0500] "GET /wp-content/uploads/2019/03/CFL08093.jpg HTTP/1.1" 200 135759 "https://ya.ru/images/search?cbird=178&rpt=imageview&url=%2F%2Favatars.mds.yandex.net%2Fi%3Fid%3Dac85d655966f0d06e0a4a4ad03a0c773_l-4902257-images-thumbs%26n%3D13" "Mozilla/5.0 (Windows NT 10.0; Win64; x64) AppleWebKit/537.36 (KHTML, like Gecko) Chrome/144.0.0.0 Safari/537.36 Edg/144.0.0.0"
74.206.165.145 - - [28/Jan/2026:14:58:44 -0500] "POST /wp-cron.php?doing_wp_cron=1769630324.8167839050292968750000 HTTP/1.1" 200 - "http://matrixmodels.com/wp-cron.php?doing_wp_cron=1769630324.8167839050292968750000" "WordPress/5.6.16; http://matrixmodels.com"
64.59.72.148 - - [28/Jan/2026:14:58:44 -0500] "GET / HTTP/1.1" 200 4446 "-" "check_http/v2.4.9 (nagios-plugins 2.4.9)"
64.59.72.148 - - [28/Jan/2026:14:59:42 -0500] "GET / HTTP/1.1" 200 4446 "-" "check_http/v2.4.9 (nagios-plugins 2.4.9)"
64.59.72.148 - - [28/Jan/2026:15:01:42 -0500] "GET / HTTP/1.1" 200 4446 "-" "check_http/v2.4.9 (nagios-plugins 2.4.9)"
34.140.92.201 - - [28/Jan/2026:15:02:27 -0500] "GET / HTTP/1.1" 301 - "-" "python-requests/2.32.5"
64.59.72.148 - - [28/Jan/2026:15:03:42 -0500] "GET / HTTP/1.1" 200 4446 "-" "check_http/v2.4.9 (nagios-plugins 2.4.9)"
68.235.35.171 - - [28/Jan/2026:15:04:18 -0500] "GET /wp-json/wp/v2/posts HTTP/1.1" 200 56722 "-" "Mozilla/5.0 (Windows NT 10.0; Win64; x64) AppleWebKit/537.36 (KHTML, like Gecko) Chrome/120.0.0.0 Safari/537.36"
68.235.35.171 - - [28/Jan/2026:15:04:19 -0500] "POST /wp-comments-post.php HTTP/1.1" 403 2731 "-" "Mozilla/5.0 (Windows NT 10.0; Win64; x64) AppleWebKit/537.36 (KHTML, like Gecko) Chrome/120.0.0.0 Safari/537.36"
172.59.231.61 - - [28/Jan/2026:15:04:37 -0500] "GET /wp-content/uploads/2018/01/DSC_6848.jpg HTTP/1.1" 200 147577 "https://www.google.com/" "Mozilla/5.0 (iPhone; CPU iPhone OS 18_7 like Mac OS X) AppleWebKit/605.1.15 (KHTML, like Gecko) Version/26.2 Mobile/15E148 Safari/604.1"
66.249.70.134 - - [28/Jan/2026:15:04:42 -0500] "GET /?p=4033 HTTP/1.1" 404 8442 "-" "Mozilla/5.0 (Linux; Android 6.0.1; Nexus 5X Build/MMB29P) AppleWebKit/537.36 (KHTML, like Gecko) Chrome/143.0.7499.192 Mobile Safari/537.36 (compatible; Googlebot/2.1; +http://www.google.com/bot.html)"
142.44.225.36 - - [28/Jan/2026:15:05:21 -0500] "GET /?dir=%2Fhome%2Fhttpd%2Fhtml%2Fmatrixmodels.com%2Fpublic_html&mode=rename&old=files HTTP/1.1" 200 4446 "-" "Mozilla/5.0 (compatible; AhrefsBot/7.0; +http://ahrefs.com/robot/)"
64.59.72.148 - - [28/Jan/2026:15:05:42 -0500] "GET / HTTP/1.1" 200 4446 "-" "check_http/v2.4.9 (nagios-plugins 2.4.9)"
79.124.40.174 - - [28/Jan/2026:15:06:29 -0500] "GET /actuator/gateway/routes HTTP/1.1" 301 - "-" "Mozilla/5.0 (Windows NT 10.0; Win64; x64) AppleWebKit/537.36 (KHTML, like Gecko) Chrome/78.0.3904.108 Safari/537.36"
79.124.40.174 - - [28/Jan/2026:15:06:30 -0500] "GET /actuator/gateway/routes HTTP/1.1" 404 8520 "https://74.206.165.146:443/actuator/gateway/routes" "Mozilla/5.0 (Windows NT 10.0; Win64; x64) AppleWebKit/537.36 (KHTML, like Gecko) Chrome/78.0.3904.108 Safari/537.36"
188.66.33.127 - - [28/Jan/2026:15:07:34 -0500] "GET /wp-content/uploads/2019/04/006.jpg HTTP/1.1" 200 100758 "https://yandex.ru/images/search?img_url=https%3A%2F%2F64.media.tumblr.com%2F4f3eb90d7214c8c28c62154aab8ac704%2F56e1584db8013c53-f4%2Fs2048x3072%2Fba1ef806699273e1ad3e57af7139e3e94f3c0383.jpg&lr=213&ncrnd=8131&pos=31&rpt=simage&source-serpid=ktlT0Rcj1jxDT1j4gYTj9Q&text=gabbie%20carter%20%D0%B1%D0%BE%D0%BB%D1%8C%D1%88%D0%B8%D0%B5%20%D1%81%D0%B8%D1%81%D1%8C%D0%BA%D0%B8" "Mozilla/5.0 (Windows NT 10.0; Win64; x64) AppleWebKit/537.36 (KHTML, like Gecko) Chrome/144.0.0.0 Safari/537.36 Edg/144.0.0.0"
66.249.70.134 - - [28/Jan/2026:15:07:42 -0500] "GET /otw-portfolio/aria-sky/ HTTP/1.1" 301 - "-" "Mozilla/5.0 (Linux; Android 6.0.1; Nexus 5X Build/MMB29P) AppleWebKit/537.36 (KHTML, like Gecko) Chrome/143.0.7499.192 Mobile Safari/537.36 (compatible; Googlebot/2.1; +http://www.google.com/bot.html)"
64.59.72.148 - - [28/Jan/2026:15:07:42 -0500] "GET / HTTP/1.1" 200 4446 "-" "check_http/v2.4.9 (nagios-plugins 2.4.9)"
66.249.70.135 - - [28/Jan/2026:15:07:44 -0500] "GET / HTTP/1.1" 200 4446 "-" "Mozilla/5.0 (Linux; Android 6.0.1; Nexus 5X Build/MMB29P) AppleWebKit/537.36 (KHTML, like Gecko) Chrome/143.0.7499.192 Mobile Safari/537.36 (compatible; Googlebot/2.1; +http://www.google.com/bot.html)"
74.206.165.145 - - [28/Jan/2026:15:08:40 -0500] "POST /wp-cron.php?doing_wp_cron=1769630920.7524950504302978515625 HTTP/1.1" 200 - "https://matrixmodels.com/wp-cron.php?doing_wp_cron=1769630920.7524950504302978515625" "WordPress/5.6.16; https://matrixmodels.com"
91.90.142.7 - - [28/Jan/2026:15:08:40 -0500] "GET / HTTP/1.1" 301 - "-" "Chrome"
91.90.142.7 - - [28/Jan/2026:15:08:41 -0500] "GET / HTTP/1.1" 200 4465 "-" "Chrome"
64.59.72.148 - - [28/Jan/2026:15:09:42 -0500] "GET / HTTP/1.1" 200 4446 "-" "check_http/v2.4.9 (nagios-plugins 2.4.9)"
91.64.60.25 - - [28/Jan/2026:15:10:44 -0500] "GET /otw-portfolio/nikki-venom/ HTTP/1.1" 301 - "https://pr0gramm.com/" "Mozilla/5.0 (Windows NT 10.0; Win64; x64; rv:147.0) Gecko/20100101 Firefox/147.0"
91.64.60.25 - - [28/Jan/2026:15:10:45 -0500] "GET / HTTP/1.1" 200 4465 "https://pr0gramm.com/" "Mozilla/5.0 (Windows NT 10.0; Win64; x64; rv:147.0) Gecko/20100101 Firefox/147.0"
91.64.60.25 - - [28/Jan/2026:15:10:45 -0500] "GET /wp-content/themes/matrix-model/assets/css/aos.css HTTP/1.1" 200 26053 "https://matrixmodels.com/" "Mozilla/5.0 (Windows NT 10.0; Win64; x64; rv:147.0) Gecko/20100101 Firefox/147.0"
91.64.60.25 - - [28/Jan/2026:15:10:45 -0500] "GET /wp-content/themes/matrix-model/assets/css/owl.carousel.min.css HTTP/1.1" 404 260 "https://matrixmodels.com/" "Mozilla/5.0 (Windows NT 10.0; Win64; x64; rv:147.0) Gecko/20100101 Firefox/147.0"
91.64.60.25 - - [28/Jan/2026:15:10:45 -0500] "GET /wp-content/themes/matrix-model/assets/css/owl.theme.default.min.css HTTP/1.1" 404 265 "https://matrixmodels.com/" "Mozilla/5.0 (Windows NT 10.0; Win64; x64; rv:147.0) Gecko/20100101 Firefox/147.0"
91.64.60.25 - - [28/Jan/2026:15:10:45 -0500] "GET /wp-content/themes/matrix-model/assets/css/animate.min.css HTTP/1.1" 200 52592 "https://matrixmodels.com/" "Mozilla/5.0 (Windows NT 10.0; Win64; x64; rv:147.0) Gecko/20100101 Firefox/147.0"
91.64.60.25 - - [28/Jan/2026:15:10:45 -0500] "GET /wp-content/themes/matrix-model/assets/css/bootstrap_v4.3.1_min.css HTTP/1.1" 200 155712 "https://matrixmodels.com/" "Mozilla/5.0 (Windows NT 10.0; Win64; x64; rv:147.0) Gecko/20100101 Firefox/147.0"
91.64.60.25 - - [28/Jan/2026:15:10:45 -0500] "GET /wp-content/themes/matrix-model/assets/css/custom.css HTTP/1.1" 200 5229 "https://matrixmodels.com/" "Mozilla/5.0 (Windows NT 10.0; Win64; x64; rv:147.0) Gecko/20100101 Firefox/147.0"
91.64.60.25 - - [28/Jan/2026:15:10:45 -0500] "GET /wp-content/themes/matrix-model/assets/images/more/i-2.jpg HTTP/1.1" 200 44619 "https://matrixmodels.com/" "Mozilla/5.0 (Windows NT 10.0; Win64; x64; rv:147.0) Gecko/20100101 Firefox/147.0"
91.64.60.25 - - [28/Jan/2026:15:10:45 -0500] "GET /wp-content/themes/matrix-model/assets/images/more/i-4.jpg HTTP/1.1" 200 28534 "https://matrixmodels.com/" "Mozilla/5.0 (Windows NT 10.0; Win64; x64; rv:147.0) Gecko/20100101 Firefox/147.0"
91.64.60.25 - - [28/Jan/2026:15:10:45 -0500] "GET /wp-content/themes/matrix-model/assets/images/more/i-6.jpg HTTP/1.1" 200 39553 "https://matrixmodels.com/" "Mozilla/5.0 (Windows NT 10.0; Win64; x64; rv:147.0) Gecko/20100101 Firefox/147.0"
91.64.60.25 - - [28/Jan/2026:15:10:45 -0500] "GET /wp-content/themes/matrix-model/assets/images/more/i-1.jpg HTTP/1.1" 200 39164 "https://matrixmodels.com/" "Mozilla/5.0 (Windows NT 10.0; Win64; x64; rv:147.0) Gecko/20100101 Firefox/147.0"
91.64.60.25 - - [28/Jan/2026:15:10:45 -0500] "GET /wp-content/themes/matrix-model/assets/images/more/i-3.jpg HTTP/1.1" 200 36068 "https://matrixmodels.com/" "Mozilla/5.0 (Windows NT 10.0; Win64; x64; rv:147.0) Gecko/20100101 Firefox/147.0"
91.64.60.25 - - [28/Jan/2026:15:10:45 -0500] "GET /wp-content/themes/matrix-model/assets/images/more/i-5.jpg HTTP/1.1" 200 35264 "https://matrixmodels.com/" "Mozilla/5.0 (Windows NT 10.0; Win64; x64; rv:147.0) Gecko/20100101 Firefox/147.0"
91.64.60.25 - - [28/Jan/2026:15:10:46 -0500] "GET /wp-content/themes/matrix-model/assets/images/more/i-7.jpg HTTP/1.1" 200 35534 "https://matrixmodels.com/" "Mozilla/5.0 (Windows NT 10.0; Win64; x64; rv:147.0) Gecko/20100101 Firefox/147.0"
91.64.60.25 - - [28/Jan/2026:15:10:46 -0500] "GET /wp-content/themes/matrix-model/assets/images/more/i-8.jpg HTTP/1.1" 200 31506 "https://matrixmodels.com/" "Mozilla/5.0 (Windows NT 10.0; Win64; x64; rv:147.0) Gecko/20100101 Firefox/147.0"
91.64.60.25 - - [28/Jan/2026:15:10:46 -0500] "GET /wp-content/themes/matrix-model/assets/images/more/i-9.jpg HTTP/1.1" 200 39513 "https://matrixmodels.com/" "Mozilla/5.0 (Windows NT 10.0; Win64; x64; rv:147.0) Gecko/20100101 Firefox/147.0"
91.64.60.25 - - [28/Jan/2026:15:10:46 -0500] "GET /wp-content/uploads/2021/07/logo.png HTTP/1.1" 200 181002 "https://matrixmodels.com/" "Mozilla/5.0 (Windows NT 10.0; Win64; x64; rv:147.0) Gecko/20100101 Firefox/147.0"
91.64.60.25 - - [28/Jan/2026:15:10:46 -0500] "GET /wp-content/themes/matrix-model/assets/images/logo/favicon.png HTTP/1.1" 404 259 "https://matrixmodels.com/" "Mozilla/5.0 (Windows NT 10.0; Win64; x64; rv:147.0) Gecko/20100101 Firefox/147.0"
64.59.72.148 - - [28/Jan/2026:15:11:42 -0500] "GET / HTTP/1.1" 200 4446 "-" "check_http/v2.4.9 (nagios-plugins 2.4.9)"
