188.143.244.142 - - [28/Jan/2026:05:06:47 -0500] "GET /wp-content/uploads/2018/08/HANNA4.jpg HTTP/1.1" 200 118419 "-" "Mozilla/5.0 X11; Ubuntu; Linux x86_64; rv:126.0 Gecko/20100101 Firefox/126.0"
188.143.244.142 - - [28/Jan/2026:05:06:50 -0500] "GET /otw-portfolio/chloie-grace/ HTTP/1.1" 301 - "-" "Mozilla/5.0 X11; Ubuntu; Linux x86_64; rv:126.0 Gecko/20100101 Firefox/126.0"
188.143.244.142 - - [28/Jan/2026:05:06:51 -0500] "GET / HTTP/1.1" 200 4446 "http://matrixmodels.com/otw-portfolio/chloie-grace/#content" "Mozilla/5.0 X11; Ubuntu; Linux x86_64; rv:126.0 Gecko/20100101 Firefox/126.0"
188.143.244.142 - - [28/Jan/2026:05:06:53 -0500] "GET /wp-content/uploads/2019/09/DEVON-8.jpg HTTP/1.1" 200 134291 "-" "Mozilla/5.0 X11; Ubuntu; Linux x86_64; rv:126.0 Gecko/20100101 Firefox/126.0"
188.143.244.142 - - [28/Jan/2026:05:06:56 -0500] "GET /wp-content/uploads/2015/09/r23.jpg HTTP/1.1" 200 138288 "-" "Mozilla/5.0 X11; Ubuntu; Linux x86_64; rv:126.0 Gecko/20100101 Firefox/126.0"
188.143.244.142 - - [28/Jan/2026:05:07:00 -0500] "GET /wp-content/uploads/2015/09/r11.jpg HTTP/1.1" 200 76909 "-" "Mozilla/5.0 X11; Ubuntu; Linux x86_64; rv:126.0 Gecko/20100101 Firefox/126.0"
188.143.244.142 - - [28/Jan/2026:05:07:03 -0500] "GET /otw-portfolio/jillian-janson/ HTTP/1.1" 301 - "-" "Mozilla/5.0 X11; Ubuntu; Linux x86_64; rv:126.0 Gecko/20100101 Firefox/126.0"
188.143.244.142 - - [28/Jan/2026:05:07:03 -0500] "GET / HTTP/1.1" 200 4446 "http://matrixmodels.com/otw-portfolio/jillian-janson/#content" "Mozilla/5.0 X11; Ubuntu; Linux x86_64; rv:126.0 Gecko/20100101 Firefox/126.0"
188.143.244.142 - - [28/Jan/2026:05:07:06 -0500] "GET /https-www-netflix-com-watch-80115908trackid13752289tctx0%2c2%2c1e4d6191-442a-4bbb-b824-80e2389da213-155638059%2c%2c/ HTTP/1.1" 200 9464 "-" "Mozilla/5.0 X11; Ubuntu; Linux x86_64; rv:126.0 Gecko/20100101 Firefox/126.0"
188.143.244.142 - - [28/Jan/2026:05:07:08 -0500] "GET /otw-portfolio/amber-adams/ HTTP/1.1" 301 - "-" "Mozilla/5.0 X11; Ubuntu; Linux x86_64; rv:126.0 Gecko/20100101 Firefox/126.0"
188.143.244.142 - - [28/Jan/2026:05:07:08 -0500] "GET / HTTP/1.1" 200 4446 "http://matrixmodels.com/otw-portfolio/amber-adams/" "Mozilla/5.0 X11; Ubuntu; Linux x86_64; rv:126.0 Gecko/20100101 Firefox/126.0"
188.143.244.142 - - [28/Jan/2026:05:07:11 -0500] "GET /otw-portfolio/hannah-hays/ HTTP/1.1" 301 - "-" "Mozilla/5.0 X11; Ubuntu; Linux x86_64; rv:126.0 Gecko/20100101 Firefox/126.0"
188.143.244.142 - - [28/Jan/2026:05:07:11 -0500] "GET / HTTP/1.1" 200 4446 "http://matrixmodels.com/otw-portfolio/hannah-hays/" "Mozilla/5.0 X11; Ubuntu; Linux x86_64; rv:126.0 Gecko/20100101 Firefox/126.0"
188.143.244.142 - - [28/Jan/2026:05:07:13 -0500] "GET /wp-content/uploads/2021/05/CHLOIE-GRACE-3-2.jpg HTTP/1.1" 200 89373 "-" "Mozilla/5.0 X11; Ubuntu; Linux x86_64; rv:126.0 Gecko/20100101 Firefox/126.0"
188.143.244.142 - - [28/Jan/2026:05:07:17 -0500] "GET /wp-content/uploads/2019/08/JULIE-5.jpg HTTP/1.1" 200 90332 "-" "Mozilla/5.0 X11; Ubuntu; Linux x86_64; rv:126.0 Gecko/20100101 Firefox/126.0"
188.143.244.142 - - [28/Jan/2026:05:07:20 -0500] "GET /wp-content/uploads/2015/02/ANISTASIA-BLACK-1.jpg HTTP/1.1" 200 73073 "-" "Mozilla/5.0 X11; Ubuntu; Linux x86_64; rv:126.0 Gecko/20100101 Firefox/126.0"
77.75.78.170 - - [28/Jan/2026:05:07:22 -0500] "GET /otw-portfolio/leah-gotti/ HTTP/1.1" 301 - "-" "Mozilla/5.0 (compatible; SeznamBot/4.0; +https://o-seznam.cz/napoveda/vyhledavani/en/seznambot-crawler/)"
188.143.244.142 - - [28/Jan/2026:05:07:23 -0500] "GET /wp-content/uploads/2020/07/KYMBERLIE-ROSE-7.jpg HTTP/1.1" 200 120687 "-" "Mozilla/5.0 X11; Ubuntu; Linux x86_64; rv:126.0 Gecko/20100101 Firefox/126.0"
188.143.244.142 - - [28/Jan/2026:05:07:26 -0500] "GET /wp-content/uploads/2021/09/JANESSA-2-e1631586492763.jpg HTTP/1.1" 200 48151 "-" "Mozilla/5.0 X11; Ubuntu; Linux x86_64; rv:126.0 Gecko/20100101 Firefox/126.0"
188.143.244.142 - - [28/Jan/2026:05:07:29 -0500] "GET /wp-content/uploads/2019/05/ASHLEY-RED-5.jpg HTTP/1.1" 200 104080 "-" "Mozilla/5.0 X11; Ubuntu; Linux x86_64; rv:126.0 Gecko/20100101 Firefox/126.0"
188.143.244.142 - - [28/Jan/2026:05:07:32 -0500] "GET /otw-portfolio/lena-anderson/ HTTP/1.1" 301 - "-" "Mozilla/5.0 X11; Ubuntu; Linux x86_64; rv:126.0 Gecko/20100101 Firefox/126.0"
188.143.244.142 - - [28/Jan/2026:05:07:32 -0500] "GET / HTTP/1.1" 200 4446 "http://matrixmodels.com/otw-portfolio/lena-anderson/#content" "Mozilla/5.0 X11; Ubuntu; Linux x86_64; rv:126.0 Gecko/20100101 Firefox/126.0"
188.143.244.142 - - [28/Jan/2026:05:07:35 -0500] "GET /wp-content/uploads/2015/09/r301.jpg HTTP/1.1" 200 77057 "-" "Mozilla/5.0 X11; Ubuntu; Linux x86_64; rv:126.0 Gecko/20100101 Firefox/126.0"
45.91.88.155 - - [28/Jan/2026:05:07:36 -0500] "GET / HTTP/1.1" 200 4446 "-" "Mozilla/5.0 (Macintosh; Intel Mac OS X 10_15_7) AppleWebKit/537.36 (KHTML, like Gecko) Chrome/142.0.0.0 Safari/537.36"
23.239.171.222 - - [28/Jan/2026:05:07:37 -0500] "GET /contact-us/ HTTP/1.1" 200 9621 "-" "Mozilla/5.0 (Macintosh; Intel Mac OS X 10_15_7) AppleWebKit/537.36 (KHTML, like Gecko) Chrome/142.0.0.0 Safari/537.36"
188.143.244.142 - - [28/Jan/2026:05:07:38 -0500] "GET /wp-content/uploads/2015/01/31.jpg HTTP/1.1" 200 56635 "-" "Mozilla/5.0 X11; Ubuntu; Linux x86_64; rv:126.0 Gecko/20100101 Firefox/126.0"
64.59.72.148 - - [28/Jan/2026:05:07:39 -0500] "GET / HTTP/1.1" 200 4446 "-" "check_http/v2.4.9 (nagios-plugins 2.4.9)"
188.143.244.142 - - [28/Jan/2026:05:07:40 -0500] "GET /wp-content/uploads/2020/11/DSC_5868.jpg HTTP/1.1" 200 268158 "-" "Mozilla/5.0 X11; Ubuntu; Linux x86_64; rv:126.0 Gecko/20100101 Firefox/126.0"
188.143.244.142 - - [28/Jan/2026:05:07:45 -0500] "GET /wp-content/uploads/2018/07/23.jpg HTTP/1.1" 200 109732 "-" "Mozilla/5.0 X11; Ubuntu; Linux x86_64; rv:126.0 Gecko/20100101 Firefox/126.0"
188.143.244.142 - - [28/Jan/2026:05:07:48 -0500] "GET /wp-content/uploads/2021/05/CHLOIE-GRACE-1-1.jpg HTTP/1.1" 200 114249 "-" "Mozilla/5.0 X11; Ubuntu; Linux x86_64; rv:126.0 Gecko/20100101 Firefox/126.0"
188.143.244.142 - - [28/Jan/2026:05:07:51 -0500] "GET /otw-portfolio/1951-2/ HTTP/1.1" 301 - "-" "Mozilla/5.0 X11; Ubuntu; Linux x86_64; rv:126.0 Gecko/20100101 Firefox/126.0"
188.143.244.142 - - [28/Jan/2026:05:07:52 -0500] "GET / HTTP/1.1" 200 4446 "http://matrixmodels.com/otw-portfolio/1951-2/#content" "Mozilla/5.0 X11; Ubuntu; Linux x86_64; rv:126.0 Gecko/20100101 Firefox/126.0"
188.143.244.142 - - [28/Jan/2026:05:07:54 -0500] "GET /otw-portfolio/janessa-bennett/ HTTP/1.1" 301 - "-" "Mozilla/5.0 X11; Ubuntu; Linux x86_64; rv:126.0 Gecko/20100101 Firefox/126.0"
188.143.244.142 - - [28/Jan/2026:05:07:54 -0500] "GET / HTTP/1.1" 200 4446 "http://matrixmodels.com/otw-portfolio/janessa-bennett/" "Mozilla/5.0 X11; Ubuntu; Linux x86_64; rv:126.0 Gecko/20100101 Firefox/126.0"
188.143.244.142 - - [28/Jan/2026:05:07:57 -0500] "GET /wp-content/uploads/2019/09/DEVON-5.jpg HTTP/1.1" 200 132270 "-" "Mozilla/5.0 X11; Ubuntu; Linux x86_64; rv:126.0 Gecko/20100101 Firefox/126.0"
188.143.244.142 - - [28/Jan/2026:05:08:00 -0500] "GET /wp-content/uploads/2018/06/34.jpg HTTP/1.1" 200 84144 "-" "Mozilla/5.0 X11; Ubuntu; Linux x86_64; rv:126.0 Gecko/20100101 Firefox/126.0"
188.143.244.142 - - [28/Jan/2026:05:08:03 -0500] "GET /wp-content/uploads/2019/03/CFL08386.jpg HTTP/1.1" 200 124120 "-" "Mozilla/5.0 X11; Ubuntu; Linux x86_64; rv:126.0 Gecko/20100101 Firefox/126.0"
188.143.244.142 - - [28/Jan/2026:05:08:07 -0500] "GET /wp-content/uploads/2018/05/138.jpg HTTP/1.1" 200 140475 "-" "Mozilla/5.0 X11; Ubuntu; Linux x86_64; rv:126.0 Gecko/20100101 Firefox/126.0"
17.246.19.196 - - [28/Jan/2026:05:08:10 -0500] "GET /wp-content/uploads/2021/12/MALORY-3A.jpg HTTP/1.1" 200 204892 "-" "Mozilla/5.0 (Macintosh; Intel Mac OS X 10_15_7) AppleWebKit/605.1.15 (KHTML, like Gecko) Version/17.4 Safari/605.1.15 (Applebot/0.1; +http://www.apple.com/go/applebot)"
188.143.244.142 - - [28/Jan/2026:05:08:10 -0500] "GET /wp-content/uploads/2016/11/LUNA-17.jpg HTTP/1.1" 200 105104 "-" "Mozilla/5.0 X11; Ubuntu; Linux x86_64; rv:126.0 Gecko/20100101 Firefox/126.0"
188.143.244.142 - - [28/Jan/2026:05:08:13 -0500] "GET /wp-content/uploads/2022/03/DSC_6672.jpg HTTP/1.1" 200 247945 "-" "Mozilla/5.0 X11; Ubuntu; Linux x86_64; rv:126.0 Gecko/20100101 Firefox/126.0"
74.206.165.145 - - [28/Jan/2026:05:08:16 -0500] "POST /wp-cron.php?doing_wp_cron=1769594896.6728529930114746093750 HTTP/1.1" 200 - "http://matrixmodels.com/wp-cron.php?doing_wp_cron=1769594896.6728529930114746093750" "WordPress/5.6.16; http://matrixmodels.com"
207.46.13.154 - - [28/Jan/2026:05:08:16 -0500] "GET /statistiques-keno-semaine/ HTTP/1.1" 404 8442 "-" "Mozilla/5.0 AppleWebKit/537.36 (KHTML, like Gecko; compatible; bingbot/2.0; +http://www.bing.com/bingbot.htm) Chrome/116.0.1938.76 Safari/537.36"
188.143.244.142 - - [28/Jan/2026:05:08:18 -0500] "GET /wp-content/uploads/2016/11/ivy-1.jpg HTTP/1.1" 200 214284 "-" "Mozilla/5.0 X11; Ubuntu; Linux x86_64; rv:126.0 Gecko/20100101 Firefox/126.0"
188.143.244.142 - - [28/Jan/2026:05:08:22 -0500] "GET /otw-portfolio-category/models-available/ HTTP/1.1" 301 - "-" "Mozilla/5.0 X11; Ubuntu; Linux x86_64; rv:126.0 Gecko/20100101 Firefox/126.0"
188.143.244.142 - - [28/Jan/2026:05:08:22 -0500] "GET / HTTP/1.1" 200 4446 "http://matrixmodels.com/otw-portfolio-category/models-available/" "Mozilla/5.0 X11; Ubuntu; Linux x86_64; rv:126.0 Gecko/20100101 Firefox/126.0"
188.143.244.142 - - [28/Jan/2026:05:08:24 -0500] "GET /wp-content/uploads/2016/07/IMG_0646.jpg HTTP/1.1" 200 151167 "-" "Mozilla/5.0 X11; Ubuntu; Linux x86_64; rv:126.0 Gecko/20100101 Firefox/126.0"
188.143.244.142 - - [28/Jan/2026:05:08:28 -0500] "GET /wp-content/uploads/2019/08/JULIE-3.jpg HTTP/1.1" 200 89712 "-" "Mozilla/5.0 X11; Ubuntu; Linux x86_64; rv:126.0 Gecko/20100101 Firefox/126.0"
142.147.202.142 - - [28/Jan/2026:05:08:30 -0500] "GET / HTTP/1.1" 200 4446 "-" "Mozilla/5.0 (Macintosh; Intel Mac OS X 10_15_7) AppleWebKit/537.36 (KHTML, like Gecko) Chrome/142.0.0.0 Safari/537.36"
188.143.244.142 - - [28/Jan/2026:05:08:31 -0500] "GET /otw-portfolio/elena-koshka/ HTTP/1.1" 301 - "-" "Mozilla/5.0 X11; Ubuntu; Linux x86_64; rv:126.0 Gecko/20100101 Firefox/126.0"
188.143.244.142 - - [28/Jan/2026:05:08:31 -0500] "GET / HTTP/1.1" 200 4446 "http://matrixmodels.com/otw-portfolio/elena-koshka/#content" "Mozilla/5.0 X11; Ubuntu; Linux x86_64; rv:126.0 Gecko/20100101 Firefox/126.0"
188.143.244.142 - - [28/Jan/2026:05:08:34 -0500] "GET /wp-content/uploads/2016/11/IVY-4.jpg HTTP/1.1" 200 162679 "-" "Mozilla/5.0 X11; Ubuntu; Linux x86_64; rv:126.0 Gecko/20100101 Firefox/126.0"
188.143.244.142 - - [28/Jan/2026:05:08:38 -0500] "GET /wp-content/uploads/2016/11/LUNA-3.jpg HTTP/1.1" 200 88046 "-" "Mozilla/5.0 X11; Ubuntu; Linux x86_64; rv:126.0 Gecko/20100101 Firefox/126.0"
188.143.244.142 - - [28/Jan/2026:05:08:41 -0500] "GET /feed/ HTTP/1.1" 200 28447 "-" "Mozilla/5.0 X11; Ubuntu; Linux x86_64; rv:126.0 Gecko/20100101 Firefox/126.0"
188.143.244.142 - - [28/Jan/2026:05:08:43 -0500] "GET /wp-content/uploads/2018/05/139.jpg HTTP/1.1" 200 110110 "-" "Mozilla/5.0 X11; Ubuntu; Linux x86_64; rv:126.0 Gecko/20100101 Firefox/126.0"
188.143.244.142 - - [28/Jan/2026:05:08:47 -0500] "GET /wp-content/uploads/2022/02/CECE6.jpg HTTP/1.1" 200 130112 "-" "Mozilla/5.0 X11; Ubuntu; Linux x86_64; rv:126.0 Gecko/20100101 Firefox/126.0"
188.143.244.142 - - [28/Jan/2026:05:08:50 -0500] "GET /otw-portfolio/sophia-lux/ HTTP/1.1" 301 - "-" "Mozilla/5.0 X11; Ubuntu; Linux x86_64; rv:126.0 Gecko/20100101 Firefox/126.0"
188.143.244.142 - - [28/Jan/2026:05:08:50 -0500] "GET / HTTP/1.1" 200 4446 "http://matrixmodels.com/otw-portfolio/sophia-lux/" "Mozilla/5.0 X11; Ubuntu; Linux x86_64; rv:126.0 Gecko/20100101 Firefox/126.0"
188.143.244.142 - - [28/Jan/2026:05:08:53 -0500] "GET /otw-portfolio-category/new-model/ HTTP/1.1" 301 - "-" "Mozilla/5.0 X11; Ubuntu; Linux x86_64; rv:126.0 Gecko/20100101 Firefox/126.0"
188.143.244.142 - - [28/Jan/2026:05:08:53 -0500] "GET / HTTP/1.1" 200 4446 "http://matrixmodels.com/otw-portfolio-category/new-model/#content" "Mozilla/5.0 X11; Ubuntu; Linux x86_64; rv:126.0 Gecko/20100101 Firefox/126.0"
188.143.244.142 - - [28/Jan/2026:05:08:55 -0500] "GET /wp-content/uploads/2016/05/077.jpg HTTP/1.1" 200 67477 "-" "Mozilla/5.0 X11; Ubuntu; Linux x86_64; rv:126.0 Gecko/20100101 Firefox/126.0"
188.143.244.142 - - [28/Jan/2026:05:08:58 -0500] "GET /wp-content/uploads/2016/11/IVY-7.jpg HTTP/1.1" 200 150661 "-" "Mozilla/5.0 X11; Ubuntu; Linux x86_64; rv:126.0 Gecko/20100101 Firefox/126.0"
188.143.244.142 - - [28/Jan/2026:05:09:02 -0500] "GET /wp-content/uploads/2020/07/KYMBERLIE-ROSE-9.jpg HTTP/1.1" 200 119205 "-" "Mozilla/5.0 X11; Ubuntu; Linux x86_64; rv:126.0 Gecko/20100101 Firefox/126.0"
188.143.244.142 - - [28/Jan/2026:05:09:05 -0500] "GET /wp-content/uploads/2019/03/Alex-Grey_052.jpg HTTP/1.1" 200 119699 "-" "Mozilla/5.0 X11; Ubuntu; Linux x86_64; rv:126.0 Gecko/20100101 Firefox/126.0"
88.216.94.224 - - [28/Jan/2026:05:09:06 -0500] "GET / HTTP/1.1" 200 4446 "-" "Mozilla/5.0 (Macintosh; Intel Mac OS X 10_15_7) AppleWebKit/537.36 (KHTML, like Gecko) Chrome/142.0.0.0 Safari/537.36"
188.143.244.142 - - [28/Jan/2026:05:09:09 -0500] "GET /wp-content/uploads/2021/02/AMBER-4.jpg HTTP/1.1" 200 93407 "-" "Mozilla/5.0 X11; Ubuntu; Linux x86_64; rv:126.0 Gecko/20100101 Firefox/126.0"
104.128.188.141 - - [28/Jan/2026:05:09:14 -0500] "GET / HTTP/1.1" 200 4465 "https://matrixmodels.com" "Mozilla/5.0 (Windows NT 10.0; Win64; x64) AppleWebKit/537.36 (KHTML, like Gecko) Chrome/80.0.3987.132 Safari/537.36"
188.143.244.142 - - [28/Jan/2026:05:09:12 -0500] "GET /wp-content/uploads/2016/11/IVY-12.jpg HTTP/1.1" 200 204201 "-" "Mozilla/5.0 X11; Ubuntu; Linux x86_64; rv:126.0 Gecko/20100101 Firefox/126.0"
188.143.244.142 - - [28/Jan/2026:05:09:17 -0500] "GET /wp-content/uploads/2019/06/12.jpg HTTP/1.1" 200 137967 "-" "Mozilla/5.0 X11; Ubuntu; Linux x86_64; rv:126.0 Gecko/20100101 Firefox/126.0"
188.143.244.142 - - [28/Jan/2026:05:09:21 -0500] "GET /wp-content/uploads/2020/11/DSC_5671.jpg HTTP/1.1" 200 165261 "-" "Mozilla/5.0 X11; Ubuntu; Linux x86_64; rv:126.0 Gecko/20100101 Firefox/126.0"
107.189.30.231 - - [28/Jan/2026:05:09:26 -0500] "GET /wp-login.php HTTP/1.1" 200 6925 "-" "Mozilla/5.0 (iPhone; CPU iPhone OS 7_1_1 like Mac OS X) AppleWebKit/537.51.2 (KHTML, like Gecko) Version/7.0 Mobile/11D201 Safari/9537.53"
188.143.244.142 - - [28/Jan/2026:05:09:25 -0500] "GET /wp-content/uploads/2016/11/IVY-11.jpg HTTP/1.1" 200 210603 "-" "Mozilla/5.0 X11; Ubuntu; Linux x86_64; rv:126.0 Gecko/20100101 Firefox/126.0"
107.189.30.231 - - [28/Jan/2026:05:09:27 -0500] "POST /wp-login.php HTTP/1.1" 200 7199 "-" "Mozilla/5.0 (iPhone; CPU iPhone OS 7_1_1 like Mac OS X) AppleWebKit/537.51.2 (KHTML, like Gecko) Version/7.0 Mobile/11D201 Safari/9537.53"
188.143.244.142 - - [28/Jan/2026:05:09:29 -0500] "GET /wp-content/uploads/2020/11/DSC_5249.jpg HTTP/1.1" 200 161413 "-" "Mozilla/5.0 X11; Ubuntu; Linux x86_64; rv:126.0 Gecko/20100101 Firefox/126.0"
188.143.244.142 - - [28/Jan/2026:05:09:33 -0500] "GET /wp-content/uploads/2019/04/JAYME-RAE-2.jpg HTTP/1.1" 200 89800 "-" "Mozilla/5.0 X11; Ubuntu; Linux x86_64; rv:126.0 Gecko/20100101 Firefox/126.0"
188.143.244.142 - - [28/Jan/2026:05:09:36 -0500] "GET /wp-content/uploads/2019/04/042.jpg HTTP/1.1" 200 174360 "-" "Mozilla/5.0 X11; Ubuntu; Linux x86_64; rv:126.0 Gecko/20100101 Firefox/126.0"
64.59.72.148 - - [28/Jan/2026:05:09:39 -0500] "GET / HTTP/1.1" 200 4446 "-" "check_http/v2.4.9 (nagios-plugins 2.4.9)"
188.143.244.142 - - [28/Jan/2026:05:09:39 -0500] "GET /wp-content/uploads/2016/11/IVY-6.jpg HTTP/1.1" 200 162808 "-" "Mozilla/5.0 X11; Ubuntu; Linux x86_64; rv:126.0 Gecko/20100101 Firefox/126.0"
188.143.244.142 - - [28/Jan/2026:05:09:43 -0500] "GET /wp-content/uploads/2019/03/CFL08329.jpg HTTP/1.1" 200 112089 "-" "Mozilla/5.0 X11; Ubuntu; Linux x86_64; rv:126.0 Gecko/20100101 Firefox/126.0"
188.143.244.142 - - [28/Jan/2026:05:09:46 -0500] "GET /wp-content/uploads/2018/07/Test-shot_june-5_001.jpg HTTP/1.1" 200 238006 "-" "Mozilla/5.0 X11; Ubuntu; Linux x86_64; rv:126.0 Gecko/20100101 Firefox/126.0"
188.143.244.142 - - [28/Jan/2026:05:09:51 -0500] "GET /wp-content/uploads/2016/05/004.jpg HTTP/1.1" 200 90543 "-" "Mozilla/5.0 X11; Ubuntu; Linux x86_64; rv:126.0 Gecko/20100101 Firefox/126.0"
188.143.244.142 - - [28/Jan/2026:05:09:54 -0500] "GET /wp-content/uploads/2015/01/06.jpg HTTP/1.1" 200 76068 "-" "Mozilla/5.0 X11; Ubuntu; Linux x86_64; rv:126.0 Gecko/20100101 Firefox/126.0"
188.143.244.142 - - [28/Jan/2026:05:09:57 -0500] "GET /wp-content/uploads/2020/07/KYMBERLIE-ROSE-6.jpg HTTP/1.1" 200 223993 "-" "Mozilla/5.0 X11; Ubuntu; Linux x86_64; rv:126.0 Gecko/20100101 Firefox/126.0"
188.143.244.142 - - [28/Jan/2026:05:10:01 -0500] "GET /wp-content/uploads/2019/07/DREW-14.jpg HTTP/1.1" 200 110251 "-" "Mozilla/5.0 X11; Ubuntu; Linux x86_64; rv:126.0 Gecko/20100101 Firefox/126.0"
188.143.244.142 - - [28/Jan/2026:05:10:04 -0500] "GET /wp-content/uploads/2021/10/GINGER1.jpg HTTP/1.1" 200 136293 "-" "Mozilla/5.0 X11; Ubuntu; Linux x86_64; rv:126.0 Gecko/20100101 Firefox/126.0"
188.143.244.142 - - [28/Jan/2026:05:10:08 -0500] "GET /wp-content/uploads/2018/01/DSC_6682.jpg HTTP/1.1" 200 171073 "-" "Mozilla/5.0 X11; Ubuntu; Linux x86_64; rv:126.0 Gecko/20100101 Firefox/126.0"
188.143.244.142 - - [28/Jan/2026:05:10:11 -0500] "GET /wp-content/uploads/2020/07/KYMBERLIE-ROSE-3.jpg HTTP/1.1" 200 196995 "-" "Mozilla/5.0 X11; Ubuntu; Linux x86_64; rv:126.0 Gecko/20100101 Firefox/126.0"
188.143.244.142 - - [28/Jan/2026:05:10:15 -0500] "GET /wp-content/uploads/2024/11/LEXI-4.jpg HTTP/1.1" 200 102882 "-" "Mozilla/5.0 X11; Ubuntu; Linux x86_64; rv:126.0 Gecko/20100101 Firefox/126.0"
188.143.244.142 - - [28/Jan/2026:05:10:19 -0500] "GET /wp-content/uploads/2021/12/MALORY-4A-1.jpg HTTP/1.1" 200 150817 "-" "Mozilla/5.0 X11; Ubuntu; Linux x86_64; rv:126.0 Gecko/20100101 Firefox/126.0"
188.143.244.142 - - [28/Jan/2026:05:10:22 -0500] "GET /wp-content/uploads/2018/01/DSC_6848.jpg HTTP/1.1" 200 147577 "-" "Mozilla/5.0 X11; Ubuntu; Linux x86_64; rv:126.0 Gecko/20100101 Firefox/126.0"
188.143.244.142 - - [28/Jan/2026:05:10:26 -0500] "GET /wp-content/uploads/2021/10/GINGER2-1.jpg HTTP/1.1" 200 130199 "-" "Mozilla/5.0 X11; Ubuntu; Linux x86_64; rv:126.0 Gecko/20100101 Firefox/126.0"
188.143.244.142 - - [28/Jan/2026:05:10:29 -0500] "GET /wp-content/uploads/2021/04/OLIVIA-1-1.jpg HTTP/1.1" 200 85532 "-" "Mozilla/5.0 X11; Ubuntu; Linux x86_64; rv:126.0 Gecko/20100101 Firefox/126.0"
188.143.244.142 - - [28/Jan/2026:05:10:32 -0500] "GET /wp-content/uploads/2019/08/JULIA-1.jpg HTTP/1.1" 200 99333 "-" "Mozilla/5.0 X11; Ubuntu; Linux x86_64; rv:126.0 Gecko/20100101 Firefox/126.0"
188.143.244.142 - - [28/Jan/2026:05:10:36 -0500] "GET /wp-content/uploads/2019/07/DREW-10.jpg HTTP/1.1" 200 107859 "-" "Mozilla/5.0 X11; Ubuntu; Linux x86_64; rv:126.0 Gecko/20100101 Firefox/126.0"
188.143.244.142 - - [28/Jan/2026:05:10:39 -0500] "GET /wp-content/uploads/2016/07/IMG_0639.jpg HTTP/1.1" 200 111246 "-" "Mozilla/5.0 X11; Ubuntu; Linux x86_64; rv:126.0 Gecko/20100101 Firefox/126.0"
188.143.244.142 - - [28/Jan/2026:05:10:42 -0500] "GET /wp-content/uploads/2019/06/CARA-6.jpg HTTP/1.1" 200 102840 "-" "Mozilla/5.0 X11; Ubuntu; Linux x86_64; rv:126.0 Gecko/20100101 Firefox/126.0"
170.23.29.108 - - [28/Jan/2026:05:10:45 -0500] "GET / HTTP/1.1" 200 4446 "-" "Mozilla/5.0 (Macintosh; Intel Mac OS X 10_15_7) AppleWebKit/537.36 (KHTML, like Gecko) Chrome/142.0.0.0 Safari/537.36"
188.143.244.142 - - [28/Jan/2026:05:10:46 -0500] "GET /wp-content/uploads/2017/01/36.jpg HTTP/1.1" 200 109996 "-" "Mozilla/5.0 X11; Ubuntu; Linux x86_64; rv:126.0 Gecko/20100101 Firefox/126.0"
188.143.244.142 - - [28/Jan/2026:05:10:49 -0500] "GET /wp-content/uploads/2021/06/DSC_0085.jpg HTTP/1.1" 200 150973 "-" "Mozilla/5.0 X11; Ubuntu; Linux x86_64; rv:126.0 Gecko/20100101 Firefox/126.0"
188.143.244.142 - - [28/Jan/2026:05:10:53 -0500] "GET /wp-content/uploads/2018/05/106.jpg HTTP/1.1" 200 105976 "-" "Mozilla/5.0 X11; Ubuntu; Linux x86_64; rv:126.0 Gecko/20100101 Firefox/126.0"
188.143.244.142 - - [28/Jan/2026:05:10:56 -0500] "GET /wp-content/uploads/2016/11/IVY-16.jpg HTTP/1.1" 200 204043 "-" "Mozilla/5.0 X11; Ubuntu; Linux x86_64; rv:126.0 Gecko/20100101 Firefox/126.0"
188.143.244.142 - - [28/Jan/2026:05:11:00 -0500] "GET /wp-content/uploads/2016/11/LUNA-2.jpg HTTP/1.1" 200 102360 "-" "Mozilla/5.0 X11; Ubuntu; Linux x86_64; rv:126.0 Gecko/20100101 Firefox/126.0"
188.143.244.142 - - [28/Jan/2026:05:11:04 -0500] "GET /wp-content/uploads/2019/06/CARA-2.jpg HTTP/1.1" 200 119807 "-" "Mozilla/5.0 X11; Ubuntu; Linux x86_64; rv:126.0 Gecko/20100101 Firefox/126.0"
188.143.244.142 - - [28/Jan/2026:05:11:07 -0500] "GET /wp-content/uploads/2019/04/JAYME-RAE-3.jpg HTTP/1.1" 200 122792 "-" "Mozilla/5.0 X11; Ubuntu; Linux x86_64; rv:126.0 Gecko/20100101 Firefox/126.0"
188.143.244.142 - - [28/Jan/2026:05:11:10 -0500] "GET /wp-content/uploads/2021/05/CHLOIE-GRACE-7-1.jpg HTTP/1.1" 200 105723 "-" "Mozilla/5.0 X11; Ubuntu; Linux x86_64; rv:126.0 Gecko/20100101 Firefox/126.0"
188.143.244.142 - - [28/Jan/2026:05:11:14 -0500] "GET /wp-content/uploads/2018/01/DSC_6888.jpg HTTP/1.1" 200 167073 "-" "Mozilla/5.0 X11; Ubuntu; Linux x86_64; rv:126.0 Gecko/20100101 Firefox/126.0"
188.143.244.142 - - [28/Jan/2026:05:11:17 -0500] "GET /wp-content/uploads/2019/06/CARA-5.jpg HTTP/1.1" 200 130235 "-" "Mozilla/5.0 X11; Ubuntu; Linux x86_64; rv:126.0 Gecko/20100101 Firefox/126.0"
188.143.244.142 - - [28/Jan/2026:05:11:21 -0500] "GET /wp-content/uploads/2019/05/AUDREY-34.jpg HTTP/1.1" 200 124226 "-" "Mozilla/5.0 X11; Ubuntu; Linux x86_64; rv:126.0 Gecko/20100101 Firefox/126.0"
188.143.244.142 - - [28/Jan/2026:05:11:24 -0500] "GET /wp-content/uploads/2022/02/MARIA-20.jpg HTTP/1.1" 200 191545 "-" "Mozilla/5.0 X11; Ubuntu; Linux x86_64; rv:126.0 Gecko/20100101 Firefox/126.0"
188.143.244.142 - - [28/Jan/2026:05:11:28 -0500] "GET /wp-content/uploads/2015/01/29.jpg HTTP/1.1" 200 96058 "-" "Mozilla/5.0 X11; Ubuntu; Linux x86_64; rv:126.0 Gecko/20100101 Firefox/126.0"
188.143.244.142 - - [28/Jan/2026:05:11:31 -0500] "GET /wp-content/uploads/2018/05/075.jpg HTTP/1.1" 200 56974 "-" "Mozilla/5.0 X11; Ubuntu; Linux x86_64; rv:126.0 Gecko/20100101 Firefox/126.0"
188.143.244.142 - - [28/Jan/2026:05:11:34 -0500] "GET /wp-content/uploads/2015/09/r29.jpg HTTP/1.1" 200 86126 "-" "Mozilla/5.0 X11; Ubuntu; Linux x86_64; rv:126.0 Gecko/20100101 Firefox/126.0"
188.143.244.142 - - [28/Jan/2026:05:11:37 -0500] "GET /wp-content/uploads/2018/02/DSC_0025.jpg HTTP/1.1" 200 288852 "-" "Mozilla/5.0 X11; Ubuntu; Linux x86_64; rv:126.0 Gecko/20100101 Firefox/126.0"
64.59.72.148 - - [28/Jan/2026:05:11:39 -0500] "GET / HTTP/1.1" 200 4446 "-" "check_http/v2.4.9 (nagios-plugins 2.4.9)"
188.143.244.142 - - [28/Jan/2026:05:11:42 -0500] "GET /wp-content/uploads/2022/03/DSC_6300.jpg HTTP/1.1" 200 332525 "-" "Mozilla/5.0 X11; Ubuntu; Linux x86_64; rv:126.0 Gecko/20100101 Firefox/126.0"
188.143.244.142 - - [28/Jan/2026:05:11:47 -0500] "GET /wp-content/uploads/2019/09/DEVON-11.jpg HTTP/1.1" 200 139000 "-" "Mozilla/5.0 X11; Ubuntu; Linux x86_64; rv:126.0 Gecko/20100101 Firefox/126.0"
188.143.244.142 - - [28/Jan/2026:05:11:50 -0500] "GET /wp-content/uploads/2020/07/KYMBERLIE-ROSE-13.jpg HTTP/1.1" 200 154433 "-" "Mozilla/5.0 X11; Ubuntu; Linux x86_64; rv:126.0 Gecko/20100101 Firefox/126.0"
188.143.244.142 - - [28/Jan/2026:05:11:54 -0500] "GET /wp-content/uploads/2019/03/CFL08199.jpg HTTP/1.1" 200 126548 "-" "Mozilla/5.0 X11; Ubuntu; Linux x86_64; rv:126.0 Gecko/20100101 Firefox/126.0"
188.143.244.142 - - [28/Jan/2026:05:11:58 -0500] "GET /wp-content/uploads/2018/06/57.jpg HTTP/1.1" 200 111336 "-" "Mozilla/5.0 X11; Ubuntu; Linux x86_64; rv:126.0 Gecko/20100101 Firefox/126.0"
188.143.244.142 - - [28/Jan/2026:05:12:01 -0500] "GET /wp-content/uploads/2019/06/CARA-7.jpg HTTP/1.1" 200 100710 "-" "Mozilla/5.0 X11; Ubuntu; Linux x86_64; rv:126.0 Gecko/20100101 Firefox/126.0"
188.143.244.142 - - [28/Jan/2026:05:12:05 -0500] "GET /wp-content/uploads/2021/05/CHLOIE-GRACE-5-1.jpg HTTP/1.1" 200 102996 "-" "Mozilla/5.0 X11; Ubuntu; Linux x86_64; rv:126.0 Gecko/20100101 Firefox/126.0"
188.143.244.142 - - [28/Jan/2026:05:12:09 -0500] "GET /wp-content/uploads/2021/12/MALORY-6A.jpg HTTP/1.1" 200 127837 "-" "Mozilla/5.0 X11; Ubuntu; Linux x86_64; rv:126.0 Gecko/20100101 Firefox/126.0"
188.143.244.142 - - [28/Jan/2026:05:12:12 -0500] "GET /wp-content/uploads/2022/02/CECE5.jpg HTTP/1.1" 200 120372 "-" "Mozilla/5.0 X11; Ubuntu; Linux x86_64; rv:126.0 Gecko/20100101 Firefox/126.0"
188.143.244.142 - - [28/Jan/2026:05:12:15 -0500] "GET /contact-us/ HTTP/1.1" 200 9621 "-" "Mozilla/5.0 X11; Ubuntu; Linux x86_64; rv:126.0 Gecko/20100101 Firefox/126.0"
188.143.244.142 - - [28/Jan/2026:05:12:18 -0500] "GET /wp-content/uploads/2019/03/Alex-Grey_047.jpg HTTP/1.1" 200 116558 "-" "Mozilla/5.0 X11; Ubuntu; Linux x86_64; rv:126.0 Gecko/20100101 Firefox/126.0"
188.143.244.142 - - [28/Jan/2026:05:12:21 -0500] "GET /wp-content/uploads/2016/11/IVY-2.jpg HTTP/1.1" 200 190142 "-" "Mozilla/5.0 X11; Ubuntu; Linux x86_64; rv:126.0 Gecko/20100101 Firefox/126.0"
188.143.244.142 - - [28/Jan/2026:05:12:25 -0500] "GET /wp-content/uploads/2022/02/MARIA-13-2.jpg HTTP/1.1" 200 190533 "-" "Mozilla/5.0 X11; Ubuntu; Linux x86_64; rv:126.0 Gecko/20100101 Firefox/126.0"
188.143.244.142 - - [28/Jan/2026:05:12:29 -0500] "GET /wp-content/uploads/2019/04/089.jpg HTTP/1.1" 200 68100 "-" "Mozilla/5.0 X11; Ubuntu; Linux x86_64; rv:126.0 Gecko/20100101 Firefox/126.0"
188.143.244.142 - - [28/Jan/2026:05:12:32 -0500] "GET /wp-content/uploads/2019/04/JAYME-RAE-1-1.jpg HTTP/1.1" 200 128522 "-" "Mozilla/5.0 X11; Ubuntu; Linux x86_64; rv:126.0 Gecko/20100101 Firefox/126.0"
188.143.244.142 - - [28/Jan/2026:05:12:36 -0500] "GET /wp-content/uploads/2017/01/65.jpg HTTP/1.1" 200 88869 "-" "Mozilla/5.0 X11; Ubuntu; Linux x86_64; rv:126.0 Gecko/20100101 Firefox/126.0"
207.46.13.78 - - [28/Jan/2026:05:12:38 -0500] "GET /author/auditwpmedia/ HTTP/1.1" 200 17314 "-" "Mozilla/5.0 AppleWebKit/537.36 (KHTML, like Gecko; compatible; bingbot/2.0; +http://www.bing.com/bingbot.htm) Chrome/116.0.1938.76 Safari/537.36"
188.143.244.142 - - [28/Jan/2026:05:12:39 -0500] "GET /wp-content/uploads/2022/02/CECE7.jpg HTTP/1.1" 200 149194 "-" "Mozilla/5.0 X11; Ubuntu; Linux x86_64; rv:126.0 Gecko/20100101 Firefox/126.0"
188.143.244.142 - - [28/Jan/2026:05:12:42 -0500] "GET /wp-content/uploads/2021/10/GINGER3.jpg HTTP/1.1" 200 185932 "-" "Mozilla/5.0 X11; Ubuntu; Linux x86_64; rv:126.0 Gecko/20100101 Firefox/126.0"
188.143.244.142 - - [28/Jan/2026:05:12:46 -0500] "GET /wp-content/uploads/2016/11/IVY-3.jpg HTTP/1.1" 200 190413 "-" "Mozilla/5.0 X11; Ubuntu; Linux x86_64; rv:126.0 Gecko/20100101 Firefox/126.0"
188.143.244.142 - - [28/Jan/2026:05:12:50 -0500] "GET /wp-content/uploads/2018/05/073.jpg HTTP/1.1" 200 69234 "-" "Mozilla/5.0 X11; Ubuntu; Linux x86_64; rv:126.0 Gecko/20100101 Firefox/126.0"
188.143.244.142 - - [28/Jan/2026:05:12:53 -0500] "GET /wp-content/uploads/2019/09/DEVON-2.jpg HTTP/1.1" 200 126823 "-" "Mozilla/5.0 X11; Ubuntu; Linux x86_64; rv:126.0 Gecko/20100101 Firefox/126.0"
188.143.244.142 - - [28/Jan/2026:05:12:56 -0500] "GET /wp-content/uploads/2021/10/GINGER2.jpg HTTP/1.1" 200 130199 "-" "Mozilla/5.0 X11; Ubuntu; Linux x86_64; rv:126.0 Gecko/20100101 Firefox/126.0"
188.143.244.142 - - [28/Jan/2026:05:13:00 -0500] "GET /wp-content/uploads/2019/07/DREW-7.jpg HTTP/1.1" 200 108620 "-" "Mozilla/5.0 X11; Ubuntu; Linux x86_64; rv:126.0 Gecko/20100101 Firefox/126.0"
188.143.244.142 - - [28/Jan/2026:05:13:03 -0500] "GET /wp-content/uploads/2022/02/CECE2.jpg HTTP/1.1" 200 171050 "-" "Mozilla/5.0 X11; Ubuntu; Linux x86_64; rv:126.0 Gecko/20100101 Firefox/126.0"
188.143.244.142 - - [28/Jan/2026:05:13:07 -0500] "GET /wp-content/uploads/2022/03/DSC_6964.jpg HTTP/1.1" 200 255110 "-" "Mozilla/5.0 X11; Ubuntu; Linux x86_64; rv:126.0 Gecko/20100101 Firefox/126.0"
188.143.244.142 - - [28/Jan/2026:05:13:11 -0500] "GET /wp-content/uploads/2021/09/JANESSA-3.jpg HTTP/1.1" 200 166259 "-" "Mozilla/5.0 X11; Ubuntu; Linux x86_64; rv:126.0 Gecko/20100101 Firefox/126.0"
188.143.244.142 - - [28/Jan/2026:05:13:15 -0500] "GET /wp-content/uploads/2018/02/DSC_0277.jpg HTTP/1.1" 200 289897 "-" "Mozilla/5.0 X11; Ubuntu; Linux x86_64; rv:126.0 Gecko/20100101 Firefox/126.0"
188.143.244.142 - - [28/Jan/2026:05:13:19 -0500] "GET /wp-content/uploads/2019/08/JULIE-2.jpg HTTP/1.1" 200 109196 "-" "Mozilla/5.0 X11; Ubuntu; Linux x86_64; rv:126.0 Gecko/20100101 Firefox/126.0"
188.143.244.142 - - [28/Jan/2026:05:13:23 -0500] "GET /wp-content/uploads/2021/02/DSC_2086.jpg HTTP/1.1" 200 254007 "-" "Mozilla/5.0 X11; Ubuntu; Linux x86_64; rv:126.0 Gecko/20100101 Firefox/126.0"
188.143.244.142 - - [28/Jan/2026:05:13:27 -0500] "GET /wp-content/uploads/2022/02/MARIA-12.jpg HTTP/1.1" 200 177915 "-" "Mozilla/5.0 X11; Ubuntu; Linux x86_64; rv:126.0 Gecko/20100101 Firefox/126.0"
188.143.244.142 - - [28/Jan/2026:05:13:31 -0500] "GET /wp-content/uploads/2020/07/KYMBERLIE-ROSE-1.jpg HTTP/1.1" 200 230230 "-" "Mozilla/5.0 X11; Ubuntu; Linux x86_64; rv:126.0 Gecko/20100101 Firefox/126.0"
188.143.244.142 - - [28/Jan/2026:05:13:35 -0500] "GET /wp-content/uploads/2016/11/IVY-9.jpg HTTP/1.1" 200 126286 "-" "Mozilla/5.0 X11; Ubuntu; Linux x86_64; rv:126.0 Gecko/20100101 Firefox/126.0"
64.59.72.148 - - [28/Jan/2026:05:13:39 -0500] "GET / HTTP/1.1" 200 4446 "-" "check_http/v2.4.9 (nagios-plugins 2.4.9)"
188.143.244.142 - - [28/Jan/2026:05:13:39 -0500] "GET /wp-content/uploads/2021/10/GINGER9.jpg HTTP/1.1" 200 141625 "-" "Mozilla/5.0 X11; Ubuntu; Linux x86_64; rv:126.0 Gecko/20100101 Firefox/126.0"
188.143.244.142 - - [28/Jan/2026:05:13:42 -0500] "GET /wp-content/uploads/2021/06/DSC_0002.jpg HTTP/1.1" 200 269001 "-" "Mozilla/5.0 X11; Ubuntu; Linux x86_64; rv:126.0 Gecko/20100101 Firefox/126.0"
188.143.244.142 - - [28/Jan/2026:05:13:47 -0500] "GET /wp-content/uploads/2021/04/OLIVIA-3.jpg HTTP/1.1" 200 93479 "-" "Mozilla/5.0 X11; Ubuntu; Linux x86_64; rv:126.0 Gecko/20100101 Firefox/126.0"
188.143.244.142 - - [28/Jan/2026:05:13:51 -0500] "GET /wp-content/uploads/2020/07/KYMBERLIE-ROSE-2.jpg HTTP/1.1" 200 141544 "-" "Mozilla/5.0 X11; Ubuntu; Linux x86_64; rv:126.0 Gecko/20100101 Firefox/126.0"
188.143.244.142 - - [28/Jan/2026:05:13:54 -0500] "GET /wp-content/uploads/2019/06/35.jpg HTTP/1.1" 200 104842 "-" "Mozilla/5.0 X11; Ubuntu; Linux x86_64; rv:126.0 Gecko/20100101 Firefox/126.0"
188.143.244.142 - - [28/Jan/2026:05:13:57 -0500] "GET /wp-content/uploads/2019/05/AUDREY-37.jpg HTTP/1.1" 200 135347 "-" "Mozilla/5.0 X11; Ubuntu; Linux x86_64; rv:126.0 Gecko/20100101 Firefox/126.0"
188.143.244.142 - - [28/Jan/2026:05:14:01 -0500] "GET /wp-content/uploads/2022/02/MARIA-13-1.jpg HTTP/1.1" 200 190533 "-" "Mozilla/5.0 X11; Ubuntu; Linux x86_64; rv:126.0 Gecko/20100101 Firefox/126.0"
188.143.244.142 - - [28/Jan/2026:05:14:05 -0500] "GET /wp-content/uploads/2015/02/ANISTASIA-BLACK-3.jpg HTTP/1.1" 200 51459 "-" "Mozilla/5.0 X11; Ubuntu; Linux x86_64; rv:126.0 Gecko/20100101 Firefox/126.0"
188.143.244.142 - - [28/Jan/2026:05:14:08 -0500] "GET /wp-content/uploads/2019/09/DEVON-7.jpg HTTP/1.1" 200 87662 "-" "Mozilla/5.0 X11; Ubuntu; Linux x86_64; rv:126.0 Gecko/20100101 Firefox/126.0"
188.143.244.142 - - [28/Jan/2026:05:14:11 -0500] "GET /wp-content/uploads/2019/07/DREW-4.jpg HTTP/1.1" 200 132939 "-" "Mozilla/5.0 X11; Ubuntu; Linux x86_64; rv:126.0 Gecko/20100101 Firefox/126.0"
188.143.244.142 - - [28/Jan/2026:05:14:15 -0500] "GET /wp-content/uploads/2021/12/MALORY-2A.jpg HTTP/1.1" 200 103100 "-" "Mozilla/5.0 X11; Ubuntu; Linux x86_64; rv:126.0 Gecko/20100101 Firefox/126.0"
188.143.244.142 - - [28/Jan/2026:05:14:18 -0500] "GET /wp-content/uploads/2016/05/101.jpg HTTP/1.1" 200 81539 "-" "Mozilla/5.0 X11; Ubuntu; Linux x86_64; rv:126.0 Gecko/20100101 Firefox/126.0"
188.143.244.142 - - [28/Jan/2026:05:14:21 -0500] "GET /wp-content/uploads/2018/05/109.jpg HTTP/1.1" 200 68337 "-" "Mozilla/5.0 X11; Ubuntu; Linux x86_64; rv:126.0 Gecko/20100101 Firefox/126.0"
188.143.244.142 - - [28/Jan/2026:05:14:24 -0500] "GET /wp-content/uploads/2016/07/IMG_0649.jpg HTTP/1.1" 200 172117 "-" "Mozilla/5.0 X11; Ubuntu; Linux x86_64; rv:126.0 Gecko/20100101 Firefox/126.0"
188.143.244.142 - - [28/Jan/2026:05:14:28 -0500] "GET /wp-content/uploads/2015/02/ANISTASIA-BLACK-2.jpg HTTP/1.1" 200 64785 "-" "Mozilla/5.0 X11; Ubuntu; Linux x86_64; rv:126.0 Gecko/20100101 Firefox/126.0"
188.143.244.142 - - [28/Jan/2026:05:14:31 -0500] "GET /wp-login.php?action=lostpassword HTTP/1.1" 200 2520 "-" "Mozilla/5.0 X11; Ubuntu; Linux x86_64; rv:126.0 Gecko/20100101 Firefox/126.0"
188.143.244.142 - - [28/Jan/2026:05:14:33 -0500] "GET /wp-content/uploads/2019/03/Alex-Grey_040.jpg HTTP/1.1" 200 116746 "-" "Mozilla/5.0 X11; Ubuntu; Linux x86_64; rv:126.0 Gecko/20100101 Firefox/126.0"
188.143.244.142 - - [28/Jan/2026:05:14:37 -0500] "GET /wp-content/uploads/2018/11/Hannah_13.jpg HTTP/1.1" 200 164854 "-" "Mozilla/5.0 X11; Ubuntu; Linux x86_64; rv:126.0 Gecko/20100101 Firefox/126.0"
47.243.63.54 - - [28/Jan/2026:05:14:38 -0500] "GET /indexback.php HTTP/1.1" 301 - "-" "Mozilla/5.0 (Windows NT 10.0; WOW64; rv:48.0) Gecko/20100101 Firefox/48.0"
47.243.63.54 - - [28/Jan/2026:05:14:39 -0500] "GET /indexback.php HTTP/1.1" 404 8442 "-" "Mozilla/5.0 (Windows NT 10.0; WOW64; rv:48.0) Gecko/20100101 Firefox/48.0"
188.143.244.142 - - [28/Jan/2026:05:14:40 -0500] "GET /wp-content/uploads/2019/09/DEVON-6.jpg HTTP/1.1" 200 122311 "-" "Mozilla/5.0 X11; Ubuntu; Linux x86_64; rv:126.0 Gecko/20100101 Firefox/126.0"
188.143.244.142 - - [28/Jan/2026:05:14:44 -0500] "GET /wp-content/uploads/2016/11/LUNA-7.jpg HTTP/1.1" 200 141558 "-" "Mozilla/5.0 X11; Ubuntu; Linux x86_64; rv:126.0 Gecko/20100101 Firefox/126.0"
188.143.244.142 - - [28/Jan/2026:05:14:47 -0500] "GET /wp-content/uploads/2020/07/KYMBERLIE-ROSE-11.jpg HTTP/1.1" 200 154741 "-" "Mozilla/5.0 X11; Ubuntu; Linux x86_64; rv:126.0 Gecko/20100101 Firefox/126.0"
188.143.244.142 - - [28/Jan/2026:05:14:51 -0500] "GET /wp-content/uploads/2019/07/DREW-13.jpg HTTP/1.1" 200 99554 "-" "Mozilla/5.0 X11; Ubuntu; Linux x86_64; rv:126.0 Gecko/20100101 Firefox/126.0"
188.143.244.142 - - [28/Jan/2026:05:14:54 -0500] "GET /wp-content/uploads/2019/03/CFL08047.jpg HTTP/1.1" 200 109940 "-" "Mozilla/5.0 X11; Ubuntu; Linux x86_64; rv:126.0 Gecko/20100101 Firefox/126.0"
188.143.244.142 - - [28/Jan/2026:05:14:58 -0500] "GET /wp-content/uploads/2020/11/DSC_6551.jpg HTTP/1.1" 200 186606 "-" "Mozilla/5.0 X11; Ubuntu; Linux x86_64; rv:126.0 Gecko/20100101 Firefox/126.0"
188.143.244.142 - - [28/Jan/2026:05:15:02 -0500] "GET /wp-content/uploads/2018/02/DSC_0206.jpg HTTP/1.1" 200 340096 "-" "Mozilla/5.0 X11; Ubuntu; Linux x86_64; rv:126.0 Gecko/20100101 Firefox/126.0"
188.143.244.142 - - [28/Jan/2026:05:15:07 -0500] "GET /wp-content/uploads/2019/06/CARA-3.jpg HTTP/1.1" 200 147573 "-" "Mozilla/5.0 X11; Ubuntu; Linux x86_64; rv:126.0 Gecko/20100101 Firefox/126.0"
188.143.244.142 - - [28/Jan/2026:05:15:10 -0500] "GET /wp-content/uploads/2018/06/25.jpg HTTP/1.1" 200 155638 "-" "Mozilla/5.0 X11; Ubuntu; Linux x86_64; rv:126.0 Gecko/20100101 Firefox/126.0"
188.143.244.142 - - [28/Jan/2026:05:15:14 -0500] "GET /wp-content/uploads/2019/04/005.jpg HTTP/1.1" 200 94451 "-" "Mozilla/5.0 X11; Ubuntu; Linux x86_64; rv:126.0 Gecko/20100101 Firefox/126.0"
188.143.244.142 - - [28/Jan/2026:05:15:17 -0500] "GET /wp-content/uploads/2016/11/image1.jpg HTTP/1.1" 200 108807 "-" "Mozilla/5.0 X11; Ubuntu; Linux x86_64; rv:126.0 Gecko/20100101 Firefox/126.0"
188.143.244.142 - - [28/Jan/2026:05:15:20 -0500] "GET /wp-content/uploads/2019/09/DEVON-1-1.jpg HTTP/1.1" 200 86820 "-" "Mozilla/5.0 X11; Ubuntu; Linux x86_64; rv:126.0 Gecko/20100101 Firefox/126.0"
188.143.244.142 - - [28/Jan/2026:05:15:23 -0500] "GET /wp-content/uploads/2021/05/CHLOIE-GRACE-2-1.jpg HTTP/1.1" 200 100907 "-" "Mozilla/5.0 X11; Ubuntu; Linux x86_64; rv:126.0 Gecko/20100101 Firefox/126.0"
188.143.244.142 - - [28/Jan/2026:05:15:26 -0500] "GET /wp-content/uploads/2018/01/DSC_6594.jpg HTTP/1.1" 200 149585 "-" "Mozilla/5.0 X11; Ubuntu; Linux x86_64; rv:126.0 Gecko/20100101 Firefox/126.0"
188.143.244.142 - - [28/Jan/2026:05:15:29 -0500] "GET /wp-content/uploads/2019/03/Alex-Grey_036.jpg HTTP/1.1" 200 109532 "-" "Mozilla/5.0 X11; Ubuntu; Linux x86_64; rv:126.0 Gecko/20100101 Firefox/126.0"
188.143.244.142 - - [28/Jan/2026:05:15:33 -0500] "GET /wp-content/uploads/2018/11/HH_Promo2.jpg HTTP/1.1" 200 225135 "-" "Mozilla/5.0 X11; Ubuntu; Linux x86_64; rv:126.0 Gecko/20100101 Firefox/126.0"
188.143.244.142 - - [28/Jan/2026:05:15:37 -0500] "GET /wp-content/uploads/2021/03/SABINA-11-A.jpg HTTP/1.1" 200 113856 "-" "Mozilla/5.0 X11; Ubuntu; Linux x86_64; rv:126.0 Gecko/20100101 Firefox/126.0"
64.59.72.148 - - [28/Jan/2026:05:15:39 -0500] "GET / HTTP/1.1" 200 4446 "-" "check_http/v2.4.9 (nagios-plugins 2.4.9)"
188.143.244.142 - - [28/Jan/2026:05:15:40 -0500] "GET /wp-content/uploads/2021/12/BELLA-BLUE-3.jpg HTTP/1.1" 200 201002 "-" "Mozilla/5.0 X11; Ubuntu; Linux x86_64; rv:126.0 Gecko/20100101 Firefox/126.0"
188.143.244.142 - - [28/Jan/2026:05:15:44 -0500] "GET /wp-content/uploads/2021/03/SABINA-4A.jpg HTTP/1.1" 200 122603 "-" "Mozilla/5.0 X11; Ubuntu; Linux x86_64; rv:126.0 Gecko/20100101 Firefox/126.0"
188.143.244.142 - - [28/Jan/2026:05:15:47 -0500] "GET /wp-content/uploads/2021/12/BELLA-4.jpg HTTP/1.1" 200 182057 "-" "Mozilla/5.0 X11; Ubuntu; Linux x86_64; rv:126.0 Gecko/20100101 Firefox/126.0"
188.143.244.142 - - [28/Jan/2026:05:15:51 -0500] "GET /wp-content/uploads/2016/05/053.jpg HTTP/1.1" 200 104217 "-" "Mozilla/5.0 X11; Ubuntu; Linux x86_64; rv:126.0 Gecko/20100101 Firefox/126.0"
188.143.244.142 - - [28/Jan/2026:05:15:54 -0500] "GET /wp-content/uploads/2025/02/5cfdaa2.jpg HTTP/1.1" 200 129556 "-" "Mozilla/5.0 X11; Ubuntu; Linux x86_64; rv:126.0 Gecko/20100101 Firefox/126.0"
188.143.244.142 - - [28/Jan/2026:05:15:57 -0500] "GET /wp-content/uploads/2021/03/SABINA-6A.jpg HTTP/1.1" 200 229680 "-" "Mozilla/5.0 X11; Ubuntu; Linux x86_64; rv:126.0 Gecko/20100101 Firefox/126.0"
188.143.244.142 - - [28/Jan/2026:05:16:01 -0500] "GET /wp-content/uploads/2025/02/6_6a3ccc8f.jpg HTTP/1.1" 200 72392 "-" "Mozilla/5.0 X11; Ubuntu; Linux x86_64; rv:126.0 Gecko/20100101 Firefox/126.0"
188.143.244.142 - - [28/Jan/2026:05:16:05 -0500] "GET /wp-content/uploads/2025/02/a724563c.jpg HTTP/1.1" 200 97854 "-" "Mozilla/5.0 X11; Ubuntu; Linux x86_64; rv:126.0 Gecko/20100101 Firefox/126.0"
138.197.36.236 - - [28/Jan/2026:05:16:07 -0500] "HEAD / HTTP/1.1" 200 - "https://blackhatwebmasters.com" "WPMU DEV Broken Link Checker Local Engine"
188.143.244.142 - - [28/Jan/2026:05:16:09 -0500] "GET /wp-content/uploads/2022/03/AMBER-5.jpg HTTP/1.1" 200 164001 "-" "Mozilla/5.0 X11; Ubuntu; Linux x86_64; rv:126.0 Gecko/20100101 Firefox/126.0"
188.143.244.142 - - [28/Jan/2026:05:16:13 -0500] "GET /wp-content/uploads/2015/09/r27.jpg HTTP/1.1" 200 78742 "-" "Mozilla/5.0 X11; Ubuntu; Linux x86_64; rv:126.0 Gecko/20100101 Firefox/126.0"
188.143.244.142 - - [28/Jan/2026:05:16:15 -0500] "GET /wp-content/uploads/2019/07/DREW-12.jpg HTTP/1.1" 200 123496 "-" "Mozilla/5.0 X11; Ubuntu; Linux x86_64; rv:126.0 Gecko/20100101 Firefox/126.0"
188.143.244.142 - - [28/Jan/2026:05:16:19 -0500] "GET /wp-content/uploads/2025/02/5_1afa7277.jpg HTTP/1.1" 200 101308 "-" "Mozilla/5.0 X11; Ubuntu; Linux x86_64; rv:126.0 Gecko/20100101 Firefox/126.0"
188.143.244.142 - - [28/Jan/2026:05:16:22 -0500] "GET /wp-content/uploads/2022/03/AMBER-2.jpg HTTP/1.1" 200 358829 "-" "Mozilla/5.0 X11; Ubuntu; Linux x86_64; rv:126.0 Gecko/20100101 Firefox/126.0"
188.143.244.142 - - [28/Jan/2026:05:16:27 -0500] "GET /wp-content/uploads/2021/03/SABINA-13A.jpg HTTP/1.1" 200 118938 "-" "Mozilla/5.0 X11; Ubuntu; Linux x86_64; rv:126.0 Gecko/20100101 Firefox/126.0"
188.143.244.142 - - [28/Jan/2026:05:16:30 -0500] "GET /wp-content/uploads/2021/12/BELLA-BLUE-1.jpg HTTP/1.1" 200 185662 "-" "Mozilla/5.0 X11; Ubuntu; Linux x86_64; rv:126.0 Gecko/20100101 Firefox/126.0"
188.143.244.142 - - [28/Jan/2026:05:16:34 -0500] "GET /wp-content/uploads/2016/11/image4.jpg HTTP/1.1" 200 254433 "-" "Mozilla/5.0 X11; Ubuntu; Linux x86_64; rv:126.0 Gecko/20100101 Firefox/126.0"
188.143.244.142 - - [28/Jan/2026:05:16:38 -0500] "GET /wp-content/uploads/2022/03/AMBER-4.jpg HTTP/1.1" 200 202143 "-" "Mozilla/5.0 X11; Ubuntu; Linux x86_64; rv:126.0 Gecko/20100101 Firefox/126.0"
188.143.244.142 - - [28/Jan/2026:05:16:42 -0500] "GET /wp-content/uploads/2019/09/DEVON-10.jpg HTTP/1.1" 200 181851 "-" "Mozilla/5.0 X11; Ubuntu; Linux x86_64; rv:126.0 Gecko/20100101 Firefox/126.0"
188.143.244.142 - - [28/Jan/2026:05:16:46 -0500] "GET /wp-content/uploads/2016/11/IVY-8.jpg HTTP/1.1" 200 129518 "-" "Mozilla/5.0 X11; Ubuntu; Linux x86_64; rv:126.0 Gecko/20100101 Firefox/126.0"
188.143.244.142 - - [28/Jan/2026:05:16:49 -0500] "GET /wp-content/uploads/2021/12/BELLA-BLUE-4.jpg HTTP/1.1" 200 157693 "-" "Mozilla/5.0 X11; Ubuntu; Linux x86_64; rv:126.0 Gecko/20100101 Firefox/126.0"
188.143.244.142 - - [28/Jan/2026:05:16:53 -0500] "GET /wp-content/uploads/2022/03/AMBER-1.jpg HTTP/1.1" 200 314968 "-" "Mozilla/5.0 X11; Ubuntu; Linux x86_64; rv:126.0 Gecko/20100101 Firefox/126.0"
188.143.244.142 - - [28/Jan/2026:05:16:58 -0500] "GET /wp-content/uploads/2021/03/SABINA-7A.jpg HTTP/1.1" 200 111656 "-" "Mozilla/5.0 X11; Ubuntu; Linux x86_64; rv:126.0 Gecko/20100101 Firefox/126.0"
188.143.244.142 - - [28/Jan/2026:05:17:01 -0500] "GET /wp-content/uploads/2022/02/MARIA-7.jpg HTTP/1.1" 200 158776 "-" "Mozilla/5.0 X11; Ubuntu; Linux x86_64; rv:126.0 Gecko/20100101 Firefox/126.0"
188.143.244.142 - - [28/Jan/2026:05:17:05 -0500] "GET /wp-content/uploads/2021/12/BELLA-BLUE-2.jpg HTTP/1.1" 200 137607 "-" "Mozilla/5.0 X11; Ubuntu; Linux x86_64; rv:126.0 Gecko/20100101 Firefox/126.0"
188.143.244.142 - - [28/Jan/2026:05:17:08 -0500] "GET /wp-content/uploads/2021/03/SABINA-5A.jpg HTTP/1.1" 200 129323 "-" "Mozilla/5.0 X11; Ubuntu; Linux x86_64; rv:126.0 Gecko/20100101 Firefox/126.0"
188.143.244.142 - - [28/Jan/2026:05:17:11 -0500] "GET /wp-content/uploads/2019/06/JAYME-RAE-13.jpg HTTP/1.1" 200 168605 "-" "Mozilla/5.0 X11; Ubuntu; Linux x86_64; rv:126.0 Gecko/20100101 Firefox/126.0"
188.143.244.142 - - [28/Jan/2026:05:17:15 -0500] "GET /wp-content/uploads/2016/05/009.jpg HTTP/1.1" 200 88522 "-" "Mozilla/5.0 X11; Ubuntu; Linux x86_64; rv:126.0 Gecko/20100101 Firefox/126.0"
188.143.244.142 - - [28/Jan/2026:05:17:18 -0500] "GET /wp-content/uploads/2015/09/R-00146.jpg HTTP/1.1" 200 47428 "-" "Mozilla/5.0 X11; Ubuntu; Linux x86_64; rv:126.0 Gecko/20100101 Firefox/126.0"
188.143.244.142 - - [28/Jan/2026:05:17:21 -0500] "GET /wp-content/uploads/2020/11/DSC_5426.jpg HTTP/1.1" 200 199173 "-" "Mozilla/5.0 X11; Ubuntu; Linux x86_64; rv:126.0 Gecko/20100101 Firefox/126.0"
188.143.244.142 - - [28/Jan/2026:05:17:25 -0500] "GET /wp-content/uploads/2014/12/Matrix-Models-Photo-Logo.jpg HTTP/1.1" 200 36134 "-" "Mozilla/5.0 X11; Ubuntu; Linux x86_64; rv:126.0 Gecko/20100101 Firefox/126.0"
188.143.244.142 - - [28/Jan/2026:05:17:27 -0500] "GET /wp-content/uploads/2021/02/AMBER-1.jpg HTTP/1.1" 200 69829 "-" "Mozilla/5.0 X11; Ubuntu; Linux x86_64; rv:126.0 Gecko/20100101 Firefox/126.0"
188.143.244.142 - - [28/Jan/2026:05:17:30 -0500] "GET /wp-content/uploads/2021/02/AMBER-3.jpg HTTP/1.1" 200 84998 "-" "Mozilla/5.0 X11; Ubuntu; Linux x86_64; rv:126.0 Gecko/20100101 Firefox/126.0"
188.143.244.142 - - [28/Jan/2026:05:17:33 -0500] "GET /wp-content/uploads/2017/01/41.jpg HTTP/1.1" 200 75003 "-" "Mozilla/5.0 X11; Ubuntu; Linux x86_64; rv:126.0 Gecko/20100101 Firefox/126.0"
188.143.244.142 - - [28/Jan/2026:05:17:36 -0500] "GET /wp-content/uploads/2019/03/CFL08227.jpg HTTP/1.1" 200 101394 "-" "Mozilla/5.0 X11; Ubuntu; Linux x86_64; rv:126.0 Gecko/20100101 Firefox/126.0"
64.59.72.148 - - [28/Jan/2026:05:17:39 -0500] "GET / HTTP/1.1" 200 4446 "-" "check_http/v2.4.9 (nagios-plugins 2.4.9)"
188.143.244.142 - - [28/Jan/2026:05:17:39 -0500] "GET /wp-content/uploads/2016/11/IVY-15.jpg HTTP/1.1" 200 188839 "-" "Mozilla/5.0 X11; Ubuntu; Linux x86_64; rv:126.0 Gecko/20100101 Firefox/126.0"
188.143.244.142 - - [28/Jan/2026:05:17:43 -0500] "GET /wp-content/uploads/2022/02/MARIA-15.jpg HTTP/1.1" 200 136178 "-" "Mozilla/5.0 X11; Ubuntu; Linux x86_64; rv:126.0 Gecko/20100101 Firefox/126.0"
205.185.126.5 - - [28/Jan/2026:05:17:44 -0500] "GET /wp-login.php HTTP/1.1" 200 6925 "-" "Mozilla/5.0 (X11; Linux x86_64) AppleWebKit/537.36 (KHTML, like Gecko) Ubuntu Chromium/34.0.1847.116 Chrome/34.0.1847.116 Safari/537.36"
205.185.126.5 - - [28/Jan/2026:05:17:45 -0500] "POST /wp-login.php HTTP/1.1" 200 7355 "-" "Mozilla/5.0 (X11; Linux x86_64) AppleWebKit/537.36 (KHTML, like Gecko) Ubuntu Chromium/34.0.1847.116 Chrome/34.0.1847.116 Safari/537.36"
188.143.244.142 - - [28/Jan/2026:05:17:47 -0500] "GET /wp-content/uploads/2016/07/IMG_0723.jpg HTTP/1.1" 200 120129 "-" "Mozilla/5.0 X11; Ubuntu; Linux x86_64; rv:126.0 Gecko/20100101 Firefox/126.0"
188.143.244.142 - - [28/Jan/2026:05:17:50 -0500] "GET /wp-content/uploads/2017/01/21.jpg HTTP/1.1" 200 105528 "-" "Mozilla/5.0 X11; Ubuntu; Linux x86_64; rv:126.0 Gecko/20100101 Firefox/126.0"
188.143.244.142 - - [28/Jan/2026:05:17:53 -0500] "GET /wp-content/uploads/2019/06/CARA-1.jpg HTTP/1.1" 200 123070 "-" "Mozilla/5.0 X11; Ubuntu; Linux x86_64; rv:126.0 Gecko/20100101 Firefox/126.0"
188.143.244.142 - - [28/Jan/2026:05:17:57 -0500] "GET /wp-content/uploads/2018/01/DSC_6823.jpg HTTP/1.1" 200 142097 "-" "Mozilla/5.0 X11; Ubuntu; Linux x86_64; rv:126.0 Gecko/20100101 Firefox/126.0"
188.143.244.142 - - [28/Jan/2026:05:18:01 -0500] "GET /wp-content/uploads/2016/11/image2.jpg HTTP/1.1" 200 87355 "-" "Mozilla/5.0 X11; Ubuntu; Linux x86_64; rv:126.0 Gecko/20100101 Firefox/126.0"
188.143.244.142 - - [28/Jan/2026:05:18:04 -0500] "GET /wp-content/uploads/2021/12/MALORY-7A.jpg HTTP/1.1" 200 149452 "-" "Mozilla/5.0 X11; Ubuntu; Linux x86_64; rv:126.0 Gecko/20100101 Firefox/126.0"
17.241.219.31 - - [28/Jan/2026:05:18:09 -0500] "GET /otw-portfolio/maria-kazi/ HTTP/1.1" 301 - "-" "Mozilla/5.0 (Macintosh; Intel Mac OS X 10_15_7) AppleWebKit/605.1.15 (KHTML, like Gecko) Version/17.4 Safari/605.1.15 (Applebot/0.1; +http://www.apple.com/go/applebot)"
188.143.244.142 - - [28/Jan/2026:05:18:08 -0500] "GET /wp-content/uploads/2018/07/Test-shot_june-5_012.jpg HTTP/1.1" 200 199114 "-" "Mozilla/5.0 X11; Ubuntu; Linux x86_64; rv:126.0 Gecko/20100101 Firefox/126.0"
17.241.219.31 - - [28/Jan/2026:05:18:09 -0500] "GET / HTTP/1.1" 200 4446 "-" "Mozilla/5.0 (Macintosh; Intel Mac OS X 10_15_7) AppleWebKit/605.1.15 (KHTML, like Gecko) Version/17.4 Safari/605.1.15 (Applebot/0.1; +http://www.apple.com/go/applebot)"
188.143.244.142 - - [28/Jan/2026:05:18:12 -0500] "GET /wp-content/uploads/2015/01/AUBREY-12.jpg HTTP/1.1" 200 45002 "-" "Mozilla/5.0 X11; Ubuntu; Linux x86_64; rv:126.0 Gecko/20100101 Firefox/126.0"
188.143.244.142 - - [28/Jan/2026:05:18:15 -0500] "GET /wp-content/uploads/2020/07/KYMBERLIE-ROSE-4.jpg HTTP/1.1" 200 205225 "-" "Mozilla/5.0 X11; Ubuntu; Linux x86_64; rv:126.0 Gecko/20100101 Firefox/126.0"
188.143.244.142 - - [28/Jan/2026:05:18:19 -0500] "GET /wp-content/uploads/2018/11/HANNA-1.jpg HTTP/1.1" 200 93081 "-" "Mozilla/5.0 X11; Ubuntu; Linux x86_64; rv:126.0 Gecko/20100101 Firefox/126.0"
188.143.244.142 - - [28/Jan/2026:05:18:22 -0500] "GET /wp-content/uploads/2016/11/LUNA-1.jpg HTTP/1.1" 200 77491 "-" "Mozilla/5.0 X11; Ubuntu; Linux x86_64; rv:126.0 Gecko/20100101 Firefox/126.0"
188.143.244.142 - - [28/Jan/2026:05:18:25 -0500] "GET /wp-content/uploads/2018/07/Test-shot_june-5_021.jpg HTTP/1.1" 200 246727 "-" "Mozilla/5.0 X11; Ubuntu; Linux x86_64; rv:126.0 Gecko/20100101 Firefox/126.0"
188.143.244.142 - - [28/Jan/2026:05:18:29 -0500] "GET /wp-content/uploads/2019/04/JAYME-RAE-5.jpg HTTP/1.1" 200 176027 "-" "Mozilla/5.0 X11; Ubuntu; Linux x86_64; rv:126.0 Gecko/20100101 Firefox/126.0"
188.143.244.142 - - [28/Jan/2026:05:18:32 -0500] "GET /wp-content/uploads/2024/11/LEXI-7.jpg HTTP/1.1" 200 111826 "-" "Mozilla/5.0 X11; Ubuntu; Linux x86_64; rv:126.0 Gecko/20100101 Firefox/126.0"
188.143.244.142 - - [28/Jan/2026:05:18:36 -0500] "GET /wp-content/uploads/2019/07/DREW-9-1.jpg HTTP/1.1" 200 112436 "-" "Mozilla/5.0 X11; Ubuntu; Linux x86_64; rv:126.0 Gecko/20100101 Firefox/126.0"
188.143.244.142 - - [28/Jan/2026:05:18:39 -0500] "GET /wp-content/uploads/2019/06/73.jpg HTTP/1.1" 200 122943 "-" "Mozilla/5.0 X11; Ubuntu; Linux x86_64; rv:126.0 Gecko/20100101 Firefox/126.0"
188.143.244.142 - - [28/Jan/2026:05:18:42 -0500] "GET /wp-content/uploads/2019/04/009.jpg HTTP/1.1" 200 160969 "-" "Mozilla/5.0 X11; Ubuntu; Linux x86_64; rv:126.0 Gecko/20100101 Firefox/126.0"
188.143.244.142 - - [28/Jan/2026:05:18:46 -0500] "GET /wp-content/uploads/2017/01/49.jpg HTTP/1.1" 200 102729 "-" "Mozilla/5.0 X11; Ubuntu; Linux x86_64; rv:126.0 Gecko/20100101 Firefox/126.0"
188.143.244.142 - - [28/Jan/2026:05:18:49 -0500] "GET /wp-content/uploads/2019/06/CARA-9.jpg HTTP/1.1" 200 89805 "-" "Mozilla/5.0 X11; Ubuntu; Linux x86_64; rv:126.0 Gecko/20100101 Firefox/126.0"
188.143.244.142 - - [28/Jan/2026:05:18:52 -0500] "GET /wp-content/uploads/2021/09/JANESSA-1.jpg HTTP/1.1" 200 162540 "-" "Mozilla/5.0 X11; Ubuntu; Linux x86_64; rv:126.0 Gecko/20100101 Firefox/126.0"
188.143.244.142 - - [28/Jan/2026:05:18:57 -0500] "GET /our-models HTTP/1.1" 301 - "-" "Mozilla/5.0 X11; Ubuntu; Linux x86_64; rv:126.0 Gecko/20100101 Firefox/126.0"
188.143.244.142 - - [28/Jan/2026:05:18:57 -0500] "GET /our-models/ HTTP/1.1" 200 7587 "http://matrixmodels.com/our-models" "Mozilla/5.0 X11; Ubuntu; Linux x86_64; rv:126.0 Gecko/20100101 Firefox/126.0"
188.143.244.142 - - [28/Jan/2026:05:18:59 -0500] "GET /wp-content/uploads/2019/04/JAYME-RAE-9B.jpg HTTP/1.1" 200 221782 "-" "Mozilla/5.0 X11; Ubuntu; Linux x86_64; rv:126.0 Gecko/20100101 Firefox/126.0"
188.143.244.142 - - [28/Jan/2026:05:19:04 -0500] "GET /wp-content/uploads/2021/12/MALORY-3A.jpg HTTP/1.1" 200 204892 "-" "Mozilla/5.0 X11; Ubuntu; Linux x86_64; rv:126.0 Gecko/20100101 Firefox/126.0"
