51.222.95.249 - - [28/Jan/2026:06:19:55 -0500] "GET /whitney-6/ HTTP/1.1" 200 12415 "-" "Mozilla/5.0 (compatible; AhrefsBot/7.0; +http://ahrefs.com/robot/)"
103.151.40.252 - - [28/Jan/2026:06:20:28 -0500] "GET /wp-content/uploads/2021/03/SABINA-6A.jpg HTTP/1.1" 200 229680 "https://www.google.com/" "Mozilla/5.0 (iPhone; CPU iPhone OS 18_7 like Mac OS X) AppleWebKit/605.1.15 (KHTML, like Gecko) Version/26.2 Mobile/15E148 Safari/604.1"
64.59.72.148 - - [28/Jan/2026:06:21:39 -0500] "GET / HTTP/1.1" 200 4446 "-" "check_http/v2.4.9 (nagios-plugins 2.4.9)"
143.244.49.12 - - [28/Jan/2026:06:23:08 -0500] "GET /wp-content/uploads/2019/04/042.jpg HTTP/1.1" 200 174360 "https://www.google.com/" "Mozilla/5.0 (iPhone; CPU iPhone OS 18_2_1 like Mac OS X) AppleWebKit/605.1.15 (KHTML, like Gecko) Version/18.2 Mobile/15E148 Safari/604.1"
40.77.167.48 - - [28/Jan/2026:06:23:34 -0500] "GET /wp-content/uploads/2022/03/DSC_6489-360x520.jpg HTTP/1.1" 200 31969 "-" "Mozilla/5.0 AppleWebKit/537.36 (KHTML, like Gecko; compatible; bingbot/2.0; +http://www.bing.com/bingbot.htm) Chrome/116.0.1938.76 Safari/537.36"
64.59.72.148 - - [28/Jan/2026:06:23:39 -0500] "GET / HTTP/1.1" 200 4446 "-" "check_http/v2.4.9 (nagios-plugins 2.4.9)"
159.148.126.37 - - [28/Jan/2026:06:24:24 -0500] "GET / HTTP/1.1" 200 4465 "-" "Mozilla/5.0 (Macintosh; Intel Mac OS X 10_15_7) AppleWebKit/537.36 (KHTML, like Gecko) Chrome/142.0.0.0 Safari/537.36"
34.76.139.101 - - [28/Jan/2026:06:25:01 -0500] "GET / HTTP/1.0" 400 362 "-" "-"
64.59.72.148 - - [28/Jan/2026:06:25:39 -0500] "GET / HTTP/1.1" 200 4446 "-" "check_http/v2.4.9 (nagios-plugins 2.4.9)"
13.74.146.113 - - [28/Jan/2026:06:26:55 -0500] "GET /wp-content/plugins/hellopress/wp_filemanager.php HTTP/1.1" 404 246 "-" "-"
13.74.146.113 - - [28/Jan/2026:06:26:55 -0500] "GET /rip.php HTTP/1.1" 301 - "-" "-"
13.74.146.113 - - [28/Jan/2026:06:26:56 -0500] "GET /rip.php HTTP/1.1" 404 8442 "-" "-"
13.74.146.113 - - [28/Jan/2026:06:26:56 -0500] "GET /bnn_.php HTTP/1.1" 301 - "-" "-"
13.74.146.113 - - [28/Jan/2026:06:26:56 -0500] "GET /bnn_.php HTTP/1.1" 404 8442 "-" "-"
13.74.146.113 - - [28/Jan/2026:06:26:56 -0500] "GET /app.php HTTP/1.1" 301 - "-" "-"
13.74.146.113 - - [28/Jan/2026:06:26:56 -0500] "GET /app.php HTTP/1.1" 404 8442 "-" "-"
13.74.146.113 - - [28/Jan/2026:06:26:57 -0500] "GET /166.php HTTP/1.1" 301 - "-" "-"
13.74.146.113 - - [28/Jan/2026:06:26:57 -0500] "GET /166.php HTTP/1.1" 404 8442 "-" "-"
13.74.146.113 - - [28/Jan/2026:06:26:57 -0500] "GET /wp-content/plugins/hellopress/wp_filemanager.php HTTP/1.1" 404 246 "-" "-"
13.74.146.113 - - [28/Jan/2026:06:26:57 -0500] "GET /reze.php HTTP/1.1" 301 - "-" "-"
13.74.146.113 - - [28/Jan/2026:06:26:57 -0500] "GET /reze.php HTTP/1.1" 404 8442 "-" "-"
13.74.146.113 - - [28/Jan/2026:06:26:57 -0500] "GET /lib.php HTTP/1.1" 301 - "-" "-"
13.74.146.113 - - [28/Jan/2026:06:26:57 -0500] "GET /lib.php HTTP/1.1" 404 8442 "-" "-"
13.74.146.113 - - [28/Jan/2026:06:26:57 -0500] "GET /wwx.php HTTP/1.1" 301 - "-" "-"
13.74.146.113 - - [28/Jan/2026:06:26:57 -0500] "GET /wwx.php HTTP/1.1" 404 8442 "-" "-"
13.74.146.113 - - [28/Jan/2026:06:26:58 -0500] "GET /classwithtostring.php HTTP/1.1" 301 - "-" "-"
13.74.146.113 - - [28/Jan/2026:06:26:58 -0500] "GET /classwithtostring.php HTTP/1.1" 404 8442 "-" "-"
13.74.146.113 - - [28/Jan/2026:06:26:58 -0500] "GET /uploaxa1.php HTTP/1.1" 301 - "-" "-"
13.74.146.113 - - [28/Jan/2026:06:26:58 -0500] "GET /uploaxa1.php HTTP/1.1" 404 8442 "-" "-"
13.74.146.113 - - [28/Jan/2026:06:26:58 -0500] "GET /ws38.php HTTP/1.1" 301 - "-" "-"
13.74.146.113 - - [28/Jan/2026:06:26:58 -0500] "GET /ws38.php HTTP/1.1" 404 8442 "-" "-"
13.74.146.113 - - [28/Jan/2026:06:26:58 -0500] "GET /rzzaq.php HTTP/1.1" 301 - "-" "-"
13.74.146.113 - - [28/Jan/2026:06:26:58 -0500] "GET /rzzaq.php HTTP/1.1" 404 8442 "-" "-"
64.59.72.148 - - [28/Jan/2026:06:27:39 -0500] "GET / HTTP/1.1" 200 4446 "-" "check_http/v2.4.9 (nagios-plugins 2.4.9)"
199.195.253.116 - - [28/Jan/2026:06:27:52 -0500] "GET /wp-login.php HTTP/1.1" 200 6925 "-" "Mozilla/5.0 (X11; Ubuntu; Linux i686; rv:31.0) Gecko/20100101 Firefox/31.0"
199.195.253.116 - - [28/Jan/2026:06:27:53 -0500] "POST /wp-login.php HTTP/1.1" 200 7340 "-" "Mozilla/5.0 (X11; Ubuntu; Linux i686; rv:31.0) Gecko/20100101 Firefox/31.0"
20.168.0.218 - - [28/Jan/2026:06:28:23 -0500] "GET /owa/auth/x.js HTTP/1.1" 404 8520 "-" "Mozilla/5.0 zgrab/0.x"
52.167.144.209 - - [28/Jan/2026:06:28:55 -0500] "GET /machine-de-roulette-en-ligne/ HTTP/1.1" 404 8442 "-" "Mozilla/5.0 AppleWebKit/537.36 (KHTML, like Gecko; compatible; bingbot/2.0; +http://www.bing.com/bingbot.htm) Chrome/116.0.1938.76 Safari/537.36"
40.77.167.50 - - [28/Jan/2026:06:29:34 -0500] "GET /wp-content/uploads/2015/01/29-360x420.jpg HTTP/1.1" 200 32491 "-" "Mozilla/5.0 AppleWebKit/537.36 (KHTML, like Gecko; compatible; bingbot/2.0; +http://www.bing.com/bingbot.htm) Chrome/116.0.1938.76 Safari/537.36"
64.59.72.148 - - [28/Jan/2026:06:29:39 -0500] "GET / HTTP/1.1" 200 4446 "-" "check_http/v2.4.9 (nagios-plugins 2.4.9)"
15.204.155.25 - - [28/Jan/2026:06:29:56 -0500] "GET /blog-verify HTTP/1.1" 404 8466 "-" "Mozilla/5.0 (Windows NT 10.0; Win64; x64) AppleWebKit/537.36 (KHTML, like Gecko) Chrome/127.0.0.0 Safari/537.36"
15.204.155.25 - - [28/Jan/2026:06:29:57 -0500] "GET /?check_plugin HTTP/1.1" 200 4465 "-" "Mozilla/5.0 (Windows NT 10.0; Win64; x64) AppleWebKit/537.36 (KHTML, like Gecko) Chrome/127.0.0.0 Safari/537.36"
188.19.47.125 - - [28/Jan/2026:06:30:07 -0500] "GET /wp-content/uploads/2019/06/CARA-5.jpg HTTP/1.1" 200 130235 "https://ya.ru/images/search?from=tabbar&img_url=https%3A%2F%2Fpics-storage-1.pornhat.com%2Fcontents%2Falbums%2Fmain%2F1920x1080%2F123000%2F123682%2F8459262.jpg&lr=56&p=3&pos=22&rpt=simage&text=%D0%BA%D0%B0%D1%80%D0%B8%D0%BD%D0%B0%20%D1%85%D0%B0%D1%80%D0%B4%20%D0%B3%D0%BE%D0%BB%D1%8B%D1%88%D0%BE%D0%BC%20%D0%B2%D0%B0%D0%B3%D0%B8%D0%BD%D0%B0" "Mozilla/5.0 (Windows NT 10.0; Win64; x64) AppleWebKit/537.36 (KHTML, like Gecko) Chrome/142.0.0.0 YaBrowser/25.12.0.0 Safari/537.36"
198.98.60.195 - - [28/Jan/2026:06:30:27 -0500] "GET /wp-login.php HTTP/1.1" 200 6925 "-" "Mozilla/5.0 (Windows NT 6.3; WOW64) AppleWebKit/537.36 (KHTML, like Gecko) Chrome/35.0.1916.153 Safari/537.36"
198.98.60.195 - - [28/Jan/2026:06:30:28 -0500] "POST /wp-login.php HTTP/1.1" 200 7199 "-" "Mozilla/5.0 (Windows NT 6.3; WOW64) AppleWebKit/537.36 (KHTML, like Gecko) Chrome/35.0.1916.153 Safari/537.36"
107.189.14.99 - - [28/Jan/2026:06:31:20 -0500] "GET /wp-login.php HTTP/1.1" 200 6925 "-" "Mozilla/5.0 (Macintosh; Intel Mac OS X 10.6; rv:31.0) Gecko/20100101 Firefox/31.0"
107.189.14.99 - - [28/Jan/2026:06:31:21 -0500] "POST /wp-login.php HTTP/1.1" 200 7194 "-" "Mozilla/5.0 (Macintosh; Intel Mac OS X 10.6; rv:31.0) Gecko/20100101 Firefox/31.0"
51.222.95.35 - - [28/Jan/2026:06:31:38 -0500] "GET /?dir=%2Fhome%2Fhttpd%2Fhtml%2Fmatrixmodels.com%2Fpublic_html&mode=move&src=404.shtml HTTP/1.1" 200 4465 "-" "Mozilla/5.0 (compatible; AhrefsBot/7.0; +http://ahrefs.com/robot/)"
64.59.72.148 - - [28/Jan/2026:06:31:39 -0500] "GET / HTTP/1.1" 200 4446 "-" "check_http/v2.4.9 (nagios-plugins 2.4.9)"
86.228.69.139 - - [28/Jan/2026:06:32:54 -0500] "-" 408 - "-" "-"
84.32.239.91 - - [28/Jan/2026:06:33:29 -0500] "GET / HTTP/1.1" 200 4446 "-" "Mozilla/5.0 (Macintosh; Intel Mac OS X 10_15_7) AppleWebKit/537.36 (KHTML, like Gecko) Chrome/142.0.0.0 Safari/537.36"
64.59.72.148 - - [28/Jan/2026:06:33:39 -0500] "GET / HTTP/1.1" 200 4446 "-" "check_http/v2.4.9 (nagios-plugins 2.4.9)"
108.165.41.155 - - [28/Jan/2026:06:34:06 -0500] "GET / HTTP/1.1" 200 4465 "-" "Mozilla/5.0 (Macintosh; Intel Mac OS X 10_15_7) AppleWebKit/537.36 (KHTML, like Gecko) Chrome/142.0.0.0 Safari/537.36"
23.26.73.88 - - [28/Jan/2026:06:34:50 -0500] "GET / HTTP/1.1" 200 4465 "-" "Mozilla/5.0 (Macintosh; Intel Mac OS X 10_15_7) AppleWebKit/537.36 (KHTML, like Gecko) Chrome/142.0.0.0 Safari/537.36"
92.36.32.62 - - [28/Jan/2026:06:35:21 -0500] "GET /wp-content/uploads/2019/04/006.jpg HTTP/1.1" 200 100758 "https://yandex.ru/" "Mozilla/5.0 (Linux; arm_64; Android 15; motorola razr 50) AppleWebKit/537.36 (KHTML, like Gecko) Chrome/140.0.7339.710 YaApp_Android/25.104.1 YaSearchBrowser/25.104.1 BroPP/1.0 SA/3 Mobile Safari/537.36"
138.226.105.229 - - [28/Jan/2026:06:35:27 -0500] "GET / HTTP/1.1" 200 4465 "-" "Mozilla/5.0 (Macintosh; Intel Mac OS X 10_15_7) AppleWebKit/537.36 (KHTML, like Gecko) Chrome/142.0.0.0 Safari/537.36"
142.147.176.135 - - [28/Jan/2026:06:35:30 -0500] "GET / HTTP/1.1" 200 4465 "-" "Mozilla/5.0 (Macintosh; Intel Mac OS X 10_15_7) AppleWebKit/537.36 (KHTML, like Gecko) Chrome/142.0.0.0 Safari/537.36"
73.245.209.233 - - [28/Jan/2026:06:35:33 -0500] "GET / HTTP/1.1" 200 4446 "-" "Mozilla/5.0 (Macintosh; Intel Mac OS X 10_15_7) AppleWebKit/537.36 (KHTML, like Gecko) Chrome/142.0.0.0 Safari/537.36"
64.59.72.148 - - [28/Jan/2026:06:35:39 -0500] "GET / HTTP/1.1" 200 4446 "-" "check_http/v2.4.9 (nagios-plugins 2.4.9)"
92.36.32.62 - - [28/Jan/2026:06:35:51 -0500] "-" 408 - "-" "-"
54.236.1.13 - - [28/Jan/2026:06:35:57 -0500] "GET /otw-portfolio/elena-koshka/ HTTP/1.1" 301 - "-" "Mozilla/5.0 (compatible; Pinterestbot/1.0; +http://www.pinterest.com/bot.html)"
54.236.1.13 - - [28/Jan/2026:06:35:57 -0500] "GET / HTTP/1.1" 200 4465 "-" "Mozilla/5.0 (compatible; Pinterestbot/1.0; +http://www.pinterest.com/bot.html)"
45.43.139.110 - - [28/Jan/2026:06:37:05 -0500] "GET / HTTP/1.1" 200 4446 "-" "Mozilla/5.0 (Macintosh; Intel Mac OS X 10_15_7) AppleWebKit/537.36 (KHTML, like Gecko) Chrome/142.0.0.0 Safari/537.36"
159.148.218.36 - - [28/Jan/2026:06:37:16 -0500] "GET / HTTP/1.1" 200 4446 "-" "Mozilla/5.0 (Macintosh; Intel Mac OS X 10_15_7) AppleWebKit/537.36 (KHTML, like Gecko) Chrome/142.0.0.0 Safari/537.36"
207.46.13.36 - - [28/Jan/2026:06:37:18 -0500] "GET /le-meilleur-casino-en-ligne-suisse/ HTTP/1.1" 404 8442 "-" "Mozilla/5.0 AppleWebKit/537.36 (KHTML, like Gecko; compatible; bingbot/2.0; +http://www.bing.com/bingbot.htm) Chrome/116.0.1938.76 Safari/537.36"
64.59.72.148 - - [28/Jan/2026:06:37:39 -0500] "GET / HTTP/1.1" 200 4446 "-" "check_http/v2.4.9 (nagios-plugins 2.4.9)"
45.41.134.205 - - [28/Jan/2026:06:37:41 -0500] "GET / HTTP/1.1" 200 4446 "-" "Mozilla/5.0 (Macintosh; Intel Mac OS X 10_15_7) AppleWebKit/537.36 (KHTML, like Gecko) Chrome/142.0.0.0 Safari/537.36"
66.249.70.134 - - [28/Jan/2026:06:38:30 -0500] "GET /jendelatoto-situs-slot-terpercaya-dengan-rtp-tinggi/ HTTP/1.1" 404 8442 "-" "Mozilla/5.0 (Linux; Android 6.0.1; Nexus 5X Build/MMB29P) AppleWebKit/537.36 (KHTML, like Gecko) Chrome/143.0.7499.192 Mobile Safari/537.36 (compatible; Googlebot/2.1; +http://www.google.com/bot.html)"
84.37.179.223 - - [28/Jan/2026:06:38:58 -0500] "GET / HTTP/1.1" 200 4446 "-" "Mozilla/5.0 (Macintosh; Intel Mac OS X 10_15_7) AppleWebKit/537.36 (KHTML, like Gecko) Chrome/142.0.0.0 Safari/537.36"
64.59.72.148 - - [28/Jan/2026:06:39:39 -0500] "GET / HTTP/1.1" 200 4446 "-" "check_http/v2.4.9 (nagios-plugins 2.4.9)"
142.147.177.245 - - [28/Jan/2026:06:39:50 -0500] "GET / HTTP/1.1" 200 4465 "-" "Mozilla/5.0 (Macintosh; Intel Mac OS X 10_15_7) AppleWebKit/537.36 (KHTML, like Gecko) Chrome/142.0.0.0 Safari/537.36"
92.71.42.100 - - [28/Jan/2026:06:40:35 -0500] "GET / HTTP/1.1" 200 4446 "-" "Mozilla/5.0 (Macintosh; Intel Mac OS X 10_15_7) AppleWebKit/537.36 (KHTML, like Gecko) Chrome/142.0.0.0 Safari/537.36"
107.189.14.25 - - [28/Jan/2026:06:40:45 -0500] "GET /wp-login.php HTTP/1.1" 200 6925 "-" "Mozilla/5.0 (Macintosh; Intel Mac OS X 10.7; rv:31.0) Gecko/20100101 Firefox/31.0"
107.189.14.25 - - [28/Jan/2026:06:40:46 -0500] "POST /wp-login.php HTTP/1.1" 200 7355 "-" "Mozilla/5.0 (Macintosh; Intel Mac OS X 10.7; rv:31.0) Gecko/20100101 Firefox/31.0"
64.59.72.148 - - [28/Jan/2026:06:41:39 -0500] "GET / HTTP/1.1" 200 4446 "-" "check_http/v2.4.9 (nagios-plugins 2.4.9)"
3.12.163.221 - - [28/Jan/2026:06:41:58 -0500] "GET / HTTP/1.1" 301 - "-" "Mozilla/5.0 (Windows NT 10.0; Win64; x64) AppleWebKit/537.36 (KHTML, like Gecko) Chrome/60.0.3112.113 Safari/537.36 Assetnote/1.0.0"
3.12.163.221 - - [28/Jan/2026:06:41:58 -0500] "POST / HTTP/1.1" 200 4465 "-" "Mozilla/5.0 (Windows NT 10.0; Win64; x64) AppleWebKit/537.36 (KHTML, like Gecko) Chrome/60.0.3112.113 Safari/537.36 Assetnote/1.0.0"
24.90.95.172 - - [28/Jan/2026:06:42:57 -0500] "GET /models.php?featured=yes HTTP/1.1" 301 - "-" "Mozilla/5.0 (Macintosh; Intel Mac OS X 10_15_7) AppleWebKit/605.1.15 (KHTML, like Gecko) Version/15.6.1 Safari/605.1.15"
24.90.95.172 - - [28/Jan/2026:06:42:58 -0500] "GET /models.php?featured=yes HTTP/1.1" 404 8442 "-" "Mozilla/5.0 (Macintosh; Intel Mac OS X 10_15_7) AppleWebKit/605.1.15 (KHTML, like Gecko) Version/15.6.1 Safari/605.1.15"
54.39.6.154 - - [28/Jan/2026:06:43:39 -0500] "GET /feed/?attachment_id=257 HTTP/1.1" 200 719 "-" "Mozilla/5.0 (compatible; AhrefsBot/7.0; +http://ahrefs.com/robot/)"
64.59.72.148 - - [28/Jan/2026:06:43:39 -0500] "GET / HTTP/1.1" 200 4446 "-" "check_http/v2.4.9 (nagios-plugins 2.4.9)"
45.84.163.14 - - [28/Jan/2026:06:45:30 -0500] "GET / HTTP/1.1" 200 4446 "-" "Mozilla/5.0 (Macintosh; Intel Mac OS X 10_15_7) AppleWebKit/537.36 (KHTML, like Gecko) Chrome/142.0.0.0 Safari/537.36"
64.59.72.148 - - [28/Jan/2026:06:45:39 -0500] "GET / HTTP/1.1" 200 4446 "-" "check_http/v2.4.9 (nagios-plugins 2.4.9)"
17.22.253.36 - - [28/Jan/2026:06:45:43 -0500] "GET /otw-portfolio-category/model-contact-for-booking/ HTTP/1.1" 301 - "-" "Mozilla/5.0 (Macintosh; Intel Mac OS X 10_15_7) AppleWebKit/605.1.15 (KHTML, like Gecko) Version/17.4 Safari/605.1.15 (Applebot/0.1; +http://www.apple.com/go/applebot)"
17.22.253.36 - - [28/Jan/2026:06:45:43 -0500] "GET / HTTP/1.1" 200 4465 "-" "Mozilla/5.0 (Macintosh; Intel Mac OS X 10_15_7) AppleWebKit/605.1.15 (KHTML, like Gecko) Version/17.4 Safari/605.1.15 (Applebot/0.1; +http://www.apple.com/go/applebot)"
195.172.200.109 - - [28/Jan/2026:06:46:18 -0500] "GET / HTTP/1.1" 200 4446 "-" "Mozilla/5.0 (Macintosh; Intel Mac OS X 10_15_7) AppleWebKit/537.36 (KHTML, like Gecko) Chrome/142.0.0.0 Safari/537.36"
66.249.70.133 - - [28/Jan/2026:06:46:25 -0500] "GET /?p=7538 HTTP/1.1" 404 8442 "-" "Mozilla/5.0 (Linux; Android 6.0.1; Nexus 5X Build/MMB29P) AppleWebKit/537.36 (KHTML, like Gecko) Chrome/143.0.7499.192 Mobile Safari/537.36 (compatible; Googlebot/2.1; +http://www.google.com/bot.html)"
64.59.72.148 - - [28/Jan/2026:06:47:39 -0500] "GET / HTTP/1.1" 200 4446 "-" "check_http/v2.4.9 (nagios-plugins 2.4.9)"
17.22.245.171 - - [28/Jan/2026:06:48:14 -0500] "GET /wp-content/themes/matrix-model/assets/css/aos.css HTTP/1.1" 200 26053 "https://matrixmodels.com/" "Mozilla/5.0 (Macintosh; Intel Mac OS X 10_15_7) AppleWebKit/605.1.15 (KHTML, like Gecko) Version/17.4 Safari/605.1.15 (Applebot/0.1; +http://www.apple.com/go/applebot)"
17.22.253.226 - - [28/Jan/2026:06:48:16 -0500] "GET /wp-content/themes/matrix-model/assets/css/owl.carousel.min.css HTTP/1.1" 404 260 "https://matrixmodels.com/" "Mozilla/5.0 (Macintosh; Intel Mac OS X 10_15_7) AppleWebKit/605.1.15 (KHTML, like Gecko) Version/17.4 Safari/605.1.15 (Applebot/0.1; +http://www.apple.com/go/applebot)"
17.22.253.20 - - [28/Jan/2026:06:48:17 -0500] "GET /wp-content/themes/matrix-model/assets/css/custom.css HTTP/1.1" 200 5229 "https://matrixmodels.com/" "Mozilla/5.0 (Macintosh; Intel Mac OS X 10_15_7) AppleWebKit/605.1.15 (KHTML, like Gecko) Version/17.4 Safari/605.1.15 (Applebot/0.1; +http://www.apple.com/go/applebot)"
17.22.237.7 - - [28/Jan/2026:06:48:19 -0500] "GET /wp-content/themes/matrix-model/assets/css/animate.min.css HTTP/1.1" 200 52592 "https://matrixmodels.com/" "Mozilla/5.0 (Macintosh; Intel Mac OS X 10_15_7) AppleWebKit/605.1.15 (KHTML, like Gecko) Version/17.4 Safari/605.1.15 (Applebot/0.1; +http://www.apple.com/go/applebot)"
31.56.136.58 - - [28/Jan/2026:06:48:19 -0500] "GET / HTTP/1.1" 200 4465 "-" "Mozilla/5.0 (Macintosh; Intel Mac OS X 10_15_7) AppleWebKit/537.36 (KHTML, like Gecko) Chrome/142.0.0.0 Safari/537.36"
17.22.245.49 - - [28/Jan/2026:06:48:20 -0500] "GET /wp-content/themes/matrix-model/assets/css/bootstrap_v4.3.1_min.css HTTP/1.1" 200 155712 "https://matrixmodels.com/" "Mozilla/5.0 (Macintosh; Intel Mac OS X 10_15_7) AppleWebKit/605.1.15 (KHTML, like Gecko) Version/17.4 Safari/605.1.15 (Applebot/0.1; +http://www.apple.com/go/applebot)"
17.22.245.102 - - [28/Jan/2026:06:48:22 -0500] "GET /wp-content/themes/matrix-model/assets/css/owl.theme.default.min.css HTTP/1.1" 404 265 "https://matrixmodels.com/" "Mozilla/5.0 (Macintosh; Intel Mac OS X 10_15_7) AppleWebKit/605.1.15 (KHTML, like Gecko) Version/17.4 Safari/605.1.15 (Applebot/0.1; +http://www.apple.com/go/applebot)"
40.77.177.217 - - [28/Jan/2026:06:49:01 -0500] "-" 408 - "-" "-"
40.88.21.235 - - [28/Jan/2026:06:49:19 -0500] "GET / HTTP/1.1" 200 4446 "-" "DuckDuckBot/1.1; (+http://duckduckgo.com/duckduckbot.html)"
40.88.21.235 - - [28/Jan/2026:06:49:19 -0500] "GET /wp-content/themes/matrix-model/assets/images/logo/favicon.png HTTP/1.1" 404 259 "-" "DuckDuckBot/1.1; (+http://duckduckgo.com/duckduckbot.html)"
40.88.21.235 - - [28/Jan/2026:06:49:19 -0500] "GET /favicon.ico HTTP/1.1" 200 43 "-" "DuckDuckBot/1.1; (+http://duckduckgo.com/duckduckbot.html)"
64.59.72.148 - - [28/Jan/2026:06:49:39 -0500] "GET / HTTP/1.1" 200 4446 "-" "check_http/v2.4.9 (nagios-plugins 2.4.9)"
82.165.240.104 - - [28/Jan/2026:06:50:28 -0500] "-" 408 - "-" "-"
64.59.72.148 - - [28/Jan/2026:06:51:39 -0500] "GET / HTTP/1.1" 200 4446 "-" "check_http/v2.4.9 (nagios-plugins 2.4.9)"
17.22.245.100 - - [28/Jan/2026:06:51:47 -0500] "GET /wp-content/uploads/2019/02/SOPHIA-677.jpg HTTP/1.1" 200 142352 "-" "Mozilla/5.0 (Macintosh; Intel Mac OS X 10_15_7) AppleWebKit/605.1.15 (KHTML, like Gecko) Version/17.4 Safari/605.1.15 (Applebot/0.1; +http://www.apple.com/go/applebot)"
64.59.72.148 - - [28/Jan/2026:06:53:40 -0500] "GET / HTTP/1.1" 200 4446 "-" "check_http/v2.4.9 (nagios-plugins 2.4.9)"
64.59.72.148 - - [28/Jan/2026:06:55:40 -0500] "GET / HTTP/1.1" 200 4446 "-" "check_http/v2.4.9 (nagios-plugins 2.4.9)"
51.222.95.37 - - [28/Jan/2026:06:55:53 -0500] "GET /feed/?attachment_id=91 HTTP/1.1" 200 746 "-" "Mozilla/5.0 (compatible; AhrefsBot/7.0; +http://ahrefs.com/robot/)"
108.147.173.54 - - [28/Jan/2026:06:56:56 -0500] "GET /wp-content/uploads/2019/04/051.jpg HTTP/1.1" 200 73623 "-" "AndroidHttpClient (Linux; U; Android 16; en_US; SM-S918U; Build/BP2A.250605.031.A3; Cronet/136.0.7091.2)"
64.59.72.148 - - [28/Jan/2026:06:57:40 -0500] "GET / HTTP/1.1" 200 4446 "-" "check_http/v2.4.9 (nagios-plugins 2.4.9)"
17.22.245.161 - - [28/Jan/2026:06:58:03 -0500] "GET /wp-content/uploads/2019/03/CFL02518.jpg HTTP/1.1" 200 140809 "-" "Mozilla/5.0 (Macintosh; Intel Mac OS X 10_15_7) AppleWebKit/605.1.15 (KHTML, like Gecko) Version/17.4 Safari/605.1.15 (Applebot/0.1; +http://www.apple.com/go/applebot)"
17.22.245.151 - - [28/Jan/2026:06:58:04 -0500] "GET /wp-content/uploads/2018/07/Test-shot_june-5_005.jpg HTTP/1.1" 200 256172 "-" "Mozilla/5.0 (Macintosh; Intel Mac OS X 10_15_7) AppleWebKit/605.1.15 (KHTML, like Gecko) Version/17.4 Safari/605.1.15 (Applebot/0.1; +http://www.apple.com/go/applebot)"
45.227.253.15 - - [28/Jan/2026:06:58:19 -0500] "GET /index.php/jk HTTP/1.1" 301 - "-" "Mozilla/5.0 (Windows NT 6.2; WOW64) AppleWebKit/535.24 (KHTML, like Gecko) Chrome/80.0.1055.1 Safari/535.24"
45.227.253.15 - - [28/Jan/2026:06:58:20 -0500] "GET /jk HTTP/1.1" 404 8466 "https://matrixmodels.com/index.php/jk" "Mozilla/5.0 (Windows NT 6.2; WOW64) AppleWebKit/535.24 (KHTML, like Gecko) Chrome/80.0.1055.1 Safari/535.24"
107.189.29.231 - - [28/Jan/2026:06:58:41 -0500] "GET /wp-login.php HTTP/1.1" 200 6925 "-" "Mozilla/5.0 (Macintosh; Intel Mac OS X 10_9_0) AppleWebKit/537.36 (KHTML, like Gecko) Chrome/36.0.1985.125 Safari/537.36"
107.189.29.231 - - [28/Jan/2026:06:58:42 -0500] "POST /wp-login.php HTTP/1.1" 200 7198 "-" "Mozilla/5.0 (Macintosh; Intel Mac OS X 10_9_0) AppleWebKit/537.36 (KHTML, like Gecko) Chrome/36.0.1985.125 Safari/537.36"
52.71.46.142 - - [28/Jan/2026:06:59:00 -0500] "GET /anastasia-black HTTP/1.1" 404 8442 "-" "Mozilla/5.0 AppleWebKit/537.36 (KHTML, like Gecko; compatible; Amazonbot/0.1; +https://developer.amazon.com/support/amazonbot) Chrome/119.0.6045.214 Safari/537.36"
64.59.72.148 - - [28/Jan/2026:06:59:40 -0500] "GET / HTTP/1.1" 200 4446 "-" "check_http/v2.4.9 (nagios-plugins 2.4.9)"
3.35.24.198 - - [28/Jan/2026:07:00:22 -0500] "GET / HTTP/1.1" 200 4465 "-" "Mozilla/5.0 (Windows NT 10.0; Win64; x64) AppleWebKit/537.36 (KHTML, like Gecko) Chrome/60.0.3112.113 Safari/537.36 Assetnote/1.0.0"
3.35.24.198 - - [28/Jan/2026:07:00:23 -0500] "HEAD /apps HTTP/1.1" 404 - "-" "Mozilla/5.0 (Windows NT 10.0; Win64; x64) AppleWebKit/537.36 (KHTML, like Gecko) Chrome/60.0.3112.113 Safari/537.36 Assetnote/1.0.0"
3.35.24.198 - - [28/Jan/2026:07:00:23 -0500] "HEAD /api/action HTTP/1.1" 404 - "-" "Mozilla/5.0 (Windows NT 10.0; Win64; x64) AppleWebKit/537.36 (KHTML, like Gecko) Chrome/60.0.3112.113 Safari/537.36 Assetnote/1.0.0"
3.35.24.198 - - [28/Jan/2026:07:00:23 -0500] "HEAD /api/actions HTTP/1.1" 404 - "-" "Mozilla/5.0 (Windows NT 10.0; Win64; x64) AppleWebKit/537.36 (KHTML, like Gecko) Chrome/60.0.3112.113 Safari/537.36 Assetnote/1.0.0"
3.35.24.198 - - [28/Jan/2026:07:00:23 -0500] "HEAD /_next/data HTTP/1.1" 404 - "-" "Mozilla/5.0 (Windows NT 10.0; Win64; x64) AppleWebKit/537.36 (KHTML, like Gecko) Chrome/60.0.3112.113 Safari/537.36 Assetnote/1.0.0"
3.35.24.198 - - [28/Jan/2026:07:00:23 -0500] "POST / HTTP/1.1" 200 4465 "-" "Mozilla/5.0 (Windows NT 10.0; Win64; x64) AppleWebKit/537.36 (KHTML, like Gecko) Chrome/60.0.3112.113 Safari/537.36 Assetnote/1.0.0"
97.201.198.40 - - [28/Jan/2026:07:00:40 -0500] "GET /wp-content/uploads/2018/08/HANNA8.jpg HTTP/1.1" 200 102246 "https://www.google.com/" "Mozilla/5.0 (iPhone; CPU iPhone OS 18_7 like Mac OS X) AppleWebKit/605.1.15 (KHTML, like Gecko) Version/26.2 Mobile/15E148 Safari/604.1"
66.249.70.134 - - [28/Jan/2026:07:01:25 -0500] "GET /?p=7526 HTTP/1.1" 404 8442 "-" "Mozilla/5.0 (Linux; Android 6.0.1; Nexus 5X Build/MMB29P) AppleWebKit/537.36 (KHTML, like Gecko) Chrome/143.0.7499.192 Mobile Safari/537.36 (compatible; Googlebot/2.1; +http://www.google.com/bot.html)"
66.249.70.133 - - [28/Jan/2026:07:01:26 -0500] "GET /?p=3123 HTTP/1.1" 404 8442 "-" "Mozilla/5.0 (Linux; Android 6.0.1; Nexus 5X Build/MMB29P) AppleWebKit/537.36 (KHTML, like Gecko) Chrome/143.0.7499.192 Mobile Safari/537.36 (compatible; Googlebot/2.1; +http://www.google.com/bot.html)"
64.59.72.148 - - [28/Jan/2026:07:01:40 -0500] "GET / HTTP/1.1" 200 4446 "-" "check_http/v2.4.9 (nagios-plugins 2.4.9)"
64.59.72.148 - - [28/Jan/2026:07:03:40 -0500] "GET / HTTP/1.1" 200 4446 "-" "check_http/v2.4.9 (nagios-plugins 2.4.9)"
64.255.25.21 - - [28/Jan/2026:07:04:39 -0500] "GET /wp-content/uploads/2019/03/CFL08093.jpg HTTP/1.1" 200 135759 "https://yandex.ru/" "Mozilla/5.0 (iPhone; CPU iPhone OS 18_7 like Mac OS X) AppleWebKit/605.1.15 (KHTML, like Gecko) Version/26.2 Mobile/15E148 Safari/604.1"
64.59.72.148 - - [28/Jan/2026:07:05:40 -0500] "GET / HTTP/1.1" 200 4446 "-" "check_http/v2.4.9 (nagios-plugins 2.4.9)"
43.225.189.113 - - [28/Jan/2026:07:05:42 -0500] "GET /contact-us/ HTTP/1.1" 200 9621 "-" "Mozilla/5.0 (Macintosh; Intel Mac OS X 12_5) AppleWebKit/537.36 (KHTML, like Gecko) Chrome/114.0.0.0 Safari/537.36"
43.225.189.113 - - [28/Jan/2026:07:05:42 -0500] "GET / HTTP/1.1" 200 4446 "http://matrixmodels.com/contact-us/" "Mozilla/5.0 (Macintosh; Intel Mac OS X 12_5) AppleWebKit/537.36 (KHTML, like Gecko) Chrome/114.0.0.0 Safari/537.36"
43.225.189.113 - - [28/Jan/2026:07:05:43 -0500] "GET /?p=53 HTTP/1.1" 301 - "http://matrixmodels.com/contact-us/" "Mozilla/5.0 (Macintosh; Intel Mac OS X 12_5) AppleWebKit/537.36 (KHTML, like Gecko) Chrome/114.0.0.0 Safari/537.36"
43.225.189.113 - - [28/Jan/2026:07:05:43 -0500] "GET /contact-us/ HTTP/1.1" 200 9621 "http://matrixmodels.com/?p=53" "Mozilla/5.0 (Macintosh; Intel Mac OS X 12_5) AppleWebKit/537.36 (KHTML, like Gecko) Chrome/114.0.0.0 Safari/537.36"
43.225.189.113 - - [28/Jan/2026:07:05:44 -0500] "GET /about-matrix-models/ HTTP/1.1" 200 10323 "http://matrixmodels.com/contact-us/" "Mozilla/5.0 (Macintosh; Intel Mac OS X 12_5) AppleWebKit/537.36 (KHTML, like Gecko) Chrome/114.0.0.0 Safari/537.36"
43.225.189.113 - - [28/Jan/2026:07:05:44 -0500] "GET /comments/feed/ HTTP/1.1" 200 717 "http://matrixmodels.com/contact-us/" "Mozilla/5.0 (Macintosh; Intel Mac OS X 12_5) AppleWebKit/537.36 (KHTML, like Gecko) Chrome/114.0.0.0 Safari/537.36"
43.225.189.113 - - [28/Jan/2026:07:05:45 -0500] "GET /our-models/ HTTP/1.1" 200 7587 "http://matrixmodels.com/contact-us/" "Mozilla/5.0 (Macintosh; Intel Mac OS X 12_5) AppleWebKit/537.36 (KHTML, like Gecko) Chrome/114.0.0.0 Safari/537.36"
43.225.189.113 - - [28/Jan/2026:07:05:46 -0500] "GET /feed/ HTTP/1.1" 200 28447 "http://matrixmodels.com/contact-us/" "Mozilla/5.0 (Macintosh; Intel Mac OS X 12_5) AppleWebKit/537.36 (KHTML, like Gecko) Chrome/114.0.0.0 Safari/537.36"
43.225.189.113 - - [28/Jan/2026:07:05:46 -0500] "GET /blog/ HTTP/1.1" 200 18565 "http://matrixmodels.com/contact-us/" "Mozilla/5.0 (Macintosh; Intel Mac OS X 12_5) AppleWebKit/537.36 (KHTML, like Gecko) Chrome/114.0.0.0 Safari/537.36"
43.225.189.113 - - [28/Jan/2026:07:05:47 -0500] "GET /wp-includes/wlwmanifest.xml HTTP/1.1" 200 1045 "http://matrixmodels.com/contact-us/" "Mozilla/5.0 (Macintosh; Intel Mac OS X 12_5) AppleWebKit/537.36 (KHTML, like Gecko) Chrome/114.0.0.0 Safari/537.36"
43.225.189.113 - - [28/Jan/2026:07:05:48 -0500] "GET /https-www-netflix-com-watch-80115908trackid13752289tctx0%2c2%2c1e4d6191-442a-4bbb-b824-80e2389da213-155638059%2c%2c/ HTTP/1.1" 200 9464 "http://matrixmodels.com/contact-us/" "Mozilla/5.0 (Macintosh; Intel Mac OS X 12_5) AppleWebKit/537.36 (KHTML, like Gecko) Chrome/114.0.0.0 Safari/537.36"
43.225.189.113 - - [28/Jan/2026:07:05:48 -0500] "GET /wp-json/ HTTP/1.1" 200 93506 "http://matrixmodels.com/contact-us/" "Mozilla/5.0 (Macintosh; Intel Mac OS X 12_5) AppleWebKit/537.36 (KHTML, like Gecko) Chrome/114.0.0.0 Safari/537.36"
43.225.189.113 - - [28/Jan/2026:07:05:50 -0500] "GET /contact-us/ HTTP/1.1" 200 9621 "http://matrixmodels.com/contact-us/" "Mozilla/5.0 (Macintosh; Intel Mac OS X 12_5) AppleWebKit/537.36 (KHTML, like Gecko) Chrome/114.0.0.0 Safari/537.36"
43.225.189.113 - - [28/Jan/2026:07:05:50 -0500] "GET /wp-json/wp/v2/pages/53 HTTP/1.1" 200 2448 "http://matrixmodels.com/contact-us/" "Mozilla/5.0 (Macintosh; Intel Mac OS X 12_5) AppleWebKit/537.36 (KHTML, like Gecko) Chrome/114.0.0.0 Safari/537.36"
43.225.189.113 - - [28/Jan/2026:07:05:51 -0500] "GET /xmlrpc.php?rsd HTTP/1.1" 403 6 "http://matrixmodels.com/contact-us/" "Mozilla/5.0 (Macintosh; Intel Mac OS X 12_5) AppleWebKit/537.36 (KHTML, like Gecko) Chrome/114.0.0.0 Safari/537.36"
43.225.189.113 - - [28/Jan/2026:07:05:51 -0500] "GET /xmlrpc.php HTTP/1.1" 403 6 "http://matrixmodels.com/contact-us/" "Mozilla/5.0 (Macintosh; Intel Mac OS X 12_5) AppleWebKit/537.36 (KHTML, like Gecko) Chrome/114.0.0.0 Safari/537.36"
43.225.189.113 - - [28/Jan/2026:07:05:52 -0500] "GET / HTTP/1.1" 200 4446 "-" "Mozilla/5.0 (Macintosh; Intel Mac OS X 12_5) AppleWebKit/537.36 (KHTML, like Gecko) Chrome/114.0.0.0 Safari/537.36"
43.225.189.113 - - [28/Jan/2026:07:05:52 -0500] "GET /our-models HTTP/1.1" 301 - "http://matrixmodels.com/" "Mozilla/5.0 (Macintosh; Intel Mac OS X 12_5) AppleWebKit/537.36 (KHTML, like Gecko) Chrome/114.0.0.0 Safari/537.36"
43.225.189.113 - - [28/Jan/2026:07:05:53 -0500] "GET /our-models/ HTTP/1.1" 200 7587 "http://matrixmodels.com/our-models" "Mozilla/5.0 (Macintosh; Intel Mac OS X 12_5) AppleWebKit/537.36 (KHTML, like Gecko) Chrome/114.0.0.0 Safari/537.36"
142.44.233.99 - - [28/Jan/2026:07:07:25 -0500] "GET /?dir=%2Fhome%2Fhttpd%2Fhtml%2Fmatrixmodels.com%2Fpublic_html&mode=copy&src=license.txt HTTP/1.1" 200 4465 "-" "Mozilla/5.0 (compatible; AhrefsBot/7.0; +http://ahrefs.com/robot/)"
111.92.83.194 - - [28/Jan/2026:07:07:28 -0500] "GET /otw-portfolio/charley-chaplin/?utm_source=ADT&utm_medium=web&utm_campaign=ADT HTTP/1.1" 301 - "-" "Mozilla/5.0 (Linux; Android 10; K) AppleWebKit/537.36 (KHTML, like Gecko) Chrome/144.0.0.0 Mobile Safari/537.36"
111.92.83.194 - - [28/Jan/2026:07:07:28 -0500] "GET /?utm_source=ADT&utm_medium=web&utm_campaign=ADT HTTP/1.1" 200 4465 "-" "Mozilla/5.0 (Linux; Android 10; K) AppleWebKit/537.36 (KHTML, like Gecko) Chrome/144.0.0.0 Mobile Safari/537.36"
111.92.83.194 - - [28/Jan/2026:07:07:29 -0500] "GET /wp-content/themes/matrix-model/assets/css/aos.css HTTP/1.1" 200 26053 "https://matrixmodels.com/?utm_source=ADT&utm_medium=web&utm_campaign=ADT" "Mozilla/5.0 (Linux; Android 10; K) AppleWebKit/537.36 (KHTML, like Gecko) Chrome/144.0.0.0 Mobile Safari/537.36"
111.92.83.194 - - [28/Jan/2026:07:07:29 -0500] "GET /wp-content/themes/matrix-model/assets/css/owl.carousel.min.css HTTP/1.1" 404 260 "https://matrixmodels.com/?utm_source=ADT&utm_medium=web&utm_campaign=ADT" "Mozilla/5.0 (Linux; Android 10; K) AppleWebKit/537.36 (KHTML, like Gecko) Chrome/144.0.0.0 Mobile Safari/537.36"
111.92.83.194 - - [28/Jan/2026:07:07:29 -0500] "GET /wp-content/themes/matrix-model/assets/css/owl.theme.default.min.css HTTP/1.1" 404 265 "https://matrixmodels.com/?utm_source=ADT&utm_medium=web&utm_campaign=ADT" "Mozilla/5.0 (Linux; Android 10; K) AppleWebKit/537.36 (KHTML, like Gecko) Chrome/144.0.0.0 Mobile Safari/537.36"
111.92.83.194 - - [28/Jan/2026:07:07:29 -0500] "GET /wp-content/themes/matrix-model/assets/css/bootstrap_v4.3.1_min.css HTTP/1.1" 200 155712 "https://matrixmodels.com/?utm_source=ADT&utm_medium=web&utm_campaign=ADT" "Mozilla/5.0 (Linux; Android 10; K) AppleWebKit/537.36 (KHTML, like Gecko) Chrome/144.0.0.0 Mobile Safari/537.36"
111.92.83.194 - - [28/Jan/2026:07:07:29 -0500] "GET /wp-content/themes/matrix-model/assets/css/custom.css HTTP/1.1" 200 5229 "https://matrixmodels.com/?utm_source=ADT&utm_medium=web&utm_campaign=ADT" "Mozilla/5.0 (Linux; Android 10; K) AppleWebKit/537.36 (KHTML, like Gecko) Chrome/144.0.0.0 Mobile Safari/537.36"
111.92.83.194 - - [28/Jan/2026:07:07:29 -0500] "GET /wp-content/themes/matrix-model/assets/images/more/i-1.jpg HTTP/1.1" 200 39164 "https://matrixmodels.com/?utm_source=ADT&utm_medium=web&utm_campaign=ADT" "Mozilla/5.0 (Linux; Android 10; K) AppleWebKit/537.36 (KHTML, like Gecko) Chrome/144.0.0.0 Mobile Safari/537.36"
111.92.83.194 - - [28/Jan/2026:07:07:29 -0500] "GET /wp-content/themes/matrix-model/assets/images/more/i-2.jpg HTTP/1.1" 200 44619 "https://matrixmodels.com/?utm_source=ADT&utm_medium=web&utm_campaign=ADT" "Mozilla/5.0 (Linux; Android 10; K) AppleWebKit/537.36 (KHTML, like Gecko) Chrome/144.0.0.0 Mobile Safari/537.36"
111.92.83.194 - - [28/Jan/2026:07:07:29 -0500] "GET /wp-content/themes/matrix-model/assets/images/more/i-3.jpg HTTP/1.1" 200 36068 "https://matrixmodels.com/?utm_source=ADT&utm_medium=web&utm_campaign=ADT" "Mozilla/5.0 (Linux; Android 10; K) AppleWebKit/537.36 (KHTML, like Gecko) Chrome/144.0.0.0 Mobile Safari/537.36"
111.92.83.194 - - [28/Jan/2026:07:07:30 -0500] "GET /wp-content/themes/matrix-model/assets/images/more/i-4.jpg HTTP/1.1" 200 28534 "https://matrixmodels.com/?utm_source=ADT&utm_medium=web&utm_campaign=ADT" "Mozilla/5.0 (Linux; Android 10; K) AppleWebKit/537.36 (KHTML, like Gecko) Chrome/144.0.0.0 Mobile Safari/537.36"
111.92.83.194 - - [28/Jan/2026:07:07:29 -0500] "GET /wp-content/themes/matrix-model/assets/css/animate.min.css HTTP/1.1" 200 52592 "https://matrixmodels.com/?utm_source=ADT&utm_medium=web&utm_campaign=ADT" "Mozilla/5.0 (Linux; Android 10; K) AppleWebKit/537.36 (KHTML, like Gecko) Chrome/144.0.0.0 Mobile Safari/537.36"
111.92.83.194 - - [28/Jan/2026:07:07:30 -0500] "GET /wp-content/themes/matrix-model/assets/images/more/i-6.jpg HTTP/1.1" 200 39553 "https://matrixmodels.com/?utm_source=ADT&utm_medium=web&utm_campaign=ADT" "Mozilla/5.0 (Linux; Android 10; K) AppleWebKit/537.36 (KHTML, like Gecko) Chrome/144.0.0.0 Mobile Safari/537.36"
111.92.83.194 - - [28/Jan/2026:07:07:30 -0500] "GET /wp-content/themes/matrix-model/assets/images/more/i-5.jpg HTTP/1.1" 200 35264 "https://matrixmodels.com/?utm_source=ADT&utm_medium=web&utm_campaign=ADT" "Mozilla/5.0 (Linux; Android 10; K) AppleWebKit/537.36 (KHTML, like Gecko) Chrome/144.0.0.0 Mobile Safari/537.36"
111.92.83.194 - - [28/Jan/2026:07:07:30 -0500] "GET /wp-content/themes/matrix-model/assets/images/more/i-7.jpg HTTP/1.1" 200 35534 "https://matrixmodels.com/?utm_source=ADT&utm_medium=web&utm_campaign=ADT" "Mozilla/5.0 (Linux; Android 10; K) AppleWebKit/537.36 (KHTML, like Gecko) Chrome/144.0.0.0 Mobile Safari/537.36"
111.92.83.194 - - [28/Jan/2026:07:07:30 -0500] "GET /wp-content/themes/matrix-model/assets/images/more/i-8.jpg HTTP/1.1" 200 31506 "https://matrixmodels.com/?utm_source=ADT&utm_medium=web&utm_campaign=ADT" "Mozilla/5.0 (Linux; Android 10; K) AppleWebKit/537.36 (KHTML, like Gecko) Chrome/144.0.0.0 Mobile Safari/537.36"
111.92.83.194 - - [28/Jan/2026:07:07:30 -0500] "GET /wp-content/themes/matrix-model/assets/images/more/i-9.jpg HTTP/1.1" 200 39513 "https://matrixmodels.com/?utm_source=ADT&utm_medium=web&utm_campaign=ADT" "Mozilla/5.0 (Linux; Android 10; K) AppleWebKit/537.36 (KHTML, like Gecko) Chrome/144.0.0.0 Mobile Safari/537.36"
111.92.83.194 - - [28/Jan/2026:07:07:30 -0500] "GET /wp-content/uploads/2021/07/logo.png HTTP/1.1" 200 181002 "https://matrixmodels.com/?utm_source=ADT&utm_medium=web&utm_campaign=ADT" "Mozilla/5.0 (Linux; Android 10; K) AppleWebKit/537.36 (KHTML, like Gecko) Chrome/144.0.0.0 Mobile Safari/537.36"
111.92.83.194 - - [28/Jan/2026:07:07:31 -0500] "GET /wp-content/themes/matrix-model/assets/images/logo/favicon.png HTTP/1.1" 404 259 "https://matrixmodels.com/?utm_source=ADT&utm_medium=web&utm_campaign=ADT" "Mozilla/5.0 (Linux; Android 10; K) AppleWebKit/537.36 (KHTML, like Gecko) Chrome/144.0.0.0 Mobile Safari/537.36"
159.148.62.93 - - [28/Jan/2026:07:07:36 -0500] "GET / HTTP/1.1" 200 4465 "-" "Mozilla/5.0 (Macintosh; Intel Mac OS X 10_15_7) AppleWebKit/537.36 (KHTML, like Gecko) Chrome/142.0.0.0 Safari/537.36"
64.59.72.148 - - [28/Jan/2026:07:07:40 -0500] "GET / HTTP/1.1" 200 4446 "-" "check_http/v2.4.9 (nagios-plugins 2.4.9)"
111.92.83.194 - - [28/Jan/2026:07:07:50 -0500] "GET /our-models HTTP/1.1" 301 - "https://matrixmodels.com/?utm_source=ADT&utm_medium=web&utm_campaign=ADT" "Mozilla/5.0 (Linux; Android 10; K) AppleWebKit/537.36 (KHTML, like Gecko) Chrome/144.0.0.0 Mobile Safari/537.36"
111.92.83.194 - - [28/Jan/2026:07:07:51 -0500] "GET /our-models/ HTTP/1.1" 200 7615 "https://matrixmodels.com/?utm_source=ADT&utm_medium=web&utm_campaign=ADT" "Mozilla/5.0 (Linux; Android 10; K) AppleWebKit/537.36 (KHTML, like Gecko) Chrome/144.0.0.0 Mobile Safari/537.36"
111.92.83.194 - - [28/Jan/2026:07:07:51 -0500] "GET /wp-includes/css/dist/block-library/style.min.css?ver=5.6.16 HTTP/1.1" 200 51338 "https://matrixmodels.com/our-models/" "Mozilla/5.0 (Linux; Android 10; K) AppleWebKit/537.36 (KHTML, like Gecko) Chrome/144.0.0.0 Mobile Safari/537.36"
111.92.83.194 - - [28/Jan/2026:07:07:51 -0500] "GET /wp-content/themes/matrix-model/style.css?ver=5.6.16 HTTP/1.1" 200 41969 "https://matrixmodels.com/our-models/" "Mozilla/5.0 (Linux; Android 10; K) AppleWebKit/537.36 (KHTML, like Gecko) Chrome/144.0.0.0 Mobile Safari/537.36"
111.92.83.194 - - [28/Jan/2026:07:07:52 -0500] "GET /wp-includes/js/jquery/jquery-migrate.min.js?ver=3.3.2 HTTP/1.1" 200 11224 "https://matrixmodels.com/our-models/" "Mozilla/5.0 (Linux; Android 10; K) AppleWebKit/537.36 (KHTML, like Gecko) Chrome/144.0.0.0 Mobile Safari/537.36"
111.92.83.194 - - [28/Jan/2026:07:07:52 -0500] "GET /wp-content/themes/matrix-model/images/inner-logo.jpg HTTP/1.1" 200 8330 "https://matrixmodels.com/our-models/" "Mozilla/5.0 (Linux; Android 10; K) AppleWebKit/537.36 (KHTML, like Gecko) Chrome/144.0.0.0 Mobile Safari/537.36"
111.92.83.194 - - [28/Jan/2026:07:07:53 -0500] "GET /wp-includes/js/wp-emoji-release.min.js?ver=5.6.16 HTTP/1.1" 200 14229 "https://matrixmodels.com/our-models/" "Mozilla/5.0 (Linux; Android 10; K) AppleWebKit/537.36 (KHTML, like Gecko) Chrome/144.0.0.0 Mobile Safari/537.36"
111.92.83.194 - - [28/Jan/2026:07:07:55 -0500] "GET /wp-includes/js/jquery/jquery.min.js?ver=3.5.1 HTTP/1.1" 200 89496 "https://matrixmodels.com/our-models/" "Mozilla/5.0 (Linux; Android 10; K) AppleWebKit/537.36 (KHTML, like Gecko) Chrome/144.0.0.0 Mobile Safari/537.36"
111.92.83.194 - - [28/Jan/2026:07:07:56 -0500] "GET /favicon.ico HTTP/1.1" 200 43 "https://matrixmodels.com/our-models/" "Mozilla/5.0 (Linux; Android 10; K) AppleWebKit/537.36 (KHTML, like Gecko) Chrome/144.0.0.0 Mobile Safari/537.36"
74.206.165.145 - - [28/Jan/2026:07:08:29 -0500] "POST /wp-cron.php?doing_wp_cron=1769602109.9177229404449462890625 HTTP/1.1" 200 - "https://matrixmodels.com/wp-cron.php?doing_wp_cron=1769602109.9177229404449462890625" "WordPress/5.6.16; https://matrixmodels.com"
170.23.18.240 - - [28/Jan/2026:07:08:29 -0500] "GET / HTTP/1.1" 200 4465 "-" "Mozilla/5.0 (Macintosh; Intel Mac OS X 10_15_7) AppleWebKit/537.36 (KHTML, like Gecko) Chrome/142.0.0.0 Safari/537.36"
111.92.83.194 - - [28/Jan/2026:07:08:45 -0500] "GET /our-models/ HTTP/1.1" 200 7615 "https://matrixmodels.com/?utm_source=ADT&utm_medium=web&utm_campaign=ADT" "Mozilla/5.0 (Linux; Android 10; K) AppleWebKit/537.36 (KHTML, like Gecko) Chrome/144.0.0.0 Mobile Safari/537.36"
111.92.83.194 - - [28/Jan/2026:07:09:15 -0500] "-" 408 - "-" "-"
111.92.83.194 - - [28/Jan/2026:07:09:15 -0500] "-" 408 - "-" "-"
99.105.114.88 - - [28/Jan/2026:07:09:17 -0500] "GET / HTTP/1.1" 200 4465 "-" "Mozilla/5.0 (Macintosh; Intel Mac OS X 10.15; rv:142.0) Gecko/20100101 Firefox/142.0"
64.59.72.148 - - [28/Jan/2026:07:09:40 -0500] "GET / HTTP/1.1" 200 4446 "-" "check_http/v2.4.9 (nagios-plugins 2.4.9)"
52.167.144.218 - - [28/Jan/2026:07:09:57 -0500] "GET /meilleur-casino-canada/ HTTP/1.1" 404 8442 "-" "Mozilla/5.0 AppleWebKit/537.36 (KHTML, like Gecko; compatible; bingbot/2.0; +http://www.bing.com/bingbot.htm) Chrome/116.0.1938.76 Safari/537.36"
64.59.72.148 - - [28/Jan/2026:07:11:40 -0500] "GET / HTTP/1.1" 200 4446 "-" "check_http/v2.4.9 (nagios-plugins 2.4.9)"
64.59.72.148 - - [28/Jan/2026:07:13:40 -0500] "GET / HTTP/1.1" 200 4446 "-" "check_http/v2.4.9 (nagios-plugins 2.4.9)"
216.244.66.230 - - [28/Jan/2026:07:15:36 -0500] "GET /robots.txt HTTP/1.1" 200 116 "-" "Mozilla/5.0 (compatible; DotBot/1.2; +https://opensiteexplorer.org/dotbot; help@moz.com)"
64.59.72.148 - - [28/Jan/2026:07:15:40 -0500] "GET / HTTP/1.1" 200 4446 "-" "check_http/v2.4.9 (nagios-plugins 2.4.9)"
94.103.189.122 - - [28/Jan/2026:07:17:37 -0500] "HEAD / HTTP/1.1" 200 - "https://matrixmodels.com" "Mozilla/5.0 (Windows NT 10.0; Win64; x64) AppleWebKit/537.36 (KHTML, like Gecko) Chrome/100.0.4896.127 Safari/537.36"
94.103.189.122 - - [28/Jan/2026:07:17:37 -0500] "GET / HTTP/1.1" 200 4465 "https://matrixmodels.com" "Mozilla/5.0 (Windows NT 10.0; Win64; x64) AppleWebKit/537.36 (KHTML, like Gecko) Chrome/100.0.4896.127 Safari/537.36"
64.59.72.148 - - [28/Jan/2026:07:17:40 -0500] "GET / HTTP/1.1" 200 4446 "-" "check_http/v2.4.9 (nagios-plugins 2.4.9)"
52.167.144.210 - - [28/Jan/2026:07:17:51 -0500] "GET /technique-jouer-%C3%A0-la-roulette/ HTTP/1.1" 404 8442 "-" "Mozilla/5.0 AppleWebKit/537.36 (KHTML, like Gecko; compatible; bingbot/2.0; +http://www.bing.com/bingbot.htm) Chrome/116.0.1938.76 Safari/537.36"
207.46.13.156 - - [28/Jan/2026:07:19:01 -0500] "GET /otw-portfolio/sophia-lux/ HTTP/1.1" 301 - "-" "Mozilla/5.0 AppleWebKit/537.36 (KHTML, like Gecko; compatible; bingbot/2.0; +http://www.bing.com/bingbot.htm) Chrome/116.0.1938.76 Safari/537.36"
207.46.13.156 - - [28/Jan/2026:07:19:04 -0500] "GET / HTTP/1.1" 200 4465 "-" "Mozilla/5.0 AppleWebKit/537.36 (KHTML, like Gecko; compatible; bingbot/2.0; +http://www.bing.com/bingbot.htm) Chrome/116.0.1938.76 Safari/537.36"
64.59.72.148 - - [28/Jan/2026:07:19:40 -0500] "GET / HTTP/1.1" 200 4446 "-" "check_http/v2.4.9 (nagios-plugins 2.4.9)"
85.204.245.195 - - [28/Jan/2026:07:21:08 -0500] "GET / HTTP/1.1" 200 4446 "-" "Mozilla/5.0 (Macintosh; Intel Mac OS X 10_15_7) AppleWebKit/537.36 (KHTML, like Gecko) Chrome/142.0.0.0 Safari/537.36"
64.59.72.148 - - [28/Jan/2026:07:21:40 -0500] "GET / HTTP/1.1" 200 4446 "-" "check_http/v2.4.9 (nagios-plugins 2.4.9)"
216.244.66.230 - - [28/Jan/2026:07:22:12 -0500] "GET /wp-content/uploads/2018/01/DSC_6817-360x520.jpg HTTP/1.1" 200 38652 "-" "Mozilla/5.0 (compatible; DotBot/1.2; +https://opensiteexplorer.org/dotbot; help@moz.com)"
82.34.177.114 - - [28/Jan/2026:07:23:32 -0500] "GET /otw-portfolio/devon-green/ HTTP/1.1" 301 - "https://www.indexxx.com/" "Mozilla/5.0 (Windows NT 10.0; Win64; x64) AppleWebKit/537.36 (KHTML, like Gecko) Chrome/144.0.0.0 Safari/537.36 Edg/144.0.0.0"
82.34.177.114 - - [28/Jan/2026:07:23:32 -0500] "GET / HTTP/1.1" 200 4465 "https://www.indexxx.com/" "Mozilla/5.0 (Windows NT 10.0; Win64; x64) AppleWebKit/537.36 (KHTML, like Gecko) Chrome/144.0.0.0 Safari/537.36 Edg/144.0.0.0"
82.34.177.114 - - [28/Jan/2026:07:23:32 -0500] "GET /wp-content/themes/matrix-model/assets/css/aos.css HTTP/1.1" 200 26053 "https://matrixmodels.com/" "Mozilla/5.0 (Windows NT 10.0; Win64; x64) AppleWebKit/537.36 (KHTML, like Gecko) Chrome/144.0.0.0 Safari/537.36 Edg/144.0.0.0"
82.34.177.114 - - [28/Jan/2026:07:23:32 -0500] "GET /wp-content/themes/matrix-model/assets/css/owl.carousel.min.css HTTP/1.1" 404 260 "https://matrixmodels.com/" "Mozilla/5.0 (Windows NT 10.0; Win64; x64) AppleWebKit/537.36 (KHTML, like Gecko) Chrome/144.0.0.0 Safari/537.36 Edg/144.0.0.0"
82.34.177.114 - - [28/Jan/2026:07:23:32 -0500] "GET /wp-content/themes/matrix-model/assets/css/animate.min.css HTTP/1.1" 200 52592 "https://matrixmodels.com/" "Mozilla/5.0 (Windows NT 10.0; Win64; x64) AppleWebKit/537.36 (KHTML, like Gecko) Chrome/144.0.0.0 Safari/537.36 Edg/144.0.0.0"
82.34.177.114 - - [28/Jan/2026:07:23:32 -0500] "GET /wp-content/themes/matrix-model/assets/css/custom.css HTTP/1.1" 200 5229 "https://matrixmodels.com/" "Mozilla/5.0 (Windows NT 10.0; Win64; x64) AppleWebKit/537.36 (KHTML, like Gecko) Chrome/144.0.0.0 Safari/537.36 Edg/144.0.0.0"
82.34.177.114 - - [28/Jan/2026:07:23:32 -0500] "GET /wp-content/themes/matrix-model/assets/css/owl.theme.default.min.css HTTP/1.1" 404 265 "https://matrixmodels.com/" "Mozilla/5.0 (Windows NT 10.0; Win64; x64) AppleWebKit/537.36 (KHTML, like Gecko) Chrome/144.0.0.0 Safari/537.36 Edg/144.0.0.0"
82.34.177.114 - - [28/Jan/2026:07:23:33 -0500] "GET /wp-content/themes/matrix-model/assets/images/more/i-1.jpg HTTP/1.1" 200 39164 "https://matrixmodels.com/" "Mozilla/5.0 (Windows NT 10.0; Win64; x64) AppleWebKit/537.36 (KHTML, like Gecko) Chrome/144.0.0.0 Safari/537.36 Edg/144.0.0.0"
82.34.177.114 - - [28/Jan/2026:07:23:33 -0500] "GET /wp-content/themes/matrix-model/assets/images/more/i-2.jpg HTTP/1.1" 200 44619 "https://matrixmodels.com/" "Mozilla/5.0 (Windows NT 10.0; Win64; x64) AppleWebKit/537.36 (KHTML, like Gecko) Chrome/144.0.0.0 Safari/537.36 Edg/144.0.0.0"
82.34.177.114 - - [28/Jan/2026:07:23:33 -0500] "GET /wp-content/themes/matrix-model/assets/images/more/i-3.jpg HTTP/1.1" 200 36068 "https://matrixmodels.com/" "Mozilla/5.0 (Windows NT 10.0; Win64; x64) AppleWebKit/537.36 (KHTML, like Gecko) Chrome/144.0.0.0 Safari/537.36 Edg/144.0.0.0"
82.34.177.114 - - [28/Jan/2026:07:23:33 -0500] "GET /wp-content/themes/matrix-model/assets/images/more/i-4.jpg HTTP/1.1" 200 28534 "https://matrixmodels.com/" "Mozilla/5.0 (Windows NT 10.0; Win64; x64) AppleWebKit/537.36 (KHTML, like Gecko) Chrome/144.0.0.0 Safari/537.36 Edg/144.0.0.0"
82.34.177.114 - - [28/Jan/2026:07:23:32 -0500] "GET /wp-content/themes/matrix-model/assets/css/bootstrap_v4.3.1_min.css HTTP/1.1" 200 155712 "https://matrixmodels.com/" "Mozilla/5.0 (Windows NT 10.0; Win64; x64) AppleWebKit/537.36 (KHTML, like Gecko) Chrome/144.0.0.0 Safari/537.36 Edg/144.0.0.0"
82.34.177.114 - - [28/Jan/2026:07:23:33 -0500] "GET /wp-content/themes/matrix-model/assets/images/more/i-5.jpg HTTP/1.1" 200 35264 "https://matrixmodels.com/" "Mozilla/5.0 (Windows NT 10.0; Win64; x64) AppleWebKit/537.36 (KHTML, like Gecko) Chrome/144.0.0.0 Safari/537.36 Edg/144.0.0.0"
82.34.177.114 - - [28/Jan/2026:07:23:33 -0500] "GET /wp-content/themes/matrix-model/assets/images/more/i-6.jpg HTTP/1.1" 200 39553 "https://matrixmodels.com/" "Mozilla/5.0 (Windows NT 10.0; Win64; x64) AppleWebKit/537.36 (KHTML, like Gecko) Chrome/144.0.0.0 Safari/537.36 Edg/144.0.0.0"
82.34.177.114 - - [28/Jan/2026:07:23:33 -0500] "GET /wp-content/themes/matrix-model/assets/images/more/i-7.jpg HTTP/1.1" 200 35534 "https://matrixmodels.com/" "Mozilla/5.0 (Windows NT 10.0; Win64; x64) AppleWebKit/537.36 (KHTML, like Gecko) Chrome/144.0.0.0 Safari/537.36 Edg/144.0.0.0"
82.34.177.114 - - [28/Jan/2026:07:23:33 -0500] "GET /wp-content/themes/matrix-model/assets/images/more/i-8.jpg HTTP/1.1" 200 31506 "https://matrixmodels.com/" "Mozilla/5.0 (Windows NT 10.0; Win64; x64) AppleWebKit/537.36 (KHTML, like Gecko) Chrome/144.0.0.0 Safari/537.36 Edg/144.0.0.0"
82.34.177.114 - - [28/Jan/2026:07:23:33 -0500] "GET /wp-content/themes/matrix-model/assets/images/more/i-9.jpg HTTP/1.1" 200 39513 "https://matrixmodels.com/" "Mozilla/5.0 (Windows NT 10.0; Win64; x64) AppleWebKit/537.36 (KHTML, like Gecko) Chrome/144.0.0.0 Safari/537.36 Edg/144.0.0.0"
82.34.177.114 - - [28/Jan/2026:07:23:33 -0500] "GET /wp-content/uploads/2021/07/logo.png HTTP/1.1" 200 181002 "https://matrixmodels.com/" "Mozilla/5.0 (Windows NT 10.0; Win64; x64) AppleWebKit/537.36 (KHTML, like Gecko) Chrome/144.0.0.0 Safari/537.36 Edg/144.0.0.0"
82.34.177.114 - - [28/Jan/2026:07:23:34 -0500] "GET /wp-content/themes/matrix-model/assets/images/logo/favicon.png HTTP/1.1" 404 259 "https://matrixmodels.com/" "Mozilla/5.0 (Windows NT 10.0; Win64; x64) AppleWebKit/537.36 (KHTML, like Gecko) Chrome/144.0.0.0 Safari/537.36 Edg/144.0.0.0"
64.59.72.148 - - [28/Jan/2026:07:23:40 -0500] "GET / HTTP/1.1" 200 4446 "-" "check_http/v2.4.9 (nagios-plugins 2.4.9)"
82.34.177.114 - - [28/Jan/2026:07:23:43 -0500] "GET /our-models HTTP/1.1" 301 - "https://matrixmodels.com/" "Mozilla/5.0 (Windows NT 10.0; Win64; x64) AppleWebKit/537.36 (KHTML, like Gecko) Chrome/144.0.0.0 Safari/537.36 Edg/144.0.0.0"
82.34.177.114 - - [28/Jan/2026:07:23:43 -0500] "GET /our-models/ HTTP/1.1" 200 7615 "https://matrixmodels.com/" "Mozilla/5.0 (Windows NT 10.0; Win64; x64) AppleWebKit/537.36 (KHTML, like Gecko) Chrome/144.0.0.0 Safari/537.36 Edg/144.0.0.0"
82.34.177.114 - - [28/Jan/2026:07:23:43 -0500] "GET /wp-content/themes/matrix-model/style.css?ver=5.6.16 HTTP/1.1" 200 41969 "https://matrixmodels.com/our-models/" "Mozilla/5.0 (Windows NT 10.0; Win64; x64) AppleWebKit/537.36 (KHTML, like Gecko) Chrome/144.0.0.0 Safari/537.36 Edg/144.0.0.0"
82.34.177.114 - - [28/Jan/2026:07:23:43 -0500] "GET /wp-includes/css/dist/block-library/style.min.css?ver=5.6.16 HTTP/1.1" 200 51338 "https://matrixmodels.com/our-models/" "Mozilla/5.0 (Windows NT 10.0; Win64; x64) AppleWebKit/537.36 (KHTML, like Gecko) Chrome/144.0.0.0 Safari/537.36 Edg/144.0.0.0"
82.34.177.114 - - [28/Jan/2026:07:23:43 -0500] "GET /wp-includes/js/jquery/jquery.min.js?ver=3.5.1 HTTP/1.1" 200 89496 "https://matrixmodels.com/our-models/" "Mozilla/5.0 (Windows NT 10.0; Win64; x64) AppleWebKit/537.36 (KHTML, like Gecko) Chrome/144.0.0.0 Safari/537.36 Edg/144.0.0.0"
82.34.177.114 - - [28/Jan/2026:07:23:43 -0500] "GET /wp-includes/js/jquery/jquery-migrate.min.js?ver=3.3.2 HTTP/1.1" 200 11224 "https://matrixmodels.com/our-models/" "Mozilla/5.0 (Windows NT 10.0; Win64; x64) AppleWebKit/537.36 (KHTML, like Gecko) Chrome/144.0.0.0 Safari/537.36 Edg/144.0.0.0"
82.34.177.114 - - [28/Jan/2026:07:23:43 -0500] "GET /wp-content/themes/matrix-model/images/inner-logo.jpg HTTP/1.1" 200 8330 "https://matrixmodels.com/our-models/" "Mozilla/5.0 (Windows NT 10.0; Win64; x64) AppleWebKit/537.36 (KHTML, like Gecko) Chrome/144.0.0.0 Safari/537.36 Edg/144.0.0.0"
82.34.177.114 - - [28/Jan/2026:07:23:44 -0500] "GET /wp-includes/js/wp-emoji-release.min.js?ver=5.6.16 HTTP/1.1" 200 14229 "https://matrixmodels.com/our-models/" "Mozilla/5.0 (Windows NT 10.0; Win64; x64) AppleWebKit/537.36 (KHTML, like Gecko) Chrome/144.0.0.0 Safari/537.36 Edg/144.0.0.0"
82.34.177.114 - - [28/Jan/2026:07:23:44 -0500] "GET /favicon.ico HTTP/1.1" 200 43 "https://matrixmodels.com/our-models/" "Mozilla/5.0 (Windows NT 10.0; Win64; x64) AppleWebKit/537.36 (KHTML, like Gecko) Chrome/144.0.0.0 Safari/537.36 Edg/144.0.0.0"
82.34.177.114 - - [28/Jan/2026:07:23:48 -0500] "GET /our-models/ HTTP/1.1" 200 7615 "https://matrixmodels.com/our-models/" "Mozilla/5.0 (Windows NT 10.0; Win64; x64) AppleWebKit/537.36 (KHTML, like Gecko) Chrome/144.0.0.0 Safari/537.36 Edg/144.0.0.0"
82.34.177.114 - - [28/Jan/2026:07:23:53 -0500] "GET /about-matrix-models/ HTTP/1.1" 200 10353 "https://matrixmodels.com/our-models/" "Mozilla/5.0 (Windows NT 10.0; Win64; x64) AppleWebKit/537.36 (KHTML, like Gecko) Chrome/144.0.0.0 Safari/537.36 Edg/144.0.0.0"
82.34.177.114 - - [28/Jan/2026:07:23:54 -0500] "GET /wp-content/themes/matrix-model/js/navigation.js?ver=20140711 HTTP/1.1" 200 1516 "https://matrixmodels.com/about-matrix-models/" "Mozilla/5.0 (Windows NT 10.0; Win64; x64) AppleWebKit/537.36 (KHTML, like Gecko) Chrome/144.0.0.0 Safari/537.36 Edg/144.0.0.0"
82.34.177.114 - - [28/Jan/2026:07:23:54 -0500] "GET /wp-includes/js/wp-embed.min.js?ver=5.6.16 HTTP/1.1" 200 1478 "https://matrixmodels.com/about-matrix-models/" "Mozilla/5.0 (Windows NT 10.0; Win64; x64) AppleWebKit/537.36 (KHTML, like Gecko) Chrome/144.0.0.0 Safari/537.36 Edg/144.0.0.0"
82.34.177.114 - - [28/Jan/2026:07:23:54 -0500] "GET /wp-content/themes/matrix-model/images/title_bg.jpg HTTP/1.1" 200 1124 "https://matrixmodels.com/wp-content/themes/matrix-model/style.css?ver=5.6.16" "Mozilla/5.0 (Windows NT 10.0; Win64; x64) AppleWebKit/537.36 (KHTML, like Gecko) Chrome/144.0.0.0 Safari/537.36 Edg/144.0.0.0"
