62.60.130.210 - - [28/Jan/2026:22:56:38 -0500] "GET /wp-login.php?redirect_to=https%3A%2F%2Fwww.matrixmodels.com%2Fwp-admin%2Fedit.php&reauth=1 HTTP/1.1" 406 59 "https://www.matrixmodels.com/wp-login.php" "Mozilla/5.0 (X11; Ubuntu; Linux x86_64) AppleWebKit/537.36 (KHTML, like Gecko) Chrome/122.0.6261.57 Safari/537.36"
62.60.130.210 - - [28/Jan/2026:22:56:38 -0500] "GET /wp-admin/plugins.php HTTP/1.1" 302 - "https://www.matrixmodels.com/wp-login.php" "Mozilla/5.0 (X11; Ubuntu; Linux x86_64) AppleWebKit/537.36 (KHTML, like Gecko) Chrome/122.0.6261.57 Safari/537.36"
62.60.130.210 - - [28/Jan/2026:22:56:38 -0500] "GET /wp-login.php?redirect_to=https%3A%2F%2Fwww.matrixmodels.com%2Fwp-admin%2Fplugins.php&reauth=1 HTTP/1.1" 406 59 "https://www.matrixmodels.com/wp-login.php" "Mozilla/5.0 (X11; Ubuntu; Linux x86_64) AppleWebKit/537.36 (KHTML, like Gecko) Chrome/122.0.6261.57 Safari/537.36"
62.60.130.210 - - [28/Jan/2026:22:56:39 -0500] "POST /wp-login.php HTTP/1.1" 406 59 "https://www.matrixmodels.com/wp-login.php" "Mozilla/5.0 (Macintosh; Intel Mac OS X 10.15) Gecko/20100101 Firefox/120.0.1"
62.60.130.210 - - [28/Jan/2026:22:56:39 -0500] "GET /wp-admin/index.php HTTP/1.1" 302 - "https://www.matrixmodels.com/wp-login.php" "Mozilla/5.0 (Macintosh; Intel Mac OS X 10.15) Gecko/20100101 Firefox/120.0.1"
62.60.130.210 - - [28/Jan/2026:22:56:39 -0500] "GET /wp-login.php?redirect_to=https%3A%2F%2Fwww.matrixmodels.com%2Fwp-admin%2Findex.php&reauth=1 HTTP/1.1" 406 59 "https://www.matrixmodels.com/wp-login.php" "Mozilla/5.0 (Macintosh; Intel Mac OS X 10.15) Gecko/20100101 Firefox/120.0.1"
62.60.130.210 - - [28/Jan/2026:22:56:39 -0500] "GET /wp-admin/profile.php HTTP/1.1" 302 - "https://www.matrixmodels.com/wp-login.php" "Mozilla/5.0 (Macintosh; Intel Mac OS X 10.15) Gecko/20100101 Firefox/120.0.1"
62.60.130.210 - - [28/Jan/2026:22:56:40 -0500] "GET /wp-login.php?redirect_to=https%3A%2F%2Fwww.matrixmodels.com%2Fwp-admin%2Fprofile.php&reauth=1 HTTP/1.1" 406 59 "https://www.matrixmodels.com/wp-login.php" "Mozilla/5.0 (Macintosh; Intel Mac OS X 10.15) Gecko/20100101 Firefox/120.0.1"
62.60.130.210 - - [28/Jan/2026:22:56:40 -0500] "GET /wp-admin/edit.php HTTP/1.1" 302 - "https://www.matrixmodels.com/wp-login.php" "Mozilla/5.0 (Macintosh; Intel Mac OS X 10.15) Gecko/20100101 Firefox/120.0.1"
62.60.130.210 - - [28/Jan/2026:22:56:40 -0500] "GET /wp-login.php?redirect_to=https%3A%2F%2Fwww.matrixmodels.com%2Fwp-admin%2Fedit.php&reauth=1 HTTP/1.1" 406 59 "https://www.matrixmodels.com/wp-login.php" "Mozilla/5.0 (Macintosh; Intel Mac OS X 10.15) Gecko/20100101 Firefox/120.0.1"
62.60.130.210 - - [28/Jan/2026:22:56:40 -0500] "GET /wp-admin/plugins.php HTTP/1.1" 302 - "https://www.matrixmodels.com/wp-login.php" "Mozilla/5.0 (Macintosh; Intel Mac OS X 10.15) Gecko/20100101 Firefox/120.0.1"
62.60.130.210 - - [28/Jan/2026:22:56:40 -0500] "GET /wp-login.php?redirect_to=https%3A%2F%2Fwww.matrixmodels.com%2Fwp-admin%2Fplugins.php&reauth=1 HTTP/1.1" 406 59 "https://www.matrixmodels.com/wp-login.php" "Mozilla/5.0 (Macintosh; Intel Mac OS X 10.15) Gecko/20100101 Firefox/120.0.1"
64.59.72.148 - - [28/Jan/2026:22:57:03 -0500] "GET / HTTP/1.1" 200 4446 "-" "check_http/v2.4.9 (nagios-plugins 2.4.9)"
73.149.153.97 - - [28/Jan/2026:22:57:33 -0500] "GET /wp-content/uploads/2020/11/DSC_5249.jpg HTTP/1.1" 200 161413 "https://www.google.com/" "Mozilla/5.0 (iPhone; CPU iPhone OS 18_7 like Mac OS X) AppleWebKit/605.1.15 (KHTML, like Gecko) Version/26.2 Mobile/15E148 Safari/604.1"
162.62.213.187 - - [28/Jan/2026:22:58:14 -0500] "GET / HTTP/1.1" 301 - "-" "Mozilla/5.0 (iPhone; CPU iPhone OS 13_2_3 like Mac OS X) AppleWebKit/605.1.15 (KHTML, like Gecko) Version/13.0.3 Mobile/15E148 Safari/604.1"
162.62.213.187 - - [28/Jan/2026:22:58:15 -0500] "GET / HTTP/1.1" 200 4446 "http://www.matrixmodels.com" "Mozilla/5.0 (iPhone; CPU iPhone OS 13_2_3 like Mac OS X) AppleWebKit/605.1.15 (KHTML, like Gecko) Version/13.0.3 Mobile/15E148 Safari/604.1"
64.59.72.148 - - [28/Jan/2026:22:59:03 -0500] "GET / HTTP/1.1" 200 4446 "-" "check_http/v2.4.9 (nagios-plugins 2.4.9)"
83.217.208.173 - - [28/Jan/2026:23:00:29 -0500] "GET /wp-login.php HTTP/1.1" 200 6925 "-" "Mozilla/5.0 (Macintosh; Intel Mac OS X 10_8_5) AppleWebKit/537.36 (KHTML, like Gecko) Chrome/36.0.1985.125 Safari/537.36"
83.217.208.173 - - [28/Jan/2026:23:00:29 -0500] "POST /wp-login.php HTTP/1.1" 200 7335 "-" "Mozilla/5.0 (Macintosh; Intel Mac OS X 10_8_5) AppleWebKit/537.36 (KHTML, like Gecko) Chrome/36.0.1985.125 Safari/537.36"
64.59.72.148 - - [28/Jan/2026:23:01:03 -0500] "GET / HTTP/1.1" 200 4446 "-" "check_http/v2.4.9 (nagios-plugins 2.4.9)"
158.220.122.128 - - [28/Jan/2026:23:01:08 -0500] "GET / HTTP/1.1" 200 4446 "-" "Mozilla/5.0 (X11; Linux x86_64; rv:1.9.7.20) Gecko/ Firefox/3.6.15"
95.108.213.138 - - [28/Jan/2026:23:01:35 -0500] "GET /robots.txt HTTP/1.1" 200 117 "-" "Mozilla/5.0 (compatible; YandexBot/3.0; +http://yandex.com/bots)"
213.180.203.47 - - [28/Jan/2026:23:01:36 -0500] "GET /profile.php?id=214 HTTP/1.1" 404 8466 "-" "Mozilla/5.0 (compatible; YandexBot/3.0; +http://yandex.com/bots)"
185.191.171.14 - - [28/Jan/2026:23:01:48 -0500] "GET /about-matrix-models/ HTTP/1.1" 200 10323 "-" "Mozilla/5.0 (compatible; SemrushBot/7~bl; +http://www.semrush.com/bot.html)"
52.167.144.18 - - [28/Jan/2026:23:02:20 -0500] "GET /quels-sont-les-casinos-ouverts/ HTTP/1.1" 404 8442 "-" "Mozilla/5.0 AppleWebKit/537.36 (KHTML, like Gecko; compatible; bingbot/2.0; +http://www.bing.com/bingbot.htm) Chrome/116.0.1938.76 Safari/537.36"
116.204.64.97 - - [28/Jan/2026:23:02:48 -0500] "GET /robots.txt HTTP/1.1" 301 - "http://www.matrixmodels.com/robots.txt" "Mozilla/5.0 (Macintosh; Intel Mac OS X 10_15_7) AppleWebKit/537.36 (KHTML, like Gecko) Chrome/123.0.0.0 Safari/537.36"
47.79.31.106 - - [28/Jan/2026:23:02:51 -0500] "GET /robots.txt HTTP/1.1" 200 116 "-" "Mozilla/5.0 (Macintosh; Intel Mac OS X 10_15_7) AppleWebKit/537.36 (KHTML, like Gecko) Chrome/123.0.0.0 Safari/537.36"
64.59.72.148 - - [28/Jan/2026:23:03:03 -0500] "GET / HTTP/1.1" 200 4446 "-" "check_http/v2.4.9 (nagios-plugins 2.4.9)"
148.113.130.12 - - [28/Jan/2026:23:03:32 -0500] "GET / HTTP/1.1" 200 4446 "-" "Mozilla/5.0 (compatible; AhrefsBot/7.0; +http://ahrefs.com/robot/)"
43.157.158.178 - - [28/Jan/2026:23:03:44 -0500] "GET / HTTP/1.0" 400 362 "-" "-"
149.88.21.48 - - [28/Jan/2026:23:04:11 -0500] "GET /wp-content/uploads/2022/02/MARIA-13-1.jpg HTTP/1.1" 200 190533 "https://www.google.com/" "Mozilla/5.0 (Windows NT 10.0; Win64; x64) AppleWebKit/537.36 (KHTML, like Gecko) Chrome/144.0.0.0 Safari/537.36"
149.88.21.48 - - [28/Jan/2026:23:04:19 -0500] "GET /otw-portfolio/maria-kazi/ HTTP/1.1" 301 - "https://www.google.com/" "Mozilla/5.0 (Windows NT 10.0; Win64; x64) AppleWebKit/537.36 (KHTML, like Gecko) Chrome/144.0.0.0 Safari/537.36"
149.88.21.48 - - [28/Jan/2026:23:04:19 -0500] "GET / HTTP/1.1" 200 4465 "https://www.google.com/" "Mozilla/5.0 (Windows NT 10.0; Win64; x64) AppleWebKit/537.36 (KHTML, like Gecko) Chrome/144.0.0.0 Safari/537.36"
149.88.21.48 - - [28/Jan/2026:23:04:19 -0500] "GET /wp-content/themes/matrix-model/assets/css/bootstrap_v4.3.1_min.css HTTP/1.1" 200 155712 "https://matrixmodels.com/" "Mozilla/5.0 (Windows NT 10.0; Win64; x64) AppleWebKit/537.36 (KHTML, like Gecko) Chrome/144.0.0.0 Safari/537.36"
149.88.21.48 - - [28/Jan/2026:23:04:20 -0500] "GET /wp-content/themes/matrix-model/assets/css/aos.css HTTP/1.1" 200 26053 "https://matrixmodels.com/" "Mozilla/5.0 (Windows NT 10.0; Win64; x64) AppleWebKit/537.36 (KHTML, like Gecko) Chrome/144.0.0.0 Safari/537.36"
149.88.21.48 - - [28/Jan/2026:23:04:20 -0500] "GET /wp-content/themes/matrix-model/assets/css/owl.carousel.min.css HTTP/1.1" 404 260 "https://matrixmodels.com/" "Mozilla/5.0 (Windows NT 10.0; Win64; x64) AppleWebKit/537.36 (KHTML, like Gecko) Chrome/144.0.0.0 Safari/537.36"
149.88.21.48 - - [28/Jan/2026:23:04:20 -0500] "GET /wp-content/themes/matrix-model/assets/css/custom.css HTTP/1.1" 200 5229 "https://matrixmodels.com/" "Mozilla/5.0 (Windows NT 10.0; Win64; x64) AppleWebKit/537.36 (KHTML, like Gecko) Chrome/144.0.0.0 Safari/537.36"
149.88.21.48 - - [28/Jan/2026:23:04:20 -0500] "GET /wp-content/themes/matrix-model/assets/css/owl.theme.default.min.css HTTP/1.1" 404 265 "https://matrixmodels.com/" "Mozilla/5.0 (Windows NT 10.0; Win64; x64) AppleWebKit/537.36 (KHTML, like Gecko) Chrome/144.0.0.0 Safari/537.36"
149.88.21.48 - - [28/Jan/2026:23:04:20 -0500] "GET /wp-content/themes/matrix-model/assets/images/more/i-1.jpg HTTP/1.1" 200 39164 "https://matrixmodels.com/" "Mozilla/5.0 (Windows NT 10.0; Win64; x64) AppleWebKit/537.36 (KHTML, like Gecko) Chrome/144.0.0.0 Safari/537.36"
149.88.21.48 - - [28/Jan/2026:23:04:20 -0500] "GET /wp-content/themes/matrix-model/assets/css/animate.min.css HTTP/1.1" 200 52592 "https://matrixmodels.com/" "Mozilla/5.0 (Windows NT 10.0; Win64; x64) AppleWebKit/537.36 (KHTML, like Gecko) Chrome/144.0.0.0 Safari/537.36"
149.88.21.48 - - [28/Jan/2026:23:04:20 -0500] "GET /wp-content/themes/matrix-model/assets/images/more/i-2.jpg HTTP/1.1" 200 44619 "https://matrixmodels.com/" "Mozilla/5.0 (Windows NT 10.0; Win64; x64) AppleWebKit/537.36 (KHTML, like Gecko) Chrome/144.0.0.0 Safari/537.36"
149.88.21.48 - - [28/Jan/2026:23:04:20 -0500] "GET /wp-content/themes/matrix-model/assets/images/more/i-3.jpg HTTP/1.1" 200 36068 "https://matrixmodels.com/" "Mozilla/5.0 (Windows NT 10.0; Win64; x64) AppleWebKit/537.36 (KHTML, like Gecko) Chrome/144.0.0.0 Safari/537.36"
149.88.21.48 - - [28/Jan/2026:23:04:20 -0500] "GET /wp-content/themes/matrix-model/assets/images/more/i-4.jpg HTTP/1.1" 200 28534 "https://matrixmodels.com/" "Mozilla/5.0 (Windows NT 10.0; Win64; x64) AppleWebKit/537.36 (KHTML, like Gecko) Chrome/144.0.0.0 Safari/537.36"
149.88.21.48 - - [28/Jan/2026:23:04:20 -0500] "GET /wp-content/themes/matrix-model/assets/images/more/i-5.jpg HTTP/1.1" 200 35264 "https://matrixmodels.com/" "Mozilla/5.0 (Windows NT 10.0; Win64; x64) AppleWebKit/537.36 (KHTML, like Gecko) Chrome/144.0.0.0 Safari/537.36"
149.88.21.48 - - [28/Jan/2026:23:04:20 -0500] "GET /wp-content/themes/matrix-model/assets/images/more/i-6.jpg HTTP/1.1" 200 39553 "https://matrixmodels.com/" "Mozilla/5.0 (Windows NT 10.0; Win64; x64) AppleWebKit/537.36 (KHTML, like Gecko) Chrome/144.0.0.0 Safari/537.36"
149.88.21.48 - - [28/Jan/2026:23:04:20 -0500] "GET /wp-content/themes/matrix-model/assets/images/more/i-7.jpg HTTP/1.1" 200 35534 "https://matrixmodels.com/" "Mozilla/5.0 (Windows NT 10.0; Win64; x64) AppleWebKit/537.36 (KHTML, like Gecko) Chrome/144.0.0.0 Safari/537.36"
149.88.21.48 - - [28/Jan/2026:23:04:20 -0500] "GET /wp-content/themes/matrix-model/assets/images/more/i-8.jpg HTTP/1.1" 200 31506 "https://matrixmodels.com/" "Mozilla/5.0 (Windows NT 10.0; Win64; x64) AppleWebKit/537.36 (KHTML, like Gecko) Chrome/144.0.0.0 Safari/537.36"
149.88.21.48 - - [28/Jan/2026:23:04:20 -0500] "GET /wp-content/themes/matrix-model/assets/images/more/i-9.jpg HTTP/1.1" 200 39513 "https://matrixmodels.com/" "Mozilla/5.0 (Windows NT 10.0; Win64; x64) AppleWebKit/537.36 (KHTML, like Gecko) Chrome/144.0.0.0 Safari/537.36"
149.88.21.48 - - [28/Jan/2026:23:04:20 -0500] "GET /wp-content/uploads/2021/07/logo.png HTTP/1.1" 200 181002 "https://matrixmodels.com/" "Mozilla/5.0 (Windows NT 10.0; Win64; x64) AppleWebKit/537.36 (KHTML, like Gecko) Chrome/144.0.0.0 Safari/537.36"
149.88.21.48 - - [28/Jan/2026:23:04:23 -0500] "GET /our-models HTTP/1.1" 301 - "https://matrixmodels.com/" "Mozilla/5.0 (Windows NT 10.0; Win64; x64) AppleWebKit/537.36 (KHTML, like Gecko) Chrome/144.0.0.0 Safari/537.36"
149.88.21.48 - - [28/Jan/2026:23:04:23 -0500] "GET /our-models/ HTTP/1.1" 200 7615 "https://matrixmodels.com/" "Mozilla/5.0 (Windows NT 10.0; Win64; x64) AppleWebKit/537.36 (KHTML, like Gecko) Chrome/144.0.0.0 Safari/537.36"
149.88.21.48 - - [28/Jan/2026:23:04:23 -0500] "GET /wp-includes/css/dist/block-library/style.min.css?ver=5.6.16 HTTP/1.1" 200 51338 "https://matrixmodels.com/our-models/" "Mozilla/5.0 (Windows NT 10.0; Win64; x64) AppleWebKit/537.36 (KHTML, like Gecko) Chrome/144.0.0.0 Safari/537.36"
149.88.21.48 - - [28/Jan/2026:23:04:23 -0500] "GET /wp-includes/js/jquery/jquery-migrate.min.js?ver=3.3.2 HTTP/1.1" 200 11224 "https://matrixmodels.com/our-models/" "Mozilla/5.0 (Windows NT 10.0; Win64; x64) AppleWebKit/537.36 (KHTML, like Gecko) Chrome/144.0.0.0 Safari/537.36"
149.88.21.48 - - [28/Jan/2026:23:04:23 -0500] "GET /wp-content/themes/matrix-model/style.css?ver=5.6.16 HTTP/1.1" 200 41969 "https://matrixmodels.com/our-models/" "Mozilla/5.0 (Windows NT 10.0; Win64; x64) AppleWebKit/537.36 (KHTML, like Gecko) Chrome/144.0.0.0 Safari/537.36"
149.88.21.48 - - [28/Jan/2026:23:04:23 -0500] "GET /wp-content/themes/matrix-model/images/inner-logo.jpg HTTP/1.1" 200 8330 "https://matrixmodels.com/our-models/" "Mozilla/5.0 (Windows NT 10.0; Win64; x64) AppleWebKit/537.36 (KHTML, like Gecko) Chrome/144.0.0.0 Safari/537.36"
149.88.21.48 - - [28/Jan/2026:23:04:23 -0500] "GET /wp-includes/js/jquery/jquery.min.js?ver=3.5.1 HTTP/1.1" 200 89496 "https://matrixmodels.com/our-models/" "Mozilla/5.0 (Windows NT 10.0; Win64; x64) AppleWebKit/537.36 (KHTML, like Gecko) Chrome/144.0.0.0 Safari/537.36"
149.88.21.48 - - [28/Jan/2026:23:04:24 -0500] "GET /wp-includes/js/wp-emoji-release.min.js?ver=5.6.16 HTTP/1.1" 200 14229 "https://matrixmodels.com/our-models/" "Mozilla/5.0 (Windows NT 10.0; Win64; x64) AppleWebKit/537.36 (KHTML, like Gecko) Chrome/144.0.0.0 Safari/537.36"
149.88.21.48 - - [28/Jan/2026:23:04:24 -0500] "GET /favicon.ico HTTP/1.1" 200 43 "https://matrixmodels.com/our-models/" "Mozilla/5.0 (Windows NT 10.0; Win64; x64) AppleWebKit/537.36 (KHTML, like Gecko) Chrome/144.0.0.0 Safari/537.36"
64.59.72.148 - - [28/Jan/2026:23:05:03 -0500] "GET / HTTP/1.1" 200 4446 "-" "check_http/v2.4.9 (nagios-plugins 2.4.9)"
64.59.72.148 - - [28/Jan/2026:23:07:03 -0500] "GET / HTTP/1.1" 200 4446 "-" "check_http/v2.4.9 (nagios-plugins 2.4.9)"
74.206.165.145 - - [28/Jan/2026:23:09:03 -0500] "POST /wp-cron.php?doing_wp_cron=1769659743.4378139972686767578125 HTTP/1.1" 200 - "http://matrixmodels.com/wp-cron.php?doing_wp_cron=1769659743.4378139972686767578125" "WordPress/5.6.16; http://matrixmodels.com"
64.59.72.148 - - [28/Jan/2026:23:09:03 -0500] "GET / HTTP/1.1" 200 4446 "-" "check_http/v2.4.9 (nagios-plugins 2.4.9)"
147.135.213.38 - - [28/Jan/2026:23:09:22 -0500] "GET /robots.txt HTTP/1.1" 200 116 "-" "Mozilla/5.0 (compatible; MJ12bot/v1.4.8; http://mj12bot.com/)"
147.135.213.38 - - [28/Jan/2026:23:09:24 -0500] "GET /otw-portfolio/megan-marx/ HTTP/1.1" 301 - "-" "Mozilla/5.0 (compatible; MJ12bot/v1.4.8; http://mj12bot.com/)"
147.135.213.38 - - [28/Jan/2026:23:09:26 -0500] "GET / HTTP/1.1" 200 4446 "-" "Mozilla/5.0 (compatible; MJ12bot/v1.4.8; http://mj12bot.com/)"
15.235.98.246 - - [28/Jan/2026:23:10:57 -0500] "GET /wp-sitemap.xml HTTP/1.1" 200 18534 "-" "Mozilla/5.0 (compatible; AhrefsBot/7.0; +http://ahrefs.com/robot/)"
64.59.72.148 - - [28/Jan/2026:23:11:03 -0500] "GET / HTTP/1.1" 200 4446 "-" "check_http/v2.4.9 (nagios-plugins 2.4.9)"
64.59.72.148 - - [28/Jan/2026:23:13:03 -0500] "GET / HTTP/1.1" 200 4446 "-" "check_http/v2.4.9 (nagios-plugins 2.4.9)"
64.59.72.148 - - [28/Jan/2026:23:15:03 -0500] "GET / HTTP/1.1" 200 4446 "-" "check_http/v2.4.9 (nagios-plugins 2.4.9)"
52.167.144.181 - - [28/Jan/2026:23:16:04 -0500] "GET /r%C3%A8gles-de-retrait-de-casino/ HTTP/1.1" 404 8442 "-" "Mozilla/5.0 AppleWebKit/537.36 (KHTML, like Gecko; compatible; bingbot/2.0; +http://www.bing.com/bingbot.htm) Chrome/116.0.1938.76 Safari/537.36"
195.178.110.54 - - [28/Jan/2026:23:16:37 -0500] "GET / HTTP/1.1" 200 4465 "-" "Mozilla/5.0 (Linux; Android 6.0; NCE-AL00 Build/HUAWEINCE-AL00; wv) AppleWebKit/537.36 (KHTML, like Gecko) Version/4.0 Chrome/66.0.3359.126 MQQBrowser/6.2 TBS/044813 Mobile Safari/537.36 MMWEBID/6904 MicroMessenger/7.0.6.1460(0x27000634) Process/tools NetType/4G Language/zh_CN"
96.62.145.66 - - [28/Jan/2026:23:16:39 -0500] "GET /contact-us/ HTTP/1.1" 200 9651 "-" "Mozilla/5.0 (Macintosh; Intel Mac OS X 12_5) AppleWebKit/537.36 (KHTML, like Gecko) Chrome/114.0.0.0 Safari/537.36"
96.62.145.66 - - [28/Jan/2026:23:16:41 -0500] "GET / HTTP/1.1" 200 4465 "https://matrixmodels.com/contact-us/" "Mozilla/5.0 (Macintosh; Intel Mac OS X 12_5) AppleWebKit/537.36 (KHTML, like Gecko) Chrome/114.0.0.0 Safari/537.36"
96.62.145.66 - - [28/Jan/2026:23:16:42 -0500] "GET /?p=53 HTTP/1.1" 301 - "https://matrixmodels.com/contact-us/" "Mozilla/5.0 (Macintosh; Intel Mac OS X 12_5) AppleWebKit/537.36 (KHTML, like Gecko) Chrome/114.0.0.0 Safari/537.36"
96.62.145.66 - - [28/Jan/2026:23:16:43 -0500] "GET /contact-us/ HTTP/1.1" 200 9651 "https://matrixmodels.com/?p=53" "Mozilla/5.0 (Macintosh; Intel Mac OS X 12_5) AppleWebKit/537.36 (KHTML, like Gecko) Chrome/114.0.0.0 Safari/537.36"
96.62.145.66 - - [28/Jan/2026:23:16:44 -0500] "GET /about-matrix-models/ HTTP/1.1" 200 10353 "https://matrixmodels.com/contact-us/" "Mozilla/5.0 (Macintosh; Intel Mac OS X 12_5) AppleWebKit/537.36 (KHTML, like Gecko) Chrome/114.0.0.0 Safari/537.36"
96.62.145.66 - - [28/Jan/2026:23:16:45 -0500] "GET /comments/feed/ HTTP/1.1" 200 719 "https://matrixmodels.com/contact-us/" "Mozilla/5.0 (Macintosh; Intel Mac OS X 12_5) AppleWebKit/537.36 (KHTML, like Gecko) Chrome/114.0.0.0 Safari/537.36"
96.62.145.66 - - [28/Jan/2026:23:16:46 -0500] "GET /our-models/ HTTP/1.1" 200 7615 "https://matrixmodels.com/contact-us/" "Mozilla/5.0 (Macintosh; Intel Mac OS X 12_5) AppleWebKit/537.36 (KHTML, like Gecko) Chrome/114.0.0.0 Safari/537.36"
76.39.57.3 - - [28/Jan/2026:23:16:47 -0500] "GET /our-models HTTP/1.1" 301 - "-" "Mozilla/5.0 (Macintosh; Intel Mac OS X 10_15_7) AppleWebKit/605.1.15 (KHTML, like Gecko)"
76.39.57.3 - - [28/Jan/2026:23:16:47 -0500] "GET /our-models/ HTTP/1.1" 200 7587 "-" "Mozilla/5.0 (Macintosh; Intel Mac OS X 10_15_7) AppleWebKit/605.1.15 (KHTML, like Gecko)"
76.39.57.3 - - [28/Jan/2026:23:16:48 -0500] "GET /apple-touch-icon-precomposed.png HTTP/1.1" 404 8442 "-" "Safari/17618.3.11.11.7 CFNetwork/1335.5 Darwin/21.6.0"
76.39.57.3 - - [28/Jan/2026:23:16:48 -0500] "GET /apple-touch-icon.png HTTP/1.1" 404 8442 "-" "Safari/17618.3.11.11.7 CFNetwork/1335.5 Darwin/21.6.0"
76.39.57.3 - - [28/Jan/2026:23:16:48 -0500] "GET /favicon.ico HTTP/1.1" 200 43 "-" "Safari/17618.3.11.11.7 CFNetwork/1335.5 Darwin/21.6.0"
76.39.57.3 - - [28/Jan/2026:23:16:48 -0500] "GET /our-models HTTP/1.1" 301 - "-" "Mozilla/5.0 (iPhone; CPU iPhone OS 17_4 like Mac OS X) AppleWebKit/605.1.15 (KHTML, like Gecko) Version/17.4 Mobile/15E148 Safari/604.1"
96.62.145.66 - - [28/Jan/2026:23:16:48 -0500] "GET /feed/ HTTP/1.1" 200 28454 "https://matrixmodels.com/contact-us/" "Mozilla/5.0 (Macintosh; Intel Mac OS X 12_5) AppleWebKit/537.36 (KHTML, like Gecko) Chrome/114.0.0.0 Safari/537.36"
76.39.57.3 - - [28/Jan/2026:23:16:48 -0500] "GET /our-models/ HTTP/1.1" 200 7587 "-" "Mozilla/5.0 (iPhone; CPU iPhone OS 17_4 like Mac OS X) AppleWebKit/605.1.15 (KHTML, like Gecko) Version/17.4 Mobile/15E148 Safari/604.1"
76.39.57.3 - - [28/Jan/2026:23:16:48 -0500] "GET /apple-touch-icon-precomposed.png HTTP/1.1" 404 8442 "-" "Safari/17618.3.11.11.7 CFNetwork/1335.5 Darwin/21.6.0"
76.39.57.3 - - [28/Jan/2026:23:16:48 -0500] "GET /apple-touch-icon.png HTTP/1.1" 404 8442 "-" "Safari/17618.3.11.11.7 CFNetwork/1335.5 Darwin/21.6.0"
96.62.145.66 - - [28/Jan/2026:23:16:50 -0500] "GET /blog/ HTTP/1.1" 200 18620 "https://matrixmodels.com/contact-us/" "Mozilla/5.0 (Macintosh; Intel Mac OS X 12_5) AppleWebKit/537.36 (KHTML, like Gecko) Chrome/114.0.0.0 Safari/537.36"
96.62.145.66 - - [28/Jan/2026:23:16:52 -0500] "GET /wp-includes/wlwmanifest.xml HTTP/1.1" 200 1045 "https://matrixmodels.com/contact-us/" "Mozilla/5.0 (Macintosh; Intel Mac OS X 12_5) AppleWebKit/537.36 (KHTML, like Gecko) Chrome/114.0.0.0 Safari/537.36"
96.62.145.66 - - [28/Jan/2026:23:16:52 -0500] "GET /https-www-netflix-com-watch-80115908trackid13752289tctx0%2c2%2c1e4d6191-442a-4bbb-b824-80e2389da213-155638059%2c%2c/ HTTP/1.1" 200 9494 "https://matrixmodels.com/contact-us/" "Mozilla/5.0 (Macintosh; Intel Mac OS X 12_5) AppleWebKit/537.36 (KHTML, like Gecko) Chrome/114.0.0.0 Safari/537.36"
96.62.145.66 - - [28/Jan/2026:23:16:53 -0500] "GET /wp-json/ HTTP/1.1" 200 93658 "https://matrixmodels.com/contact-us/" "Mozilla/5.0 (Macintosh; Intel Mac OS X 12_5) AppleWebKit/537.36 (KHTML, like Gecko) Chrome/114.0.0.0 Safari/537.36"
96.62.145.66 - - [28/Jan/2026:23:16:54 -0500] "GET /contact-us/ HTTP/1.1" 200 9651 "https://matrixmodels.com/contact-us/" "Mozilla/5.0 (Macintosh; Intel Mac OS X 12_5) AppleWebKit/537.36 (KHTML, like Gecko) Chrome/114.0.0.0 Safari/537.36"
96.62.145.66 - - [28/Jan/2026:23:16:54 -0500] "GET /wp-json/wp/v2/pages/53 HTTP/1.1" 200 2457 "https://matrixmodels.com/contact-us/" "Mozilla/5.0 (Macintosh; Intel Mac OS X 12_5) AppleWebKit/537.36 (KHTML, like Gecko) Chrome/114.0.0.0 Safari/537.36"
96.62.145.66 - - [28/Jan/2026:23:16:55 -0500] "GET /xmlrpc.php?rsd HTTP/1.1" 403 6 "https://matrixmodels.com/contact-us/" "Mozilla/5.0 (Macintosh; Intel Mac OS X 12_5) AppleWebKit/537.36 (KHTML, like Gecko) Chrome/114.0.0.0 Safari/537.36"
96.62.145.66 - - [28/Jan/2026:23:17:03 -0500] "GET /xmlrpc.php?rsd HTTP/1.1" 403 6 "https://matrixmodels.com/contact-us/" "Mozilla/5.0 (Macintosh; Intel Mac OS X 12_5) AppleWebKit/537.36 (KHTML, like Gecko) Chrome/114.0.0.0 Safari/537.36"
64.59.72.148 - - [28/Jan/2026:23:17:03 -0500] "GET / HTTP/1.1" 200 4446 "-" "check_http/v2.4.9 (nagios-plugins 2.4.9)"
96.62.145.66 - - [28/Jan/2026:23:17:05 -0500] "GET /xmlrpc.php?rsd HTTP/1.1" 403 6 "https://matrixmodels.com/contact-us/" "Mozilla/5.0 (Macintosh; Intel Mac OS X 12_5) AppleWebKit/537.36 (KHTML, like Gecko) Chrome/114.0.0.0 Safari/537.36"
96.62.145.66 - - [28/Jan/2026:23:17:06 -0500] "GET /xmlrpc.php?rsd HTTP/1.1" 403 6 "https://matrixmodels.com/contact-us/" "Mozilla/5.0 (Macintosh; Intel Mac OS X 12_5) AppleWebKit/537.36 (KHTML, like Gecko) Chrome/114.0.0.0 Safari/537.36"
96.62.145.66 - - [28/Jan/2026:23:17:09 -0500] "GET /xmlrpc.php HTTP/1.1" 403 6 "https://matrixmodels.com/contact-us/" "Mozilla/5.0 (Macintosh; Intel Mac OS X 12_5) AppleWebKit/537.36 (KHTML, like Gecko) Chrome/114.0.0.0 Safari/537.36"
96.62.145.67 - - [28/Jan/2026:23:17:10 -0500] "GET /xmlrpc.php HTTP/1.1" 403 6 "https://matrixmodels.com/contact-us/" "Mozilla/5.0 (Macintosh; Intel Mac OS X 12_5) AppleWebKit/537.36 (KHTML, like Gecko) Chrome/114.0.0.0 Safari/537.36"
96.62.145.66 - - [28/Jan/2026:23:17:10 -0500] "GET /xmlrpc.php HTTP/1.1" 403 6 "https://matrixmodels.com/contact-us/" "Mozilla/5.0 (Macintosh; Intel Mac OS X 12_5) AppleWebKit/537.36 (KHTML, like Gecko) Chrome/114.0.0.0 Safari/537.36"
96.62.145.66 - - [28/Jan/2026:23:17:11 -0500] "GET /xmlrpc.php HTTP/1.1" 403 6 "https://matrixmodels.com/contact-us/" "Mozilla/5.0 (Macintosh; Intel Mac OS X 12_5) AppleWebKit/537.36 (KHTML, like Gecko) Chrome/114.0.0.0 Safari/537.36"
96.62.145.66 - - [28/Jan/2026:23:17:11 -0500] "GET / HTTP/1.1" 200 4465 "-" "Mozilla/5.0 (Macintosh; Intel Mac OS X 12_5) AppleWebKit/537.36 (KHTML, like Gecko) Chrome/114.0.0.0 Safari/537.36"
96.62.145.66 - - [28/Jan/2026:23:17:12 -0500] "GET /our-models HTTP/1.1" 301 - "https://matrixmodels.com/" "Mozilla/5.0 (Macintosh; Intel Mac OS X 12_5) AppleWebKit/537.36 (KHTML, like Gecko) Chrome/114.0.0.0 Safari/537.36"
96.62.145.66 - - [28/Jan/2026:23:17:13 -0500] "GET /our-models/ HTTP/1.1" 200 7615 "https://matrixmodels.com/our-models" "Mozilla/5.0 (Macintosh; Intel Mac OS X 12_5) AppleWebKit/537.36 (KHTML, like Gecko) Chrome/114.0.0.0 Safari/537.36"
142.147.189.154 - - [28/Jan/2026:23:18:30 -0500] "GET / HTTP/1.1" 200 4446 "-" "Mozilla/5.0 (Macintosh; Intel Mac OS X 10_15_7) AppleWebKit/537.36 (KHTML, like Gecko) Chrome/139.0.0.0 Safari/537.36"
142.147.189.154 - - [28/Jan/2026:23:18:31 -0500] "GET /wp-content/themes/matrix-model/assets/css/owl.carousel.min.css HTTP/1.1" 404 260 "http://matrixmodels.com/" "Mozilla/5.0 (Macintosh; Intel Mac OS X 10_15_7) AppleWebKit/537.36 (KHTML, like Gecko) Chrome/139.0.0.0 Safari/537.36"
142.147.189.154 - - [28/Jan/2026:23:18:31 -0500] "GET /wp-content/themes/matrix-model/assets/css/owl.theme.default.min.css HTTP/1.1" 404 265 "http://matrixmodels.com/" "Mozilla/5.0 (Macintosh; Intel Mac OS X 10_15_7) AppleWebKit/537.36 (KHTML, like Gecko) Chrome/139.0.0.0 Safari/537.36"
142.147.189.154 - - [28/Jan/2026:23:18:31 -0500] "GET /wp-content/themes/matrix-model/assets/css/aos.css HTTP/1.1" 200 26053 "http://matrixmodels.com/" "Mozilla/5.0 (Macintosh; Intel Mac OS X 10_15_7) AppleWebKit/537.36 (KHTML, like Gecko) Chrome/139.0.0.0 Safari/537.36"
142.147.189.154 - - [28/Jan/2026:23:18:31 -0500] "GET /wp-content/themes/matrix-model/assets/css/bootstrap_v4.3.1_min.css HTTP/1.1" 200 155712 "http://matrixmodels.com/" "Mozilla/5.0 (Macintosh; Intel Mac OS X 10_15_7) AppleWebKit/537.36 (KHTML, like Gecko) Chrome/139.0.0.0 Safari/537.36"
142.147.189.154 - - [28/Jan/2026:23:18:31 -0500] "GET /wp-content/themes/matrix-model/assets/css/animate.min.css HTTP/1.1" 200 52592 "http://matrixmodels.com/" "Mozilla/5.0 (Macintosh; Intel Mac OS X 10_15_7) AppleWebKit/537.36 (KHTML, like Gecko) Chrome/139.0.0.0 Safari/537.36"
142.147.189.154 - - [28/Jan/2026:23:18:31 -0500] "GET /wp-content/themes/matrix-model/assets/css/custom.css HTTP/1.1" 200 5229 "http://matrixmodels.com/" "Mozilla/5.0 (Macintosh; Intel Mac OS X 10_15_7) AppleWebKit/537.36 (KHTML, like Gecko) Chrome/139.0.0.0 Safari/537.36"
142.147.189.154 - - [28/Jan/2026:23:18:31 -0500] "GET /wp-content/themes/matrix-model/assets/images/more/i-1.jpg HTTP/1.1" 200 39164 "http://matrixmodels.com/" "Mozilla/5.0 (Macintosh; Intel Mac OS X 10_15_7) AppleWebKit/537.36 (KHTML, like Gecko) Chrome/139.0.0.0 Safari/537.36"
142.147.189.154 - - [28/Jan/2026:23:18:31 -0500] "GET /wp-content/themes/matrix-model/assets/images/more/i-2.jpg HTTP/1.1" 200 44619 "http://matrixmodels.com/" "Mozilla/5.0 (Macintosh; Intel Mac OS X 10_15_7) AppleWebKit/537.36 (KHTML, like Gecko) Chrome/139.0.0.0 Safari/537.36"
142.147.189.154 - - [28/Jan/2026:23:18:31 -0500] "GET /wp-content/themes/matrix-model/assets/images/more/i-3.jpg HTTP/1.1" 200 36068 "http://matrixmodels.com/" "Mozilla/5.0 (Macintosh; Intel Mac OS X 10_15_7) AppleWebKit/537.36 (KHTML, like Gecko) Chrome/139.0.0.0 Safari/537.36"
142.147.189.154 - - [28/Jan/2026:23:18:31 -0500] "GET /wp-content/themes/matrix-model/assets/images/more/i-4.jpg HTTP/1.1" 200 28534 "http://matrixmodels.com/" "Mozilla/5.0 (Macintosh; Intel Mac OS X 10_15_7) AppleWebKit/537.36 (KHTML, like Gecko) Chrome/139.0.0.0 Safari/537.36"
142.147.189.154 - - [28/Jan/2026:23:18:31 -0500] "GET /wp-content/themes/matrix-model/assets/images/more/i-5.jpg HTTP/1.1" 200 35264 "http://matrixmodels.com/" "Mozilla/5.0 (Macintosh; Intel Mac OS X 10_15_7) AppleWebKit/537.36 (KHTML, like Gecko) Chrome/139.0.0.0 Safari/537.36"
142.147.189.154 - - [28/Jan/2026:23:18:31 -0500] "GET /wp-content/themes/matrix-model/assets/images/more/i-6.jpg HTTP/1.1" 200 39553 "http://matrixmodels.com/" "Mozilla/5.0 (Macintosh; Intel Mac OS X 10_15_7) AppleWebKit/537.36 (KHTML, like Gecko) Chrome/139.0.0.0 Safari/537.36"
142.147.189.154 - - [28/Jan/2026:23:18:31 -0500] "GET /wp-content/themes/matrix-model/assets/images/more/i-7.jpg HTTP/1.1" 200 35534 "http://matrixmodels.com/" "Mozilla/5.0 (Macintosh; Intel Mac OS X 10_15_7) AppleWebKit/537.36 (KHTML, like Gecko) Chrome/139.0.0.0 Safari/537.36"
142.147.189.154 - - [28/Jan/2026:23:18:31 -0500] "GET /wp-content/themes/matrix-model/assets/images/more/i-8.jpg HTTP/1.1" 200 31506 "http://matrixmodels.com/" "Mozilla/5.0 (Macintosh; Intel Mac OS X 10_15_7) AppleWebKit/537.36 (KHTML, like Gecko) Chrome/139.0.0.0 Safari/537.36"
142.147.189.154 - - [28/Jan/2026:23:18:31 -0500] "GET /wp-content/themes/matrix-model/assets/images/more/i-9.jpg HTTP/1.1" 200 39513 "http://matrixmodels.com/" "Mozilla/5.0 (Macintosh; Intel Mac OS X 10_15_7) AppleWebKit/537.36 (KHTML, like Gecko) Chrome/139.0.0.0 Safari/537.36"
142.147.189.154 - - [28/Jan/2026:23:18:31 -0500] "GET /wp-content/uploads/2021/07/logo.png HTTP/1.1" 200 181002 "http://matrixmodels.com/" "Mozilla/5.0 (Macintosh; Intel Mac OS X 10_15_7) AppleWebKit/537.36 (KHTML, like Gecko) Chrome/139.0.0.0 Safari/537.36"
142.147.189.154 - - [28/Jan/2026:23:18:32 -0500] "GET /wp-content/themes/matrix-model/assets/images/logo/favicon.png HTTP/1.1" 404 259 "http://matrixmodels.com/" "Mozilla/5.0 (Macintosh; Intel Mac OS X 10_15_7) AppleWebKit/537.36 (KHTML, like Gecko) Chrome/139.0.0.0 Safari/537.36"
64.59.72.148 - - [28/Jan/2026:23:19:03 -0500] "GET / HTTP/1.1" 200 4446 "-" "check_http/v2.4.9 (nagios-plugins 2.4.9)"
172.121.74.176 - - [28/Jan/2026:23:19:48 -0500] "GET / HTTP/1.1" 200 4446 "-" "Mozilla/5.0 (Macintosh; Intel Mac OS X 10_15_7) AppleWebKit/537.36 (KHTML, like Gecko) Chrome/142.0.0.0 Safari/537.36"
142.44.228.83 - - [28/Jan/2026:23:20:28 -0500] "GET /wp-sitemap.xml HTTP/1.1" 200 18479 "-" "Mozilla/5.0 (compatible; AhrefsBot/7.0; +http://ahrefs.com/robot/)"
64.59.72.148 - - [28/Jan/2026:23:21:03 -0500] "GET / HTTP/1.1" 200 4446 "-" "check_http/v2.4.9 (nagios-plugins 2.4.9)"
43.173.179.11 - - [28/Jan/2026:23:21:33 -0500] "GET / HTTP/1.1" 200 4446 "-" "Mozilla/5.0 (Windows NT 10.0; Win64; x64) AppleWebKit/537.36 (KHTML, like Gecko) Chrome/105.0.0.0 Safari/537.3"
43.173.174.210 - - [28/Jan/2026:23:21:34 -0500] "GET /wp-content/themes/matrix-model/assets/css/owl.carousel.min.css HTTP/1.1" 404 260 "http://matrixmodels.com/" "Mozilla/5.0 (Windows NT 10.0; Win64; x64) AppleWebKit/537.36 (KHTML, like Gecko) Chrome/105.0.0.0 Safari/537.3"
43.173.179.236 - - [28/Jan/2026:23:21:34 -0500] "GET /wp-content/themes/matrix-model/assets/css/owl.theme.default.min.css HTTP/1.1" 404 265 "http://matrixmodels.com/" "Mozilla/5.0 (Windows NT 10.0; Win64; x64) AppleWebKit/537.36 (KHTML, like Gecko) Chrome/105.0.0.0 Safari/537.3"
43.173.175.217 - - [28/Jan/2026:23:21:36 -0500] "GET / HTTP/1.1" 200 4446 "-" "Mozilla/5.0 (Windows NT 10.0; Win64; x64) AppleWebKit/537.36 (KHTML, like Gecko) Chrome/131.0.0.0 Safari/537.36"
66.249.70.128 - - [28/Jan/2026:23:21:55 -0500] "GET /otw-portfolio/chanel-shortcake/ HTTP/1.1" 301 - "-" "Mozilla/5.0 (Linux; Android 6.0.1; Nexus 5X Build/MMB29P) AppleWebKit/537.36 (KHTML, like Gecko) Chrome/143.0.7499.192 Mobile Safari/537.36 (compatible; Googlebot/2.1; +http://www.google.com/bot.html)"
66.249.70.129 - - [28/Jan/2026:23:21:56 -0500] "GET / HTTP/1.1" 200 4465 "-" "Mozilla/5.0 (Linux; Android 6.0.1; Nexus 5X Build/MMB29P) AppleWebKit/537.36 (KHTML, like Gecko) Chrome/143.0.7499.192 Mobile Safari/537.36 (compatible; Googlebot/2.1; +http://www.google.com/bot.html)"
66.249.70.129 - - [28/Jan/2026:23:21:59 -0500] "GET /wp-content/themes/matrix-model/assets/css/owl.theme.default.min.css HTTP/1.1" 404 265 "https://matrixmodels.com/" "Mozilla/5.0 (Linux; Android 6.0.1; Nexus 5X Build/MMB29P) AppleWebKit/537.36 (KHTML, like Gecko) Chrome/143.0.7499.192 Mobile Safari/537.36 (compatible; Googlebot/2.1; +http://www.google.com/bot.html)"
66.249.70.128 - - [28/Jan/2026:23:21:59 -0500] "GET /wp-content/themes/matrix-model/assets/css/owl.carousel.min.css HTTP/1.1" 404 260 "https://matrixmodels.com/" "Mozilla/5.0 (Linux; Android 6.0.1; Nexus 5X Build/MMB29P) AppleWebKit/537.36 (KHTML, like Gecko) Chrome/143.0.7499.192 Mobile Safari/537.36 (compatible; Googlebot/2.1; +http://www.google.com/bot.html)"
77.75.79.54 - - [28/Jan/2026:23:22:18 -0500] "GET /wp-content/uploads/2019/05/ASHLEY-RED-5.jpg HTTP/1.1" 304 - "-" "Mozilla/5.0 (compatible; SeznamBot/4.0; +https://o-seznam.cz/napoveda/vyhledavani/en/seznambot-crawler/)"
77.75.79.54 - - [28/Jan/2026:23:22:18 -0500] "GET /robots.txt HTTP/1.1" 200 117 "-" "Mozilla/5.0 (compatible; SeznamBot/4.0; +https://o-seznam.cz/napoveda/vyhledavani/en/seznambot-crawler/)"
158.220.122.128 - - [28/Jan/2026:23:22:49 -0500] "GET / HTTP/1.1" 200 4446 "-" "Mozilla/5.0 (CentOS; Linux i686) AppleWebKit/537.36 (KHTML, like Gecko) Chrome/128.0.0.0 Safari/537.36"
64.59.72.148 - - [28/Jan/2026:23:23:03 -0500] "GET / HTTP/1.1" 200 4446 "-" "check_http/v2.4.9 (nagios-plugins 2.4.9)"
85.254.2.232 - - [28/Jan/2026:23:23:19 -0500] "GET /otw-portfolio/gabbie-carter HTTP/1.1" 301 - "-" "Mozilla/5.0 (Macintosh; Intel Mac OS X 10_15_7) AppleWebKit/537.36 (KHTML, like Gecko) Chrome/142.0.0.0 Safari/537.36"
64.59.72.148 - - [28/Jan/2026:23:25:03 -0500] "GET / HTTP/1.1" 200 4446 "-" "check_http/v2.4.9 (nagios-plugins 2.4.9)"
66.249.70.134 - - [28/Jan/2026:23:25:07 -0500] "GET /robots.txt HTTP/1.1" 200 116 "-" "Mozilla/5.0 (compatible; Googlebot/2.1; +http://www.google.com/bot.html)"
66.249.70.133 - - [28/Jan/2026:23:25:07 -0500] "GET /r%C3%A8gle-du-rami-%C3%A0-3/ HTTP/1.1" 404 8442 "-" "Mozilla/5.0 (Linux; Android 6.0.1; Nexus 5X Build/MMB29P) AppleWebKit/537.36 (KHTML, like Gecko) Chrome/143.0.7499.192 Mobile Safari/537.36 (compatible; Googlebot/2.1; +http://www.google.com/bot.html)"
47.101.2.234 - - [28/Jan/2026:23:25:57 -0500] "POST /cgi-bin/.%2e/.%2e/.%2e/.%2e/.%2e/.%2e/.%2e/.%2e/.%2e/.%2e/bin/sh HTTP/1.1" 400 226 "-" "libredtail-http"
52.123.190.124 - - [28/Jan/2026:23:26:58 -0500] "GET /wp-login.php HTTP/1.1" 200 6925 "-" "-"
64.59.72.148 - - [28/Jan/2026:23:27:03 -0500] "GET / HTTP/1.1" 200 4446 "-" "check_http/v2.4.9 (nagios-plugins 2.4.9)"
51.161.65.177 - - [28/Jan/2026:23:27:44 -0500] "GET /1-13/ HTTP/1.1" 200 12371 "-" "Mozilla/5.0 (compatible; AhrefsBot/7.0; +http://ahrefs.com/robot/)"
195.40.31.98 - - [28/Jan/2026:23:28:15 -0500] "GET / HTTP/1.1" 200 4465 "-" "Mozilla/5.0 (Macintosh; Intel Mac OS X 10_15_7) AppleWebKit/537.36 (KHTML, like Gecko) Chrome/142.0.0.0 Safari/537.36"
64.59.72.148 - - [28/Jan/2026:23:29:03 -0500] "GET / HTTP/1.1" 200 4446 "-" "check_http/v2.4.9 (nagios-plugins 2.4.9)"
138.226.105.179 - - [28/Jan/2026:23:29:15 -0500] "GET /otw-portfolio/gabbie-carter HTTP/1.1" 301 - "-" "Mozilla/5.0 (Macintosh; Intel Mac OS X 10_15_7) AppleWebKit/537.36 (KHTML, like Gecko) Chrome/142.0.0.0 Safari/537.36"
64.59.72.148 - - [28/Jan/2026:23:31:03 -0500] "GET / HTTP/1.1" 200 4446 "-" "check_http/v2.4.9 (nagios-plugins 2.4.9)"
138.226.21.135 - - [28/Jan/2026:23:32:42 -0500] "GET / HTTP/1.1" 200 4465 "-" "Mozilla/5.0 (Macintosh; Intel Mac OS X 10_15_7) AppleWebKit/537.36 (KHTML, like Gecko) Chrome/142.0.0.0 Safari/537.36"
64.59.72.148 - - [28/Jan/2026:23:33:03 -0500] "GET / HTTP/1.1" 200 4446 "-" "check_http/v2.4.9 (nagios-plugins 2.4.9)"
142.117.57.136 - - [28/Jan/2026:23:33:31 -0500] "GET /otw-portfolio/1-new-claire-roos/ HTTP/1.1" 301 - "https://www.pornteengirl.com/" "Mozilla/5.0 (Windows NT 10.0; Win64; x64; rv:147.0) Gecko/20100101 Firefox/147.0"
142.117.57.136 - - [28/Jan/2026:23:33:31 -0500] "GET / HTTP/1.1" 200 4465 "https://www.pornteengirl.com/" "Mozilla/5.0 (Windows NT 10.0; Win64; x64; rv:147.0) Gecko/20100101 Firefox/147.0"
142.117.57.136 - - [28/Jan/2026:23:33:31 -0500] "GET /wp-content/themes/matrix-model/assets/css/aos.css HTTP/1.1" 200 26053 "https://matrixmodels.com/" "Mozilla/5.0 (Windows NT 10.0; Win64; x64; rv:147.0) Gecko/20100101 Firefox/147.0"
142.117.57.136 - - [28/Jan/2026:23:33:32 -0500] "GET /wp-content/themes/matrix-model/assets/css/owl.carousel.min.css HTTP/1.1" 404 260 "https://matrixmodels.com/" "Mozilla/5.0 (Windows NT 10.0; Win64; x64; rv:147.0) Gecko/20100101 Firefox/147.0"
142.117.57.136 - - [28/Jan/2026:23:33:32 -0500] "GET /wp-content/themes/matrix-model/assets/css/animate.min.css HTTP/1.1" 200 52592 "https://matrixmodels.com/" "Mozilla/5.0 (Windows NT 10.0; Win64; x64; rv:147.0) Gecko/20100101 Firefox/147.0"
142.117.57.136 - - [28/Jan/2026:23:33:32 -0500] "GET /wp-content/themes/matrix-model/assets/css/owl.theme.default.min.css HTTP/1.1" 404 265 "https://matrixmodels.com/" "Mozilla/5.0 (Windows NT 10.0; Win64; x64; rv:147.0) Gecko/20100101 Firefox/147.0"
142.117.57.136 - - [28/Jan/2026:23:33:32 -0500] "GET /wp-content/themes/matrix-model/assets/css/custom.css HTTP/1.1" 200 5229 "https://matrixmodels.com/" "Mozilla/5.0 (Windows NT 10.0; Win64; x64; rv:147.0) Gecko/20100101 Firefox/147.0"
142.117.57.136 - - [28/Jan/2026:23:33:31 -0500] "GET /wp-content/themes/matrix-model/assets/css/bootstrap_v4.3.1_min.css HTTP/1.1" 200 155712 "https://matrixmodels.com/" "Mozilla/5.0 (Windows NT 10.0; Win64; x64; rv:147.0) Gecko/20100101 Firefox/147.0"
142.117.57.136 - - [28/Jan/2026:23:33:32 -0500] "GET /wp-content/themes/matrix-model/assets/images/more/i-3.jpg HTTP/1.1" 200 36068 "https://matrixmodels.com/" "Mozilla/5.0 (Windows NT 10.0; Win64; x64; rv:147.0) Gecko/20100101 Firefox/147.0"
142.117.57.136 - - [28/Jan/2026:23:33:32 -0500] "GET /wp-content/themes/matrix-model/assets/images/more/i-9.jpg HTTP/1.1" 200 39513 "https://matrixmodels.com/" "Mozilla/5.0 (Windows NT 10.0; Win64; x64; rv:147.0) Gecko/20100101 Firefox/147.0"
142.117.57.136 - - [28/Jan/2026:23:33:32 -0500] "GET /wp-content/themes/matrix-model/assets/images/more/i-7.jpg HTTP/1.1" 200 35534 "https://matrixmodels.com/" "Mozilla/5.0 (Windows NT 10.0; Win64; x64; rv:147.0) Gecko/20100101 Firefox/147.0"
142.117.57.136 - - [28/Jan/2026:23:33:32 -0500] "GET /wp-content/themes/matrix-model/assets/images/more/i-2.jpg HTTP/1.1" 200 44619 "https://matrixmodels.com/" "Mozilla/5.0 (Windows NT 10.0; Win64; x64; rv:147.0) Gecko/20100101 Firefox/147.0"
142.117.57.136 - - [28/Jan/2026:23:33:32 -0500] "GET /wp-content/themes/matrix-model/assets/images/more/i-8.jpg HTTP/1.1" 200 31506 "https://matrixmodels.com/" "Mozilla/5.0 (Windows NT 10.0; Win64; x64; rv:147.0) Gecko/20100101 Firefox/147.0"
142.117.57.136 - - [28/Jan/2026:23:33:32 -0500] "GET /wp-content/themes/matrix-model/assets/images/more/i-5.jpg HTTP/1.1" 200 35264 "https://matrixmodels.com/" "Mozilla/5.0 (Windows NT 10.0; Win64; x64; rv:147.0) Gecko/20100101 Firefox/147.0"
142.117.57.136 - - [28/Jan/2026:23:33:32 -0500] "GET /wp-content/themes/matrix-model/assets/images/more/i-1.jpg HTTP/1.1" 200 39164 "https://matrixmodels.com/" "Mozilla/5.0 (Windows NT 10.0; Win64; x64; rv:147.0) Gecko/20100101 Firefox/147.0"
142.117.57.136 - - [28/Jan/2026:23:33:32 -0500] "GET /wp-content/themes/matrix-model/assets/images/more/i-4.jpg HTTP/1.1" 200 28534 "https://matrixmodels.com/" "Mozilla/5.0 (Windows NT 10.0; Win64; x64; rv:147.0) Gecko/20100101 Firefox/147.0"
142.117.57.136 - - [28/Jan/2026:23:33:32 -0500] "GET /wp-content/themes/matrix-model/assets/images/more/i-6.jpg HTTP/1.1" 200 39553 "https://matrixmodels.com/" "Mozilla/5.0 (Windows NT 10.0; Win64; x64; rv:147.0) Gecko/20100101 Firefox/147.0"
142.117.57.136 - - [28/Jan/2026:23:33:32 -0500] "GET /wp-content/uploads/2021/07/logo.png HTTP/1.1" 200 181002 "https://matrixmodels.com/" "Mozilla/5.0 (Windows NT 10.0; Win64; x64; rv:147.0) Gecko/20100101 Firefox/147.0"
142.117.57.136 - - [28/Jan/2026:23:33:33 -0500] "GET /wp-content/themes/matrix-model/assets/images/logo/favicon.png HTTP/1.1" 404 259 "https://matrixmodels.com/" "Mozilla/5.0 (Windows NT 10.0; Win64; x64; rv:147.0) Gecko/20100101 Firefox/147.0"
142.117.57.136 - - [28/Jan/2026:23:33:38 -0500] "GET /our-models HTTP/1.1" 301 - "https://matrixmodels.com/" "Mozilla/5.0 (Windows NT 10.0; Win64; x64; rv:147.0) Gecko/20100101 Firefox/147.0"
142.117.57.136 - - [28/Jan/2026:23:33:38 -0500] "GET /our-models/ HTTP/1.1" 200 7615 "https://matrixmodels.com/" "Mozilla/5.0 (Windows NT 10.0; Win64; x64; rv:147.0) Gecko/20100101 Firefox/147.0"
142.117.57.136 - - [28/Jan/2026:23:33:38 -0500] "GET /wp-includes/css/dist/block-library/style.min.css?ver=5.6.16 HTTP/1.1" 200 51338 "https://matrixmodels.com/our-models/" "Mozilla/5.0 (Windows NT 10.0; Win64; x64; rv:147.0) Gecko/20100101 Firefox/147.0"
142.117.57.136 - - [28/Jan/2026:23:33:38 -0500] "GET /wp-content/themes/matrix-model/style.css?ver=5.6.16 HTTP/1.1" 200 41969 "https://matrixmodels.com/our-models/" "Mozilla/5.0 (Windows NT 10.0; Win64; x64; rv:147.0) Gecko/20100101 Firefox/147.0"
142.117.57.136 - - [28/Jan/2026:23:33:38 -0500] "GET /wp-includes/js/jquery/jquery-migrate.min.js?ver=3.3.2 HTTP/1.1" 200 11224 "https://matrixmodels.com/our-models/" "Mozilla/5.0 (Windows NT 10.0; Win64; x64; rv:147.0) Gecko/20100101 Firefox/147.0"
142.117.57.136 - - [28/Jan/2026:23:33:38 -0500] "GET /wp-includes/js/wp-emoji-release.min.js?ver=5.6.16 HTTP/1.1" 200 14229 "https://matrixmodels.com/our-models/" "Mozilla/5.0 (Windows NT 10.0; Win64; x64; rv:147.0) Gecko/20100101 Firefox/147.0"
142.117.57.136 - - [28/Jan/2026:23:33:38 -0500] "GET /wp-includes/js/jquery/jquery.min.js?ver=3.5.1 HTTP/1.1" 200 89496 "https://matrixmodels.com/our-models/" "Mozilla/5.0 (Windows NT 10.0; Win64; x64; rv:147.0) Gecko/20100101 Firefox/147.0"
142.117.57.136 - - [28/Jan/2026:23:33:39 -0500] "GET /wp-content/themes/matrix-model/images/inner-logo.jpg HTTP/1.1" 200 8330 "https://matrixmodels.com/our-models/" "Mozilla/5.0 (Windows NT 10.0; Win64; x64; rv:147.0) Gecko/20100101 Firefox/147.0"
142.117.57.136 - - [28/Jan/2026:23:33:39 -0500] "GET /favicon.ico HTTP/1.1" 200 43 "https://matrixmodels.com/our-models/" "Mozilla/5.0 (Windows NT 10.0; Win64; x64; rv:147.0) Gecko/20100101 Firefox/147.0"
142.117.57.136 - - [28/Jan/2026:23:33:45 -0500] "GET /our-models/ HTTP/1.1" 200 7615 "https://matrixmodels.com/our-models/" "Mozilla/5.0 (Windows NT 10.0; Win64; x64; rv:147.0) Gecko/20100101 Firefox/147.0"
142.117.57.136 - - [28/Jan/2026:23:33:51 -0500] "GET /about-matrix-models/ HTTP/1.1" 200 10353 "https://matrixmodels.com/our-models/" "Mozilla/5.0 (Windows NT 10.0; Win64; x64; rv:147.0) Gecko/20100101 Firefox/147.0"
142.117.57.136 - - [28/Jan/2026:23:33:51 -0500] "GET /wp-content/themes/matrix-model/js/navigation.js?ver=20140711 HTTP/1.1" 200 1516 "https://matrixmodels.com/about-matrix-models/" "Mozilla/5.0 (Windows NT 10.0; Win64; x64; rv:147.0) Gecko/20100101 Firefox/147.0"
142.117.57.136 - - [28/Jan/2026:23:33:51 -0500] "GET /wp-content/themes/matrix-model/images/title_bg.jpg HTTP/1.1" 200 1124 "https://matrixmodels.com/wp-content/themes/matrix-model/style.css?ver=5.6.16" "Mozilla/5.0 (Windows NT 10.0; Win64; x64; rv:147.0) Gecko/20100101 Firefox/147.0"
142.117.57.136 - - [28/Jan/2026:23:33:51 -0500] "GET /wp-includes/js/wp-embed.min.js?ver=5.6.16 HTTP/1.1" 200 1478 "https://matrixmodels.com/about-matrix-models/" "Mozilla/5.0 (Windows NT 10.0; Win64; x64; rv:147.0) Gecko/20100101 Firefox/147.0"
142.117.57.136 - - [28/Jan/2026:23:33:51 -0500] "GET /wp-content/uploads/2014/12/Matrix-Models-Photo-Logo.jpg HTTP/1.1" 200 36134 "https://matrixmodels.com/about-matrix-models/" "Mozilla/5.0 (Windows NT 10.0; Win64; x64; rv:147.0) Gecko/20100101 Firefox/147.0"
142.117.57.136 - - [28/Jan/2026:23:33:54 -0500] "GET /our-models/ HTTP/1.1" 200 7615 "https://matrixmodels.com/about-matrix-models/" "Mozilla/5.0 (Windows NT 10.0; Win64; x64; rv:147.0) Gecko/20100101 Firefox/147.0"
142.117.57.136 - - [28/Jan/2026:23:33:58 -0500] "GET /https-www-netflix-com-watch-80115908trackid13752289tctx0%2c2%2c1e4d6191-442a-4bbb-b824-80e2389da213-155638059%2c%2c/ HTTP/1.1" 200 9494 "https://matrixmodels.com/our-models/" "Mozilla/5.0 (Windows NT 10.0; Win64; x64; rv:147.0) Gecko/20100101 Firefox/147.0"
51.222.95.22 - - [28/Jan/2026:23:34:42 -0500] "GET /feed/?attachment_id=292 HTTP/1.1" 200 719 "-" "Mozilla/5.0 (compatible; AhrefsBot/7.0; +http://ahrefs.com/robot/)"
64.59.72.148 - - [28/Jan/2026:23:35:03 -0500] "GET / HTTP/1.1" 200 4446 "-" "check_http/v2.4.9 (nagios-plugins 2.4.9)"
176.123.1.159 - - [28/Jan/2026:23:35:13 -0500] "GET / HTTP/1.1" 200 4446 "-" "Mozilla/5.0 (Linux; Android 15; 23124RA7EO Build/AQ3A.240829.003; wv) AppleWebKit/537.36 (KHTML, like Gecko) Version/7.0 Chrome/132.0.6834.163 Mobile Safari/537.36 [FB_IAB/FB5A;FBAV/492.0.0.59.109;]"
195.178.110.54 - - [28/Jan/2026:23:35:34 -0500] "GET / HTTP/1.1" 301 - "-" "iTunes/9.0.3 (Macintosh; U; Intel Mac OS X 10_6_2; en-ca)"
193.142.147.209 - - [28/Jan/2026:23:36:22 -0500] "POST / HTTP/1.1" 200 4465 "-" "Mozilla/5.0 (Windows NT 10.0; Win64; x64) AppleWebKit/537.36"
52.123.190.124 - - [28/Jan/2026:23:36:27 -0500] "GET /wp-login.php HTTP/1.1" 200 6925 "-" "-"
66.249.70.134 - - [28/Jan/2026:23:36:55 -0500] "GET /?p=2814 HTTP/1.1" 404 8442 "-" "Mozilla/5.0 (Linux; Android 6.0.1; Nexus 5X Build/MMB29P) AppleWebKit/537.36 (KHTML, like Gecko) Chrome/143.0.7499.192 Mobile Safari/537.36 (compatible; Googlebot/2.1; +http://www.google.com/bot.html)"
64.59.72.148 - - [28/Jan/2026:23:37:03 -0500] "GET / HTTP/1.1" 200 4446 "-" "check_http/v2.4.9 (nagios-plugins 2.4.9)"
172.121.116.144 - - [28/Jan/2026:23:38:47 -0500] "GET / HTTP/1.1" 200 4465 "-" "Mozilla/5.0 (Macintosh; Intel Mac OS X 10_15_7) AppleWebKit/537.36 (KHTML, like Gecko) Chrome/142.0.0.0 Safari/537.36"
64.59.72.148 - - [28/Jan/2026:23:39:03 -0500] "GET / HTTP/1.1" 200 4446 "-" "check_http/v2.4.9 (nagios-plugins 2.4.9)"
172.121.28.120 - - [28/Jan/2026:23:39:16 -0500] "GET / HTTP/1.1" 200 4446 "-" "Mozilla/5.0 (Macintosh; Intel Mac OS X 10_15_7) AppleWebKit/537.36 (KHTML, like Gecko) Chrome/142.0.0.0 Safari/537.36"
52.167.144.219 - - [28/Jan/2026:23:39:31 -0500] "GET /wp-content/uploads/2018/01/DSC_6817.jpg HTTP/1.1" 200 145538 "-" "Mozilla/5.0 AppleWebKit/537.36 (KHTML, like Gecko; compatible; bingbot/2.0; +http://www.bing.com/bingbot.htm) Chrome/116.0.1938.76 Safari/537.36"
62.60.130.228 - - [28/Jan/2026:23:40:22 -0500] "GET /wp-login.php HTTP/1.1" 200 6925 "-" "Mozilla/5.0 (Macintosh; Intel Mac OS X 10.15) Gecko/20100101 Firefox/119.0.1"
62.60.130.228 - - [28/Jan/2026:23:40:23 -0500] "POST /wp-login.php HTTP/1.1" 200 7194 "https://matrixmodels.com/wp-login.php" "Mozilla/5.0 (Macintosh; Intel Mac OS X 13_6_1) AppleWebKit/605.1.15 (KHTML, like Gecko) Version/16.6.1 Safari/605.1.15"
62.60.130.228 - - [28/Jan/2026:23:40:23 -0500] "GET /wp-admin/index.php HTTP/1.1" 302 - "https://matrixmodels.com/wp-login.php" "Mozilla/5.0 (Macintosh; Intel Mac OS X 13_6_1) AppleWebKit/605.1.15 (KHTML, like Gecko) Version/16.6.1 Safari/605.1.15"
62.60.130.228 - - [28/Jan/2026:23:40:23 -0500] "GET /wp-login.php?redirect_to=https%3A%2F%2Fmatrixmodels.com%2Fwp-admin%2Findex.php&reauth=1 HTTP/1.1" 200 6934 "https://matrixmodels.com/wp-login.php" "Mozilla/5.0 (Macintosh; Intel Mac OS X 13_6_1) AppleWebKit/605.1.15 (KHTML, like Gecko) Version/16.6.1 Safari/605.1.15"
62.60.130.228 - - [28/Jan/2026:23:40:24 -0500] "POST /wp-login.php HTTP/1.1" 200 7335 "https://matrixmodels.com/wp-login.php" "Mozilla/5.0 (Macintosh; Intel Mac OS X 12_6_2) AppleWebKit/605.1.15 (KHTML, like Gecko) Version/17.1 Safari/605.1.15"
62.60.130.228 - - [28/Jan/2026:23:40:24 -0500] "GET /wp-admin/index.php HTTP/1.1" 302 - "https://matrixmodels.com/wp-login.php" "Mozilla/5.0 (Macintosh; Intel Mac OS X 12_6_2) AppleWebKit/605.1.15 (KHTML, like Gecko) Version/17.1 Safari/605.1.15"
62.60.130.228 - - [28/Jan/2026:23:40:24 -0500] "GET /wp-login.php?redirect_to=https%3A%2F%2Fmatrixmodels.com%2Fwp-admin%2Findex.php&reauth=1 HTTP/1.1" 200 6934 "https://matrixmodels.com/wp-login.php" "Mozilla/5.0 (Macintosh; Intel Mac OS X 12_6_2) AppleWebKit/605.1.15 (KHTML, like Gecko) Version/17.1 Safari/605.1.15"
62.60.130.228 - - [28/Jan/2026:23:40:25 -0500] "POST /wp-login.php HTTP/1.1" 200 7194 "https://matrixmodels.com/wp-login.php" "Mozilla/5.0 (X11; Linux x86_64) Gecko/20100101 Firefox/122.0"
62.60.130.228 - - [28/Jan/2026:23:40:25 -0500] "GET /wp-admin/index.php HTTP/1.1" 302 - "https://matrixmodels.com/wp-login.php" "Mozilla/5.0 (X11; Linux x86_64) Gecko/20100101 Firefox/122.0"
62.60.130.228 - - [28/Jan/2026:23:40:26 -0500] "GET /wp-login.php?redirect_to=https%3A%2F%2Fmatrixmodels.com%2Fwp-admin%2Findex.php&reauth=1 HTTP/1.1" 200 6934 "https://matrixmodels.com/wp-login.php" "Mozilla/5.0 (X11; Linux x86_64) Gecko/20100101 Firefox/122.0"
62.60.130.228 - - [28/Jan/2026:23:40:26 -0500] "POST /wp-login.php HTTP/1.1" 200 7194 "https://matrixmodels.com/wp-login.php" "Mozilla/5.0 (Windows NT 10.0; Win64; x64) AppleWebKit/537.36 (KHTML, like Gecko) Chrome/119.0.0.0 Safari/537.36 Edg/119.0.2151.97"
62.60.130.228 - - [28/Jan/2026:23:40:26 -0500] "GET /wp-admin/index.php HTTP/1.1" 302 - "https://matrixmodels.com/wp-login.php" "Mozilla/5.0 (Windows NT 10.0; Win64; x64) AppleWebKit/537.36 (KHTML, like Gecko) Chrome/119.0.0.0 Safari/537.36 Edg/119.0.2151.97"
62.60.130.228 - - [28/Jan/2026:23:40:27 -0500] "GET /wp-login.php?redirect_to=https%3A%2F%2Fmatrixmodels.com%2Fwp-admin%2Findex.php&reauth=1 HTTP/1.1" 200 6934 "https://matrixmodels.com/wp-login.php" "Mozilla/5.0 (Windows NT 10.0; Win64; x64) AppleWebKit/537.36 (KHTML, like Gecko) Chrome/119.0.0.0 Safari/537.36 Edg/119.0.2151.97"
62.60.130.228 - - [28/Jan/2026:23:40:28 -0500] "POST /wp-login.php HTTP/1.1" 200 7194 "https://matrixmodels.com/wp-login.php" "Mozilla/5.0 (Windows NT 10.0; Win64; x64) AppleWebKit/537.36 (KHTML, like Gecko) Chrome/119.0.0.0 Safari/537.36 Edg/119.0.2151.97"
62.60.130.228 - - [28/Jan/2026:23:40:28 -0500] "GET /wp-admin/index.php HTTP/1.1" 302 - "https://matrixmodels.com/wp-login.php" "Mozilla/5.0 (Windows NT 10.0; Win64; x64) AppleWebKit/537.36 (KHTML, like Gecko) Chrome/119.0.0.0 Safari/537.36 Edg/119.0.2151.97"
62.60.130.228 - - [28/Jan/2026:23:40:28 -0500] "GET /wp-login.php?redirect_to=https%3A%2F%2Fmatrixmodels.com%2Fwp-admin%2Findex.php&reauth=1 HTTP/1.1" 200 6934 "https://matrixmodels.com/wp-login.php" "Mozilla/5.0 (Windows NT 10.0; Win64; x64) AppleWebKit/537.36 (KHTML, like Gecko) Chrome/119.0.0.0 Safari/537.36 Edg/119.0.2151.97"
62.60.130.228 - - [28/Jan/2026:23:40:28 -0500] "POST /wp-login.php HTTP/1.1" 406 59 "https://matrixmodels.com/wp-login.php" "Mozilla/5.0 (X11; Linux x86_64) Gecko/20100101 Firefox/121.0"
62.60.130.228 - - [28/Jan/2026:23:40:29 -0500] "GET /wp-admin/index.php HTTP/1.1" 302 - "https://matrixmodels.com/wp-login.php" "Mozilla/5.0 (X11; Linux x86_64) Gecko/20100101 Firefox/121.0"
62.60.130.228 - - [28/Jan/2026:23:40:29 -0500] "GET /wp-login.php?redirect_to=https%3A%2F%2Fmatrixmodels.com%2Fwp-admin%2Findex.php&reauth=1 HTTP/1.1" 406 59 "https://matrixmodels.com/wp-login.php" "Mozilla/5.0 (X11; Linux x86_64) Gecko/20100101 Firefox/121.0"
