144.91.126.77 - - [28/Jan/2026:21:20:46 -0500] "GET /wp-admin/edit.php HTTP/1.1" 302 - "https://MATRIXMODELS.COM/wp-login.php" "Mozilla/5.0 (X11; Ubuntu; Linux x86_64) AppleWebKit/537.36 (KHTML, like Gecko) Chrome/119.0.6045.159 Safari/537.36"
144.91.126.77 - - [28/Jan/2026:21:20:46 -0500] "GET /wp-login.php?redirect_to=https%3A%2F%2Fmatrixmodels.com%2Fwp-admin%2Fedit.php&reauth=1 HTTP/1.1" 406 59 "https://MATRIXMODELS.COM/wp-login.php" "Mozilla/5.0 (X11; Ubuntu; Linux x86_64) AppleWebKit/537.36 (KHTML, like Gecko) Chrome/119.0.6045.159 Safari/537.36"
144.91.126.77 - - [28/Jan/2026:21:20:46 -0500] "GET /wp-admin/plugins.php HTTP/1.1" 302 - "https://MATRIXMODELS.COM/wp-login.php" "Mozilla/5.0 (X11; Ubuntu; Linux x86_64) AppleWebKit/537.36 (KHTML, like Gecko) Chrome/119.0.6045.159 Safari/537.36"
144.91.126.77 - - [28/Jan/2026:21:20:47 -0500] "GET /wp-login.php?redirect_to=https%3A%2F%2Fmatrixmodels.com%2Fwp-admin%2Fplugins.php&reauth=1 HTTP/1.1" 406 59 "https://MATRIXMODELS.COM/wp-login.php" "Mozilla/5.0 (X11; Ubuntu; Linux x86_64) AppleWebKit/537.36 (KHTML, like Gecko) Chrome/119.0.6045.159 Safari/537.36"
144.91.126.77 - - [28/Jan/2026:21:20:47 -0500] "POST /wp-login.php HTTP/1.1" 406 59 "https://MATRIXMODELS.COM/wp-login.php" "Mozilla/5.0 (Macintosh; Intel Mac OS X 13_6_2) AppleWebKit/537.36 (KHTML, like Gecko) Chrome/119.0.6045.159 Safari/537.36"
144.91.126.77 - - [28/Jan/2026:21:20:47 -0500] "GET /wp-admin/index.php HTTP/1.1" 302 - "https://MATRIXMODELS.COM/wp-login.php" "Mozilla/5.0 (Macintosh; Intel Mac OS X 13_6_2) AppleWebKit/537.36 (KHTML, like Gecko) Chrome/119.0.6045.159 Safari/537.36"
144.91.126.77 - - [28/Jan/2026:21:20:48 -0500] "GET /wp-login.php?redirect_to=https%3A%2F%2Fmatrixmodels.com%2Fwp-admin%2Findex.php&reauth=1 HTTP/1.1" 406 59 "https://MATRIXMODELS.COM/wp-login.php" "Mozilla/5.0 (Macintosh; Intel Mac OS X 13_6_2) AppleWebKit/537.36 (KHTML, like Gecko) Chrome/119.0.6045.159 Safari/537.36"
144.91.126.77 - - [28/Jan/2026:21:20:48 -0500] "GET /wp-admin/profile.php HTTP/1.1" 302 - "https://MATRIXMODELS.COM/wp-login.php" "Mozilla/5.0 (Macintosh; Intel Mac OS X 13_6_2) AppleWebKit/537.36 (KHTML, like Gecko) Chrome/119.0.6045.159 Safari/537.36"
144.91.126.77 - - [28/Jan/2026:21:20:48 -0500] "GET /wp-login.php?redirect_to=https%3A%2F%2Fmatrixmodels.com%2Fwp-admin%2Fprofile.php&reauth=1 HTTP/1.1" 406 59 "https://MATRIXMODELS.COM/wp-login.php" "Mozilla/5.0 (Macintosh; Intel Mac OS X 13_6_2) AppleWebKit/537.36 (KHTML, like Gecko) Chrome/119.0.6045.159 Safari/537.36"
144.91.126.77 - - [28/Jan/2026:21:20:48 -0500] "GET /wp-admin/edit.php HTTP/1.1" 302 - "https://MATRIXMODELS.COM/wp-login.php" "Mozilla/5.0 (Macintosh; Intel Mac OS X 13_6_2) AppleWebKit/537.36 (KHTML, like Gecko) Chrome/119.0.6045.159 Safari/537.36"
144.91.126.77 - - [28/Jan/2026:21:20:48 -0500] "GET /wp-login.php?redirect_to=https%3A%2F%2Fmatrixmodels.com%2Fwp-admin%2Fedit.php&reauth=1 HTTP/1.1" 406 59 "https://MATRIXMODELS.COM/wp-login.php" "Mozilla/5.0 (Macintosh; Intel Mac OS X 13_6_2) AppleWebKit/537.36 (KHTML, like Gecko) Chrome/119.0.6045.159 Safari/537.36"
144.91.126.77 - - [28/Jan/2026:21:20:48 -0500] "GET /wp-admin/plugins.php HTTP/1.1" 302 - "https://MATRIXMODELS.COM/wp-login.php" "Mozilla/5.0 (Macintosh; Intel Mac OS X 13_6_2) AppleWebKit/537.36 (KHTML, like Gecko) Chrome/119.0.6045.159 Safari/537.36"
144.91.126.77 - - [28/Jan/2026:21:20:48 -0500] "GET /wp-login.php?redirect_to=https%3A%2F%2Fmatrixmodels.com%2Fwp-admin%2Fplugins.php&reauth=1 HTTP/1.1" 406 59 "https://MATRIXMODELS.COM/wp-login.php" "Mozilla/5.0 (Macintosh; Intel Mac OS X 13_6_2) AppleWebKit/537.36 (KHTML, like Gecko) Chrome/119.0.6045.159 Safari/537.36"
64.59.72.148 - - [28/Jan/2026:21:21:03 -0500] "GET / HTTP/1.1" 200 4446 "-" "check_http/v2.4.9 (nagios-plugins 2.4.9)"
87.119.178.81 - - [28/Jan/2026:21:21:15 -0500] "GET /wp-content/uploads/2019/03/CFL08093.jpg HTTP/1.1" 200 135759 "https://www.google.com/" "Mozilla/5.0 (Linux; Android 10; K) AppleWebKit/537.36 (KHTML, like Gecko) Chrome/136.0.0.0 Mobile Safari/537.36"
87.119.178.81 - - [28/Jan/2026:21:21:20 -0500] "GET /wp-content/uploads/2019/03/CFL08329.jpg HTTP/1.1" 200 112089 "https://www.google.com/" "Mozilla/5.0 (Linux; Android 10; K) AppleWebKit/537.36 (KHTML, like Gecko) Chrome/136.0.0.0 Mobile Safari/537.36"
87.119.178.81 - - [28/Jan/2026:21:21:22 -0500] "GET /otw-portfolio/chanel-shortcake/ HTTP/1.1" 301 - "https://www.google.com/" "Mozilla/5.0 (Linux; Android 10; K) AppleWebKit/537.36 (KHTML, like Gecko) Chrome/136.0.0.0 Mobile Safari/537.36"
87.119.178.81 - - [28/Jan/2026:21:21:22 -0500] "GET / HTTP/1.1" 200 4465 "https://www.google.com/" "Mozilla/5.0 (Linux; Android 10; K) AppleWebKit/537.36 (KHTML, like Gecko) Chrome/136.0.0.0 Mobile Safari/537.36"
87.119.178.81 - - [28/Jan/2026:21:21:23 -0500] "GET /wp-content/themes/matrix-model/assets/css/owl.carousel.min.css HTTP/1.1" 404 260 "https://matrixmodels.com/" "Mozilla/5.0 (Linux; Android 10; K) AppleWebKit/537.36 (KHTML, like Gecko) Chrome/136.0.0.0 Mobile Safari/537.36"
87.119.178.81 - - [28/Jan/2026:21:21:23 -0500] "GET /wp-content/themes/matrix-model/assets/css/aos.css HTTP/1.1" 200 26053 "https://matrixmodels.com/" "Mozilla/5.0 (Linux; Android 10; K) AppleWebKit/537.36 (KHTML, like Gecko) Chrome/136.0.0.0 Mobile Safari/537.36"
87.119.178.81 - - [28/Jan/2026:21:21:23 -0500] "GET /wp-content/themes/matrix-model/assets/css/bootstrap_v4.3.1_min.css HTTP/1.1" 200 155712 "https://matrixmodels.com/" "Mozilla/5.0 (Linux; Android 10; K) AppleWebKit/537.36 (KHTML, like Gecko) Chrome/136.0.0.0 Mobile Safari/537.36"
87.119.178.81 - - [28/Jan/2026:21:21:23 -0500] "GET /wp-content/themes/matrix-model/assets/css/custom.css HTTP/1.1" 200 5229 "https://matrixmodels.com/" "Mozilla/5.0 (Linux; Android 10; K) AppleWebKit/537.36 (KHTML, like Gecko) Chrome/136.0.0.0 Mobile Safari/537.36"
87.119.178.81 - - [28/Jan/2026:21:21:23 -0500] "GET /wp-content/themes/matrix-model/assets/css/owl.theme.default.min.css HTTP/1.1" 404 265 "https://matrixmodels.com/" "Mozilla/5.0 (Linux; Android 10; K) AppleWebKit/537.36 (KHTML, like Gecko) Chrome/136.0.0.0 Mobile Safari/537.36"
87.119.178.81 - - [28/Jan/2026:21:21:23 -0500] "GET /wp-content/themes/matrix-model/assets/images/more/i-1.jpg HTTP/1.1" 200 39164 "https://matrixmodels.com/" "Mozilla/5.0 (Linux; Android 10; K) AppleWebKit/537.36 (KHTML, like Gecko) Chrome/136.0.0.0 Mobile Safari/537.36"
87.119.178.81 - - [28/Jan/2026:21:21:23 -0500] "GET /wp-content/themes/matrix-model/assets/images/more/i-3.jpg HTTP/1.1" 200 36068 "https://matrixmodels.com/" "Mozilla/5.0 (Linux; Android 10; K) AppleWebKit/537.36 (KHTML, like Gecko) Chrome/136.0.0.0 Mobile Safari/537.36"
87.119.178.81 - - [28/Jan/2026:21:21:23 -0500] "GET /wp-content/themes/matrix-model/assets/images/more/i-2.jpg HTTP/1.1" 200 44619 "https://matrixmodels.com/" "Mozilla/5.0 (Linux; Android 10; K) AppleWebKit/537.36 (KHTML, like Gecko) Chrome/136.0.0.0 Mobile Safari/537.36"
87.119.178.81 - - [28/Jan/2026:21:21:24 -0500] "GET /wp-content/themes/matrix-model/assets/images/more/i-4.jpg HTTP/1.1" 200 28534 "https://matrixmodels.com/" "Mozilla/5.0 (Linux; Android 10; K) AppleWebKit/537.36 (KHTML, like Gecko) Chrome/136.0.0.0 Mobile Safari/537.36"
87.119.178.81 - - [28/Jan/2026:21:21:23 -0500] "GET /wp-content/themes/matrix-model/assets/css/animate.min.css HTTP/1.1" 200 52592 "https://matrixmodels.com/" "Mozilla/5.0 (Linux; Android 10; K) AppleWebKit/537.36 (KHTML, like Gecko) Chrome/136.0.0.0 Mobile Safari/537.36"
87.119.178.81 - - [28/Jan/2026:21:21:24 -0500] "GET /wp-content/themes/matrix-model/assets/images/more/i-5.jpg HTTP/1.1" 200 35264 "https://matrixmodels.com/" "Mozilla/5.0 (Linux; Android 10; K) AppleWebKit/537.36 (KHTML, like Gecko) Chrome/136.0.0.0 Mobile Safari/537.36"
87.119.178.81 - - [28/Jan/2026:21:21:24 -0500] "GET /wp-content/themes/matrix-model/assets/images/more/i-6.jpg HTTP/1.1" 200 39553 "https://matrixmodels.com/" "Mozilla/5.0 (Linux; Android 10; K) AppleWebKit/537.36 (KHTML, like Gecko) Chrome/136.0.0.0 Mobile Safari/537.36"
87.119.178.81 - - [28/Jan/2026:21:21:24 -0500] "GET /wp-content/themes/matrix-model/assets/images/more/i-7.jpg HTTP/1.1" 200 35534 "https://matrixmodels.com/" "Mozilla/5.0 (Linux; Android 10; K) AppleWebKit/537.36 (KHTML, like Gecko) Chrome/136.0.0.0 Mobile Safari/537.36"
87.119.178.81 - - [28/Jan/2026:21:21:24 -0500] "GET /wp-content/themes/matrix-model/assets/images/more/i-8.jpg HTTP/1.1" 200 31506 "https://matrixmodels.com/" "Mozilla/5.0 (Linux; Android 10; K) AppleWebKit/537.36 (KHTML, like Gecko) Chrome/136.0.0.0 Mobile Safari/537.36"
87.119.178.81 - - [28/Jan/2026:21:21:24 -0500] "GET /wp-content/themes/matrix-model/assets/images/more/i-9.jpg HTTP/1.1" 200 39513 "https://matrixmodels.com/" "Mozilla/5.0 (Linux; Android 10; K) AppleWebKit/537.36 (KHTML, like Gecko) Chrome/136.0.0.0 Mobile Safari/537.36"
87.119.178.81 - - [28/Jan/2026:21:21:24 -0500] "GET /wp-content/uploads/2021/07/logo.png HTTP/1.1" 200 181002 "https://matrixmodels.com/" "Mozilla/5.0 (Linux; Android 10; K) AppleWebKit/537.36 (KHTML, like Gecko) Chrome/136.0.0.0 Mobile Safari/537.36"
87.119.178.81 - - [28/Jan/2026:21:21:25 -0500] "GET /wp-content/themes/matrix-model/assets/images/logo/favicon.png HTTP/1.1" 404 259 "https://matrixmodels.com/" "Mozilla/5.0 (Linux; Android 10; K) AppleWebKit/537.36 (KHTML, like Gecko) Chrome/136.0.0.0 Mobile Safari/537.36"
87.119.178.81 - - [28/Jan/2026:21:21:31 -0500] "GET /our-models HTTP/1.1" 301 - "https://matrixmodels.com/" "Mozilla/5.0 (Linux; Android 10; K) AppleWebKit/537.36 (KHTML, like Gecko) Chrome/136.0.0.0 Mobile Safari/537.36"
87.119.178.81 - - [28/Jan/2026:21:21:31 -0500] "GET /our-models/ HTTP/1.1" 200 7615 "https://matrixmodels.com/" "Mozilla/5.0 (Linux; Android 10; K) AppleWebKit/537.36 (KHTML, like Gecko) Chrome/136.0.0.0 Mobile Safari/537.36"
87.119.178.81 - - [28/Jan/2026:21:21:32 -0500] "GET /wp-content/themes/matrix-model/style.css?ver=5.6.16 HTTP/1.1" 200 41969 "https://matrixmodels.com/our-models/" "Mozilla/5.0 (Linux; Android 10; K) AppleWebKit/537.36 (KHTML, like Gecko) Chrome/136.0.0.0 Mobile Safari/537.36"
87.119.178.81 - - [28/Jan/2026:21:21:32 -0500] "GET /wp-content/themes/matrix-model/images/inner-logo.jpg HTTP/1.1" 200 8330 "https://matrixmodels.com/our-models/" "Mozilla/5.0 (Linux; Android 10; K) AppleWebKit/537.36 (KHTML, like Gecko) Chrome/136.0.0.0 Mobile Safari/537.36"
87.119.178.81 - - [28/Jan/2026:21:21:32 -0500] "GET /wp-includes/js/jquery/jquery-migrate.min.js?ver=3.3.2 HTTP/1.1" 200 11224 "https://matrixmodels.com/our-models/" "Mozilla/5.0 (Linux; Android 10; K) AppleWebKit/537.36 (KHTML, like Gecko) Chrome/136.0.0.0 Mobile Safari/537.36"
87.119.178.81 - - [28/Jan/2026:21:21:32 -0500] "GET /wp-includes/css/dist/block-library/style.min.css?ver=5.6.16 HTTP/1.1" 200 51338 "https://matrixmodels.com/our-models/" "Mozilla/5.0 (Linux; Android 10; K) AppleWebKit/537.36 (KHTML, like Gecko) Chrome/136.0.0.0 Mobile Safari/537.36"
87.119.178.81 - - [28/Jan/2026:21:21:32 -0500] "GET /wp-includes/js/jquery/jquery.min.js?ver=3.5.1 HTTP/1.1" 200 89496 "https://matrixmodels.com/our-models/" "Mozilla/5.0 (Linux; Android 10; K) AppleWebKit/537.36 (KHTML, like Gecko) Chrome/136.0.0.0 Mobile Safari/537.36"
87.119.178.81 - - [28/Jan/2026:21:21:33 -0500] "GET /wp-includes/js/wp-emoji-release.min.js?ver=5.6.16 HTTP/1.1" 200 14229 "https://matrixmodels.com/our-models/" "Mozilla/5.0 (Linux; Android 10; K) AppleWebKit/537.36 (KHTML, like Gecko) Chrome/136.0.0.0 Mobile Safari/537.36"
87.119.178.81 - - [28/Jan/2026:21:21:33 -0500] "GET /favicon.ico HTTP/1.1" 200 43 "https://matrixmodels.com/our-models/" "Mozilla/5.0 (Linux; Android 10; K) AppleWebKit/537.36 (KHTML, like Gecko) Chrome/136.0.0.0 Mobile Safari/537.36"
87.119.178.81 - - [28/Jan/2026:21:21:39 -0500] "GET /our-models/ HTTP/1.1" 200 7615 "https://matrixmodels.com/" "Mozilla/5.0 (Linux; Android 10; K) AppleWebKit/537.36 (KHTML, like Gecko) Chrome/136.0.0.0 Mobile Safari/537.36"
87.119.178.81 - - [28/Jan/2026:21:21:47 -0500] "GET /wp-content/uploads/2019/03/CFL08047.jpg HTTP/1.1" 200 109940 "https://www.google.com/" "Mozilla/5.0 (Linux; Android 10; K) AppleWebKit/537.36 (KHTML, like Gecko) Chrome/136.0.0.0 Mobile Safari/537.36"
87.119.178.81 - - [28/Jan/2026:21:22:33 -0500] "GET / HTTP/1.1" 200 4465 "https://www.google.com/" "Mozilla/5.0 (Linux; Android 10; K) AppleWebKit/537.36 (KHTML, like Gecko) Chrome/136.0.0.0 Mobile Safari/537.36"
87.119.178.81 - - [28/Jan/2026:21:22:33 -0500] "GET /wp-content/themes/matrix-model/assets/css/owl.carousel.min.css HTTP/1.1" 404 260 "https://matrixmodels.com/" "Mozilla/5.0 (Linux; Android 10; K) AppleWebKit/537.36 (KHTML, like Gecko) Chrome/136.0.0.0 Mobile Safari/537.36"
87.119.178.81 - - [28/Jan/2026:21:22:33 -0500] "GET /wp-content/themes/matrix-model/assets/css/owl.theme.default.min.css HTTP/1.1" 404 265 "https://matrixmodels.com/" "Mozilla/5.0 (Linux; Android 10; K) AppleWebKit/537.36 (KHTML, like Gecko) Chrome/136.0.0.0 Mobile Safari/537.36"
87.119.178.81 - - [28/Jan/2026:21:22:37 -0500] "GET /our-models/ HTTP/1.1" 200 7615 "https://matrixmodels.com/" "Mozilla/5.0 (Linux; Android 10; K) AppleWebKit/537.36 (KHTML, like Gecko) Chrome/136.0.0.0 Mobile Safari/537.36"
87.119.178.81 - - [28/Jan/2026:21:22:40 -0500] "GET / HTTP/1.1" 200 4465 "https://matrixmodels.com/our-models/" "Mozilla/5.0 (Linux; Android 10; K) AppleWebKit/537.36 (KHTML, like Gecko) Chrome/136.0.0.0 Mobile Safari/537.36"
87.119.178.81 - - [28/Jan/2026:21:22:40 -0500] "GET /wp-content/themes/matrix-model/assets/css/owl.carousel.min.css HTTP/1.1" 404 260 "https://matrixmodels.com/" "Mozilla/5.0 (Linux; Android 10; K) AppleWebKit/537.36 (KHTML, like Gecko) Chrome/136.0.0.0 Mobile Safari/537.36"
87.119.178.81 - - [28/Jan/2026:21:22:40 -0500] "GET /wp-content/themes/matrix-model/assets/css/owl.theme.default.min.css HTTP/1.1" 404 265 "https://matrixmodels.com/" "Mozilla/5.0 (Linux; Android 10; K) AppleWebKit/537.36 (KHTML, like Gecko) Chrome/136.0.0.0 Mobile Safari/537.36"
87.119.178.81 - - [28/Jan/2026:21:22:47 -0500] "GET /wp-content/uploads/2019/03/CFL08386.jpg HTTP/1.1" 200 124120 "https://www.google.com/" "Mozilla/5.0 (Linux; Android 10; K) AppleWebKit/537.36 (KHTML, like Gecko) Chrome/136.0.0.0 Mobile Safari/537.36"
87.119.178.81 - - [28/Jan/2026:21:22:50 -0500] "GET /wp-content/uploads/2019/03/CFL08386.jpg HTTP/1.1" 200 124120 "https://www.google.com/" "Mozilla/5.0 (Linux; Android 10; K) AppleWebKit/537.36 (KHTML, like Gecko) Chrome/136.0.0.0 Mobile Safari/537.36"
64.59.72.148 - - [28/Jan/2026:21:23:03 -0500] "GET / HTTP/1.1" 200 4446 "-" "check_http/v2.4.9 (nagios-plugins 2.4.9)"
15.235.96.53 - - [28/Jan/2026:21:24:53 -0500] "GET / HTTP/1.1" 200 4465 "-" "Mozilla/5.0 (compatible; AhrefsBot/7.0; +http://ahrefs.com/robot/)"
64.59.72.148 - - [28/Jan/2026:21:25:03 -0500] "GET / HTTP/1.1" 200 4446 "-" "check_http/v2.4.9 (nagios-plugins 2.4.9)"
45.148.10.124 - - [28/Jan/2026:21:26:26 -0500] "GET /_profiler/phpinfo HTTP/1.1" 404 8520 "-" "Mozilla/5.0 (Windows NT 10.0; WOW64) AppleWebKit/537.36 (KHTML, like Gecko) Chrome/64.0.3282.119 Safari/537.36"
64.59.72.148 - - [28/Jan/2026:21:27:03 -0500] "GET / HTTP/1.1" 200 4446 "-" "check_http/v2.4.9 (nagios-plugins 2.4.9)"
17.246.15.171 - - [28/Jan/2026:21:27:53 -0500] "GET /robots.txt HTTP/1.1" 200 116 "-" "Mozilla/5.0 (Macintosh; Intel Mac OS X 10_15_7) AppleWebKit/605.1.15 (KHTML, like Gecko) Version/17.4 Safari/605.1.15 (Applebot/0.1; +http://www.apple.com/go/applebot)"
17.246.15.171 - - [28/Jan/2026:21:27:54 -0500] "GET /category/blog/feed/ HTTP/1.1" 200 850 "-" "Mozilla/5.0 (Macintosh; Intel Mac OS X 10_15_7) AppleWebKit/605.1.15 (KHTML, like Gecko) Version/17.4 Safari/605.1.15 (Applebot/0.1; +http://www.apple.com/go/applebot)"
199.45.155.64 - - [28/Jan/2026:21:28:08 -0500] "GET / HTTP/1.1" 301 - "-" "Mozilla/5.0 (compatible; CensysInspect/1.1; +https://about.censys.io/)"
199.45.155.64 - - [28/Jan/2026:21:28:09 -0500] "GET / HTTP/1.1" 200 4446 "-" "Mozilla/5.0 (compatible; CensysInspect/1.1; +https://about.censys.io/)"
199.45.155.64 - - [28/Jan/2026:21:28:12 -0500] "GET /wp-content/themes/matrix-model/assets/images/logo/favicon.png HTTP/1.1" 404 259 "-" "Mozilla/5.0 (compatible; CensysInspect/1.1; +https://about.censys.io/)"
199.45.155.64 - - [28/Jan/2026:21:28:14 -0500] "GET /favicon.ico HTTP/1.1" 200 43 "-" "Mozilla/5.0 (compatible; CensysInspect/1.1; +https://about.censys.io/)"
103.131.71.46 - - [28/Jan/2026:21:28:28 -0500] "GET /robots.txt HTTP/1.1" 200 116 "-" "Mozilla/5.0 (compatible; coccocbot-image/1.0; +http://help.coccoc.com/searchengine)"
103.131.71.25 - - [28/Jan/2026:21:28:32 -0500] "GET /wp-content/themes/matrix-model/assets/images/more/i-3.jpg HTTP/1.1" 304 - "-" "Mozilla/5.0 (compatible; coccocbot-image/1.0; +http://help.coccoc.com/searchengine)"
64.59.72.148 - - [28/Jan/2026:21:29:03 -0500] "GET / HTTP/1.1" 200 4446 "-" "check_http/v2.4.9 (nagios-plugins 2.4.9)"
45.148.10.124 - - [28/Jan/2026:21:29:22 -0500] "GET /_profiler/phpinfo HTTP/1.1" 404 8520 "-" "Mozilla/5.0 (Windows NT 10.0; rv:45.9) Gecko/20100101 Goanna/3.2 Firefox/45.9 PaleMoon/27.4.0"
193.142.147.209 - - [28/Jan/2026:21:29:30 -0500] "POST / HTTP/1.1" 200 4465 "-" "Mozilla/5.0 (Windows NT 10.0; Win64; x64) AppleWebKit/537.36"
64.59.72.148 - - [28/Jan/2026:21:31:03 -0500] "GET / HTTP/1.1" 200 4446 "-" "check_http/v2.4.9 (nagios-plugins 2.4.9)"
64.33.218.40 - - [28/Jan/2026:21:31:26 -0500] "-" 408 - "-" "-"
64.59.72.148 - - [28/Jan/2026:21:33:03 -0500] "GET / HTTP/1.1" 200 4446 "-" "check_http/v2.4.9 (nagios-plugins 2.4.9)"
45.148.10.124 - - [28/Jan/2026:21:33:14 -0500] "GET /_profiler/phpinfo HTTP/1.1" 404 8520 "-" "Opera/9.80 (Linux i686; Opera Mobi/1040; U; en) Presto/2.5.24 Version/10.00"
45.148.10.124 - - [28/Jan/2026:21:33:30 -0500] "GET /_profiler/phpinfo HTTP/1.1" 404 8520 "-" "Mozilla/5.0 (Windows NT 6.3; rv:36.0) Gecko/20100101 Firefox/36.0"
54.39.136.84 - - [28/Jan/2026:21:33:38 -0500] "GET /wp-sitemap.xml HTTP/1.1" 200 18534 "-" "Mozilla/5.0 (compatible; AhrefsBot/7.0; +http://ahrefs.com/robot/)"
218.201.25.123 - - [28/Jan/2026:21:34:26 -0500] "GET /favicon.ico HTTP/1.1" 200 43 "-" "Mozilla/5.0 (Windows NT 6.1; Win64; x64) AppleWebKit/537.36 (KHTML, like Gecko) Chrome/132.0.0.0 Safari/537.36"
172.59.172.124 - - [28/Jan/2026:21:34:53 -0500] "GET / HTTP/1.1" 200 4446 "-" "Mozilla/5.0 (iPhone; CPU iPhone OS 16_3_1 like Mac OS X) AppleWebKit/605.1.15 (KHTML, like Gecko) Version/16.3 Mobile/15E148 Safari/604.1"
64.59.72.148 - - [28/Jan/2026:21:35:03 -0500] "GET / HTTP/1.1" 200 4446 "-" "check_http/v2.4.9 (nagios-plugins 2.4.9)"
104.28.211.49 - - [28/Jan/2026:21:35:29 -0500] "-" 408 - "-" "-"
45.148.10.124 - - [28/Jan/2026:21:36:11 -0500] "GET /_profiler/phpinfo HTTP/1.1" 404 8520 "-" "Opera/9.25 (Windows NT 6.0; U; en)"
45.177.190.195 - - [28/Jan/2026:21:36:13 -0500] "GET /wp-content/uploads/2018/08/HANNA11.jpg HTTP/1.1" 200 101688 "https://www.google.com/" "Mozilla/5.0 (Linux; Android 10; K) AppleWebKit/537.36 (KHTML, like Gecko) Chrome/144.0.0.0 Mobile Safari/537.36"
64.59.72.148 - - [28/Jan/2026:21:37:03 -0500] "GET / HTTP/1.1" 200 4446 "-" "check_http/v2.4.9 (nagios-plugins 2.4.9)"
62.234.206.73 - - [28/Jan/2026:21:38:08 -0500] "GET /wp-json/wp/v2/posts HTTP/1.1" 200 56722 "-" "Mozilla/5.0 (Windows NT 10.0; Win64; x64) AppleWebKit/537.36 (KHTML, like Gecko) Chrome/120.0.0.0 Safari/537.36"
64.59.72.148 - - [28/Jan/2026:21:39:03 -0500] "GET / HTTP/1.1" 200 4446 "-" "check_http/v2.4.9 (nagios-plugins 2.4.9)"
64.59.72.148 - - [28/Jan/2026:21:41:03 -0500] "GET / HTTP/1.1" 200 4446 "-" "check_http/v2.4.9 (nagios-plugins 2.4.9)"
73.165.14.143 - - [28/Jan/2026:21:41:23 -0500] "GET /about-matrix-models/ HTTP/1.1" 200 10353 "https://www.google.com/" "Mozilla/5.0 (Windows NT 10.0; Win64; x64) AppleWebKit/537.36 (KHTML, like Gecko) Chrome/144.0.0.0 Safari/537.36"
73.165.14.143 - - [28/Jan/2026:21:41:23 -0500] "GET /wp-includes/css/dist/block-library/style.min.css?ver=5.6.16 HTTP/1.1" 200 51338 "https://matrixmodels.com/about-matrix-models/" "Mozilla/5.0 (Windows NT 10.0; Win64; x64) AppleWebKit/537.36 (KHTML, like Gecko) Chrome/144.0.0.0 Safari/537.36"
73.165.14.143 - - [28/Jan/2026:21:41:23 -0500] "GET /wp-content/themes/matrix-model/style.css?ver=5.6.16 HTTP/1.1" 200 41969 "https://matrixmodels.com/about-matrix-models/" "Mozilla/5.0 (Windows NT 10.0; Win64; x64) AppleWebKit/537.36 (KHTML, like Gecko) Chrome/144.0.0.0 Safari/537.36"
73.165.14.143 - - [28/Jan/2026:21:41:23 -0500] "GET /wp-includes/js/jquery/jquery.min.js?ver=3.5.1 HTTP/1.1" 200 89496 "https://matrixmodels.com/about-matrix-models/" "Mozilla/5.0 (Windows NT 10.0; Win64; x64) AppleWebKit/537.36 (KHTML, like Gecko) Chrome/144.0.0.0 Safari/537.36"
73.165.14.143 - - [28/Jan/2026:21:41:24 -0500] "GET /wp-includes/js/jquery/jquery-migrate.min.js?ver=3.3.2 HTTP/1.1" 200 11224 "https://matrixmodels.com/about-matrix-models/" "Mozilla/5.0 (Windows NT 10.0; Win64; x64) AppleWebKit/537.36 (KHTML, like Gecko) Chrome/144.0.0.0 Safari/537.36"
73.165.14.143 - - [28/Jan/2026:21:41:24 -0500] "GET /wp-content/themes/matrix-model/images/inner-logo.jpg HTTP/1.1" 200 8330 "https://matrixmodels.com/about-matrix-models/" "Mozilla/5.0 (Windows NT 10.0; Win64; x64) AppleWebKit/537.36 (KHTML, like Gecko) Chrome/144.0.0.0 Safari/537.36"
73.165.14.143 - - [28/Jan/2026:21:41:24 -0500] "GET /wp-content/uploads/2014/12/Matrix-Models-Photo-Logo.jpg HTTP/1.1" 200 36134 "https://matrixmodels.com/about-matrix-models/" "Mozilla/5.0 (Windows NT 10.0; Win64; x64) AppleWebKit/537.36 (KHTML, like Gecko) Chrome/144.0.0.0 Safari/537.36"
73.165.14.143 - - [28/Jan/2026:21:41:24 -0500] "GET /wp-content/themes/matrix-model/js/navigation.js?ver=20140711 HTTP/1.1" 200 1516 "https://matrixmodels.com/about-matrix-models/" "Mozilla/5.0 (Windows NT 10.0; Win64; x64) AppleWebKit/537.36 (KHTML, like Gecko) Chrome/144.0.0.0 Safari/537.36"
73.165.14.143 - - [28/Jan/2026:21:41:24 -0500] "GET /wp-includes/js/wp-emoji-release.min.js?ver=5.6.16 HTTP/1.1" 200 14229 "https://matrixmodels.com/about-matrix-models/" "Mozilla/5.0 (Windows NT 10.0; Win64; x64) AppleWebKit/537.36 (KHTML, like Gecko) Chrome/144.0.0.0 Safari/537.36"
73.165.14.143 - - [28/Jan/2026:21:41:24 -0500] "GET /wp-includes/js/wp-embed.min.js?ver=5.6.16 HTTP/1.1" 200 1478 "https://matrixmodels.com/about-matrix-models/" "Mozilla/5.0 (Windows NT 10.0; Win64; x64) AppleWebKit/537.36 (KHTML, like Gecko) Chrome/144.0.0.0 Safari/537.36"
73.165.14.143 - - [28/Jan/2026:21:41:24 -0500] "GET /wp-content/themes/matrix-model/images/title_bg.jpg HTTP/1.1" 200 1124 "https://matrixmodels.com/wp-content/themes/matrix-model/style.css?ver=5.6.16" "Mozilla/5.0 (Windows NT 10.0; Win64; x64) AppleWebKit/537.36 (KHTML, like Gecko) Chrome/144.0.0.0 Safari/537.36"
73.165.14.143 - - [28/Jan/2026:21:41:24 -0500] "GET /favicon.ico HTTP/1.1" 200 43 "https://matrixmodels.com/about-matrix-models/" "Mozilla/5.0 (Windows NT 10.0; Win64; x64) AppleWebKit/537.36 (KHTML, like Gecko) Chrome/144.0.0.0 Safari/537.36"
148.113.130.178 - - [28/Jan/2026:21:41:34 -0500] "GET /wp-sitemap.xml HTTP/1.1" 200 18479 "-" "Mozilla/5.0 (compatible; AhrefsBot/7.0; +http://ahrefs.com/robot/)"
24.117.11.64 - - [28/Jan/2026:21:41:44 -0500] "GET / HTTP/1.1" 301 - "https://t.co/lP7v31DrAH" "Mozilla/5.0 (Macintosh; Intel Mac OS X 10_15_7) AppleWebKit/537.36 (KHTML, like Gecko) Chrome/144.0.0.0 Safari/537.36"
24.117.11.64 - - [28/Jan/2026:21:41:45 -0500] "GET / HTTP/1.1" 200 4465 "https://t.co/lP7v31DrAH" "Mozilla/5.0 (Macintosh; Intel Mac OS X 10_15_7) AppleWebKit/537.36 (KHTML, like Gecko) Chrome/144.0.0.0 Safari/537.36"
73.165.14.143 - - [28/Jan/2026:21:41:45 -0500] "GET /our-models/ HTTP/1.1" 200 7615 "https://matrixmodels.com/about-matrix-models/" "Mozilla/5.0 (Windows NT 10.0; Win64; x64) AppleWebKit/537.36 (KHTML, like Gecko) Chrome/144.0.0.0 Safari/537.36"
24.117.11.64 - - [28/Jan/2026:21:41:45 -0500] "GET /wp-content/themes/matrix-model/assets/css/bootstrap_v4.3.1_min.css HTTP/1.1" 200 155712 "https://matrixmodels.com/" "Mozilla/5.0 (Macintosh; Intel Mac OS X 10_15_7) AppleWebKit/537.36 (KHTML, like Gecko) Chrome/144.0.0.0 Safari/537.36"
24.117.11.64 - - [28/Jan/2026:21:41:46 -0500] "GET /wp-content/themes/matrix-model/assets/css/aos.css HTTP/1.1" 200 26053 "https://matrixmodels.com/" "Mozilla/5.0 (Macintosh; Intel Mac OS X 10_15_7) AppleWebKit/537.36 (KHTML, like Gecko) Chrome/144.0.0.0 Safari/537.36"
24.117.11.64 - - [28/Jan/2026:21:41:46 -0500] "GET /wp-content/themes/matrix-model/assets/css/owl.carousel.min.css HTTP/1.1" 404 260 "https://matrixmodels.com/" "Mozilla/5.0 (Macintosh; Intel Mac OS X 10_15_7) AppleWebKit/537.36 (KHTML, like Gecko) Chrome/144.0.0.0 Safari/537.36"
24.117.11.64 - - [28/Jan/2026:21:41:46 -0500] "GET /wp-content/themes/matrix-model/assets/css/owl.theme.default.min.css HTTP/1.1" 404 265 "https://matrixmodels.com/" "Mozilla/5.0 (Macintosh; Intel Mac OS X 10_15_7) AppleWebKit/537.36 (KHTML, like Gecko) Chrome/144.0.0.0 Safari/537.36"
24.117.11.64 - - [28/Jan/2026:21:41:46 -0500] "GET /wp-content/themes/matrix-model/assets/css/animate.min.css HTTP/1.1" 200 52592 "https://matrixmodels.com/" "Mozilla/5.0 (Macintosh; Intel Mac OS X 10_15_7) AppleWebKit/537.36 (KHTML, like Gecko) Chrome/144.0.0.0 Safari/537.36"
24.117.11.64 - - [28/Jan/2026:21:41:46 -0500] "GET /wp-content/themes/matrix-model/assets/css/custom.css HTTP/1.1" 200 5229 "https://matrixmodels.com/" "Mozilla/5.0 (Macintosh; Intel Mac OS X 10_15_7) AppleWebKit/537.36 (KHTML, like Gecko) Chrome/144.0.0.0 Safari/537.36"
24.117.11.64 - - [28/Jan/2026:21:41:46 -0500] "GET /wp-content/themes/matrix-model/assets/images/more/i-1.jpg HTTP/1.1" 200 39164 "https://matrixmodels.com/" "Mozilla/5.0 (Macintosh; Intel Mac OS X 10_15_7) AppleWebKit/537.36 (KHTML, like Gecko) Chrome/144.0.0.0 Safari/537.36"
24.117.11.64 - - [28/Jan/2026:21:41:46 -0500] "GET /wp-content/themes/matrix-model/assets/images/more/i-2.jpg HTTP/1.1" 200 44619 "https://matrixmodels.com/" "Mozilla/5.0 (Macintosh; Intel Mac OS X 10_15_7) AppleWebKit/537.36 (KHTML, like Gecko) Chrome/144.0.0.0 Safari/537.36"
24.117.11.64 - - [28/Jan/2026:21:41:46 -0500] "GET /wp-content/themes/matrix-model/assets/images/more/i-3.jpg HTTP/1.1" 200 36068 "https://matrixmodels.com/" "Mozilla/5.0 (Macintosh; Intel Mac OS X 10_15_7) AppleWebKit/537.36 (KHTML, like Gecko) Chrome/144.0.0.0 Safari/537.36"
24.117.11.64 - - [28/Jan/2026:21:41:46 -0500] "GET /wp-content/themes/matrix-model/assets/images/more/i-4.jpg HTTP/1.1" 200 28534 "https://matrixmodels.com/" "Mozilla/5.0 (Macintosh; Intel Mac OS X 10_15_7) AppleWebKit/537.36 (KHTML, like Gecko) Chrome/144.0.0.0 Safari/537.36"
24.117.11.64 - - [28/Jan/2026:21:41:46 -0500] "GET /wp-content/themes/matrix-model/assets/images/more/i-5.jpg HTTP/1.1" 200 35264 "https://matrixmodels.com/" "Mozilla/5.0 (Macintosh; Intel Mac OS X 10_15_7) AppleWebKit/537.36 (KHTML, like Gecko) Chrome/144.0.0.0 Safari/537.36"
24.117.11.64 - - [28/Jan/2026:21:41:46 -0500] "GET /wp-content/themes/matrix-model/assets/images/more/i-6.jpg HTTP/1.1" 200 39553 "https://matrixmodels.com/" "Mozilla/5.0 (Macintosh; Intel Mac OS X 10_15_7) AppleWebKit/537.36 (KHTML, like Gecko) Chrome/144.0.0.0 Safari/537.36"
24.117.11.64 - - [28/Jan/2026:21:41:46 -0500] "GET /wp-content/themes/matrix-model/assets/images/more/i-7.jpg HTTP/1.1" 200 35534 "https://matrixmodels.com/" "Mozilla/5.0 (Macintosh; Intel Mac OS X 10_15_7) AppleWebKit/537.36 (KHTML, like Gecko) Chrome/144.0.0.0 Safari/537.36"
24.117.11.64 - - [28/Jan/2026:21:41:46 -0500] "GET /wp-content/themes/matrix-model/assets/images/more/i-8.jpg HTTP/1.1" 200 31506 "https://matrixmodels.com/" "Mozilla/5.0 (Macintosh; Intel Mac OS X 10_15_7) AppleWebKit/537.36 (KHTML, like Gecko) Chrome/144.0.0.0 Safari/537.36"
24.117.11.64 - - [28/Jan/2026:21:41:46 -0500] "GET /wp-content/themes/matrix-model/assets/images/more/i-9.jpg HTTP/1.1" 200 39513 "https://matrixmodels.com/" "Mozilla/5.0 (Macintosh; Intel Mac OS X 10_15_7) AppleWebKit/537.36 (KHTML, like Gecko) Chrome/144.0.0.0 Safari/537.36"
24.117.11.64 - - [28/Jan/2026:21:41:46 -0500] "GET /wp-content/uploads/2021/07/logo.png HTTP/1.1" 200 181002 "https://matrixmodels.com/" "Mozilla/5.0 (Macintosh; Intel Mac OS X 10_15_7) AppleWebKit/537.36 (KHTML, like Gecko) Chrome/144.0.0.0 Safari/537.36"
24.117.11.64 - - [28/Jan/2026:21:41:47 -0500] "GET /wp-content/themes/matrix-model/assets/images/logo/favicon.png HTTP/1.1" 404 259 "https://matrixmodels.com/" "Mozilla/5.0 (Macintosh; Intel Mac OS X 10_15_7) AppleWebKit/537.36 (KHTML, like Gecko) Chrome/144.0.0.0 Safari/537.36"
24.117.11.64 - - [28/Jan/2026:21:41:47 -0500] "GET /wp-content/themes/matrix-model/assets/images/logo/favicon.png HTTP/1.1" 404 259 "https://matrixmodels.com/" "Mozilla/5.0 (Macintosh; Intel Mac OS X 10_15_7) AppleWebKit/537.36 (KHTML, like Gecko) Chrome/144.0.0.0 Safari/537.36"
24.117.11.64 - - [28/Jan/2026:21:41:49 -0500] "GET /our-models HTTP/1.1" 301 - "https://matrixmodels.com/" "Mozilla/5.0 (Macintosh; Intel Mac OS X 10_15_7) AppleWebKit/537.36 (KHTML, like Gecko) Chrome/144.0.0.0 Safari/537.36"
24.117.11.64 - - [28/Jan/2026:21:41:49 -0500] "GET /our-models/ HTTP/1.1" 200 7615 "https://matrixmodels.com/" "Mozilla/5.0 (Macintosh; Intel Mac OS X 10_15_7) AppleWebKit/537.36 (KHTML, like Gecko) Chrome/144.0.0.0 Safari/537.36"
24.117.11.64 - - [28/Jan/2026:21:41:49 -0500] "GET /wp-content/themes/matrix-model/style.css?ver=5.6.16 HTTP/1.1" 200 41969 "https://matrixmodels.com/our-models/" "Mozilla/5.0 (Macintosh; Intel Mac OS X 10_15_7) AppleWebKit/537.36 (KHTML, like Gecko) Chrome/144.0.0.0 Safari/537.36"
24.117.11.64 - - [28/Jan/2026:21:41:49 -0500] "GET /wp-includes/js/jquery/jquery.min.js?ver=3.5.1 HTTP/1.1" 200 89496 "https://matrixmodels.com/our-models/" "Mozilla/5.0 (Macintosh; Intel Mac OS X 10_15_7) AppleWebKit/537.36 (KHTML, like Gecko) Chrome/144.0.0.0 Safari/537.36"
24.117.11.64 - - [28/Jan/2026:21:41:49 -0500] "GET /wp-includes/css/dist/block-library/style.min.css?ver=5.6.16 HTTP/1.1" 200 51338 "https://matrixmodels.com/our-models/" "Mozilla/5.0 (Macintosh; Intel Mac OS X 10_15_7) AppleWebKit/537.36 (KHTML, like Gecko) Chrome/144.0.0.0 Safari/537.36"
24.117.11.64 - - [28/Jan/2026:21:41:49 -0500] "GET /wp-content/themes/matrix-model/images/inner-logo.jpg HTTP/1.1" 200 8330 "https://matrixmodels.com/our-models/" "Mozilla/5.0 (Macintosh; Intel Mac OS X 10_15_7) AppleWebKit/537.36 (KHTML, like Gecko) Chrome/144.0.0.0 Safari/537.36"
24.117.11.64 - - [28/Jan/2026:21:41:49 -0500] "GET /wp-includes/js/jquery/jquery-migrate.min.js?ver=3.3.2 HTTP/1.1" 200 11224 "https://matrixmodels.com/our-models/" "Mozilla/5.0 (Macintosh; Intel Mac OS X 10_15_7) AppleWebKit/537.36 (KHTML, like Gecko) Chrome/144.0.0.0 Safari/537.36"
24.117.11.64 - - [28/Jan/2026:21:41:49 -0500] "GET /wp-includes/js/wp-emoji-release.min.js?ver=5.6.16 HTTP/1.1" 200 14229 "https://matrixmodels.com/our-models/" "Mozilla/5.0 (Macintosh; Intel Mac OS X 10_15_7) AppleWebKit/537.36 (KHTML, like Gecko) Chrome/144.0.0.0 Safari/537.36"
24.117.11.64 - - [28/Jan/2026:21:41:50 -0500] "GET /favicon.ico HTTP/1.1" 200 43 "https://matrixmodels.com/our-models/" "Mozilla/5.0 (Macintosh; Intel Mac OS X 10_15_7) AppleWebKit/537.36 (KHTML, like Gecko) Chrome/144.0.0.0 Safari/537.36"
24.117.11.64 - - [28/Jan/2026:21:41:53 -0500] "GET /our-models/ HTTP/1.1" 200 7615 "https://matrixmodels.com/our-models/" "Mozilla/5.0 (Macintosh; Intel Mac OS X 10_15_7) AppleWebKit/537.36 (KHTML, like Gecko) Chrome/144.0.0.0 Safari/537.36"
73.165.14.143 - - [28/Jan/2026:21:41:54 -0500] "-" 408 - "-" "-"
73.165.14.143 - - [28/Jan/2026:21:41:54 -0500] "-" 408 - "-" "-"
24.117.11.64 - - [28/Jan/2026:21:41:58 -0500] "GET /our-models/ HTTP/1.1" 200 7615 "https://matrixmodels.com/our-models/" "Mozilla/5.0 (Macintosh; Intel Mac OS X 10_15_7) AppleWebKit/537.36 (KHTML, like Gecko) Chrome/144.0.0.0 Safari/537.36"
24.117.11.64 - - [28/Jan/2026:21:42:01 -0500] "GET /about-matrix-models/ HTTP/1.1" 200 10353 "https://matrixmodels.com/our-models/" "Mozilla/5.0 (Macintosh; Intel Mac OS X 10_15_7) AppleWebKit/537.36 (KHTML, like Gecko) Chrome/144.0.0.0 Safari/537.36"
24.117.11.64 - - [28/Jan/2026:21:42:01 -0500] "GET /wp-includes/js/wp-embed.min.js?ver=5.6.16 HTTP/1.1" 200 1478 "https://matrixmodels.com/about-matrix-models/" "Mozilla/5.0 (Macintosh; Intel Mac OS X 10_15_7) AppleWebKit/537.36 (KHTML, like Gecko) Chrome/144.0.0.0 Safari/537.36"
24.117.11.64 - - [28/Jan/2026:21:42:01 -0500] "GET /wp-content/themes/matrix-model/js/navigation.js?ver=20140711 HTTP/1.1" 200 1516 "https://matrixmodels.com/about-matrix-models/" "Mozilla/5.0 (Macintosh; Intel Mac OS X 10_15_7) AppleWebKit/537.36 (KHTML, like Gecko) Chrome/144.0.0.0 Safari/537.36"
24.117.11.64 - - [28/Jan/2026:21:42:01 -0500] "GET /wp-content/themes/matrix-model/images/title_bg.jpg HTTP/1.1" 200 1124 "https://matrixmodels.com/wp-content/themes/matrix-model/style.css?ver=5.6.16" "Mozilla/5.0 (Macintosh; Intel Mac OS X 10_15_7) AppleWebKit/537.36 (KHTML, like Gecko) Chrome/144.0.0.0 Safari/537.36"
24.117.11.64 - - [28/Jan/2026:21:42:01 -0500] "GET /wp-content/uploads/2014/12/Matrix-Models-Photo-Logo.jpg HTTP/1.1" 200 36134 "https://matrixmodels.com/about-matrix-models/" "Mozilla/5.0 (Macintosh; Intel Mac OS X 10_15_7) AppleWebKit/537.36 (KHTML, like Gecko) Chrome/144.0.0.0 Safari/537.36"
24.117.11.64 - - [28/Jan/2026:21:42:02 -0500] "GET /our-models/ HTTP/1.1" 200 7615 "https://matrixmodels.com/about-matrix-models/" "Mozilla/5.0 (Macintosh; Intel Mac OS X 10_15_7) AppleWebKit/537.36 (KHTML, like Gecko) Chrome/144.0.0.0 Safari/537.36"
24.117.11.64 - - [28/Jan/2026:21:42:05 -0500] "GET /about-matrix-models/ HTTP/1.1" 200 10353 "https://matrixmodels.com/our-models/" "Mozilla/5.0 (Macintosh; Intel Mac OS X 10_15_7) AppleWebKit/537.36 (KHTML, like Gecko) Chrome/144.0.0.0 Safari/537.36"
24.117.11.64 - - [28/Jan/2026:21:42:07 -0500] "GET /about-matrix-models/ HTTP/1.1" 200 10353 "https://matrixmodels.com/our-models/" "Mozilla/5.0 (Macintosh; Intel Mac OS X 10_15_7) AppleWebKit/537.36 (KHTML, like Gecko) Chrome/144.0.0.0 Safari/537.36"
172.59.172.124 - - [28/Jan/2026:21:42:25 -0500] "GET / HTTP/1.1" 200 4446 "-" "Mozilla/5.0 (iPhone; CPU iPhone OS 16_3_1 like Mac OS X) AppleWebKit/605.1.15 (KHTML, like Gecko) Version/16.3 Mobile/15E148 Safari/604.1"
172.59.172.124 - - [28/Jan/2026:21:42:25 -0500] "GET /wp-content/themes/matrix-model/assets/css/aos.css HTTP/1.1" 200 26053 "http://matrixmodels.com/" "Mozilla/5.0 (iPhone; CPU iPhone OS 16_3_1 like Mac OS X) AppleWebKit/605.1.15 (KHTML, like Gecko) Version/16.3 Mobile/15E148 Safari/604.1"
172.59.172.124 - - [28/Jan/2026:21:42:25 -0500] "GET /wp-content/themes/matrix-model/assets/css/owl.carousel.min.css HTTP/1.1" 404 260 "http://matrixmodels.com/" "Mozilla/5.0 (iPhone; CPU iPhone OS 16_3_1 like Mac OS X) AppleWebKit/605.1.15 (KHTML, like Gecko) Version/16.3 Mobile/15E148 Safari/604.1"
172.59.172.124 - - [28/Jan/2026:21:42:25 -0500] "GET /wp-content/themes/matrix-model/assets/css/owl.theme.default.min.css HTTP/1.1" 404 265 "http://matrixmodels.com/" "Mozilla/5.0 (iPhone; CPU iPhone OS 16_3_1 like Mac OS X) AppleWebKit/605.1.15 (KHTML, like Gecko) Version/16.3 Mobile/15E148 Safari/604.1"
172.59.172.124 - - [28/Jan/2026:21:42:25 -0500] "GET /wp-content/themes/matrix-model/assets/css/animate.min.css HTTP/1.1" 200 52592 "http://matrixmodels.com/" "Mozilla/5.0 (iPhone; CPU iPhone OS 16_3_1 like Mac OS X) AppleWebKit/605.1.15 (KHTML, like Gecko) Version/16.3 Mobile/15E148 Safari/604.1"
172.59.172.124 - - [28/Jan/2026:21:42:25 -0500] "GET /wp-content/themes/matrix-model/assets/css/custom.css HTTP/1.1" 200 5229 "http://matrixmodels.com/" "Mozilla/5.0 (iPhone; CPU iPhone OS 16_3_1 like Mac OS X) AppleWebKit/605.1.15 (KHTML, like Gecko) Version/16.3 Mobile/15E148 Safari/604.1"
172.59.172.124 - - [28/Jan/2026:21:42:25 -0500] "GET /wp-content/themes/matrix-model/assets/css/bootstrap_v4.3.1_min.css HTTP/1.1" 200 155712 "http://matrixmodels.com/" "Mozilla/5.0 (iPhone; CPU iPhone OS 16_3_1 like Mac OS X) AppleWebKit/605.1.15 (KHTML, like Gecko) Version/16.3 Mobile/15E148 Safari/604.1"
172.59.172.124 - - [28/Jan/2026:21:42:25 -0500] "GET /wp-content/themes/matrix-model/assets/images/more/i-1.jpg HTTP/1.1" 200 39164 "http://matrixmodels.com/" "Mozilla/5.0 (iPhone; CPU iPhone OS 16_3_1 like Mac OS X) AppleWebKit/605.1.15 (KHTML, like Gecko) Version/16.3 Mobile/15E148 Safari/604.1"
172.59.172.124 - - [28/Jan/2026:21:42:25 -0500] "GET /wp-content/themes/matrix-model/assets/images/more/i-2.jpg HTTP/1.1" 200 44619 "http://matrixmodels.com/" "Mozilla/5.0 (iPhone; CPU iPhone OS 16_3_1 like Mac OS X) AppleWebKit/605.1.15 (KHTML, like Gecko) Version/16.3 Mobile/15E148 Safari/604.1"
172.59.172.124 - - [28/Jan/2026:21:42:25 -0500] "GET /wp-content/themes/matrix-model/assets/images/more/i-3.jpg HTTP/1.1" 200 36068 "http://matrixmodels.com/" "Mozilla/5.0 (iPhone; CPU iPhone OS 16_3_1 like Mac OS X) AppleWebKit/605.1.15 (KHTML, like Gecko) Version/16.3 Mobile/15E148 Safari/604.1"
172.59.172.124 - - [28/Jan/2026:21:42:25 -0500] "GET /wp-content/themes/matrix-model/assets/images/more/i-4.jpg HTTP/1.1" 200 28534 "http://matrixmodels.com/" "Mozilla/5.0 (iPhone; CPU iPhone OS 16_3_1 like Mac OS X) AppleWebKit/605.1.15 (KHTML, like Gecko) Version/16.3 Mobile/15E148 Safari/604.1"
172.59.172.124 - - [28/Jan/2026:21:42:25 -0500] "GET /wp-content/themes/matrix-model/assets/images/more/i-6.jpg HTTP/1.1" 200 39553 "http://matrixmodels.com/" "Mozilla/5.0 (iPhone; CPU iPhone OS 16_3_1 like Mac OS X) AppleWebKit/605.1.15 (KHTML, like Gecko) Version/16.3 Mobile/15E148 Safari/604.1"
172.59.172.124 - - [28/Jan/2026:21:42:25 -0500] "GET /wp-content/themes/matrix-model/assets/images/more/i-8.jpg HTTP/1.1" 200 31506 "http://matrixmodels.com/" "Mozilla/5.0 (iPhone; CPU iPhone OS 16_3_1 like Mac OS X) AppleWebKit/605.1.15 (KHTML, like Gecko) Version/16.3 Mobile/15E148 Safari/604.1"
24.117.11.64 - - [28/Jan/2026:21:42:31 -0500] "-" 408 - "-" "-"
24.117.11.64 - - [28/Jan/2026:21:42:31 -0500] "-" 408 - "-" "-"
52.112.39.132 - - [28/Jan/2026:21:42:33 -0500] "GET /wp-login.php HTTP/1.1" 200 6925 "-" "-"
45.227.253.15 - - [28/Jan/2026:21:42:40 -0500] "GET /?of=1 HTTP/1.1" 200 4465 "-" "Mozilla/5.0 (Macintosh; Intel Mac OS X 10.14; rv:103.0) Gecko/20100101 Firefox/101.0"
64.59.72.148 - - [28/Jan/2026:21:43:03 -0500] "GET / HTTP/1.1" 200 4446 "-" "check_http/v2.4.9 (nagios-plugins 2.4.9)"
73.165.14.143 - - [28/Jan/2026:21:43:32 -0500] "GET /our-models/ HTTP/1.1" 200 7615 "https://matrixmodels.com/our-models/" "Mozilla/5.0 (Windows NT 10.0; Win64; x64) AppleWebKit/537.36 (KHTML, like Gecko) Chrome/144.0.0.0 Safari/537.36"
73.165.14.143 - - [28/Jan/2026:21:43:35 -0500] "GET / HTTP/1.1" 200 4465 "https://matrixmodels.com/our-models/" "Mozilla/5.0 (Windows NT 10.0; Win64; x64) AppleWebKit/537.36 (KHTML, like Gecko) Chrome/144.0.0.0 Safari/537.36"
73.165.14.143 - - [28/Jan/2026:21:43:35 -0500] "GET /wp-content/themes/matrix-model/assets/css/aos.css HTTP/1.1" 200 26053 "https://matrixmodels.com/" "Mozilla/5.0 (Windows NT 10.0; Win64; x64) AppleWebKit/537.36 (KHTML, like Gecko) Chrome/144.0.0.0 Safari/537.36"
73.165.14.143 - - [28/Jan/2026:21:43:35 -0500] "GET /wp-content/themes/matrix-model/assets/css/owl.theme.default.min.css HTTP/1.1" 404 265 "https://matrixmodels.com/" "Mozilla/5.0 (Windows NT 10.0; Win64; x64) AppleWebKit/537.36 (KHTML, like Gecko) Chrome/144.0.0.0 Safari/537.36"
73.165.14.143 - - [28/Jan/2026:21:43:35 -0500] "GET /wp-content/themes/matrix-model/assets/css/owl.carousel.min.css HTTP/1.1" 404 260 "https://matrixmodels.com/" "Mozilla/5.0 (Windows NT 10.0; Win64; x64) AppleWebKit/537.36 (KHTML, like Gecko) Chrome/144.0.0.0 Safari/537.36"
73.165.14.143 - - [28/Jan/2026:21:43:35 -0500] "GET /wp-content/themes/matrix-model/assets/css/animate.min.css HTTP/1.1" 200 52592 "https://matrixmodels.com/" "Mozilla/5.0 (Windows NT 10.0; Win64; x64) AppleWebKit/537.36 (KHTML, like Gecko) Chrome/144.0.0.0 Safari/537.36"
73.165.14.143 - - [28/Jan/2026:21:43:35 -0500] "GET /wp-content/themes/matrix-model/assets/css/custom.css HTTP/1.1" 200 5229 "https://matrixmodels.com/" "Mozilla/5.0 (Windows NT 10.0; Win64; x64) AppleWebKit/537.36 (KHTML, like Gecko) Chrome/144.0.0.0 Safari/537.36"
73.165.14.143 - - [28/Jan/2026:21:43:35 -0500] "GET /wp-content/themes/matrix-model/assets/css/bootstrap_v4.3.1_min.css HTTP/1.1" 200 155712 "https://matrixmodels.com/" "Mozilla/5.0 (Windows NT 10.0; Win64; x64) AppleWebKit/537.36 (KHTML, like Gecko) Chrome/144.0.0.0 Safari/537.36"
73.165.14.143 - - [28/Jan/2026:21:43:36 -0500] "GET /wp-content/themes/matrix-model/assets/images/more/i-2.jpg HTTP/1.1" 200 44619 "https://matrixmodels.com/" "Mozilla/5.0 (Windows NT 10.0; Win64; x64) AppleWebKit/537.36 (KHTML, like Gecko) Chrome/144.0.0.0 Safari/537.36"
73.165.14.143 - - [28/Jan/2026:21:43:36 -0500] "GET /wp-content/themes/matrix-model/assets/images/more/i-1.jpg HTTP/1.1" 200 39164 "https://matrixmodels.com/" "Mozilla/5.0 (Windows NT 10.0; Win64; x64) AppleWebKit/537.36 (KHTML, like Gecko) Chrome/144.0.0.0 Safari/537.36"
73.165.14.143 - - [28/Jan/2026:21:43:36 -0500] "GET /wp-content/themes/matrix-model/assets/images/more/i-3.jpg HTTP/1.1" 200 36068 "https://matrixmodels.com/" "Mozilla/5.0 (Windows NT 10.0; Win64; x64) AppleWebKit/537.36 (KHTML, like Gecko) Chrome/144.0.0.0 Safari/537.36"
73.165.14.143 - - [28/Jan/2026:21:43:36 -0500] "GET /wp-content/themes/matrix-model/assets/images/more/i-4.jpg HTTP/1.1" 200 28534 "https://matrixmodels.com/" "Mozilla/5.0 (Windows NT 10.0; Win64; x64) AppleWebKit/537.36 (KHTML, like Gecko) Chrome/144.0.0.0 Safari/537.36"
73.165.14.143 - - [28/Jan/2026:21:43:36 -0500] "GET /wp-content/themes/matrix-model/assets/images/more/i-5.jpg HTTP/1.1" 200 35264 "https://matrixmodels.com/" "Mozilla/5.0 (Windows NT 10.0; Win64; x64) AppleWebKit/537.36 (KHTML, like Gecko) Chrome/144.0.0.0 Safari/537.36"
73.165.14.143 - - [28/Jan/2026:21:43:36 -0500] "GET /wp-content/themes/matrix-model/assets/images/more/i-7.jpg HTTP/1.1" 200 35534 "https://matrixmodels.com/" "Mozilla/5.0 (Windows NT 10.0; Win64; x64) AppleWebKit/537.36 (KHTML, like Gecko) Chrome/144.0.0.0 Safari/537.36"
73.165.14.143 - - [28/Jan/2026:21:43:36 -0500] "GET /wp-content/themes/matrix-model/assets/images/more/i-6.jpg HTTP/1.1" 200 39553 "https://matrixmodels.com/" "Mozilla/5.0 (Windows NT 10.0; Win64; x64) AppleWebKit/537.36 (KHTML, like Gecko) Chrome/144.0.0.0 Safari/537.36"
73.165.14.143 - - [28/Jan/2026:21:43:36 -0500] "GET /wp-content/themes/matrix-model/assets/images/more/i-8.jpg HTTP/1.1" 200 31506 "https://matrixmodels.com/" "Mozilla/5.0 (Windows NT 10.0; Win64; x64) AppleWebKit/537.36 (KHTML, like Gecko) Chrome/144.0.0.0 Safari/537.36"
73.165.14.143 - - [28/Jan/2026:21:43:36 -0500] "GET /wp-content/themes/matrix-model/assets/images/more/i-9.jpg HTTP/1.1" 200 39513 "https://matrixmodels.com/" "Mozilla/5.0 (Windows NT 10.0; Win64; x64) AppleWebKit/537.36 (KHTML, like Gecko) Chrome/144.0.0.0 Safari/537.36"
73.165.14.143 - - [28/Jan/2026:21:43:36 -0500] "GET /wp-content/uploads/2021/07/logo.png HTTP/1.1" 200 181002 "https://matrixmodels.com/" "Mozilla/5.0 (Windows NT 10.0; Win64; x64) AppleWebKit/537.36 (KHTML, like Gecko) Chrome/144.0.0.0 Safari/537.36"
73.165.14.143 - - [28/Jan/2026:21:43:36 -0500] "GET /wp-content/themes/matrix-model/assets/images/logo/favicon.png HTTP/1.1" 404 259 "https://matrixmodels.com/" "Mozilla/5.0 (Windows NT 10.0; Win64; x64) AppleWebKit/537.36 (KHTML, like Gecko) Chrome/144.0.0.0 Safari/537.36"
73.165.14.143 - - [28/Jan/2026:21:43:44 -0500] "GET /our-models HTTP/1.1" 301 - "https://matrixmodels.com/" "Mozilla/5.0 (Windows NT 10.0; Win64; x64) AppleWebKit/537.36 (KHTML, like Gecko) Chrome/144.0.0.0 Safari/537.36"
73.165.14.143 - - [28/Jan/2026:21:43:44 -0500] "GET /our-models/ HTTP/1.1" 200 7615 "https://matrixmodels.com/" "Mozilla/5.0 (Windows NT 10.0; Win64; x64) AppleWebKit/537.36 (KHTML, like Gecko) Chrome/144.0.0.0 Safari/537.36"
64.59.72.148 - - [28/Jan/2026:21:45:03 -0500] "GET / HTTP/1.1" 200 4446 "-" "check_http/v2.4.9 (nagios-plugins 2.4.9)"
112.122.236.31 - - [28/Jan/2026:21:45:14 -0500] "GET / HTTP/1.1" 200 4465 "-" "-"
222.176.200.78 - - [28/Jan/2026:21:46:35 -0500] "GET / HTTP/1.1" 301 - "-" "Mozilla/5.0 (Windows NT 6.1) AppleWebKit/537.36 (KHTML, like Gecko) Chrome/49.0.2623.112 Safari/537.36"
146.75.203.1 - - [28/Jan/2026:21:46:42 -0500] "GET /wp-content/uploads/2018/01/DSC_6848.jpg HTTP/1.1" 200 147577 "https://www.google.com/" "Mozilla/5.0 (iPhone; CPU iPhone OS 18_6_2 like Mac OS X) AppleWebKit/605.1.15 (KHTML, like Gecko) Version/18.6 Mobile/15E148 Safari/604.1"
64.59.72.148 - - [28/Jan/2026:21:47:03 -0500] "GET / HTTP/1.1" 200 4446 "-" "check_http/v2.4.9 (nagios-plugins 2.4.9)"
112.112.212.84 - - [28/Jan/2026:21:47:45 -0500] "GET / HTTP/1.1" 301 - "-" "Mozilla/5.0 (Windows NT 6.1) AppleWebKit/537.36 (KHTML, like Gecko) Chrome/49.0.2623.112 Safari/537.36"
134.6.148.131 - - [28/Jan/2026:21:47:58 -0500] "-" 408 - "-" "-"
58.19.140.92 - - [28/Jan/2026:21:48:33 -0500] "GET / HTTP/1.1" 200 4465 "-" "Mozilla/5.0 (Windows NT 6.1) AppleWebKit/537.36 (KHTML, like Gecko) Chrome/49.0.2623.112 Safari/537.36"
183.191.123.90 - - [28/Jan/2026:21:48:48 -0500] "GET /wp-content/themes/matrix-model/assets/images/logo/favicon.png HTTP/1.1" 404 259 "-" "Mozilla/5.0 (Windows NT 6.1) AppleWebKit/537.36 (KHTML, like Gecko) Chrome/49.0.2623.112 Safari/537.36"
64.59.72.148 - - [28/Jan/2026:21:49:03 -0500] "GET / HTTP/1.1" 200 4446 "-" "check_http/v2.4.9 (nagios-plugins 2.4.9)"
142.44.225.72 - - [28/Jan/2026:21:49:25 -0500] "GET /5-12/ HTTP/1.1" 200 12371 "-" "Mozilla/5.0 (compatible; AhrefsBot/7.0; +http://ahrefs.com/robot/)"
178.239.151.37 - - [28/Jan/2026:21:50:03 -0500] "POST /cgi-bin/.%2e/.%2e/.%2e/.%2e/.%2e/.%2e/.%2e/.%2e/.%2e/.%2e/bin/sh HTTP/1.1" 400 226 "-" "libredtail-http"
178.239.151.37 - - [28/Jan/2026:21:50:05 -0500] "POST /cgi-bin/%%32%65%%32%65/%%32%65%%32%65/%%32%65%%32%65/%%32%65%%32%65/%%32%65%%32%65/%%32%65%%32%65/%%32%65%%32%65/bin/sh HTTP/1.1" 400 226 "-" "libredtail-http"
64.59.72.148 - - [28/Jan/2026:21:51:03 -0500] "GET / HTTP/1.1" 200 4446 "-" "check_http/v2.4.9 (nagios-plugins 2.4.9)"
5.61.209.92 - - [28/Jan/2026:21:51:15 -0500] "GET /SDK/webLanguage HTTP/1.1" 301 - "-" "Mozilla/5.0 (Windows NT 10.0; Win64; x64) AppleWebKit/537.36 (KHTML, like Gecko) Chrome/90.0.4430.85 Safari/537.36 Edg/90.0.818.46"
195.161.29.4 - - [28/Jan/2026:21:51:15 -0500] "GET /wp-content/uploads/2019/03/CFL08093.jpg HTTP/1.1" 200 135759 "https://yandex.ru/" "Mozilla/5.0 (Linux; arm_64; Android 12; Infinix X669D) AppleWebKit/537.36 (KHTML, like Gecko) Chrome/140.0.7339.710 YaApp_Android/25.104.1 YaSearchBrowser/25.104.1 BroPP/1.0 SA/3 Mobile Safari/537.36"
195.161.29.4 - - [28/Jan/2026:21:51:44 -0500] "-" 408 - "-" "-"
64.59.72.148 - - [28/Jan/2026:21:53:03 -0500] "GET / HTTP/1.1" 200 4446 "-" "check_http/v2.4.9 (nagios-plugins 2.4.9)"
52.167.144.204 - - [28/Jan/2026:21:53:42 -0500] "GET /wp-content/uploads/2019/05/ASHLEY-RED-4-360x520.jpg HTTP/1.1" 200 17759 "-" "Mozilla/5.0 AppleWebKit/537.36 (KHTML, like Gecko; compatible; bingbot/2.0; +http://www.bing.com/bingbot.htm) Chrome/116.0.1938.76 Safari/537.36"
64.59.72.148 - - [28/Jan/2026:21:55:03 -0500] "GET / HTTP/1.1" 200 4446 "-" "check_http/v2.4.9 (nagios-plugins 2.4.9)"
45.227.253.15 - - [28/Jan/2026:21:56:21 -0500] "GET /index.php/jk HTTP/1.1" 301 - "-" "Mozilla/5.0 (Windows NT 6.1; Win64; x64) AppleWebKit/537.36 (KHTML, like Gecko) Chrome/86.0.4240.111 Safari/537.36"
45.227.253.15 - - [28/Jan/2026:21:56:22 -0500] "GET /jk HTTP/1.1" 404 8466 "https://matrixmodels.com/index.php/jk" "Mozilla/5.0 (Windows NT 6.1; Win64; x64) AppleWebKit/537.36 (KHTML, like Gecko) Chrome/86.0.4240.111 Safari/537.36"
64.59.72.148 - - [28/Jan/2026:21:57:03 -0500] "GET / HTTP/1.1" 200 4446 "-" "check_http/v2.4.9 (nagios-plugins 2.4.9)"
51.161.65.206 - - [28/Jan/2026:21:57:07 -0500] "GET /feed/?attachment_id=268 HTTP/1.1" 200 727 "-" "Mozilla/5.0 (compatible; AhrefsBot/7.0; +http://ahrefs.com/robot/)"
209.141.32.196 - - [28/Jan/2026:21:58:05 -0500] "GET /wp-login.php HTTP/1.1" 200 6925 "-" "Mozilla/5.0 (iPhone; CPU iPhone OS 7_1 like Mac OS X) AppleWebKit/537.51.2 (KHTML, like Gecko) Version/7.0 Mobile/11D167 Safari/9537.53"
209.141.32.196 - - [28/Jan/2026:21:58:05 -0500] "POST /wp-login.php HTTP/1.1" 200 7217 "-" "Mozilla/5.0 (iPhone; CPU iPhone OS 7_1 like Mac OS X) AppleWebKit/537.51.2 (KHTML, like Gecko) Version/7.0 Mobile/11D167 Safari/9537.53"
107.189.14.25 - - [28/Jan/2026:21:58:48 -0500] "GET /wp-login.php HTTP/1.1" 200 6901 "-" "Mozilla/5.0 (Windows NT 6.3; WOW64; Trident/7.0; rv:11.0) like Gecko"
107.189.14.25 - - [28/Jan/2026:21:58:50 -0500] "POST /wp-login.php HTTP/1.1" 200 7310 "-" "Mozilla/5.0 (Windows NT 6.3; WOW64; Trident/7.0; rv:11.0) like Gecko"
64.59.72.148 - - [28/Jan/2026:21:59:03 -0500] "GET / HTTP/1.1" 200 4446 "-" "check_http/v2.4.9 (nagios-plugins 2.4.9)"
52.123.190.89 - - [28/Jan/2026:22:00:07 -0500] "GET /wp-login.php HTTP/1.1" 200 6925 "-" "-"
64.59.72.148 - - [28/Jan/2026:22:01:03 -0500] "GET / HTTP/1.1" 200 4446 "-" "check_http/v2.4.9 (nagios-plugins 2.4.9)"
52.123.190.90 - - [28/Jan/2026:22:01:25 -0500] "GET /wp-login.php HTTP/1.1" 200 6925 "-" "-"
64.59.72.148 - - [28/Jan/2026:22:03:03 -0500] "GET / HTTP/1.1" 200 4446 "-" "check_http/v2.4.9 (nagios-plugins 2.4.9)"
83.217.208.173 - - [28/Jan/2026:22:03:48 -0500] "GET /wp-login.php HTTP/1.1" 200 6925 "-" "Mozilla/5.0 (Macintosh; Intel Mac OS X 10_9_0) AppleWebKit/537.36 (KHTML, like Gecko) Chrome/36.0.1985.125 Safari/537.36"
83.217.208.173 - - [28/Jan/2026:22:03:49 -0500] "POST /wp-login.php HTTP/1.1" 200 7199 "-" "Mozilla/5.0 (Macintosh; Intel Mac OS X 10_9_0) AppleWebKit/537.36 (KHTML, like Gecko) Chrome/36.0.1985.125 Safari/537.36"
77.75.77.54 - - [28/Jan/2026:22:04:01 -0500] "GET /wp-content/uploads/2019/06/35.jpg HTTP/1.1" 304 - "-" "Mozilla/5.0 (compatible; SeznamBot/4.0; +https://o-seznam.cz/napoveda/vyhledavani/en/seznambot-crawler/)"
