37.228.200.74 - - [26/Jan/2026:11:54:10 -0500] "GET /wp-content/themes/matrix-model/assets/css/animate.min.css HTTP/1.1" 200 52592 "https://matrixmodels.com/" "Mozilla/5.0 (Macintosh; Intel Mac OS X 10_15_7) AppleWebKit/537.36 (KHTML, like Gecko) Chrome/144.0.0.0 Safari/537.36"
37.228.200.74 - - [26/Jan/2026:11:54:10 -0500] "GET /wp-content/themes/matrix-model/assets/css/custom.css HTTP/1.1" 200 5229 "https://matrixmodels.com/" "Mozilla/5.0 (Macintosh; Intel Mac OS X 10_15_7) AppleWebKit/537.36 (KHTML, like Gecko) Chrome/144.0.0.0 Safari/537.36"
37.228.200.74 - - [26/Jan/2026:11:54:10 -0500] "GET /wp-content/themes/matrix-model/assets/images/more/i-1.jpg HTTP/1.1" 200 39164 "https://matrixmodels.com/" "Mozilla/5.0 (Macintosh; Intel Mac OS X 10_15_7) AppleWebKit/537.36 (KHTML, like Gecko) Chrome/144.0.0.0 Safari/537.36"
37.228.200.74 - - [26/Jan/2026:11:54:10 -0500] "GET /wp-content/themes/matrix-model/assets/images/more/i-2.jpg HTTP/1.1" 200 44619 "https://matrixmodels.com/" "Mozilla/5.0 (Macintosh; Intel Mac OS X 10_15_7) AppleWebKit/537.36 (KHTML, like Gecko) Chrome/144.0.0.0 Safari/537.36"
37.228.200.74 - - [26/Jan/2026:11:54:10 -0500] "GET /wp-content/themes/matrix-model/assets/images/more/i-3.jpg HTTP/1.1" 200 36068 "https://matrixmodels.com/" "Mozilla/5.0 (Macintosh; Intel Mac OS X 10_15_7) AppleWebKit/537.36 (KHTML, like Gecko) Chrome/144.0.0.0 Safari/537.36"
37.228.200.74 - - [26/Jan/2026:11:54:10 -0500] "GET /wp-content/themes/matrix-model/assets/images/more/i-5.jpg HTTP/1.1" 200 35264 "https://matrixmodels.com/" "Mozilla/5.0 (Macintosh; Intel Mac OS X 10_15_7) AppleWebKit/537.36 (KHTML, like Gecko) Chrome/144.0.0.0 Safari/537.36"
37.228.200.74 - - [26/Jan/2026:11:54:10 -0500] "GET /wp-content/themes/matrix-model/assets/images/more/i-4.jpg HTTP/1.1" 200 28534 "https://matrixmodels.com/" "Mozilla/5.0 (Macintosh; Intel Mac OS X 10_15_7) AppleWebKit/537.36 (KHTML, like Gecko) Chrome/144.0.0.0 Safari/537.36"
37.228.200.74 - - [26/Jan/2026:11:54:10 -0500] "GET /wp-content/themes/matrix-model/assets/images/more/i-6.jpg HTTP/1.1" 200 39553 "https://matrixmodels.com/" "Mozilla/5.0 (Macintosh; Intel Mac OS X 10_15_7) AppleWebKit/537.36 (KHTML, like Gecko) Chrome/144.0.0.0 Safari/537.36"
37.228.200.74 - - [26/Jan/2026:11:54:10 -0500] "GET /wp-content/themes/matrix-model/assets/images/more/i-7.jpg HTTP/1.1" 200 35534 "https://matrixmodels.com/" "Mozilla/5.0 (Macintosh; Intel Mac OS X 10_15_7) AppleWebKit/537.36 (KHTML, like Gecko) Chrome/144.0.0.0 Safari/537.36"
37.228.200.74 - - [26/Jan/2026:11:54:10 -0500] "GET /wp-content/themes/matrix-model/assets/images/more/i-8.jpg HTTP/1.1" 200 31506 "https://matrixmodels.com/" "Mozilla/5.0 (Macintosh; Intel Mac OS X 10_15_7) AppleWebKit/537.36 (KHTML, like Gecko) Chrome/144.0.0.0 Safari/537.36"
37.228.200.74 - - [26/Jan/2026:11:54:10 -0500] "GET /wp-content/themes/matrix-model/assets/images/more/i-9.jpg HTTP/1.1" 200 39513 "https://matrixmodels.com/" "Mozilla/5.0 (Macintosh; Intel Mac OS X 10_15_7) AppleWebKit/537.36 (KHTML, like Gecko) Chrome/144.0.0.0 Safari/537.36"
37.228.200.74 - - [26/Jan/2026:11:54:11 -0500] "GET /wp-content/uploads/2021/07/logo.png HTTP/1.1" 200 181002 "https://matrixmodels.com/" "Mozilla/5.0 (Macintosh; Intel Mac OS X 10_15_7) AppleWebKit/537.36 (KHTML, like Gecko) Chrome/144.0.0.0 Safari/537.36"
37.228.200.74 - - [26/Jan/2026:11:54:11 -0500] "GET /wp-content/themes/matrix-model/assets/images/logo/favicon.png HTTP/1.1" 404 259 "https://matrixmodels.com/" "Mozilla/5.0 (Macintosh; Intel Mac OS X 10_15_7) AppleWebKit/537.36 (KHTML, like Gecko) Chrome/144.0.0.0 Safari/537.36"
37.228.200.74 - - [26/Jan/2026:11:54:40 -0500] "-" 408 - "-" "-"
37.228.200.74 - - [26/Jan/2026:11:54:40 -0500] "-" 408 - "-" "-"
44.195.201.244 - - [26/Jan/2026:11:54:43 -0500] "GET /robots.txt HTTP/1.1" 301 - "-" "Mozilla/5.0 (Macintosh; Intel Mac OS X 10_10_1) AppleWebKit/600.2.5 (KHTML, like Gecko) Version/8.0.2 Safari/600.2.5 (TestUserAgent)"
44.195.201.244 - - [26/Jan/2026:11:54:48 -0500] "GET /robots.txt HTTP/1.1" 200 116 "-" "Mozilla/5.0 (Macintosh; Intel Mac OS X 10_10_1) AppleWebKit/600.2.5 (KHTML, like Gecko) Version/8.0.2 Safari/600.2.5 (TestUserAgent)"
64.59.72.148 - - [26/Jan/2026:11:55:22 -0500] "GET / HTTP/1.1" 200 4446 "-" "check_http/v2.4.9 (nagios-plugins 2.4.9)"
157.245.204.205 - - [26/Jan/2026:11:56:20 -0500] "GET / HTTP/1.1" 301 - "-" "-"
157.245.204.205 - - [26/Jan/2026:11:56:22 -0500] "GET / HTTP/1.1" 301 - "-" "Mozilla/5.0 (l9scan/2.0.634313e2536313e2630323e24373; +https://leakix.net)"
157.245.204.205 - - [26/Jan/2026:11:56:23 -0500] "GET /server HTTP/1.1" 404 8520 "-" "Mozilla/5.0 (l9scan/2.0.634313e2536313e2630323e24373; +https://leakix.net)"
157.245.204.205 - - [26/Jan/2026:11:56:25 -0500] "GET /server-status HTTP/1.1" 404 8520 "-" "Mozilla/5.0 (l9scan/2.0.634313e2536313e2630323e24373; +https://leakix.net)"
157.245.204.205 - - [26/Jan/2026:11:56:26 -0500] "GET /about HTTP/1.1" 404 8520 "-" "Mozilla/5.0 (l9scan/2.0.634313e2536313e2630323e24373; +https://leakix.net)"
157.245.204.205 - - [26/Jan/2026:11:56:28 -0500] "GET /login.action HTTP/1.1" 404 8520 "-" "Mozilla/5.0 (l9scan/2.0.634313e2536313e2630323e24373; +https://leakix.net)"
157.245.204.205 - - [26/Jan/2026:11:56:28 -0500] "GET /_all_dbs HTTP/1.1" 404 8520 "-" "Mozilla/5.0 (l9scan/2.0.634313e2536313e2630323e24373; +https://leakix.net)"
157.245.204.205 - - [26/Jan/2026:11:56:30 -0500] "GET /v2/_catalog HTTP/1.1" 404 8520 "-" "Mozilla/5.0 (l9scan/2.0.634313e2536313e2630323e24373; +https://leakix.net)"
157.245.204.205 - - [26/Jan/2026:11:56:30 -0500] "GET /.DS_Store HTTP/1.1" 500 535 "-" "Mozilla/5.0 (l9scan/2.0.634313e2536313e2630323e24373; +https://leakix.net)"
157.245.204.205 - - [26/Jan/2026:11:56:32 -0500] "GET /.env HTTP/1.1" 500 535 "-" "Mozilla/5.0 (l9scan/2.0.634313e2536313e2630323e24373; +https://leakix.net)"
157.245.204.205 - - [26/Jan/2026:11:56:32 -0500] "GET /ecp/Current/exporttool/microsoft.exchange.ediscovery.exporttool.application HTTP/1.1" 404 8520 "-" "Mozilla/5.0 (l9scan/2.0.634313e2536313e2630323e24373; +https://leakix.net)"
157.245.204.205 - - [26/Jan/2026:11:56:35 -0500] "GET /.git/config HTTP/1.1" 500 535 "-" "Mozilla/5.0 (l9scan/2.0.634313e2536313e2630323e24373; +https://leakix.net)"
157.245.204.205 - - [26/Jan/2026:11:56:36 -0500] "POST /graphql HTTP/1.1" 404 8520 "-" "Mozilla/5.0 (l9scan/2.0.634313e2536313e2630323e24373; +https://leakix.net)"
157.245.204.205 - - [26/Jan/2026:11:56:37 -0500] "POST /api HTTP/1.1" 404 8520 "-" "Mozilla/5.0 (l9scan/2.0.634313e2536313e2630323e24373; +https://leakix.net)"
157.245.204.205 - - [26/Jan/2026:11:56:38 -0500] "POST /api/graphql HTTP/1.1" 404 8520 "-" "Mozilla/5.0 (l9scan/2.0.634313e2536313e2630323e24373; +https://leakix.net)"
157.245.204.205 - - [26/Jan/2026:11:56:39 -0500] "POST /graphql/api HTTP/1.1" 404 8520 "-" "Mozilla/5.0 (l9scan/2.0.634313e2536313e2630323e24373; +https://leakix.net)"
157.245.204.205 - - [26/Jan/2026:11:56:40 -0500] "POST /api/gql HTTP/1.1" 404 8520 "-" "Mozilla/5.0 (l9scan/2.0.634313e2536313e2630323e24373; +https://leakix.net)"
157.245.204.205 - - [26/Jan/2026:11:56:41 -0500] "GET / HTTP/1.1" 301 - "-" "Mozilla/5.0 (l9scan/2.0.634313e2536313e2630323e24373; +https://leakix.net)"
157.245.204.205 - - [26/Jan/2026:11:56:42 -0500] "GET /s/634313e2536313e2630323e24373/_/;/META-INF/maven/com.atlassian.jira/jira-webapp-dist/pom.properties HTTP/1.1" 404 8520 "-" "Mozilla/5.0 (l9scan/2.0.634313e2536313e2630323e24373; +https://leakix.net)"
157.245.204.205 - - [26/Jan/2026:11:56:43 -0500] "GET /config.json HTTP/1.1" 404 8520 "-" "Mozilla/5.0 (l9scan/2.0.634313e2536313e2630323e24373; +https://leakix.net)"
157.245.204.205 - - [26/Jan/2026:11:56:45 -0500] "GET /telescope/requests HTTP/1.1" 404 8520 "-" "Mozilla/5.0 (l9scan/2.0.634313e2536313e2630323e24373; +https://leakix.net)"
157.245.204.205 - - [26/Jan/2026:11:56:46 -0500] "POST /php-cgi/php-cgi.exe?%ADd+cgi.force_redirect%3D0+%ADd+disable_functions%3D\"\"+%ADd+allow_url_include%3D1+%ADd+auto_prepend_file%3Dphp://input HTTP/1.1" 404 8520 "-" "Mozilla/5.0 (l9scan/2.0.634313e2536313e2630323e24373; +https://leakix.net)"
157.245.204.205 - - [26/Jan/2026:11:56:47 -0500] "GET /info.php HTTP/1.1" 404 8520 "-" "Mozilla/5.0 (l9scan/2.0.634313e2536313e2630323e24373; +https://leakix.net)"
157.245.204.205 - - [26/Jan/2026:11:56:48 -0500] "GET /actuator/env HTTP/1.1" 404 8520 "-" "Mozilla/5.0 (l9scan/2.0.634313e2536313e2630323e24373; +https://leakix.net)"
157.245.204.205 - - [26/Jan/2026:11:56:50 -0500] "GET /swagger-ui.html HTTP/1.1" 404 8520 "-" "Mozilla/5.0 (l9scan/2.0.634313e2536313e2630323e24373; +https://leakix.net)"
157.245.204.205 - - [26/Jan/2026:11:56:51 -0500] "GET /swagger/index.html HTTP/1.1" 404 8520 "-" "Mozilla/5.0 (l9scan/2.0.634313e2536313e2630323e24373; +https://leakix.net)"
157.245.204.205 - - [26/Jan/2026:11:56:52 -0500] "GET /swagger/swagger-ui.html HTTP/1.1" 404 8520 "-" "Mozilla/5.0 (l9scan/2.0.634313e2536313e2630323e24373; +https://leakix.net)"
157.245.204.205 - - [26/Jan/2026:11:56:53 -0500] "GET /webjars/swagger-ui/index.html HTTP/1.1" 404 8520 "-" "Mozilla/5.0 (l9scan/2.0.634313e2536313e2630323e24373; +https://leakix.net)"
157.245.204.205 - - [26/Jan/2026:11:56:54 -0500] "GET /swagger.json HTTP/1.1" 404 8520 "-" "Mozilla/5.0 (l9scan/2.0.634313e2536313e2630323e24373; +https://leakix.net)"
157.245.204.205 - - [26/Jan/2026:11:56:55 -0500] "GET /swagger/v1/swagger.json HTTP/1.1" 404 8520 "-" "Mozilla/5.0 (l9scan/2.0.634313e2536313e2630323e24373; +https://leakix.net)"
157.245.204.205 - - [26/Jan/2026:11:56:56 -0500] "GET /v2/api-docs HTTP/1.1" 404 8520 "-" "Mozilla/5.0 (l9scan/2.0.634313e2536313e2630323e24373; +https://leakix.net)"
157.245.204.205 - - [26/Jan/2026:11:56:57 -0500] "GET /v3/api-docs HTTP/1.1" 404 8520 "-" "Mozilla/5.0 (l9scan/2.0.634313e2536313e2630323e24373; +https://leakix.net)"
157.245.204.205 - - [26/Jan/2026:11:56:59 -0500] "GET /api-docs/swagger.json HTTP/1.1" 404 8520 "-" "Mozilla/5.0 (l9scan/2.0.634313e2536313e2630323e24373; +https://leakix.net)"
157.245.204.205 - - [26/Jan/2026:11:56:59 -0500] "GET /api/swagger.json HTTP/1.1" 404 8520 "-" "Mozilla/5.0 (l9scan/2.0.634313e2536313e2630323e24373; +https://leakix.net)"
157.245.204.205 - - [26/Jan/2026:11:57:01 -0500] "GET /@vite/env HTTP/1.1" 404 8520 "-" "Mozilla/5.0 (l9scan/2.0.634313e2536313e2630323e24373; +https://leakix.net)"
157.245.204.205 - - [26/Jan/2026:11:57:02 -0500] "GET /.vscode/sftp.json HTTP/1.1" 500 535 "-" "Mozilla/5.0 (l9scan/2.0.634313e2536313e2630323e24373; +https://leakix.net)"
157.245.204.205 - - [26/Jan/2026:11:57:03 -0500] "GET /?rest_route=/wp/v2/users/ HTTP/1.1" 200 1228 "-" "Mozilla/5.0 (l9scan/2.0.634313e2536313e2630323e24373; +https://leakix.net)"
157.245.204.205 - - [26/Jan/2026:11:57:04 -0500] "GET /debug/default/view?panel=config HTTP/1.1" 404 8520 "-" "Mozilla/5.0 (l9scan/2.0.634313e2536313e2630323e24373; +https://leakix.net)"
24.201.20.98 - - [26/Jan/2026:11:57:04 -0500] "GET /wp-content/uploads/2019/03/CFL02322.jpg HTTP/1.1" 200 172672 "-" "2 Million WPs 10.31 rv:3 (iPad; iPhone OS 16.2; en_CA)"
64.59.72.148 - - [26/Jan/2026:11:57:22 -0500] "GET / HTTP/1.1" 200 4446 "-" "check_http/v2.4.9 (nagios-plugins 2.4.9)"
69.171.230.8 - - [26/Jan/2026:11:57:44 -0500] "GET /our-models/ HTTP/1.1" 200 7587 "-" "meta-webindexer/1.1 (+https://developers.facebook.com/docs/sharing/webmasters/crawler)"
54.39.210.127 - - [26/Jan/2026:11:58:47 -0500] "GET /feed/?attachment_id=215 HTTP/1.1" 200 721 "-" "Mozilla/5.0 (compatible; AhrefsBot/7.0; +http://ahrefs.com/robot/)"
52.167.144.16 - - [26/Jan/2026:11:58:56 -0500] "GET /wp-content/uploads/2015/09/r23.jpg HTTP/1.1" 200 138288 "-" "Mozilla/5.0 AppleWebKit/537.36 (KHTML, like Gecko; compatible; bingbot/2.0; +http://www.bing.com/bingbot.htm) Chrome/116.0.1938.76 Safari/537.36"
64.59.72.148 - - [26/Jan/2026:11:59:22 -0500] "GET / HTTP/1.1" 200 4446 "-" "check_http/v2.4.9 (nagios-plugins 2.4.9)"
66.249.70.133 - - [26/Jan/2026:12:00:06 -0500] "GET /?p=4059 HTTP/1.1" 404 8442 "-" "Mozilla/5.0 (Linux; Android 6.0.1; Nexus 5X Build/MMB29P) AppleWebKit/537.36 (KHTML, like Gecko) Chrome/143.0.7499.192 Mobile Safari/537.36 (compatible; Googlebot/2.1; +http://www.google.com/bot.html)"
42.236.101.238 - - [26/Jan/2026:12:00:28 -0500] "GET / HTTP/1.1" 200 4446 "-" "Mozilla/5.0 (Windows NT 10.0; Win64; x64) AppleWebKit/537.36 (KHTML, like Gecko) Chrome/140.0.0.0 Safari/537.36 Edg/140.0.0.0; 360Spider"
42.236.101.238 - - [26/Jan/2026:12:00:29 -0500] "GET /wp-content/themes/matrix-model/assets/css/custom.css HTTP/1.1" 200 5229 "http://matrixmodels.com/" "Mozilla/5.0 (Windows NT 10.0; Win64; x64) AppleWebKit/537.36 (KHTML, like Gecko) Chrome/140.0.0.0 Safari/537.36 Edg/140.0.0.0; 360Spider"
42.236.101.238 - - [26/Jan/2026:12:00:29 -0500] "GET /wp-content/themes/matrix-model/assets/css/animate.min.css HTTP/1.1" 200 52592 "http://matrixmodels.com/" "Mozilla/5.0 (Windows NT 10.0; Win64; x64) AppleWebKit/537.36 (KHTML, like Gecko) Chrome/140.0.0.0 Safari/537.36 Edg/140.0.0.0; 360Spider"
42.236.101.238 - - [26/Jan/2026:12:00:29 -0500] "GET /wp-content/themes/matrix-model/assets/css/aos.css HTTP/1.1" 200 26053 "http://matrixmodels.com/" "Mozilla/5.0 (Windows NT 10.0; Win64; x64) AppleWebKit/537.36 (KHTML, like Gecko) Chrome/140.0.0.0 Safari/537.36 Edg/140.0.0.0; 360Spider"
42.236.101.238 - - [26/Jan/2026:12:00:29 -0500] "GET /wp-content/themes/matrix-model/assets/css/owl.theme.default.min.css HTTP/1.1" 404 265 "http://matrixmodels.com/" "Mozilla/5.0 (Windows NT 10.0; Win64; x64) AppleWebKit/537.36 (KHTML, like Gecko) Chrome/140.0.0.0 Safari/537.36 Edg/140.0.0.0; 360Spider"
42.236.101.238 - - [26/Jan/2026:12:00:29 -0500] "GET /wp-content/themes/matrix-model/assets/css/owl.carousel.min.css HTTP/1.1" 404 260 "http://matrixmodels.com/" "Mozilla/5.0 (Windows NT 10.0; Win64; x64) AppleWebKit/537.36 (KHTML, like Gecko) Chrome/140.0.0.0 Safari/537.36 Edg/140.0.0.0; 360Spider"
42.236.101.238 - - [26/Jan/2026:12:00:29 -0500] "GET /wp-content/themes/matrix-model/assets/css/bootstrap_v4.3.1_min.css HTTP/1.1" 200 155712 "http://matrixmodels.com/" "Mozilla/5.0 (Windows NT 10.0; Win64; x64) AppleWebKit/537.36 (KHTML, like Gecko) Chrome/140.0.0.0 Safari/537.36 Edg/140.0.0.0; 360Spider"
64.59.72.148 - - [26/Jan/2026:12:01:22 -0500] "GET / HTTP/1.1" 200 4446 "-" "check_http/v2.4.9 (nagios-plugins 2.4.9)"
177.75.23.216 - - [26/Jan/2026:12:01:23 -0500] "GET /wp-content/plugins/yanierin/akc.php HTTP/1.1" 404 233 "-" "Mozlila/5.0 (Linux; Android 7.0; SM-G892A Bulid/NRD90M; wv) AppleWebKit/537.36 (KHTML, like Gecko) Version/4.0 Chrome/60.0.3112.107 Moblie Safari/537.36"
177.75.23.216 - - [26/Jan/2026:12:01:26 -0500] "GET /akc.php HTTP/1.1" 301 - "-" "Mozlila/5.0 (Linux; Android 7.0; SM-G892A Bulid/NRD90M; wv) AppleWebKit/537.36 (KHTML, like Gecko) Version/4.0 Chrome/60.0.3112.107 Moblie Safari/537.36"
177.75.23.216 - - [26/Jan/2026:12:01:35 -0500] "GET /akc.php HTTP/1.1" 404 8442 "-" "Mozlila/5.0 (Linux; Android 7.0; SM-G892A Bulid/NRD90M; wv) AppleWebKit/537.36 (KHTML, like Gecko) Version/4.0 Chrome/60.0.3112.107 Moblie Safari/537.36"
177.75.23.216 - - [26/Jan/2026:12:01:40 -0500] "GET /akp.php HTTP/1.1" 301 - "-" "Mozlila/5.0 (Linux; Android 7.0; SM-G892A Bulid/NRD90M; wv) AppleWebKit/537.36 (KHTML, like Gecko) Version/4.0 Chrome/60.0.3112.107 Moblie Safari/537.36"
177.75.23.216 - - [26/Jan/2026:12:01:41 -0500] "GET /akp.php HTTP/1.1" 404 8442 "-" "Mozlila/5.0 (Linux; Android 7.0; SM-G892A Bulid/NRD90M; wv) AppleWebKit/537.36 (KHTML, like Gecko) Version/4.0 Chrome/60.0.3112.107 Moblie Safari/537.36"
177.75.23.216 - - [26/Jan/2026:12:01:42 -0500] "GET /wp_wlx.php HTTP/1.1" 301 - "-" "Mozlila/5.0 (Linux; Android 7.0; SM-G892A Bulid/NRD90M; wv) AppleWebKit/537.36 (KHTML, like Gecko) Version/4.0 Chrome/60.0.3112.107 Moblie Safari/537.36"
177.75.23.216 - - [26/Jan/2026:12:01:45 -0500] "GET /wp_wlx.php HTTP/1.1" 404 8442 "-" "Mozlila/5.0 (Linux; Android 7.0; SM-G892A Bulid/NRD90M; wv) AppleWebKit/537.36 (KHTML, like Gecko) Version/4.0 Chrome/60.0.3112.107 Moblie Safari/537.36"
177.75.23.216 - - [26/Jan/2026:12:01:50 -0500] "GET /law.php HTTP/1.1" 301 - "-" "Mozlila/5.0 (Linux; Android 7.0; SM-G892A Bulid/NRD90M; wv) AppleWebKit/537.36 (KHTML, like Gecko) Version/4.0 Chrome/60.0.3112.107 Moblie Safari/537.36"
177.75.23.216 - - [26/Jan/2026:12:01:53 -0500] "GET /law.php HTTP/1.1" 404 8442 "-" "Mozlila/5.0 (Linux; Android 7.0; SM-G892A Bulid/NRD90M; wv) AppleWebKit/537.36 (KHTML, like Gecko) Version/4.0 Chrome/60.0.3112.107 Moblie Safari/537.36"
177.75.23.216 - - [26/Jan/2026:12:01:55 -0500] "GET /admin.php HTTP/1.1" 301 - "-" "Mozlila/5.0 (Linux; Android 7.0; SM-G892A Bulid/NRD90M; wv) AppleWebKit/537.36 (KHTML, like Gecko) Version/4.0 Chrome/60.0.3112.107 Moblie Safari/537.36"
177.75.23.216 - - [26/Jan/2026:12:01:58 -0500] "GET /admin.php HTTP/1.1" 404 8442 "-" "Mozlila/5.0 (Linux; Android 7.0; SM-G892A Bulid/NRD90M; wv) AppleWebKit/537.36 (KHTML, like Gecko) Version/4.0 Chrome/60.0.3112.107 Moblie Safari/537.36"
177.75.23.216 - - [26/Jan/2026:12:02:12 -0500] "GET /file52.php HTTP/1.1" 301 - "-" "Mozlila/5.0 (Linux; Android 7.0; SM-G892A Bulid/NRD90M; wv) AppleWebKit/537.36 (KHTML, like Gecko) Version/4.0 Chrome/60.0.3112.107 Moblie Safari/537.36"
74.206.165.145 - - [26/Jan/2026:12:02:36 -0500] "POST /wp-cron.php?doing_wp_cron=1769446956.9543631076812744140625 HTTP/1.1" 200 - "http://matrixmodels.com/wp-cron.php?doing_wp_cron=1769446956.9543631076812744140625" "WordPress/5.6.16; http://matrixmodels.com"
177.75.23.216 - - [26/Jan/2026:12:02:36 -0500] "GET /file52.php HTTP/1.1" 404 8442 "-" "Mozlila/5.0 (Linux; Android 7.0; SM-G892A Bulid/NRD90M; wv) AppleWebKit/537.36 (KHTML, like Gecko) Version/4.0 Chrome/60.0.3112.107 Moblie Safari/537.36"
177.75.23.216 - - [26/Jan/2026:12:02:42 -0500] "GET /alfa.php HTTP/1.1" 301 - "-" "Mozlila/5.0 (Linux; Android 7.0; SM-G892A Bulid/NRD90M; wv) AppleWebKit/537.36 (KHTML, like Gecko) Version/4.0 Chrome/60.0.3112.107 Moblie Safari/537.36"
177.75.23.216 - - [26/Jan/2026:12:02:45 -0500] "GET /alfa.php HTTP/1.1" 404 8442 "-" "Mozlila/5.0 (Linux; Android 7.0; SM-G892A Bulid/NRD90M; wv) AppleWebKit/537.36 (KHTML, like Gecko) Version/4.0 Chrome/60.0.3112.107 Moblie Safari/537.36"
177.75.23.216 - - [26/Jan/2026:12:02:48 -0500] "GET /NewFile.php HTTP/1.1" 301 - "-" "Mozlila/5.0 (Linux; Android 7.0; SM-G892A Bulid/NRD90M; wv) AppleWebKit/537.36 (KHTML, like Gecko) Version/4.0 Chrome/60.0.3112.107 Moblie Safari/537.36"
177.75.23.216 - - [26/Jan/2026:12:02:51 -0500] "GET /NewFile.php HTTP/1.1" 404 8442 "-" "Mozlila/5.0 (Linux; Android 7.0; SM-G892A Bulid/NRD90M; wv) AppleWebKit/537.36 (KHTML, like Gecko) Version/4.0 Chrome/60.0.3112.107 Moblie Safari/537.36"
177.75.23.216 - - [26/Jan/2026:12:02:53 -0500] "GET /about.php HTTP/1.1" 301 - "-" "Mozlila/5.0 (Linux; Android 7.0; SM-G892A Bulid/NRD90M; wv) AppleWebKit/537.36 (KHTML, like Gecko) Version/4.0 Chrome/60.0.3112.107 Moblie Safari/537.36"
177.75.23.216 - - [26/Jan/2026:12:02:55 -0500] "GET /about.php HTTP/1.1" 404 8442 "-" "Mozlila/5.0 (Linux; Android 7.0; SM-G892A Bulid/NRD90M; wv) AppleWebKit/537.36 (KHTML, like Gecko) Version/4.0 Chrome/60.0.3112.107 Moblie Safari/537.36"
177.75.23.216 - - [26/Jan/2026:12:03:06 -0500] "GET /edit-tags.php HTTP/1.1" 301 - "-" "Mozlila/5.0 (Linux; Android 7.0; SM-G892A Bulid/NRD90M; wv) AppleWebKit/537.36 (KHTML, like Gecko) Version/4.0 Chrome/60.0.3112.107 Moblie Safari/537.36"
177.75.23.216 - - [26/Jan/2026:12:03:12 -0500] "GET /edit-tags.php HTTP/1.1" 404 8442 "-" "Mozlila/5.0 (Linux; Android 7.0; SM-G892A Bulid/NRD90M; wv) AppleWebKit/537.36 (KHTML, like Gecko) Version/4.0 Chrome/60.0.3112.107 Moblie Safari/537.36"
177.75.23.216 - - [26/Jan/2026:12:03:18 -0500] "GET /file5.php HTTP/1.1" 301 - "-" "Mozlila/5.0 (Linux; Android 7.0; SM-G892A Bulid/NRD90M; wv) AppleWebKit/537.36 (KHTML, like Gecko) Version/4.0 Chrome/60.0.3112.107 Moblie Safari/537.36"
64.59.72.148 - - [26/Jan/2026:12:03:22 -0500] "GET / HTTP/1.1" 200 4446 "-" "check_http/v2.4.9 (nagios-plugins 2.4.9)"
177.75.23.216 - - [26/Jan/2026:12:03:25 -0500] "GET /file5.php HTTP/1.1" 404 8442 "-" "Mozlila/5.0 (Linux; Android 7.0; SM-G892A Bulid/NRD90M; wv) AppleWebKit/537.36 (KHTML, like Gecko) Version/4.0 Chrome/60.0.3112.107 Moblie Safari/537.36"
177.75.23.216 - - [26/Jan/2026:12:03:29 -0500] "GET /ava.php HTTP/1.1" 301 - "-" "Mozlila/5.0 (Linux; Android 7.0; SM-G892A Bulid/NRD90M; wv) AppleWebKit/537.36 (KHTML, like Gecko) Version/4.0 Chrome/60.0.3112.107 Moblie Safari/537.36"
177.75.23.216 - - [26/Jan/2026:12:03:31 -0500] "GET /ava.php HTTP/1.1" 404 8442 "-" "Mozlila/5.0 (Linux; Android 7.0; SM-G892A Bulid/NRD90M; wv) AppleWebKit/537.36 (KHTML, like Gecko) Version/4.0 Chrome/60.0.3112.107 Moblie Safari/537.36"
62.60.131.43 - - [26/Jan/2026:12:04:25 -0500] "POST /remote/logincheck HTTP/1.1" 404 8520 "-" "Mozilla/5.0 (Macintosh; Intel Mac OS X 10.15; rv:89.0) Gecko/20100101 Firefox/89.0"
188.166.35.151 - - [26/Jan/2026:12:04:38 -0500] "POST /wp-login.php HTTP/1.1" 200 7170 "-" "Mozilla/5.0"
64.59.72.148 - - [26/Jan/2026:12:05:22 -0500] "GET / HTTP/1.1" 200 4446 "-" "check_http/v2.4.9 (nagios-plugins 2.4.9)"
142.44.220.79 - - [26/Jan/2026:12:05:43 -0500] "GET /?dir=%2Fhome%2Fhttpd%2Fhtml%2Fmatrixmodels.com%2Fpublic_html&mode=copy&src=.htaccess.bak HTTP/1.1" 200 4465 "-" "Mozilla/5.0 (compatible; AhrefsBot/7.0; +http://ahrefs.com/robot/)"
109.41.49.123 - - [26/Jan/2026:12:07:11 -0500] "GET /wp-content/uploads/2018/07/23.jpg HTTP/1.1" 200 109732 "https://www.google.com/" "Mozilla/5.0 (Linux; Android 10; K) AppleWebKit/537.36 (KHTML, like Gecko) Chrome/144.0.0.0 Mobile Safari/537.36"
64.59.72.148 - - [26/Jan/2026:12:07:22 -0500] "GET / HTTP/1.1" 200 4446 "-" "check_http/v2.4.9 (nagios-plugins 2.4.9)"
87.178.94.143 - - [26/Jan/2026:12:07:58 -0500] "GET /wp-content/uploads/2015/12/JILLIAN-4.jpg HTTP/1.1" 200 101169 "https://www.google.com/" "Mozilla/5.0 (Linux; Android 13; SM-A336B Build/TP1A.220624.014; wv) AppleWebKit/537.36 (KHTML, like Gecko) Version/4.0 Chrome/143.0.7499.192 Mobile Safari/537.36 GoogleApp/17.0.4.ve.arm64"
109.41.49.123 - - [26/Jan/2026:12:07:59 -0500] "GET /wp-content/uploads/2018/07/27.jpg HTTP/1.1" 200 112846 "https://www.google.com/" "Mozilla/5.0 (Linux; Android 10; K) AppleWebKit/537.36 (KHTML, like Gecko) Chrome/144.0.0.0 Mobile Safari/537.36"
74.206.165.145 - - [26/Jan/2026:12:08:38 -0500] "POST /wp-cron.php?doing_wp_cron=1769447318.7986509799957275390625 HTTP/1.1" 200 - "http://matrixmodels.com/wp-cron.php?doing_wp_cron=1769447318.7986509799957275390625" "WordPress/5.6.16; http://matrixmodels.com"
34.66.127.186 - - [26/Jan/2026:12:08:38 -0500] "GET / HTTP/1.1" 200 4446 "-" "Mozilla/5.0 (Windows NT 10.0; Win64; x64) AppleWebKit/537.36 (KHTML, like Gecko) Chrome/78.0.3904.108 Safari/537.36"
34.66.127.186 - - [26/Jan/2026:12:08:38 -0500] "GET /?author=1 HTTP/1.1" 301 - "-" "Mozilla/5.0 (Windows NT 10.0; Win64; x64) AppleWebKit/537.36 (KHTML, like Gecko) Chrome/78.0.3904.108 Safari/537.36"
34.66.127.186 - - [26/Jan/2026:12:08:38 -0500] "GET / HTTP/1.1" 200 4446 "-" "Mozilla/5.0 (Windows NT 10.0; Win64; x64) AppleWebKit/537.36 (KHTML, like Gecko) Chrome/78.0.3904.108 Safari/537.36"
34.66.127.186 - - [26/Jan/2026:12:08:38 -0500] "GET /?author=2 HTTP/1.1" 404 8442 "-" "Mozilla/5.0 (Windows NT 10.0; Win64; x64) AppleWebKit/537.36 (KHTML, like Gecko) Chrome/78.0.3904.108 Safari/537.36"
34.66.127.186 - - [26/Jan/2026:12:08:38 -0500] "GET /?author=1 HTTP/1.1" 301 - "-" "Mozilla/5.0 (Windows NT 10.0; Win64; x64) AppleWebKit/537.36 (KHTML, like Gecko) Chrome/78.0.3904.108 Safari/537.36"
34.66.127.186 - - [26/Jan/2026:12:08:38 -0500] "GET /wp-json/wp/v2/users/ HTTP/1.1" 200 1186 "-" "Mozilla/5.0 (Windows NT 10.0; Win64; x64) AppleWebKit/537.36 (KHTML, like Gecko) Chrome/78.0.3904.108 Safari/537.36"
34.66.127.186 - - [26/Jan/2026:12:08:38 -0500] "GET /?author=2 HTTP/1.1" 404 8442 "-" "Mozilla/5.0 (Windows NT 10.0; Win64; x64) AppleWebKit/537.36 (KHTML, like Gecko) Chrome/78.0.3904.108 Safari/537.36"
34.66.127.186 - - [26/Jan/2026:12:08:38 -0500] "POST /xmlrpc.php HTTP/1.1" 403 6 "-" "Mozilla/5.0 (Windows NT 10.0; Win64; x64) AppleWebKit/537.36 (KHTML, like Gecko) Chrome/78.0.3904.108 Safari/537.36"
34.66.127.186 - - [26/Jan/2026:12:08:38 -0500] "GET /wp-json/wp/v2/users/ HTTP/1.1" 200 1186 "-" "Mozilla/5.0 (Windows NT 10.0; Win64; x64) AppleWebKit/537.36 (KHTML, like Gecko) Chrome/78.0.3904.108 Safari/537.36"
34.66.127.186 - - [26/Jan/2026:12:08:39 -0500] "POST /xmlrpc.php HTTP/1.1" 403 6 "-" "Mozilla/5.0 (Windows NT 10.0; Win64; x64) AppleWebKit/537.36 (KHTML, like Gecko) Chrome/78.0.3904.108 Safari/537.36"
34.66.127.186 - - [26/Jan/2026:12:08:39 -0500] "POST /xmlrpc.php HTTP/1.1" 403 6 "-" "Mozilla/5.0 (Windows NT 10.0; Win64; x64) AppleWebKit/537.36 (KHTML, like Gecko) Chrome/78.0.3904.108 Safari/537.36"
34.66.127.186 - - [26/Jan/2026:12:08:39 -0500] "POST /xmlrpc.php HTTP/1.1" 403 6 "-" "Mozilla/5.0 (Windows NT 10.0; Win64; x64) AppleWebKit/537.36 (KHTML, like Gecko) Chrome/78.0.3904.108 Safari/537.36"
2.58.56.164 - - [26/Jan/2026:12:09:16 -0500] "GET /wp-login.php HTTP/1.1" 200 6925 "www.google.com" "Mozilla/5.0 (Windows NT 10.0; Win64; x64) AppleWebKit/537.36 (KHTML, like Gecko) Chrome/91.0.4472.124 Safari/537.36"
2.58.56.164 - - [26/Jan/2026:12:09:17 -0500] "POST /wp-login.php HTTP/1.1" 302 - "https://www.matrixmodels.com/wp-admin/" "Mozilla/5.0 (Windows NT 10.0; Win64; x64) AppleWebKit/537.36 (KHTML, like Gecko) Chrome/91.0.4472.124 Safari/537.36"
2.58.56.164 - - [26/Jan/2026:12:09:18 -0500] "GET /wp-login.php?redirect_to=https%3A%2F%2Fwww.matrixmodels.com%2Fwp-admin%2F&action=confirm_admin_email&wp_lang=en_US HTTP/1.1" 302 - "https://www.matrixmodels.com/wp-admin/" "Mozilla/5.0 (Windows NT 10.0; Win64; x64) AppleWebKit/537.36 (KHTML, like Gecko) Chrome/91.0.4472.124 Safari/537.36"
2.58.56.164 - - [26/Jan/2026:12:09:18 -0500] "GET /wp-login.php HTTP/1.1" 200 6925 "https://www.matrixmodels.com/wp-admin/" "Mozilla/5.0 (Windows NT 10.0; Win64; x64) AppleWebKit/537.36 (KHTML, like Gecko) Chrome/91.0.4472.124 Safari/537.36"
2.58.56.164 - - [26/Jan/2026:12:09:19 -0500] "POST /wp-login.php HTTP/1.1" 200 7239 "https://www.matrixmodels.com/wp-admin/" "Mozilla/5.0 (Windows NT 10.0; Win64; x64) AppleWebKit/537.36 (KHTML, like Gecko) Chrome/91.0.4472.124 Safari/537.36"
2.58.56.164 - - [26/Jan/2026:12:09:19 -0500] "GET /wp-admin/ HTTP/1.1" 200 60522 "www.google.com" "Mozilla/5.0 (Windows NT 10.0; Win64; x64) AppleWebKit/537.36 (KHTML, like Gecko) Chrome/91.0.4472.124 Safari/537.36"
2.58.56.164 - - [26/Jan/2026:12:09:21 -0500] "GET /wp-admin/plugin-install.php?tab=upload HTTP/1.1" 200 33679 "www.google.com" "Mozilla/5.0 (Windows NT 10.0; Win64; x64) AppleWebKit/537.36 (KHTML, like Gecko) Chrome/91.0.4472.124 Safari/537.36"
64.59.72.148 - - [26/Jan/2026:12:09:22 -0500] "GET / HTTP/1.1" 200 4446 "-" "check_http/v2.4.9 (nagios-plugins 2.4.9)"
2.58.56.164 - - [26/Jan/2026:12:09:21 -0500] "POST /wp-admin/update.php?action=upload-plugin HTTP/1.1" 200 25359 "www.google.com" "Mozilla/5.0 (Windows NT 10.0; Win64; x64) AppleWebKit/537.36 (KHTML, like Gecko) Chrome/91.0.4472.124 Safari/537.36"
2.58.56.164 - - [26/Jan/2026:12:09:23 -0500] "GET /wp-content/plugins/vcfzmdh/index.php HTTP/1.1" 200 26369 "www.google.com" "Mozilla/5.0 (Windows NT 10.0; Win64; x64) AppleWebKit/537.36 (KHTML, like Gecko) Chrome/91.0.4472.124 Safari/537.36"
114.119.151.83 - - [26/Jan/2026:12:10:25 -0500] "GET /natalie-heart?dir=/ HTTP/1.1" 301 - "http://www.matrixmodels.com/natalie-heart" "Mozilla/5.0 (Linux; Android 7.0;) AppleWebKit/537.36 (KHTML, like Gecko) Mobile Safari/537.36 (compatible; PetalBot;+https://webmaster.petalsearch.com/site/petalbot)"
114.119.151.83 - - [26/Jan/2026:12:10:26 -0500] "GET /natalie-heart?dir=/ HTTP/1.1" 404 8442 "http://www.matrixmodels.com/natalie-heart" "Mozilla/5.0 (Linux; Android 7.0;) AppleWebKit/537.36 (KHTML, like Gecko) Mobile Safari/537.36 (compatible; PetalBot;+https://webmaster.petalsearch.com/site/petalbot)"
64.59.72.148 - - [26/Jan/2026:12:11:22 -0500] "GET / HTTP/1.1" 200 4446 "-" "check_http/v2.4.9 (nagios-plugins 2.4.9)"
51.161.37.187 - - [26/Jan/2026:12:12:21 -0500] "GET /feed/?attachment_id=217 HTTP/1.1" 200 753 "-" "Mozilla/5.0 (compatible; AhrefsBot/7.0; +http://ahrefs.com/robot/)"
87.121.84.30 - - [26/Jan/2026:12:13:13 -0500] "GET /admin/assets/jquery-file-upload/server/php/index.php?file=tf2rghf.jpg HTTP/1.1" 301 - "-" "ALittle Client"
64.59.72.148 - - [26/Jan/2026:12:13:22 -0500] "GET / HTTP/1.1" 200 4446 "-" "check_http/v2.4.9 (nagios-plugins 2.4.9)"
87.121.84.30 - - [26/Jan/2026:12:13:39 -0500] "GET /admin/assets/jquery-file-upload/server/php/?file=tf2rghf.jpg HTTP/1.1" 404 8442 "-" "ALittle Client"
66.249.70.128 - - [26/Jan/2026:12:15:06 -0500] "GET /otw-portfolio/hanna-hawthorne/ HTTP/1.1" 301 - "-" "Mozilla/5.0 (Linux; Android 6.0.1; Nexus 5X Build/MMB29P) AppleWebKit/537.36 (KHTML, like Gecko) Chrome/143.0.7499.192 Mobile Safari/537.36 (compatible; Googlebot/2.1; +http://www.google.com/bot.html)"
66.249.70.129 - - [26/Jan/2026:12:15:12 -0500] "GET /wp-content/themes/matrix-model/assets/css/owl.carousel.min.css HTTP/1.1" 404 260 "https://matrixmodels.com/" "Mozilla/5.0 (Linux; Android 6.0.1; Nexus 5X Build/MMB29P) AppleWebKit/537.36 (KHTML, like Gecko) Chrome/143.0.7499.192 Mobile Safari/537.36 (compatible; Googlebot/2.1; +http://www.google.com/bot.html)"
66.249.70.129 - - [26/Jan/2026:12:15:12 -0500] "GET /wp-content/themes/matrix-model/assets/css/owl.theme.default.min.css HTTP/1.1" 404 265 "https://matrixmodels.com/" "Mozilla/5.0 (Linux; Android 6.0.1; Nexus 5X Build/MMB29P) AppleWebKit/537.36 (KHTML, like Gecko) Chrome/143.0.7499.192 Mobile Safari/537.36 (compatible; Googlebot/2.1; +http://www.google.com/bot.html)"
64.59.72.148 - - [26/Jan/2026:12:15:22 -0500] "GET / HTTP/1.1" 200 4446 "-" "check_http/v2.4.9 (nagios-plugins 2.4.9)"
40.77.167.241 - - [26/Jan/2026:12:17:00 -0500] "GET /jouer-%C3%A0-la-roulette-pour-de-l-argent-r%C3%A9el/ HTTP/1.1" 404 8442 "-" "Mozilla/5.0 AppleWebKit/537.36 (KHTML, like Gecko; compatible; bingbot/2.0; +http://www.bing.com/bingbot.htm) Chrome/116.0.1938.76 Safari/537.36"
64.59.72.148 - - [26/Jan/2026:12:17:22 -0500] "GET / HTTP/1.1" 200 4446 "-" "check_http/v2.4.9 (nagios-plugins 2.4.9)"
45.124.27.137 - - [26/Jan/2026:12:17:28 -0500] "GET /wp-content/themes/digital-download/new.php HTTP/1.1" 200 69020 "-" "Mozilla/5.0 (Windows NT 10.0; Win64; x64) AppleWebKit/537.36 (KHTML, like Gecko) Chrome/143.0.0.0 Safari/537.36"
37.111.215.181 - - [26/Jan/2026:12:17:57 -0500] "GET /wp-content/plugins/vftuccg/index.php HTTP/1.1" 404 234 "-" "Mozilla/5.0 (Windows NT 10.0; Win64; x64) AppleWebKit/537.36 (KHTML, like Gecko) Chrome/144.0.0.0 Safari/537.36"
114.119.151.83 - - [26/Jan/2026:12:18:22 -0500] "GET /profile.php?id=794 HTTP/1.1" 301 - "https://eurobabeindex.com/sbandoindex/emilygrey.html" "Mozilla/5.0 (Linux; Android 7.0;) AppleWebKit/537.36 (KHTML, like Gecko) Mobile Safari/537.36 (compatible; PetalBot;+https://webmaster.petalsearch.com/site/petalbot)"
114.119.151.83 - - [26/Jan/2026:12:18:23 -0500] "GET /profile.php?id=794 HTTP/1.1" 404 8442 "https://eurobabeindex.com/sbandoindex/emilygrey.html" "Mozilla/5.0 (Linux; Android 7.0;) AppleWebKit/537.36 (KHTML, like Gecko) Mobile Safari/537.36 (compatible; PetalBot;+https://webmaster.petalsearch.com/site/petalbot)"
54.39.210.186 - - [26/Jan/2026:12:18:25 -0500] "GET /feed/?attachment_id=139 HTTP/1.1" 200 719 "-" "Mozilla/5.0 (compatible; AhrefsBot/7.0; +http://ahrefs.com/robot/)"
37.111.215.181 - - [26/Jan/2026:12:18:27 -0500] "-" 408 - "-" "-"
37.111.215.181 - - [26/Jan/2026:12:19:21 -0500] "GET /wp-content/plugins/vftuccg/index.php HTTP/1.1" 404 234 "-" "Mozilla/5.0 (Windows NT 10.0; Win64; x64) AppleWebKit/537.36 (KHTML, like Gecko) Chrome/144.0.0.0 Safari/537.36"
64.59.72.148 - - [26/Jan/2026:12:19:22 -0500] "GET / HTTP/1.1" 200 4446 "-" "check_http/v2.4.9 (nagios-plugins 2.4.9)"
193.43.135.25 - - [26/Jan/2026:12:20:15 -0500] "-" 408 - "-" "-"
143.255.104.232 - - [26/Jan/2026:12:20:22 -0500] "GET /wp-content/uploads/2019/04/006.jpg HTTP/1.1" 200 100758 "https://www.google.com/" "Mozilla/5.0 (Windows NT 10.0; Win64; x64) AppleWebKit/537.36 (KHTML, like Gecko) Chrome/144.0.0.0 Safari/537.36"
43.173.169.162 - - [26/Jan/2026:12:20:24 -0500] "GET /?dir=%2Fhome%2Fhttpd%2Fcgi-bin HTTP/1.1" 200 4446 "-" "Mozilla/5.0 (Windows NT 10.0; Win64; x64) AppleWebKit/537.36 (KHTML, like Gecko) Chrome/112.0.0.0 Safari/537.36"
43.173.178.141 - - [26/Jan/2026:12:20:25 -0500] "GET /wp-content/themes/matrix-model/assets/css/owl.theme.default.min.css HTTP/1.1" 404 265 "http://matrixmodels.com/?dir=%2Fhome%2Fhttpd%2Fcgi-bin" "Mozilla/5.0 (Windows NT 10.0; Win64; x64) AppleWebKit/537.36 (KHTML, like Gecko) Chrome/112.0.0.0 Safari/537.36"
43.173.177.40 - - [26/Jan/2026:12:20:25 -0500] "GET /wp-content/themes/matrix-model/assets/css/owl.carousel.min.css HTTP/1.1" 404 260 "http://matrixmodels.com/?dir=%2Fhome%2Fhttpd%2Fcgi-bin" "Mozilla/5.0 (Windows NT 10.0; Win64; x64) AppleWebKit/537.36 (KHTML, like Gecko) Chrome/112.0.0.0 Safari/537.36"
188.166.35.151 - - [26/Jan/2026:12:20:44 -0500] "POST /wp-login.php HTTP/1.1" 200 7170 "-" "Mozilla/5.0"
74.244.23.142 - - [26/Jan/2026:12:21:03 -0500] "GET / HTTP/1.1" 200 4465 "-" "Mozilla/5.0 (iPhone; CPU iPhone OS 18_7 like Mac OS X) AppleWebKit/605.1.15 (KHTML, like Gecko) Version/26.2 Mobile/15E148 Safari/604.1"
74.244.23.142 - - [26/Jan/2026:12:21:03 -0500] "GET /wp-content/themes/matrix-model/assets/css/bootstrap_v4.3.1_min.css HTTP/1.1" 200 155712 "https://matrixmodels.com/" "Mozilla/5.0 (iPhone; CPU iPhone OS 18_7 like Mac OS X) AppleWebKit/605.1.15 (KHTML, like Gecko) Version/26.2 Mobile/15E148 Safari/604.1"
74.244.23.142 - - [26/Jan/2026:12:21:03 -0500] "GET /wp-content/themes/matrix-model/assets/css/owl.theme.default.min.css HTTP/1.1" 404 265 "https://matrixmodels.com/" "Mozilla/5.0 (iPhone; CPU iPhone OS 18_7 like Mac OS X) AppleWebKit/605.1.15 (KHTML, like Gecko) Version/26.2 Mobile/15E148 Safari/604.1"
74.244.23.142 - - [26/Jan/2026:12:21:03 -0500] "GET /wp-content/themes/matrix-model/assets/css/aos.css HTTP/1.1" 200 26053 "https://matrixmodels.com/" "Mozilla/5.0 (iPhone; CPU iPhone OS 18_7 like Mac OS X) AppleWebKit/605.1.15 (KHTML, like Gecko) Version/26.2 Mobile/15E148 Safari/604.1"
74.244.23.142 - - [26/Jan/2026:12:21:03 -0500] "GET /wp-content/themes/matrix-model/assets/css/custom.css HTTP/1.1" 200 5229 "https://matrixmodels.com/" "Mozilla/5.0 (iPhone; CPU iPhone OS 18_7 like Mac OS X) AppleWebKit/605.1.15 (KHTML, like Gecko) Version/26.2 Mobile/15E148 Safari/604.1"
74.244.23.142 - - [26/Jan/2026:12:21:03 -0500] "GET /wp-content/themes/matrix-model/assets/css/owl.carousel.min.css HTTP/1.1" 404 260 "https://matrixmodels.com/" "Mozilla/5.0 (iPhone; CPU iPhone OS 18_7 like Mac OS X) AppleWebKit/605.1.15 (KHTML, like Gecko) Version/26.2 Mobile/15E148 Safari/604.1"
74.244.23.142 - - [26/Jan/2026:12:21:03 -0500] "GET /wp-content/themes/matrix-model/assets/css/animate.min.css HTTP/1.1" 200 52592 "https://matrixmodels.com/" "Mozilla/5.0 (iPhone; CPU iPhone OS 18_7 like Mac OS X) AppleWebKit/605.1.15 (KHTML, like Gecko) Version/26.2 Mobile/15E148 Safari/604.1"
74.244.23.142 - - [26/Jan/2026:12:21:04 -0500] "GET /wp-content/themes/matrix-model/assets/images/more/i-1.jpg HTTP/1.1" 200 39164 "https://matrixmodels.com/" "Mozilla/5.0 (iPhone; CPU iPhone OS 18_7 like Mac OS X) AppleWebKit/605.1.15 (KHTML, like Gecko) Version/26.2 Mobile/15E148 Safari/604.1"
74.244.23.142 - - [26/Jan/2026:12:21:04 -0500] "GET /wp-content/themes/matrix-model/assets/images/more/i-2.jpg HTTP/1.1" 200 44619 "https://matrixmodels.com/" "Mozilla/5.0 (iPhone; CPU iPhone OS 18_7 like Mac OS X) AppleWebKit/605.1.15 (KHTML, like Gecko) Version/26.2 Mobile/15E148 Safari/604.1"
74.244.23.142 - - [26/Jan/2026:12:21:04 -0500] "GET /wp-content/themes/matrix-model/assets/images/more/i-3.jpg HTTP/1.1" 200 36068 "https://matrixmodels.com/" "Mozilla/5.0 (iPhone; CPU iPhone OS 18_7 like Mac OS X) AppleWebKit/605.1.15 (KHTML, like Gecko) Version/26.2 Mobile/15E148 Safari/604.1"
74.244.23.142 - - [26/Jan/2026:12:21:04 -0500] "GET /wp-content/themes/matrix-model/assets/images/more/i-6.jpg HTTP/1.1" 200 39553 "https://matrixmodels.com/" "Mozilla/5.0 (iPhone; CPU iPhone OS 18_7 like Mac OS X) AppleWebKit/605.1.15 (KHTML, like Gecko) Version/26.2 Mobile/15E148 Safari/604.1"
74.244.23.142 - - [26/Jan/2026:12:21:04 -0500] "GET /wp-content/themes/matrix-model/assets/images/more/i-5.jpg HTTP/1.1" 200 35264 "https://matrixmodels.com/" "Mozilla/5.0 (iPhone; CPU iPhone OS 18_7 like Mac OS X) AppleWebKit/605.1.15 (KHTML, like Gecko) Version/26.2 Mobile/15E148 Safari/604.1"
74.244.23.142 - - [26/Jan/2026:12:21:04 -0500] "GET /wp-content/themes/matrix-model/assets/images/more/i-4.jpg HTTP/1.1" 200 28534 "https://matrixmodels.com/" "Mozilla/5.0 (iPhone; CPU iPhone OS 18_7 like Mac OS X) AppleWebKit/605.1.15 (KHTML, like Gecko) Version/26.2 Mobile/15E148 Safari/604.1"
74.244.23.142 - - [26/Jan/2026:12:21:04 -0500] "GET /wp-content/themes/matrix-model/assets/images/more/i-9.jpg HTTP/1.1" 200 39513 "https://matrixmodels.com/" "Mozilla/5.0 (iPhone; CPU iPhone OS 18_7 like Mac OS X) AppleWebKit/605.1.15 (KHTML, like Gecko) Version/26.2 Mobile/15E148 Safari/604.1"
74.244.23.142 - - [26/Jan/2026:12:21:04 -0500] "GET /wp-content/themes/matrix-model/assets/images/more/i-7.jpg HTTP/1.1" 200 35534 "https://matrixmodels.com/" "Mozilla/5.0 (iPhone; CPU iPhone OS 18_7 like Mac OS X) AppleWebKit/605.1.15 (KHTML, like Gecko) Version/26.2 Mobile/15E148 Safari/604.1"
74.244.23.142 - - [26/Jan/2026:12:21:04 -0500] "GET /wp-content/uploads/2021/07/logo.png HTTP/1.1" 200 181002 "https://matrixmodels.com/" "Mozilla/5.0 (iPhone; CPU iPhone OS 18_7 like Mac OS X) AppleWebKit/605.1.15 (KHTML, like Gecko) Version/26.2 Mobile/15E148 Safari/604.1"
74.244.23.142 - - [26/Jan/2026:12:21:04 -0500] "GET /wp-content/themes/matrix-model/assets/images/more/i-8.jpg HTTP/1.1" 200 31506 "https://matrixmodels.com/" "Mozilla/5.0 (iPhone; CPU iPhone OS 18_7 like Mac OS X) AppleWebKit/605.1.15 (KHTML, like Gecko) Version/26.2 Mobile/15E148 Safari/604.1"
74.244.23.142 - - [26/Jan/2026:12:21:04 -0500] "GET /wp-content/themes/matrix-model/assets/images/logo/favicon.png HTTP/1.1" 404 259 "https://matrixmodels.com/" "Mozilla/5.0 (iPhone; CPU iPhone OS 18_7 like Mac OS X) AppleWebKit/605.1.15 (KHTML, like Gecko) Version/26.2 Mobile/15E148 Safari/604.1"
74.244.23.142 - - [26/Jan/2026:12:21:06 -0500] "GET /our-models HTTP/1.1" 301 - "https://matrixmodels.com/" "Mozilla/5.0 (iPhone; CPU iPhone OS 18_7 like Mac OS X) AppleWebKit/605.1.15 (KHTML, like Gecko) Version/26.2 Mobile/15E148 Safari/604.1"
74.244.23.142 - - [26/Jan/2026:12:21:06 -0500] "GET /our-models/ HTTP/1.1" 200 7615 "https://matrixmodels.com/" "Mozilla/5.0 (iPhone; CPU iPhone OS 18_7 like Mac OS X) AppleWebKit/605.1.15 (KHTML, like Gecko) Version/26.2 Mobile/15E148 Safari/604.1"
74.244.23.142 - - [26/Jan/2026:12:21:07 -0500] "GET /wp-content/themes/matrix-model/style.css?ver=5.6.16 HTTP/1.1" 200 41969 "https://matrixmodels.com/our-models/" "Mozilla/5.0 (iPhone; CPU iPhone OS 18_7 like Mac OS X) AppleWebKit/605.1.15 (KHTML, like Gecko) Version/26.2 Mobile/15E148 Safari/604.1"
74.244.23.142 - - [26/Jan/2026:12:21:07 -0500] "GET /wp-includes/js/wp-emoji-release.min.js?ver=5.6.16 HTTP/1.1" 200 14229 "https://matrixmodels.com/our-models/" "Mozilla/5.0 (iPhone; CPU iPhone OS 18_7 like Mac OS X) AppleWebKit/605.1.15 (KHTML, like Gecko) Version/26.2 Mobile/15E148 Safari/604.1"
74.244.23.142 - - [26/Jan/2026:12:21:07 -0500] "GET /wp-includes/css/dist/block-library/style.min.css?ver=5.6.16 HTTP/1.1" 200 51338 "https://matrixmodels.com/our-models/" "Mozilla/5.0 (iPhone; CPU iPhone OS 18_7 like Mac OS X) AppleWebKit/605.1.15 (KHTML, like Gecko) Version/26.2 Mobile/15E148 Safari/604.1"
74.244.23.142 - - [26/Jan/2026:12:21:07 -0500] "GET /wp-includes/js/jquery/jquery-migrate.min.js?ver=3.3.2 HTTP/1.1" 200 11224 "https://matrixmodels.com/our-models/" "Mozilla/5.0 (iPhone; CPU iPhone OS 18_7 like Mac OS X) AppleWebKit/605.1.15 (KHTML, like Gecko) Version/26.2 Mobile/15E148 Safari/604.1"
74.244.23.142 - - [26/Jan/2026:12:21:07 -0500] "GET /wp-includes/js/jquery/jquery.min.js?ver=3.5.1 HTTP/1.1" 200 89496 "https://matrixmodels.com/our-models/" "Mozilla/5.0 (iPhone; CPU iPhone OS 18_7 like Mac OS X) AppleWebKit/605.1.15 (KHTML, like Gecko) Version/26.2 Mobile/15E148 Safari/604.1"
74.244.23.142 - - [26/Jan/2026:12:21:07 -0500] "GET /wp-content/themes/matrix-model/images/inner-logo.jpg HTTP/1.1" 200 8330 "https://matrixmodels.com/our-models/" "Mozilla/5.0 (iPhone; CPU iPhone OS 18_7 like Mac OS X) AppleWebKit/605.1.15 (KHTML, like Gecko) Version/26.2 Mobile/15E148 Safari/604.1"
74.244.23.142 - - [26/Jan/2026:12:21:07 -0500] "GET /favicon.ico HTTP/1.1" 200 43 "https://matrixmodels.com/our-models/" "Mozilla/5.0 (iPhone; CPU iPhone OS 18_7 like Mac OS X) AppleWebKit/605.1.15 (KHTML, like Gecko) Version/26.2 Mobile/15E148 Safari/604.1"
74.244.23.142 - - [26/Jan/2026:12:21:13 -0500] "GET / HTTP/1.1" 200 4465 "-" "Mozilla/5.0 (iPhone; CPU iPhone OS 18_7 like Mac OS X) AppleWebKit/605.1.15 (KHTML, like Gecko) Version/26.2 Mobile/15E148 Safari/604.1"
74.244.23.142 - - [26/Jan/2026:12:21:14 -0500] "GET /wp-content/themes/matrix-model/assets/css/owl.carousel.min.css HTTP/1.1" 404 260 "https://matrixmodels.com/" "Mozilla/5.0 (iPhone; CPU iPhone OS 18_7 like Mac OS X) AppleWebKit/605.1.15 (KHTML, like Gecko) Version/26.2 Mobile/15E148 Safari/604.1"
74.244.23.142 - - [26/Jan/2026:12:21:14 -0500] "GET /wp-content/themes/matrix-model/assets/css/owl.theme.default.min.css HTTP/1.1" 404 265 "https://matrixmodels.com/" "Mozilla/5.0 (iPhone; CPU iPhone OS 18_7 like Mac OS X) AppleWebKit/605.1.15 (KHTML, like Gecko) Version/26.2 Mobile/15E148 Safari/604.1"
64.59.72.148 - - [26/Jan/2026:12:21:22 -0500] "GET / HTTP/1.1" 200 4446 "-" "check_http/v2.4.9 (nagios-plugins 2.4.9)"
2.58.56.164 - - [26/Jan/2026:12:22:19 -0500] "GET /wp-login.php HTTP/1.1" 200 6925 "www.google.com" "Mozilla/5.0 (Windows NT 10.0; Win64; x64) AppleWebKit/537.36 (KHTML, like Gecko) Chrome/91.0.4472.124 Safari/537.36"
2.58.56.164 - - [26/Jan/2026:12:22:19 -0500] "POST /wp-login.php HTTP/1.1" 302 - "https://matrixmodels.com/wp-admin/" "Mozilla/5.0 (Windows NT 10.0; Win64; x64) AppleWebKit/537.36 (KHTML, like Gecko) Chrome/91.0.4472.124 Safari/537.36"
2.58.56.164 - - [26/Jan/2026:12:22:20 -0500] "GET /wp-login.php?redirect_to=https%3A%2F%2Fmatrixmodels.com%2Fwp-admin%2F&action=confirm_admin_email&wp_lang=en_US HTTP/1.1" 200 3486 "https://matrixmodels.com/wp-admin/" "Mozilla/5.0 (Windows NT 10.0; Win64; x64) AppleWebKit/537.36 (KHTML, like Gecko) Chrome/91.0.4472.124 Safari/537.36"
2.58.56.164 - - [26/Jan/2026:12:22:20 -0500] "GET /wp-admin/ HTTP/1.1" 200 60596 "www.google.com" "Mozilla/5.0 (Windows NT 10.0; Win64; x64) AppleWebKit/537.36 (KHTML, like Gecko) Chrome/91.0.4472.124 Safari/537.36"
2.58.56.164 - - [26/Jan/2026:12:22:21 -0500] "GET /wp-admin/plugin-install.php?tab=upload HTTP/1.1" 200 33752 "www.google.com" "Mozilla/5.0 (Windows NT 10.0; Win64; x64) AppleWebKit/537.36 (KHTML, like Gecko) Chrome/91.0.4472.124 Safari/537.36"
2.58.56.164 - - [26/Jan/2026:12:22:21 -0500] "POST /wp-admin/update.php?action=upload-plugin HTTP/1.1" 200 25301 "www.google.com" "Mozilla/5.0 (Windows NT 10.0; Win64; x64) AppleWebKit/537.36 (KHTML, like Gecko) Chrome/91.0.4472.124 Safari/537.36"
2.58.56.164 - - [26/Jan/2026:12:22:23 -0500] "GET /wp-content/plugins/xbizmkw/index.php HTTP/1.1" 200 26369 "www.google.com" "Mozilla/5.0 (Windows NT 10.0; Win64; x64) AppleWebKit/537.36 (KHTML, like Gecko) Chrome/91.0.4472.124 Safari/537.36"
64.59.72.148 - - [26/Jan/2026:12:23:22 -0500] "GET / HTTP/1.1" 200 4446 "-" "check_http/v2.4.9 (nagios-plugins 2.4.9)"
17.22.253.107 - - [26/Jan/2026:12:23:57 -0500] "GET /robots.txt HTTP/1.1" 200 116 "-" "Mozilla/5.0 (Macintosh; Intel Mac OS X 10_15_7) AppleWebKit/605.1.15 (KHTML, like Gecko) Version/17.4 Safari/605.1.15 (Applebot/0.1; +http://www.apple.com/go/applebot)"
17.22.253.107 - - [26/Jan/2026:12:23:58 -0500] "GET /revue-de-la-roulette-en-ligne/ HTTP/1.1" 404 8442 "-" "Mozilla/5.0 (Macintosh; Intel Mac OS X 10_15_7) AppleWebKit/605.1.15 (KHTML, like Gecko) Version/17.4 Safari/605.1.15 (Applebot/0.1; +http://www.apple.com/go/applebot)"
148.113.128.53 - - [26/Jan/2026:12:24:38 -0500] "GET /panduan-lengkap-main-di-jendelatoto/ HTTP/1.1" 404 8466 "-" "Mozilla/5.0 (compatible; AhrefsBot/7.0; +http://ahrefs.com/robot/)"
5.22.93.29 - - [26/Jan/2026:12:25:05 -0500] "-" 408 - "-" "-"
64.59.72.148 - - [26/Jan/2026:12:25:22 -0500] "GET / HTTP/1.1" 200 4446 "-" "check_http/v2.4.9 (nagios-plugins 2.4.9)"
158.220.122.128 - - [26/Jan/2026:12:26:03 -0500] "POST /wp-content/plugins/wsecure/wsecure-config.php HTTP/1.1" 403 6 "-" "Mozilla/5.0 (X11; Linux x86_64) AppleWebKit/537.36 (KHTML, like Gecko) Chrome/121.0.0.0 Safari/537.36"
158.220.122.128 - - [26/Jan/2026:12:26:03 -0500] "GET / HTTP/1.1" 200 4446 "-" "Mozilla/5.0 (Windows NT 10.0; Win64; x64; WebView/3.0) AppleWebKit/537.36 (KHTML, like Gecko) Chrome/70.0.3538.102 Safari/537.36 Edge/18.18363"
159.65.24.22 - - [26/Jan/2026:12:26:25 -0500] "GET / HTTP/1.1" 200 4446 "-" "Mozilla/5.0 (Windows NT 10.0; Win64; x64) AppleWebKit/537.36 (KHTML, like Gecko) Chrome/124.0.0.0 Safari/537.36"
159.65.24.22 - - [26/Jan/2026:12:26:26 -0500] "GET /our-models HTTP/1.1" 301 - "-" "Mozilla/5.0 (Windows NT 10.0; Win64; x64) AppleWebKit/537.36 (KHTML, like Gecko) Chrome/124.0.0.0 Safari/537.36"
159.65.24.22 - - [26/Jan/2026:12:26:27 -0500] "GET /our-models/ HTTP/1.1" 200 7587 "-" "Mozilla/5.0 (Windows NT 10.0; Win64; x64) AppleWebKit/537.36 (KHTML, like Gecko) Chrome/124.0.0.0 Safari/537.36"
159.65.24.22 - - [26/Jan/2026:12:26:28 -0500] "GET /about-matrix-models/ HTTP/1.1" 200 10323 "-" "Mozilla/5.0 (Windows NT 10.0; Win64; x64) AppleWebKit/537.36 (KHTML, like Gecko) Chrome/124.0.0.0 Safari/537.36"
159.65.24.22 - - [26/Jan/2026:12:26:28 -0500] "GET /blog/ HTTP/1.1" 200 18565 "-" "Mozilla/5.0 (Windows NT 10.0; Win64; x64) AppleWebKit/537.36 (KHTML, like Gecko) Chrome/124.0.0.0 Safari/537.36"
159.65.24.22 - - [26/Jan/2026:12:26:29 -0500] "GET /category/uncategorized/ HTTP/1.1" 200 16558 "-" "Mozilla/5.0 (Windows NT 10.0; Win64; x64) AppleWebKit/537.36 (KHTML, like Gecko) Chrome/124.0.0.0 Safari/537.36"
159.65.24.22 - - [26/Jan/2026:12:26:30 -0500] "GET /author/auditwpmedia/ HTTP/1.1" 200 17260 "-" "Mozilla/5.0 (Windows NT 10.0; Win64; x64) AppleWebKit/537.36 (KHTML, like Gecko) Chrome/124.0.0.0 Safari/537.36"
159.65.24.22 - - [26/Jan/2026:12:26:31 -0500] "GET /togel-digital-era-explained-2/ HTTP/1.1" 200 12727 "-" "Mozilla/5.0 (Windows NT 10.0; Win64; x64) AppleWebKit/537.36 (KHTML, like Gecko) Chrome/124.0.0.0 Safari/537.36"
64.59.72.148 - - [26/Jan/2026:12:27:22 -0500] "GET / HTTP/1.1" 200 4446 "-" "check_http/v2.4.9 (nagios-plugins 2.4.9)"
40.77.167.32 - - [26/Jan/2026:12:28:16 -0500] "GET /r%C3%A9sultats-k%C3%A9no/ HTTP/1.1" 404 8442 "-" "Mozilla/5.0 AppleWebKit/537.36 (KHTML, like Gecko; compatible; bingbot/2.0; +http://www.bing.com/bingbot.htm) Chrome/116.0.1938.76 Safari/537.36"
64.59.72.148 - - [26/Jan/2026:12:29:22 -0500] "GET / HTTP/1.1" 200 4446 "-" "check_http/v2.4.9 (nagios-plugins 2.4.9)"
51.161.65.181 - - [26/Jan/2026:12:30:34 -0500] "GET /wp-comments-post.php HTTP/1.1" 405 - "-" "Mozilla/5.0 (compatible; AhrefsBot/7.0; +http://ahrefs.com/robot/)"
17.246.23.215 - - [26/Jan/2026:12:31:03 -0500] "GET /robots.txt HTTP/1.1" 200 116 "-" "Mozilla/5.0 (Macintosh; Intel Mac OS X 10_15_7) AppleWebKit/605.1.15 (KHTML, like Gecko) Version/17.4 Safari/605.1.15 (Applebot/0.1; +http://www.apple.com/go/applebot)"
17.246.23.215 - - [26/Jan/2026:12:31:03 -0500] "GET /r%C3%A9sultats-du-keno-de-ce-soir-s-il-vous-pla%C3%AEt/ HTTP/1.1" 404 8442 "-" "Mozilla/5.0 (Macintosh; Intel Mac OS X 10_15_7) AppleWebKit/605.1.15 (KHTML, like Gecko) Version/17.4 Safari/605.1.15 (Applebot/0.1; +http://www.apple.com/go/applebot)"
158.220.122.128 - - [26/Jan/2026:12:31:14 -0500] "POST /boardDataWW.php HTTP/1.1" 404 8442 "-" "Mozilla/5.0 (X11; Linux x86_64; rv:12.0) Gecko/20100101 Firefox/12.0"
64.59.72.148 - - [26/Jan/2026:12:31:22 -0500] "GET / HTTP/1.1" 200 4446 "-" "check_http/v2.4.9 (nagios-plugins 2.4.9)"
174.224.93.98 - - [26/Jan/2026:12:32:18 -0500] "GET /wp-content/uploads/2018/08/HANNA11.jpg HTTP/1.1" 200 101688 "https://www.google.com/" "Mozilla/5.0 (Linux; Android 10; K) AppleWebKit/537.36 (KHTML, like Gecko) Chrome/144.0.0.0 Mobile Safari/537.36"
44.212.38.157 - - [26/Jan/2026:12:32:53 -0500] "GET / HTTP/1.1" 301 - "-" "Mozilla/5.0 (Windows NT 10.0; Win64; x64) AppleWebKit/537.36 (KHTML, like Gecko) Chrome/136.0.0.0 Safari/537.36"
98.94.49.146 - - [26/Jan/2026:12:32:54 -0500] "GET /robots.txt HTTP/1.1" 200 117 "-" "Mozilla/5.0 (Windows NT 10.0; Win64; x64) AppleWebKit/537.36 (KHTML, like Gecko) Chrome/136.0.0.0 Safari/537.36"
174.224.93.98 - - [26/Jan/2026:12:32:56 -0500] "-" 408 - "-" "-"
64.59.72.148 - - [26/Jan/2026:12:33:22 -0500] "GET / HTTP/1.1" 200 4446 "-" "check_http/v2.4.9 (nagios-plugins 2.4.9)"
158.220.122.128 - - [26/Jan/2026:12:33:35 -0500] "GET / HTTP/1.1" 200 4446 "-" "Mozilla/5.0 (Macintosh; Intel Mac OS X 10_15_6) AppleWebKit/605.1.15 (KHTML, like Gecko) Version/15.0 Safari/605.1.15"
158.220.122.128 - - [26/Jan/2026:12:33:35 -0500] "GET / HTTP/1.1" 200 4446 "-" "Mozilla/5.0 (Knoppix; Linux x86_64) AppleWebKit/537.36 (KHTML, like Gecko) Chrome/129.0.0.0 Safari/537.36"
44.223.21.182 - - [26/Jan/2026:12:33:37 -0500] "GET /favicon.ico HTTP/1.1" 200 43 "-" "Mozilla/5.0 (Windows NT 10.0; Win64; x64) AppleWebKit/537.36 (KHTML, like Gecko) Chrome/136.0.0.0 Safari/537.36"
64.59.72.148 - - [26/Jan/2026:12:35:22 -0500] "GET / HTTP/1.1" 200 4446 "-" "check_http/v2.4.9 (nagios-plugins 2.4.9)"
