80.97.160.132 - - [27/Jan/2026:01:46:42 -0500] "GET /wp-content/themes/digital-download/new.php HTTP/1.1" 200 69019 "https://matrixmodels.com/wp-content/themes/digital-download/new.php" "Mozilla/5.0 (Windows NT 10.0; Win64; x64) AppleWebKit/537.36 (KHTML, like Gecko) Chrome/58.0.3029.110 Safari/537.3"
80.97.160.132 - - [27/Jan/2026:01:46:45 -0500] "POST /wp-content/themes/digital-download/new.php HTTP/1.1" 403 6 "https://matrixmodels.com/wp-content/themes/digital-download/new.php" "Mozilla/5.0 (Windows NT 10.0; Win64; x64) AppleWebKit/537.36 (KHTML, like Gecko) Chrome/58.0.3029.110 Safari/537.3"
80.97.160.132 - - [27/Jan/2026:01:46:46 -0500] "POST /wp-content/themes/digital-download/new.php HTTP/1.1" 403 6 "https://matrixmodels.com/wp-content/themes/digital-download/new.php" "Mozilla/5.0 (Windows NT 10.0; Win64; x64) AppleWebKit/537.36 (KHTML, like Gecko) Chrome/58.0.3029.110 Safari/537.3"
80.97.160.132 - - [27/Jan/2026:01:46:48 -0500] "GET /wp-content/themes/digital-download/ex.php HTTP/1.1" 404 239 "https://matrixmodels.com/wp-content/themes/digital-download/ex.php" "Mozilla/5.0 (Windows NT 10.0; Win64; x64) AppleWebKit/537.36 (KHTML, like Gecko) Chrome/58.0.3029.110 Safari/537.3"
80.97.160.132 - - [27/Jan/2026:01:46:49 -0500] "POST /wp-content/themes/digital-download/new.php HTTP/1.1" 403 6 "https://matrixmodels.com/wp-content/themes/digital-download/new.php" "Mozilla/5.0 (Windows NT 10.0; Win64; x64) AppleWebKit/537.36 (KHTML, like Gecko) Chrome/58.0.3029.110 Safari/537.3"
80.97.160.132 - - [27/Jan/2026:01:46:49 -0500] "GET /wp-content/themes/digital-download/radio.php HTTP/1.1" 404 242 "https://matrixmodels.com/wp-content/themes/digital-download/radio.php" "Mozilla/5.0 (Windows NT 10.0; Win64; x64) AppleWebKit/537.36 (KHTML, like Gecko) Chrome/58.0.3029.110 Safari/537.3"
80.97.160.132 - - [27/Jan/2026:01:46:50 -0500] "POST /wp-content/themes/digital-download/new.php HTTP/1.1" 403 6 "https://matrixmodels.com/wp-content/themes/digital-download/new.php" "Mozilla/5.0 (Windows NT 10.0; Win64; x64) AppleWebKit/537.36 (KHTML, like Gecko) Chrome/58.0.3029.110 Safari/537.3"
80.97.160.132 - - [27/Jan/2026:01:46:51 -0500] "GET /wp-content/themes/digital-download/inputs.php HTTP/1.1" 404 243 "https://matrixmodels.com/wp-content/themes/digital-download/inputs.php" "Mozilla/5.0 (Windows NT 10.0; Win64; x64) AppleWebKit/537.36 (KHTML, like Gecko) Chrome/58.0.3029.110 Safari/537.3"
80.97.160.132 - - [27/Jan/2026:01:46:52 -0500] "POST /wp-content/themes/digital-download/new.php HTTP/1.1" 403 6 "https://matrixmodels.com/wp-content/themes/digital-download/new.php" "Mozilla/5.0 (Windows NT 10.0; Win64; x64) AppleWebKit/537.36 (KHTML, like Gecko) Chrome/58.0.3029.110 Safari/537.3"
80.97.160.132 - - [27/Jan/2026:01:46:53 -0500] "GET /wp-content/themes/digital-download/about.php HTTP/1.1" 404 242 "https://matrixmodels.com/wp-content/themes/digital-download/about.php" "Mozilla/5.0 (Windows NT 10.0; Win64; x64) AppleWebKit/537.36 (KHTML, like Gecko) Chrome/58.0.3029.110 Safari/537.3"
80.97.160.132 - - [27/Jan/2026:01:46:53 -0500] "POST /wp-content/themes/digital-download/new.php HTTP/1.1" 403 6 "https://matrixmodels.com/wp-content/themes/digital-download/new.php" "Mozilla/5.0 (Windows NT 10.0; Win64; x64) AppleWebKit/537.36 (KHTML, like Gecko) Chrome/58.0.3029.110 Safari/537.3"
80.97.160.132 - - [27/Jan/2026:01:46:54 -0500] "GET /wp-content/themes/digital-download/pages.php HTTP/1.1" 404 242 "https://matrixmodels.com/wp-content/themes/digital-download/pages.php" "Mozilla/5.0 (Windows NT 10.0; Win64; x64) AppleWebKit/537.36 (KHTML, like Gecko) Chrome/58.0.3029.110 Safari/537.3"
80.97.160.132 - - [27/Jan/2026:01:46:55 -0500] "POST /wp-content/themes/digital-download/new.php HTTP/1.1" 403 6 "https://matrixmodels.com/wp-content/themes/digital-download/new.php" "Mozilla/5.0 (Windows NT 10.0; Win64; x64) AppleWebKit/537.36 (KHTML, like Gecko) Chrome/58.0.3029.110 Safari/537.3"
80.97.160.132 - - [27/Jan/2026:01:46:56 -0500] "GET /wp-content/themes/digital-download/wp-login.php HTTP/1.1" 404 245 "https://matrixmodels.com/wp-content/themes/digital-download/wp-login.php" "Mozilla/5.0 (Windows NT 10.0; Win64; x64) AppleWebKit/537.36 (KHTML, like Gecko) Chrome/58.0.3029.110 Safari/537.3"
64.59.72.148 - - [27/Jan/2026:01:47:22 -0500] "GET / HTTP/1.1" 200 4446 "-" "check_http/v2.4.9 (nagios-plugins 2.4.9)"
36.250.220.132 - - [27/Jan/2026:01:47:59 -0500] "GET /.well-known/matrix/client HTTP/1.1" 500 535 "-" "Mozilla/5.0 (Windows NT 10.0; Win64; x64) AppleWebKit/537.36 (KHTML, like Gecko) Chrome/87.0.4280.88 Safari/537.36"
52.167.144.225 - - [27/Jan/2026:01:48:03 -0500] "GET /meilleures-machines-%C3%A0-sous-%C3%A0-parler/ HTTP/1.1" 404 8442 "-" "Mozilla/5.0 AppleWebKit/537.36 (KHTML, like Gecko; compatible; bingbot/2.0; +http://www.bing.com/bingbot.htm) Chrome/116.0.1938.76 Safari/537.36"
89.109.46.231 - - [27/Jan/2026:01:48:15 -0500] "GET /wp-content/uploads/2022/03/DSC_6672.jpg HTTP/1.1" 200 247945 "https://yandex.ru/images/search?tmpl_version=releases-frontend-images-v1.1703.0__7d090cb2d4d9823803190509a95d03c049893005&cbir_id=2400088%2F2qjr1shQSnNmjkK4iLHEsg6021&cbir_page=similar&cbird=188&rpt=imageview&url=https%3A%2F%2Favatars.mds.yandex.net%2Fget-images-cbir%2F2400088%2F2qjr1shQSnNmjkK4iLHEsg6021%2Forig" "Mozilla/5.0 (Windows NT 6.1; Win64; x64) AppleWebKit/537.36 (KHTML, like Gecko) Chrome/103.0.0.0 Safari/537.36"
89.109.46.231 - - [27/Jan/2026:01:48:45 -0500] "-" 408 - "-" "-"
64.59.72.148 - - [27/Jan/2026:01:49:22 -0500] "GET / HTTP/1.1" 200 4446 "-" "check_http/v2.4.9 (nagios-plugins 2.4.9)"
52.167.144.225 - - [27/Jan/2026:01:49:43 -0500] "GET /blackjack-21-mise/ HTTP/1.1" 404 8442 "-" "Mozilla/5.0 AppleWebKit/537.36 (KHTML, like Gecko; compatible; bingbot/2.0; +http://www.bing.com/bingbot.htm) Chrome/116.0.1938.76 Safari/537.36"
142.44.220.115 - - [27/Jan/2026:01:50:23 -0500] "GET /otw-portfolio/athena-palomino/?dir=%2Fhome%2Fhttpd%2Fhtml%2Fmatrixmodels.com HTTP/1.1" 301 - "-" "Mozilla/5.0 (compatible; AhrefsBot/7.0; +http://ahrefs.com/robot/)"
64.59.72.148 - - [27/Jan/2026:01:51:22 -0500] "GET / HTTP/1.1" 200 4446 "-" "check_http/v2.4.9 (nagios-plugins 2.4.9)"
66.249.70.135 - - [27/Jan/2026:01:52:02 -0500] "GET /?p=2978 HTTP/1.1" 404 8442 "-" "Mozilla/5.0 (Linux; Android 6.0.1; Nexus 5X Build/MMB29P) AppleWebKit/537.36 (KHTML, like Gecko) Chrome/143.0.7499.192 Mobile Safari/537.36 (compatible; Googlebot/2.1; +http://www.google.com/bot.html)"
42.1.104.210 - - [27/Jan/2026:01:52:32 -0500] "GET / HTTP/1.1" 200 4446 "https://www.google.com/url?q=http://matrixmodels.com/&sa=U&sqi=2&ved=2ahUKEwj-tsSJkauSAxVgyDgGHRvQCTIQFnoECCQQAQ&zccpm=epi&usg=AOvVaw2OohtcYa_uokLVC79wF8_W" "Mozilla/5.0 (iPhone; CPU iPhone OS 26_2_0 like Mac OS X) AppleWebKit/605.1.15 (KHTML, like Gecko) GSA/404.0.856692123 Mobile/15E148 Safari/604.1"
42.1.104.210 - - [27/Jan/2026:01:52:33 -0500] "GET /wp-content/themes/matrix-model/assets/css/owl.carousel.min.css HTTP/1.1" 404 260 "http://matrixmodels.com/" "Mozilla/5.0 (iPhone; CPU iPhone OS 26_2_0 like Mac OS X) AppleWebKit/605.1.15 (KHTML, like Gecko) GSA/404.0.856692123 Mobile/15E148 Safari/604.1"
42.1.104.210 - - [27/Jan/2026:01:52:33 -0500] "GET /wp-content/themes/matrix-model/assets/css/aos.css HTTP/1.1" 200 26053 "http://matrixmodels.com/" "Mozilla/5.0 (iPhone; CPU iPhone OS 26_2_0 like Mac OS X) AppleWebKit/605.1.15 (KHTML, like Gecko) GSA/404.0.856692123 Mobile/15E148 Safari/604.1"
42.1.104.210 - - [27/Jan/2026:01:52:33 -0500] "GET /wp-content/themes/matrix-model/assets/css/animate.min.css HTTP/1.1" 200 52592 "http://matrixmodels.com/" "Mozilla/5.0 (iPhone; CPU iPhone OS 26_2_0 like Mac OS X) AppleWebKit/605.1.15 (KHTML, like Gecko) GSA/404.0.856692123 Mobile/15E148 Safari/604.1"
42.1.104.210 - - [27/Jan/2026:01:52:33 -0500] "GET /wp-content/themes/matrix-model/assets/css/owl.theme.default.min.css HTTP/1.1" 404 265 "http://matrixmodels.com/" "Mozilla/5.0 (iPhone; CPU iPhone OS 26_2_0 like Mac OS X) AppleWebKit/605.1.15 (KHTML, like Gecko) GSA/404.0.856692123 Mobile/15E148 Safari/604.1"
42.1.104.210 - - [27/Jan/2026:01:52:33 -0500] "GET /wp-content/themes/matrix-model/assets/css/bootstrap_v4.3.1_min.css HTTP/1.1" 200 155712 "http://matrixmodels.com/" "Mozilla/5.0 (iPhone; CPU iPhone OS 26_2_0 like Mac OS X) AppleWebKit/605.1.15 (KHTML, like Gecko) GSA/404.0.856692123 Mobile/15E148 Safari/604.1"
42.1.104.210 - - [27/Jan/2026:01:52:34 -0500] "GET /wp-content/themes/matrix-model/assets/css/custom.css HTTP/1.1" 200 5229 "http://matrixmodels.com/" "Mozilla/5.0 (iPhone; CPU iPhone OS 26_2_0 like Mac OS X) AppleWebKit/605.1.15 (KHTML, like Gecko) GSA/404.0.856692123 Mobile/15E148 Safari/604.1"
42.1.104.210 - - [27/Jan/2026:01:52:35 -0500] "GET /wp-content/themes/matrix-model/assets/images/more/i-1.jpg HTTP/1.1" 200 39164 "http://matrixmodels.com/" "Mozilla/5.0 (iPhone; CPU iPhone OS 26_2_0 like Mac OS X) AppleWebKit/605.1.15 (KHTML, like Gecko) GSA/404.0.856692123 Mobile/15E148 Safari/604.1"
42.1.104.210 - - [27/Jan/2026:01:52:36 -0500] "GET /wp-content/themes/matrix-model/assets/images/more/i-2.jpg HTTP/1.1" 200 44619 "http://matrixmodels.com/" "Mozilla/5.0 (iPhone; CPU iPhone OS 26_2_0 like Mac OS X) AppleWebKit/605.1.15 (KHTML, like Gecko) GSA/404.0.856692123 Mobile/15E148 Safari/604.1"
42.1.104.210 - - [27/Jan/2026:01:52:36 -0500] "GET /wp-content/themes/matrix-model/assets/images/more/i-3.jpg HTTP/1.1" 200 36068 "http://matrixmodels.com/" "Mozilla/5.0 (iPhone; CPU iPhone OS 26_2_0 like Mac OS X) AppleWebKit/605.1.15 (KHTML, like Gecko) GSA/404.0.856692123 Mobile/15E148 Safari/604.1"
42.1.104.210 - - [27/Jan/2026:01:52:37 -0500] "GET /wp-content/themes/matrix-model/assets/images/more/i-9.jpg HTTP/1.1" 200 39513 "http://matrixmodels.com/" "Mozilla/5.0 (iPhone; CPU iPhone OS 26_2_0 like Mac OS X) AppleWebKit/605.1.15 (KHTML, like Gecko) GSA/404.0.856692123 Mobile/15E148 Safari/604.1"
42.1.104.210 - - [27/Jan/2026:01:52:37 -0500] "GET /wp-content/themes/matrix-model/assets/images/more/i-6.jpg HTTP/1.1" 200 39553 "http://matrixmodels.com/" "Mozilla/5.0 (iPhone; CPU iPhone OS 26_2_0 like Mac OS X) AppleWebKit/605.1.15 (KHTML, like Gecko) GSA/404.0.856692123 Mobile/15E148 Safari/604.1"
42.1.104.210 - - [27/Jan/2026:01:52:37 -0500] "GET /wp-content/themes/matrix-model/assets/images/more/i-5.jpg HTTP/1.1" 200 35264 "http://matrixmodels.com/" "Mozilla/5.0 (iPhone; CPU iPhone OS 26_2_0 like Mac OS X) AppleWebKit/605.1.15 (KHTML, like Gecko) GSA/404.0.856692123 Mobile/15E148 Safari/604.1"
42.1.104.210 - - [27/Jan/2026:01:52:37 -0500] "GET /wp-content/themes/matrix-model/assets/images/more/i-7.jpg HTTP/1.1" 200 35534 "http://matrixmodels.com/" "Mozilla/5.0 (iPhone; CPU iPhone OS 26_2_0 like Mac OS X) AppleWebKit/605.1.15 (KHTML, like Gecko) GSA/404.0.856692123 Mobile/15E148 Safari/604.1"
42.1.104.210 - - [27/Jan/2026:01:52:37 -0500] "GET /wp-content/themes/matrix-model/assets/images/more/i-8.jpg HTTP/1.1" 200 31506 "http://matrixmodels.com/" "Mozilla/5.0 (iPhone; CPU iPhone OS 26_2_0 like Mac OS X) AppleWebKit/605.1.15 (KHTML, like Gecko) GSA/404.0.856692123 Mobile/15E148 Safari/604.1"
42.1.104.210 - - [27/Jan/2026:01:52:37 -0500] "GET /wp-content/uploads/2021/07/logo.png HTTP/1.1" 200 181002 "http://matrixmodels.com/" "Mozilla/5.0 (iPhone; CPU iPhone OS 26_2_0 like Mac OS X) AppleWebKit/605.1.15 (KHTML, like Gecko) GSA/404.0.856692123 Mobile/15E148 Safari/604.1"
42.1.104.210 - - [27/Jan/2026:01:52:38 -0500] "GET /wp-content/themes/matrix-model/assets/images/more/i-4.jpg HTTP/1.1" 200 28534 "http://matrixmodels.com/" "Mozilla/5.0 (iPhone; CPU iPhone OS 26_2_0 like Mac OS X) AppleWebKit/605.1.15 (KHTML, like Gecko) GSA/404.0.856692123 Mobile/15E148 Safari/604.1"
42.1.104.210 - - [27/Jan/2026:01:52:43 -0500] "GET /our-models HTTP/1.1" 301 - "http://matrixmodels.com/" "Mozilla/5.0 (iPhone; CPU iPhone OS 26_2_0 like Mac OS X) AppleWebKit/605.1.15 (KHTML, like Gecko) GSA/404.0.856692123 Mobile/15E148 Safari/604.1"
42.1.104.210 - - [27/Jan/2026:01:52:44 -0500] "GET /our-models/ HTTP/1.1" 200 7587 "http://matrixmodels.com/" "Mozilla/5.0 (iPhone; CPU iPhone OS 26_2_0 like Mac OS X) AppleWebKit/605.1.15 (KHTML, like Gecko) GSA/404.0.856692123 Mobile/15E148 Safari/604.1"
42.1.104.210 - - [27/Jan/2026:01:52:44 -0500] "GET /wp-includes/js/wp-emoji-release.min.js?ver=5.6.16 HTTP/1.1" 200 14229 "http://matrixmodels.com/our-models/" "Mozilla/5.0 (iPhone; CPU iPhone OS 26_2_0 like Mac OS X) AppleWebKit/605.1.15 (KHTML, like Gecko) GSA/404.0.856692123 Mobile/15E148 Safari/604.1"
42.1.104.210 - - [27/Jan/2026:01:52:44 -0500] "GET /wp-includes/css/dist/block-library/style.min.css?ver=5.6.16 HTTP/1.1" 200 51338 "http://matrixmodels.com/our-models/" "Mozilla/5.0 (iPhone; CPU iPhone OS 26_2_0 like Mac OS X) AppleWebKit/605.1.15 (KHTML, like Gecko) GSA/404.0.856692123 Mobile/15E148 Safari/604.1"
42.1.104.210 - - [27/Jan/2026:01:52:44 -0500] "GET /wp-content/themes/matrix-model/style.css?ver=5.6.16 HTTP/1.1" 200 41969 "http://matrixmodels.com/our-models/" "Mozilla/5.0 (iPhone; CPU iPhone OS 26_2_0 like Mac OS X) AppleWebKit/605.1.15 (KHTML, like Gecko) GSA/404.0.856692123 Mobile/15E148 Safari/604.1"
42.1.104.210 - - [27/Jan/2026:01:52:44 -0500] "GET /wp-includes/js/jquery/jquery-migrate.min.js?ver=3.3.2 HTTP/1.1" 200 11224 "http://matrixmodels.com/our-models/" "Mozilla/5.0 (iPhone; CPU iPhone OS 26_2_0 like Mac OS X) AppleWebKit/605.1.15 (KHTML, like Gecko) GSA/404.0.856692123 Mobile/15E148 Safari/604.1"
42.1.104.210 - - [27/Jan/2026:01:52:44 -0500] "GET /wp-includes/js/jquery/jquery.min.js?ver=3.5.1 HTTP/1.1" 200 89496 "http://matrixmodels.com/our-models/" "Mozilla/5.0 (iPhone; CPU iPhone OS 26_2_0 like Mac OS X) AppleWebKit/605.1.15 (KHTML, like Gecko) GSA/404.0.856692123 Mobile/15E148 Safari/604.1"
42.1.104.210 - - [27/Jan/2026:01:52:46 -0500] "GET /wp-content/themes/matrix-model/images/inner-logo.jpg HTTP/1.1" 200 8330 "http://matrixmodels.com/our-models/" "Mozilla/5.0 (iPhone; CPU iPhone OS 26_2_0 like Mac OS X) AppleWebKit/605.1.15 (KHTML, like Gecko) GSA/404.0.856692123 Mobile/15E148 Safari/604.1"
64.59.72.148 - - [27/Jan/2026:01:53:22 -0500] "GET / HTTP/1.1" 200 4446 "-" "check_http/v2.4.9 (nagios-plugins 2.4.9)"
64.59.72.148 - - [27/Jan/2026:01:55:22 -0500] "GET / HTTP/1.1" 200 4446 "-" "check_http/v2.4.9 (nagios-plugins 2.4.9)"
207.46.13.87 - - [27/Jan/2026:01:55:23 -0500] "GET /astuces-sur-le-casino-en-ligne/ HTTP/1.1" 404 8442 "-" "Mozilla/5.0 AppleWebKit/537.36 (KHTML, like Gecko; compatible; bingbot/2.0; +http://www.bing.com/bingbot.htm) Chrome/116.0.1938.76 Safari/537.36"
2.58.56.164 - - [27/Jan/2026:01:55:31 -0500] "GET /wp-login.php HTTP/1.1" 200 6925 "www.google.com" "Mozilla/5.0 (Windows NT 10.0; Win64; x64) AppleWebKit/537.36 (KHTML, like Gecko) Chrome/91.0.4472.124 Safari/537.36"
2.58.56.164 - - [27/Jan/2026:01:55:32 -0500] "POST /wp-login.php HTTP/1.1" 302 - "https://matrixmodels.com/wp-admin/" "Mozilla/5.0 (Windows NT 10.0; Win64; x64) AppleWebKit/537.36 (KHTML, like Gecko) Chrome/91.0.4472.124 Safari/537.36"
2.58.56.164 - - [27/Jan/2026:01:55:33 -0500] "GET /wp-login.php?redirect_to=https%3A%2F%2Fmatrixmodels.com%2Fwp-admin%2F&action=confirm_admin_email&wp_lang=en_US HTTP/1.1" 200 3486 "https://matrixmodels.com/wp-admin/" "Mozilla/5.0 (Windows NT 10.0; Win64; x64) AppleWebKit/537.36 (KHTML, like Gecko) Chrome/91.0.4472.124 Safari/537.36"
2.58.56.164 - - [27/Jan/2026:01:55:33 -0500] "GET /wp-admin/ HTTP/1.1" 200 60608 "www.google.com" "Mozilla/5.0 (Windows NT 10.0; Win64; x64) AppleWebKit/537.36 (KHTML, like Gecko) Chrome/91.0.4472.124 Safari/537.36"
2.58.56.164 - - [27/Jan/2026:01:55:33 -0500] "GET /wp-admin/plugin-install.php?tab=upload HTTP/1.1" 200 33758 "www.google.com" "Mozilla/5.0 (Windows NT 10.0; Win64; x64) AppleWebKit/537.36 (KHTML, like Gecko) Chrome/91.0.4472.124 Safari/537.36"
2.58.56.164 - - [27/Jan/2026:01:55:34 -0500] "POST /wp-admin/update.php?action=upload-plugin HTTP/1.1" 200 25307 "www.google.com" "Mozilla/5.0 (Windows NT 10.0; Win64; x64) AppleWebKit/537.36 (KHTML, like Gecko) Chrome/91.0.4472.124 Safari/537.36"
2.58.56.164 - - [27/Jan/2026:01:55:36 -0500] "GET /wp-content/plugins/lnozzhd/index.php HTTP/1.1" 200 62 "www.google.com" "Mozilla/5.0 (Windows NT 10.0; Win64; x64) AppleWebKit/537.36 (KHTML, like Gecko) Chrome/91.0.4472.124 Safari/537.36"
2.58.56.164 - - [27/Jan/2026:01:55:37 -0500] "GET /wp-admin/plugin-install.php?s=File+Manager&tab=search&type=term HTTP/1.1" 200 133265 "www.google.com" "Mozilla/5.0 (Windows NT 10.0; Win64; x64) AppleWebKit/537.36 (KHTML, like Gecko) Chrome/91.0.4472.124 Safari/537.36"
2.58.56.164 - - [27/Jan/2026:01:55:38 -0500] "GET /wp-admin/admin.php?page=wp_file_manager HTTP/1.1" 200 48060 "www.google.com" "Mozilla/5.0 (Windows NT 10.0; Win64; x64) AppleWebKit/537.36 (KHTML, like Gecko) Chrome/91.0.4472.124 Safari/537.36"
2.58.56.164 - - [27/Jan/2026:01:55:38 -0500] "POST /wp-admin/admin-ajax.php HTTP/1.1" 200 78 "www.google.com" "Mozilla/5.0 (Windows NT 10.0; Win64; x64) AppleWebKit/537.36 (KHTML, like Gecko) Chrome/91.0.4472.124 Safari/537.36"
2.58.56.164 - - [27/Jan/2026:01:55:39 -0500] "GET /dqhqgwky.php HTTP/1.1" 404 8466 "www.google.com" "Mozilla/5.0 (Windows NT 10.0; Win64; x64) AppleWebKit/537.36 (KHTML, like Gecko) Chrome/91.0.4472.124 Safari/537.36"
2.58.56.164 - - [27/Jan/2026:01:55:39 -0500] "GET /wp-admin/theme-install.php?tab=upload HTTP/1.1" 200 48054 "www.google.com" "Mozilla/5.0 (Windows NT 10.0; Win64; x64) AppleWebKit/537.36 (KHTML, like Gecko) Chrome/91.0.4472.124 Safari/537.36"
2.58.56.164 - - [27/Jan/2026:01:55:40 -0500] "POST /wp-admin/update.php?action=upload-theme HTTP/1.1" 200 25848 "www.google.com" "Mozilla/5.0 (Windows NT 10.0; Win64; x64) AppleWebKit/537.36 (KHTML, like Gecko) Chrome/91.0.4472.124 Safari/537.36"
2.58.56.164 - - [27/Jan/2026:01:55:42 -0500] "GET /wp-content/themes/rerjtxm/about.php HTTP/1.1" 200 62 "www.google.com" "Mozilla/5.0 (Windows NT 10.0; Win64; x64) AppleWebKit/537.36 (KHTML, like Gecko) Chrome/91.0.4472.124 Safari/537.36"
2.58.56.164 - - [27/Jan/2026:01:55:42 -0500] "GET /wp-admin/theme-editor.php?file=404.php HTTP/1.1" 403 2668 "www.google.com" "Mozilla/5.0 (Windows NT 10.0; Win64; x64) AppleWebKit/537.36 (KHTML, like Gecko) Chrome/91.0.4472.124 Safari/537.36"
2.58.56.164 - - [27/Jan/2026:01:55:43 -0500] "GET /wp-admin/plugin-install.php?tab=upload HTTP/1.1" 200 33758 "www.google.com" "Mozilla/5.0 (Windows NT 10.0; Win64; x64) AppleWebKit/537.36 (KHTML, like Gecko) Chrome/91.0.4472.124 Safari/537.36"
2.58.56.164 - - [27/Jan/2026:01:55:43 -0500] "POST /wp-admin/update.php?action=upload-plugin HTTP/1.1" 500 2656 "www.google.com" "Mozilla/5.0 (Windows NT 10.0; Win64; x64) AppleWebKit/537.36 (KHTML, like Gecko) Chrome/91.0.4472.124 Safari/537.36"
2.58.56.164 - - [27/Jan/2026:01:55:44 -0500] "GET /wp-content/uploads/2026/01/ljllklcw.php HTTP/1.1" 404 237 "www.google.com" "Mozilla/5.0 (Windows NT 10.0; Win64; x64) AppleWebKit/537.36 (KHTML, like Gecko) Chrome/91.0.4472.124 Safari/537.36"
2.58.56.164 - - [27/Jan/2026:01:55:45 -0500] "GET /wp-content/uploads/2026/ljllklcw.php HTTP/1.1" 404 234 "www.google.com" "Mozilla/5.0 (Windows NT 10.0; Win64; x64) AppleWebKit/537.36 (KHTML, like Gecko) Chrome/91.0.4472.124 Safari/537.36"
2.58.56.164 - - [27/Jan/2026:01:55:45 -0500] "GET /wp-content/uploads/ljllklcw.php HTTP/1.1" 404 229 "www.google.com" "Mozilla/5.0 (Windows NT 10.0; Win64; x64) AppleWebKit/537.36 (KHTML, like Gecko) Chrome/91.0.4472.124 Safari/537.36"
2.58.56.164 - - [27/Jan/2026:01:55:46 -0500] "GET /wp-content/ljllklcw.php HTTP/1.1" 404 221 "www.google.com" "Mozilla/5.0 (Windows NT 10.0; Win64; x64) AppleWebKit/537.36 (KHTML, like Gecko) Chrome/91.0.4472.124 Safari/537.36"
2.58.56.164 - - [27/Jan/2026:01:55:46 -0500] "GET /ljllklcw.php HTTP/1.1" 404 8466 "www.google.com" "Mozilla/5.0 (Windows NT 10.0; Win64; x64) AppleWebKit/537.36 (KHTML, like Gecko) Chrome/91.0.4472.124 Safari/537.36"
2.58.56.164 - - [27/Jan/2026:01:55:46 -0500] "GET /wp-admin/theme-editor.php?file=404.php HTTP/1.1" 403 2668 "www.google.com" "Mozilla/5.0 (Windows NT 10.0; Win64; x64) AppleWebKit/537.36 (KHTML, like Gecko) Chrome/91.0.4472.124 Safari/537.36"
64.59.72.148 - - [27/Jan/2026:01:57:22 -0500] "GET / HTTP/1.1" 200 4446 "-" "check_http/v2.4.9 (nagios-plugins 2.4.9)"
51.75.236.141 - - [27/Jan/2026:01:59:12 -0500] "GET /robots.txt HTTP/1.1" 200 116 "-" "Mozilla/5.0 (compatible; AhrefsBot/7.0; +http://ahrefs.com/robot/)"
54.39.136.24 - - [27/Jan/2026:01:59:15 -0500] "GET /8/ HTTP/1.1" 200 12356 "-" "Mozilla/5.0 (compatible; AhrefsBot/7.0; +http://ahrefs.com/robot/)"
64.59.72.148 - - [27/Jan/2026:01:59:22 -0500] "GET / HTTP/1.1" 200 4446 "-" "check_http/v2.4.9 (nagios-plugins 2.4.9)"
52.7.13.143 - - [27/Jan/2026:01:59:29 -0500] "GET /otw-portfolio/jayme-rae/ HTTP/1.1" 301 - "-" "Mozilla/5.0 AppleWebKit/537.36 (KHTML, like Gecko; compatible; Amazonbot/0.1; +https://developer.amazon.com/support/amazonbot) Chrome/119.0.6045.214 Safari/537.36"
3.230.224.6 - - [27/Jan/2026:01:59:29 -0500] "GET / HTTP/1.1" 200 4446 "-" "Mozilla/5.0 AppleWebKit/537.36 (KHTML, like Gecko; compatible; Amazonbot/0.1; +https://developer.amazon.com/support/amazonbot) Chrome/119.0.6045.214 Safari/537.36"
64.59.72.148 - - [27/Jan/2026:02:01:22 -0500] "GET / HTTP/1.1" 200 4446 "-" "check_http/v2.4.9 (nagios-plugins 2.4.9)"
187.43.193.55 - - [27/Jan/2026:02:02:38 -0500] "GET /wp-content/uploads/2016/11/image4.jpg HTTP/1.1" 200 254433 "https://www.google.com/" "Mozilla/5.0 (Linux; Android 10; K) AppleWebKit/537.36 (KHTML, like Gecko) Chrome/144.0.0.0 Mobile Safari/537.36"
64.59.72.148 - - [27/Jan/2026:02:03:22 -0500] "GET / HTTP/1.1" 200 4446 "-" "check_http/v2.4.9 (nagios-plugins 2.4.9)"
5.255.231.208 - - [27/Jan/2026:02:04:55 -0500] "GET /robots.txt HTTP/1.1" 200 116 "-" "Mozilla/5.0 (compatible; YandexBot/3.0; +http://yandex.com/bots)"
213.180.203.13 - - [27/Jan/2026:02:04:55 -0500] "GET / HTTP/1.1" 200 4446 "-" "Mozilla/5.0 (compatible; YandexBot/3.0; +http://yandex.com/bots)"
85.11.183.6 - - [27/Jan/2026:02:05:10 -0500] "GET / HTTP/1.1" 200 4465 "-" "Mozilla/5.0 (Windows NT 10.0; Win64; x64) AppleWebKit/537.36 (KHTML, like Gecko) Chrome/140.0.0.0 Safari/537.36"
85.11.183.6 - - [27/Jan/2026:02:05:11 -0500] "GET / HTTP/1.0" 400 362 "-" "-"
64.59.72.148 - - [27/Jan/2026:02:05:22 -0500] "GET / HTTP/1.1" 200 4446 "-" "check_http/v2.4.9 (nagios-plugins 2.4.9)"
64.59.72.148 - - [27/Jan/2026:02:07:22 -0500] "GET / HTTP/1.1" 200 4446 "-" "check_http/v2.4.9 (nagios-plugins 2.4.9)"
76.33.109.7 - - [27/Jan/2026:02:07:28 -0500] "GET /our-models/ HTTP/1.1" 200 7615 "-" "Mozilla/5.0 (Macintosh; Intel Mac OS X 10_15_7) AppleWebKit/605.1.15 (KHTML, like Gecko) Version/18.3 Safari/605.1.15"
76.33.109.7 - - [27/Jan/2026:02:07:28 -0500] "GET /wp-includes/css/dist/block-library/style.min.css?ver=5.6.16 HTTP/1.1" 200 51338 "https://matrixmodels.com/our-models/" "Mozilla/5.0 (Macintosh; Intel Mac OS X 10_15_7) AppleWebKit/605.1.15 (KHTML, like Gecko) Version/18.3 Safari/605.1.15"
76.33.109.7 - - [27/Jan/2026:02:07:28 -0500] "GET /wp-content/themes/matrix-model/style.css?ver=5.6.16 HTTP/1.1" 200 41969 "https://matrixmodels.com/our-models/" "Mozilla/5.0 (Macintosh; Intel Mac OS X 10_15_7) AppleWebKit/605.1.15 (KHTML, like Gecko) Version/18.3 Safari/605.1.15"
76.33.109.7 - - [27/Jan/2026:02:07:28 -0500] "GET /wp-includes/js/jquery/jquery-migrate.min.js?ver=3.3.2 HTTP/1.1" 200 11224 "https://matrixmodels.com/our-models/" "Mozilla/5.0 (Macintosh; Intel Mac OS X 10_15_7) AppleWebKit/605.1.15 (KHTML, like Gecko) Version/18.3 Safari/605.1.15"
76.33.109.7 - - [27/Jan/2026:02:07:28 -0500] "GET /wp-content/themes/matrix-model/images/inner-logo.jpg HTTP/1.1" 200 8330 "https://matrixmodels.com/our-models/" "Mozilla/5.0 (Macintosh; Intel Mac OS X 10_15_7) AppleWebKit/605.1.15 (KHTML, like Gecko) Version/18.3 Safari/605.1.15"
76.33.109.7 - - [27/Jan/2026:02:07:28 -0500] "GET /favicon.ico HTTP/1.1" 200 43 "https://matrixmodels.com/our-models/" "Mozilla/5.0 (Macintosh; Intel Mac OS X 10_15_7) AppleWebKit/605.1.15 (KHTML, like Gecko) Version/18.3 Safari/605.1.15"
76.33.109.7 - - [27/Jan/2026:02:07:29 -0500] "GET /apple-touch-icon-precomposed.png HTTP/1.1" 404 8466 "-" "Safari/20620.2.4.11.5 CFNetwork/3826.400.120 Darwin/24.3.0"
76.33.109.7 - - [27/Jan/2026:02:07:29 -0500] "GET /apple-touch-icon.png HTTP/1.1" 404 8466 "-" "Safari/20620.2.4.11.5 CFNetwork/3826.400.120 Darwin/24.3.0"
54.39.210.43 - - [27/Jan/2026:02:08:03 -0500] "GET /feed/?attachment_id=233 HTTP/1.1" 200 721 "-" "Mozilla/5.0 (compatible; AhrefsBot/7.0; +http://ahrefs.com/robot/)"
74.206.165.145 - - [27/Jan/2026:02:09:22 -0500] "POST /wp-cron.php?doing_wp_cron=1769497762.7360670566558837890625 HTTP/1.1" 200 - "http://matrixmodels.com/wp-cron.php?doing_wp_cron=1769497762.7360670566558837890625" "WordPress/5.6.16; http://matrixmodels.com"
64.59.72.148 - - [27/Jan/2026:02:09:22 -0500] "GET / HTTP/1.1" 200 4446 "-" "check_http/v2.4.9 (nagios-plugins 2.4.9)"
43.229.11.156 - - [27/Jan/2026:02:10:20 -0500] "GET /allsitemap.xml/sxallsitemap.xml HTTP/1.1" 404 8466 "-" "Mozilla/5.0(compatible;Googlebot/2.1;+http://www.google.com/bot.html)"
104.253.36.168 - - [27/Jan/2026:02:10:32 -0500] "GET /allsitemap.xml/1111/1111.html HTTP/1.1" 404 8466 "-" "Mozilla/5.0(compatible;Googlebot/2.1;+http://www.google.com/bot.html)"
104.168.25.70 - - [27/Jan/2026:02:11:02 -0500] "GET /allsitemap.xml/sxallsitemap.xml HTTP/1.1" 404 8466 "-" "Mozilla/5.0(compatible;Googlebot/2.1;+http://www.google.com/bot.html)"
173.211.68.226 - - [27/Jan/2026:02:11:17 -0500] "GET /allsitemap.xml/1111/1111.html HTTP/1.1" 404 8466 "-" "Mozilla/5.0(compatible;Googlebot/2.1;+http://www.google.com/bot.html)"
64.59.72.148 - - [27/Jan/2026:02:11:22 -0500] "GET / HTTP/1.1" 200 4446 "-" "check_http/v2.4.9 (nagios-plugins 2.4.9)"
145.223.57.101 - - [27/Jan/2026:02:12:04 -0500] "GET /allsitemap.xml/sxallsitemap.xml HTTP/1.1" 404 8466 "-" "Mozilla/5.0(compatible;Googlebot/2.1;+http://www.google.com/bot.html)"
203.188.243.120 - - [27/Jan/2026:02:12:22 -0500] "GET /wp-content/uploads/2019/09/DEVON-1-1.jpg HTTP/1.1" 200 86820 "https://www.google.com/" "Mozilla/5.0 (Linux; Android 14; 22120RN86G Build/UP1A.231005.007; wv) AppleWebKit/537.36 (KHTML, like Gecko) Version/4.0 Chrome/144.0.7559.59 Mobile Safari/537.36 GoogleApp/17.2.52.ve.arm64"
203.188.243.120 - - [27/Jan/2026:02:12:52 -0500] "-" 408 - "-" "-"
103.214.140.252 - - [27/Jan/2026:02:13:20 -0500] "GET /wp-content/plugins/vhfwlnn/index.php HTTP/1.1" 200 40775 "-" "Mozilla/5.0 (Windows NT 10.0; Win64; x64) AppleWebKit/537.36 (KHTML, like Gecko) Chrome/109.0.0.0 Safari/537.36"
64.59.72.148 - - [27/Jan/2026:02:13:22 -0500] "GET / HTTP/1.1" 200 4446 "-" "check_http/v2.4.9 (nagios-plugins 2.4.9)"
103.214.140.252 - - [27/Jan/2026:02:13:50 -0500] "-" 408 - "-" "-"
114.178.208.241 - - [27/Jan/2026:02:14:59 -0500] "-" 408 - "-" "-"
64.59.72.148 - - [27/Jan/2026:02:15:22 -0500] "GET / HTTP/1.1" 200 4446 "-" "check_http/v2.4.9 (nagios-plugins 2.4.9)"
64.59.72.148 - - [27/Jan/2026:02:17:22 -0500] "GET / HTTP/1.1" 200 4446 "-" "check_http/v2.4.9 (nagios-plugins 2.4.9)"
15.235.27.162 - - [27/Jan/2026:02:17:28 -0500] "GET /shauna-skye-1/ HTTP/1.1" 200 12650 "-" "Mozilla/5.0 (compatible; AhrefsBot/7.0; +http://ahrefs.com/robot/)"
103.214.140.252 - - [27/Jan/2026:02:17:56 -0500] "GET /wp-content/plugins/vhfwlnn/index.php HTTP/1.1" 200 40775 "-" "Mozilla/5.0 (Windows NT 10.0; Win64; x64) AppleWebKit/537.36 (KHTML, like Gecko) Chrome/109.0.0.0 Safari/537.36"
103.214.140.252 - - [27/Jan/2026:02:18:26 -0500] "-" 408 - "-" "-"
64.59.72.148 - - [27/Jan/2026:02:19:22 -0500] "GET / HTTP/1.1" 200 4446 "-" "check_http/v2.4.9 (nagios-plugins 2.4.9)"
103.214.140.252 - - [27/Jan/2026:02:19:50 -0500] "GET /wp-content/plugins/vhfwlnn/index.php?p=/home/httpd/html/matrixmodels.com/public_html/ HTTP/1.1" 200 76545 "https://matrixmodels.com/wp-content/plugins/vhfwlnn/index.php" "Mozilla/5.0 (Windows NT 10.0; Win64; x64) AppleWebKit/537.36 (KHTML, like Gecko) Chrome/109.0.0.0 Safari/537.36"
103.214.140.252 - - [27/Jan/2026:02:20:20 -0500] "-" 408 - "-" "-"
103.214.140.252 - - [27/Jan/2026:02:20:20 -0500] "-" 408 - "-" "-"
64.59.72.148 - - [27/Jan/2026:02:21:22 -0500] "GET / HTTP/1.1" 200 4446 "-" "check_http/v2.4.9 (nagios-plugins 2.4.9)"
52.167.144.170 - - [27/Jan/2026:02:23:07 -0500] "GET /meilleure-roulette-sur-internet/ HTTP/1.1" 404 8442 "-" "Mozilla/5.0 AppleWebKit/537.36 (KHTML, like Gecko; compatible; bingbot/2.0; +http://www.bing.com/bingbot.htm) Chrome/116.0.1938.76 Safari/537.36"
64.59.72.148 - - [27/Jan/2026:02:23:22 -0500] "GET / HTTP/1.1" 200 4446 "-" "check_http/v2.4.9 (nagios-plugins 2.4.9)"
64.59.72.148 - - [27/Jan/2026:02:25:22 -0500] "GET / HTTP/1.1" 200 4446 "-" "check_http/v2.4.9 (nagios-plugins 2.4.9)"
142.44.225.249 - - [27/Jan/2026:02:26:17 -0500] "GET /mia-x12a-2/ HTTP/1.1" 200 12565 "-" "Mozilla/5.0 (compatible; AhrefsBot/7.0; +http://ahrefs.com/robot/)"
167.71.229.26 - - [27/Jan/2026:02:26:41 -0500] "GET /+CSCOL+/Java.jar HTTP/1.1" 404 8520 "-" "Mozilla/5.0 (Windows NT 10.0; Win64; x64) AppleWebKit/537.36 (KHTML, like Gecko) Chrome/108.0.0.0 Safari/537.36"
167.71.229.26 - - [27/Jan/2026:02:26:42 -0500] "GET /+CSCOE+/logon_forms.js HTTP/1.1" 404 8520 "-" "Mozilla/5.0 (Windows NT 10.0; Win64; x64) AppleWebKit/537.36 (KHTML, like Gecko) Chrome/108.0.0.0 Safari/537.36"
167.71.229.26 - - [27/Jan/2026:02:26:44 -0500] "GET /+CSCOL+/a1.jar HTTP/1.1" 404 8520 "-" "Mozilla/5.0 (Windows NT 10.0; Win64; x64) AppleWebKit/537.36 (KHTML, like Gecko) Chrome/108.0.0.0 Safari/537.36"
167.71.229.26 - - [27/Jan/2026:02:26:46 -0500] "GET /+CSCOE+/transfer.js HTTP/1.1" 404 8520 "-" "Mozilla/5.0 (Windows NT 10.0; Win64; x64) AppleWebKit/537.36 (KHTML, like Gecko) Chrome/108.0.0.0 Safari/537.36"
64.59.72.148 - - [27/Jan/2026:02:27:22 -0500] "GET / HTTP/1.1" 200 4446 "-" "check_http/v2.4.9 (nagios-plugins 2.4.9)"
182.22.28.120 - - [27/Jan/2026:02:27:32 -0500] "GET / HTTP/1.1" 200 4465 "-" "Y!J-DLC/1.0 (https://support.yahoo-net.jp/PccSearch/s/article/H000007955)"
64.59.72.148 - - [27/Jan/2026:02:29:22 -0500] "GET / HTTP/1.1" 200 4446 "-" "check_http/v2.4.9 (nagios-plugins 2.4.9)"
3.137.73.221 - - [27/Jan/2026:02:30:07 -0500] "GET / HTTP/1.0" 400 362 "-" "-"
3.137.73.221 - - [27/Jan/2026:02:30:15 -0500] "GET / HTTP/1.0" 400 362 "-" "-"
64.59.72.148 - - [27/Jan/2026:02:31:22 -0500] "GET / HTTP/1.1" 200 4446 "-" "check_http/v2.4.9 (nagios-plugins 2.4.9)"
49.206.10.189 - - [27/Jan/2026:02:32:35 -0500] "-" 408 - "-" "-"
64.59.72.148 - - [27/Jan/2026:02:33:22 -0500] "GET / HTTP/1.1" 200 4446 "-" "check_http/v2.4.9 (nagios-plugins 2.4.9)"
3.137.73.221 - - [27/Jan/2026:02:33:39 -0500] "GET / HTTP/1.1" 301 - "-" "cypex.ai/scanning Mozilla/5.0 (Macintosh; Intel Mac OS X 10_15_7) Chrome/126.0.0.0 Safari/537.36"
3.137.73.221 - - [27/Jan/2026:02:33:39 -0500] "GET / HTTP/1.1" 200 4465 "https://74.206.165.146/" "cypex.ai/scanning Mozilla/5.0 (Macintosh; Intel Mac OS X 10_15_7) Chrome/126.0.0.0 Safari/537.36"
148.113.128.121 - - [27/Jan/2026:02:35:02 -0500] "GET /?dir=%2Fhome%2Fhttpd%2Fhtml%2Fmatrixmodels.com%2Fpublic_html&mode=edit&file=500.shtml HTTP/1.1" 200 4465 "-" "Mozilla/5.0 (compatible; AhrefsBot/7.0; +http://ahrefs.com/robot/)"
64.59.72.148 - - [27/Jan/2026:02:35:22 -0500] "GET / HTTP/1.1" 200 4446 "-" "check_http/v2.4.9 (nagios-plugins 2.4.9)"
103.214.140.252 - - [27/Jan/2026:02:36:54 -0500] "POST /wp-content/plugins/vhfwlnn/index.php?p=/home/httpd/html/matrixmodels.com/public_html/ HTTP/1.1" 403 6 "https://matrixmodels.com/wp-content/plugins/vhfwlnn/index.php?p=/home/httpd/html/matrixmodels.com/public_html/" "Mozilla/5.0 (Windows NT 10.0; Win64; x64) AppleWebKit/537.36 (KHTML, like Gecko) Chrome/109.0.0.0 Safari/537.36"
103.131.71.23 - - [27/Jan/2026:02:36:55 -0500] "GET /robots.txt HTTP/1.1" 200 116 "-" "Mozilla/5.0 (compatible; coccocbot-image/1.0; +http://help.coccoc.com/searchengine)"
103.131.71.27 - - [27/Jan/2026:02:36:57 -0500] "GET /wp-content/uploads/2021/07/logo.png HTTP/1.1" 304 - "-" "Mozilla/5.0 (compatible; coccocbot-image/1.0; +http://help.coccoc.com/searchengine)"
64.59.72.148 - - [27/Jan/2026:02:37:22 -0500] "GET / HTTP/1.1" 200 4446 "-" "check_http/v2.4.9 (nagios-plugins 2.4.9)"
103.214.140.252 - - [27/Jan/2026:02:37:24 -0500] "-" 408 - "-" "-"
199.195.249.231 - - [27/Jan/2026:02:37:47 -0500] "GET /wp-login.php HTTP/1.1" 200 6901 "-" "Mozilla/5.0 (X11; Ubuntu; Linux x86_64; rv:31.0) Gecko/20100101 Firefox/31.0"
199.195.249.231 - - [27/Jan/2026:02:37:48 -0500] "POST /wp-login.php HTTP/1.1" 200 7310 "-" "Mozilla/5.0 (X11; Ubuntu; Linux x86_64; rv:31.0) Gecko/20100101 Firefox/31.0"
68.64.148.247 - - [27/Jan/2026:02:38:57 -0500] "GET / HTTP/1.1" 200 4465 "https://www.google.com/" "Mozilla/5.0 (Macintosh; Intel Mac OS X 10_15_7) AppleWebKit/537.36 (KHTML, like Gecko) Chrome/144.0.0.0 Safari/537.36"
68.64.148.247 - - [27/Jan/2026:02:38:57 -0500] "GET /wp-content/themes/matrix-model/assets/css/bootstrap_v4.3.1_min.css HTTP/1.1" 200 155712 "https://matrixmodels.com/" "Mozilla/5.0 (Macintosh; Intel Mac OS X 10_15_7) AppleWebKit/537.36 (KHTML, like Gecko) Chrome/144.0.0.0 Safari/537.36"
68.64.148.247 - - [27/Jan/2026:02:38:58 -0500] "GET /wp-content/themes/matrix-model/assets/css/aos.css HTTP/1.1" 200 26053 "https://matrixmodels.com/" "Mozilla/5.0 (Macintosh; Intel Mac OS X 10_15_7) AppleWebKit/537.36 (KHTML, like Gecko) Chrome/144.0.0.0 Safari/537.36"
68.64.148.247 - - [27/Jan/2026:02:38:58 -0500] "GET /wp-content/themes/matrix-model/assets/css/owl.carousel.min.css HTTP/1.1" 404 260 "https://matrixmodels.com/" "Mozilla/5.0 (Macintosh; Intel Mac OS X 10_15_7) AppleWebKit/537.36 (KHTML, like Gecko) Chrome/144.0.0.0 Safari/537.36"
68.64.148.247 - - [27/Jan/2026:02:38:58 -0500] "GET /wp-content/themes/matrix-model/assets/css/owl.theme.default.min.css HTTP/1.1" 404 265 "https://matrixmodels.com/" "Mozilla/5.0 (Macintosh; Intel Mac OS X 10_15_7) AppleWebKit/537.36 (KHTML, like Gecko) Chrome/144.0.0.0 Safari/537.36"
68.64.148.247 - - [27/Jan/2026:02:38:58 -0500] "GET /wp-content/themes/matrix-model/assets/css/custom.css HTTP/1.1" 200 5229 "https://matrixmodels.com/" "Mozilla/5.0 (Macintosh; Intel Mac OS X 10_15_7) AppleWebKit/537.36 (KHTML, like Gecko) Chrome/144.0.0.0 Safari/537.36"
68.64.148.247 - - [27/Jan/2026:02:38:58 -0500] "GET /wp-content/themes/matrix-model/assets/css/animate.min.css HTTP/1.1" 200 52592 "https://matrixmodels.com/" "Mozilla/5.0 (Macintosh; Intel Mac OS X 10_15_7) AppleWebKit/537.36 (KHTML, like Gecko) Chrome/144.0.0.0 Safari/537.36"
68.64.148.247 - - [27/Jan/2026:02:38:58 -0500] "GET /wp-content/themes/matrix-model/assets/images/more/i-1.jpg HTTP/1.1" 200 39164 "https://matrixmodels.com/" "Mozilla/5.0 (Macintosh; Intel Mac OS X 10_15_7) AppleWebKit/537.36 (KHTML, like Gecko) Chrome/144.0.0.0 Safari/537.36"
68.64.148.247 - - [27/Jan/2026:02:38:58 -0500] "GET /wp-content/themes/matrix-model/assets/images/more/i-3.jpg HTTP/1.1" 200 36068 "https://matrixmodels.com/" "Mozilla/5.0 (Macintosh; Intel Mac OS X 10_15_7) AppleWebKit/537.36 (KHTML, like Gecko) Chrome/144.0.0.0 Safari/537.36"
68.64.148.247 - - [27/Jan/2026:02:38:58 -0500] "GET /wp-content/themes/matrix-model/assets/images/more/i-2.jpg HTTP/1.1" 200 44619 "https://matrixmodels.com/" "Mozilla/5.0 (Macintosh; Intel Mac OS X 10_15_7) AppleWebKit/537.36 (KHTML, like Gecko) Chrome/144.0.0.0 Safari/537.36"
68.64.148.247 - - [27/Jan/2026:02:38:58 -0500] "GET /wp-content/themes/matrix-model/assets/images/more/i-4.jpg HTTP/1.1" 200 28534 "https://matrixmodels.com/" "Mozilla/5.0 (Macintosh; Intel Mac OS X 10_15_7) AppleWebKit/537.36 (KHTML, like Gecko) Chrome/144.0.0.0 Safari/537.36"
68.64.148.247 - - [27/Jan/2026:02:38:58 -0500] "GET /wp-content/themes/matrix-model/assets/images/more/i-5.jpg HTTP/1.1" 200 35264 "https://matrixmodels.com/" "Mozilla/5.0 (Macintosh; Intel Mac OS X 10_15_7) AppleWebKit/537.36 (KHTML, like Gecko) Chrome/144.0.0.0 Safari/537.36"
68.64.148.247 - - [27/Jan/2026:02:38:58 -0500] "GET /wp-content/themes/matrix-model/assets/images/more/i-6.jpg HTTP/1.1" 200 39553 "https://matrixmodels.com/" "Mozilla/5.0 (Macintosh; Intel Mac OS X 10_15_7) AppleWebKit/537.36 (KHTML, like Gecko) Chrome/144.0.0.0 Safari/537.36"
68.64.148.247 - - [27/Jan/2026:02:38:59 -0500] "GET /wp-content/themes/matrix-model/assets/images/more/i-7.jpg HTTP/1.1" 200 35534 "https://matrixmodels.com/" "Mozilla/5.0 (Macintosh; Intel Mac OS X 10_15_7) AppleWebKit/537.36 (KHTML, like Gecko) Chrome/144.0.0.0 Safari/537.36"
68.64.148.247 - - [27/Jan/2026:02:38:59 -0500] "GET /wp-content/themes/matrix-model/assets/images/more/i-8.jpg HTTP/1.1" 200 31506 "https://matrixmodels.com/" "Mozilla/5.0 (Macintosh; Intel Mac OS X 10_15_7) AppleWebKit/537.36 (KHTML, like Gecko) Chrome/144.0.0.0 Safari/537.36"
68.64.148.247 - - [27/Jan/2026:02:38:59 -0500] "GET /wp-content/themes/matrix-model/assets/images/more/i-9.jpg HTTP/1.1" 200 39513 "https://matrixmodels.com/" "Mozilla/5.0 (Macintosh; Intel Mac OS X 10_15_7) AppleWebKit/537.36 (KHTML, like Gecko) Chrome/144.0.0.0 Safari/537.36"
68.64.148.247 - - [27/Jan/2026:02:38:59 -0500] "GET /wp-content/uploads/2021/07/logo.png HTTP/1.1" 200 181002 "https://matrixmodels.com/" "Mozilla/5.0 (Macintosh; Intel Mac OS X 10_15_7) AppleWebKit/537.36 (KHTML, like Gecko) Chrome/144.0.0.0 Safari/537.36"
68.64.148.247 - - [27/Jan/2026:02:39:01 -0500] "GET /wp-content/themes/matrix-model/assets/images/logo/favicon.png HTTP/1.1" 404 259 "https://matrixmodels.com/" "Mozilla/5.0 (Macintosh; Intel Mac OS X 10_15_7) AppleWebKit/537.36 (KHTML, like Gecko) Chrome/144.0.0.0 Safari/537.36"
64.59.72.148 - - [27/Jan/2026:02:39:22 -0500] "GET / HTTP/1.1" 200 4446 "-" "check_http/v2.4.9 (nagios-plugins 2.4.9)"
213.111.145.145 - - [27/Jan/2026:02:39:41 -0500] "-" 408 - "-" "-"
24.1.14.121 - - [27/Jan/2026:02:41:15 -0500] "GET /wp-content/uploads/2018/01/DSC_6888.jpg HTTP/1.1" 200 167073 "-" "com.google.android.googlequicksearchbox/301680138 (Linux; U; Android 13; en_US; SM-G981U; Build/TP1A.220624.014; Cronet/145.0.7608.0)"
24.1.14.121 - - [27/Jan/2026:02:41:17 -0500] "GET /wp-content/uploads/2018/01/DSC_6594-360x520.jpg HTTP/1.1" 200 37556 "-" "com.google.android.googlequicksearchbox/301680138 (Linux; U; Android 13; en_US; SM-G981U; Build/TP1A.220624.014; Cronet/145.0.7608.0)"
64.59.72.148 - - [27/Jan/2026:02:41:22 -0500] "GET / HTTP/1.1" 200 4446 "-" "check_http/v2.4.9 (nagios-plugins 2.4.9)"
64.59.72.148 - - [27/Jan/2026:02:43:22 -0500] "GET / HTTP/1.1" 200 4446 "-" "check_http/v2.4.9 (nagios-plugins 2.4.9)"
15.235.96.230 - - [27/Jan/2026:02:43:43 -0500] "GET /?dir=%2Fhome%2Fhttpd%2Fhtml%2Fmatrixmodels.com%2Fpublic_html&mode=edit&file=favicon.ico HTTP/1.1" 200 4465 "-" "Mozilla/5.0 (compatible; AhrefsBot/7.0; +http://ahrefs.com/robot/)"
64.59.72.148 - - [27/Jan/2026:02:45:22 -0500] "GET / HTTP/1.1" 200 4446 "-" "check_http/v2.4.9 (nagios-plugins 2.4.9)"
52.167.144.174 - - [27/Jan/2026:02:47:12 -0500] "GET /wp-content/uploads/2018/01/DSC_6573-360x520.jpg HTTP/1.1" 200 39046 "-" "Mozilla/5.0 AppleWebKit/537.36 (KHTML, like Gecko; compatible; bingbot/2.0; +http://www.bing.com/bingbot.htm) Chrome/116.0.1938.76 Safari/537.36"
52.167.144.174 - - [27/Jan/2026:02:47:12 -0500] "GET /gagner-de-l-argent-%C3%A0-la-roulette-en-ligne/ HTTP/1.1" 404 8442 "-" "Mozilla/5.0 AppleWebKit/537.36 (KHTML, like Gecko; compatible; bingbot/2.0; +http://www.bing.com/bingbot.htm) Chrome/116.0.1938.76 Safari/537.36"
64.59.72.148 - - [27/Jan/2026:02:47:22 -0500] "GET / HTTP/1.1" 200 4446 "-" "check_http/v2.4.9 (nagios-plugins 2.4.9)"
64.59.72.148 - - [27/Jan/2026:02:49:22 -0500] "GET / HTTP/1.1" 200 4446 "-" "check_http/v2.4.9 (nagios-plugins 2.4.9)"
2.58.56.55 - - [27/Jan/2026:02:50:00 -0500] "GET /wp-content/themes/seotheme/db.php?u HTTP/1.1" 404 231 "www.google.com" "Mozlila/5.0 (Linux; Android 7.0; SM-G892A Bulid/NRD90M; wv) AppleWebKit/537.36 (KHTML, like Gecko) Version/4.0 Chrome/60.0.3112.107 Moblie Safari/537.36"
2.58.56.55 - - [27/Jan/2026:02:50:00 -0500] "POST /ALFA_DATA/alfacgiapi/perl.alfa HTTP/1.1" 404 8442 "www.google.com" "Mozlila/5.0 (Linux; Android 7.0; SM-G892A Bulid/NRD90M; wv) AppleWebKit/537.36 (KHTML, like Gecko) Version/4.0 Chrome/60.0.3112.107 Moblie Safari/537.36"
2.58.56.55 - - [27/Jan/2026:02:50:00 -0500] "POST /wp-plain.php HTTP/1.1" 404 8442 "www.google.com" "Mozilla/5.0 (Linux; Android 7.0; SM-G892A Bulid/NRD90M; wv) AppleWebKit/537.36 (KHTML, like Gecko) Version/4.0 Chrome/60.0.3112.107 Moblie Safari/537.36"
2.58.56.55 - - [27/Jan/2026:02:50:00 -0500] "GET /wp-content/plugins/fix/up.php HTTP/1.1" 404 227 "-" "Mozilla/5.0 (Windows NT 10.0; Win64; x64) AppleWebKit/537.36 (KHTML, like Gecko) Chrome/85.0.4183.102 Safari/537.36"
2.58.56.55 - - [27/Jan/2026:02:50:00 -0500] "GET / HTTP/1.1" 200 4446 "-" "Mozlila/5.0 (Linux; Android 7.0; SM-G892A Bulid/NRD90M; wv) AppleWebKit/537.36 (KHTML, like Gecko) Version/4.0 Chrome/60.0.3112.107 Moblie Safari/537.36"
2.58.56.55 - - [27/Jan/2026:02:50:00 -0500] "GET /aqtuxexl.php?Fox=d3wL7 HTTP/1.1" 404 8442 "www.google.com" "Mozilla/5.0 (Linux; Android 7.0; SM-G892A Bulid/NRD90M; wv) AppleWebKit/537.36 (KHTML, like Gecko) Version/4.0 Chrome/60.0.3112.107 Moblie Safari/537.36"
2.58.56.55 - - [27/Jan/2026:02:50:00 -0500] "GET /wp-content/plugins/apikey/apikey.php?test=hello HTTP/1.1" 404 234 "-" "Mozlila/5.0 (Linux; Android 7.0; SM-G892A Bulid/NRD90M; wv) AppleWebKit/537.36 (KHTML, like Gecko) Version/4.0 Chrome/60.0.3112.107 Moblie Safari/537.36"
2.58.56.55 - - [27/Jan/2026:02:50:00 -0500] "POST /alfacgiapi/perl.alfa HTTP/1.1" 404 8442 "www.google.com" "Mozlila/5.0 (Linux; Android 7.0; SM-G892A Bulid/NRD90M; wv) AppleWebKit/537.36 (KHTML, like Gecko) Version/4.0 Chrome/60.0.3112.107 Moblie Safari/537.36"
2.58.56.55 - - [27/Jan/2026:02:50:00 -0500] "GET /plugins/content/apismtp/apismtp.php?test=hello HTTP/1.1" 404 8442 "-" "Mozlila/5.0 (Linux; Android 7.0; SM-G892A Bulid/NRD90M; wv) AppleWebKit/537.36 (KHTML, like Gecko) Version/4.0 Chrome/60.0.3112.107 Moblie Safari/537.36"
2.58.56.55 - - [27/Jan/2026:02:50:00 -0500] "GET /wp-content/plugins/apikey/apikey.php.suspected?test=hello HTTP/1.1" 404 244 "-" "Mozlila/5.0 (Linux; Android 7.0; SM-G892A Bulid/NRD90M; wv) AppleWebKit/537.36 (KHTML, like Gecko) Version/4.0 Chrome/60.0.3112.107 Moblie Safari/537.36"
2.58.56.55 - - [27/Jan/2026:02:50:00 -0500] "GET /wp-content/themes/seotheme/db.php?u HTTP/1.1" 404 231 "www.google.com" "Mozlila/5.0 (Linux; Android 7.0; SM-G892A Bulid/NRD90M; wv) AppleWebKit/537.36 (KHTML, like Gecko) Version/4.0 Chrome/60.0.3112.107 Moblie Safari/537.36"
2.58.56.55 - - [27/Jan/2026:02:50:00 -0500] "GET /plugins/content/apismtp/apismtp.php.suspected?test=hello HTTP/1.1" 404 8442 "-" "Mozlila/5.0 (Linux; Android 7.0; SM-G892A Bulid/NRD90M; wv) AppleWebKit/537.36 (KHTML, like Gecko) Version/4.0 Chrome/60.0.3112.107 Moblie Safari/537.36"
2.58.56.55 - - [27/Jan/2026:02:50:00 -0500] "POST /wp-plain.php HTTP/1.1" 404 8466 "www.google.com" "Mozilla/5.0 (Linux; Android 7.0; SM-G892A Bulid/NRD90M; wv) AppleWebKit/537.36 (KHTML, like Gecko) Version/4.0 Chrome/60.0.3112.107 Moblie Safari/537.36"
2.58.56.55 - - [27/Jan/2026:02:50:01 -0500] "GET /pbbcibrx.php?Fox=d3wL7 HTTP/1.1" 404 8466 "www.google.com" "Mozilla/5.0 (Linux; Android 7.0; SM-G892A Bulid/NRD90M; wv) AppleWebKit/537.36 (KHTML, like Gecko) Version/4.0 Chrome/60.0.3112.107 Moblie Safari/537.36"
43.159.138.217 - - [27/Jan/2026:02:50:41 -0500] "GET / HTTP/1.0" 400 362 "-" "-"
64.59.72.148 - - [27/Jan/2026:02:51:22 -0500] "GET / HTTP/1.1" 200 4446 "-" "check_http/v2.4.9 (nagios-plugins 2.4.9)"
194.187.171.149 - - [27/Jan/2026:02:51:36 -0500] "GET /robots.txt HTTP/1.1" 200 117 "-" "Mozilla/5.0 (compatible; Qwantbot/1.0; +https://help.qwant.com/bot/)"
194.187.171.164 - - [27/Jan/2026:02:51:37 -0500] "GET /robots.txt HTTP/1.1" 200 116 "-" "Mozilla/5.0 (compatible; Qwantbot/1.0; +https://help.qwant.com/bot/)"
194.187.171.147 - - [27/Jan/2026:02:51:39 -0500] "GET / HTTP/1.1" 200 4465 "-" "Mozilla/5.0 (compatible; Qwantbot/1.0_2694733; +https://help.qwant.com/bot/)"
194.187.171.147 - - [27/Jan/2026:02:51:46 -0500] "GET /about-matrix-models HTTP/1.1" 301 - "-" "Mozilla/5.0 (compatible; Qwantbot/1.0_2694733; +https://help.qwant.com/bot/)"
194.187.171.147 - - [27/Jan/2026:02:51:46 -0500] "GET /about-matrix-models/ HTTP/1.1" 200 10323 "http://matrixmodels.com/about-matrix-models" "Mozilla/5.0 (compatible; Qwantbot/1.0_2694733; +https://help.qwant.com/bot/)"
51.161.37.42 - - [27/Jan/2026:02:52:24 -0500] "GET /profile.php?id=172 HTTP/1.1" 404 8442 "-" "Mozilla/5.0 (compatible; AhrefsBot/7.0; +http://ahrefs.com/robot/)"
101.99.88.90 - - [27/Jan/2026:02:52:53 -0500] "GET / HTTP/1.1" 200 4465 "-" "Mozilla/5.0 (compatible; Googlebot/2.1; +http://www.google.com/bot.html)"
64.59.72.148 - - [27/Jan/2026:02:53:22 -0500] "GET / HTTP/1.1" 200 4446 "-" "check_http/v2.4.9 (nagios-plugins 2.4.9)"
91.90.142.7 - - [27/Jan/2026:02:53:35 -0500] "GET / HTTP/1.1" 301 - "-" "Chrome"
91.90.142.7 - - [27/Jan/2026:02:53:36 -0500] "GET / HTTP/1.1" 200 4465 "-" "Chrome"
101.99.88.90 - - [27/Jan/2026:02:54:07 -0500] "GET / HTTP/1.1" 200 4465 "-" "Mozilla/5.0 (compatible; Googlebot/2.1; +http://www.google.com/bot.html)"
64.59.72.148 - - [27/Jan/2026:02:55:22 -0500] "GET / HTTP/1.1" 200 4446 "-" "check_http/v2.4.9 (nagios-plugins 2.4.9)"
91.208.197.41 - - [27/Jan/2026:02:55:40 -0500] "GET / HTTP/1.1" 200 4446 "-" "Mozilla/5.0 (Windows NT 10.0; Win64; x64) AppleWebKit/337.36 (KHTML, like Gecko) Chrome/98.0.4758.102 Safari/537.36 Edg/98.0.1108.62"
46.246.92.216 - - [27/Jan/2026:02:56:06 -0500] "GET / HTTP/1.1" 200 4446 "-" "Mozilla/5.0 (Linux; Android 10; K) AppleWebKit/537.36 (KHTML, like Gecko) Chrome/120.0.0.0 Mobile Safari/537.76"
64.59.72.148 - - [27/Jan/2026:02:57:22 -0500] "GET / HTTP/1.1" 200 4446 "-" "check_http/v2.4.9 (nagios-plugins 2.4.9)"
74.206.165.145 - - [27/Jan/2026:02:58:35 -0500] "POST /wp-cron.php?doing_wp_cron=1769500715.4632699489593505859375 HTTP/1.1" 200 - "https://matrixmodels.com/wp-cron.php?doing_wp_cron=1769500715.4632699489593505859375" "WordPress/5.6.16; http://matrixmodels.com"
83.217.208.0 - - [27/Jan/2026:02:58:35 -0500] "GET /wp-login.php HTTP/1.1" 200 6925 "-" "Mozilla/5.0 (Macintosh; Intel Mac OS X 10_9_4 AppleWebKit/537.36 (KHTML, like Gecko) Chrome/36.0.1985.125 Safari/537.36"
83.217.208.0 - - [27/Jan/2026:02:58:36 -0500] "POST /wp-login.php HTTP/1.1" 200 7199 "-" "Mozilla/5.0 (Macintosh; Intel Mac OS X 10_9_4 AppleWebKit/537.36 (KHTML, like Gecko) Chrome/36.0.1985.125 Safari/537.36"
2.58.56.62 - - [27/Jan/2026:02:58:55 -0500] "GET / HTTP/1.1" 200 4446 "-" "Mozilla/5.0 (Windows NT 10.0; Win64; x64) AppleWebKit/537.36 (KHTML, like Gecko) Chrome/78.0.3904.108 Safari/537.36"
2.58.56.62 - - [27/Jan/2026:02:58:56 -0500] "GET /?author=1 HTTP/1.1" 301 - "-" "Mozilla/5.0 (Windows NT 10.0; Win64; x64) AppleWebKit/537.36 (KHTML, like Gecko) Chrome/78.0.3904.108 Safari/537.36"
2.58.56.62 - - [27/Jan/2026:02:58:56 -0500] "GET /?author=2 HTTP/1.1" 404 8442 "-" "Mozilla/5.0 (Windows NT 10.0; Win64; x64) AppleWebKit/537.36 (KHTML, like Gecko) Chrome/78.0.3904.108 Safari/537.36"
2.58.56.62 - - [27/Jan/2026:02:58:56 -0500] "GET /wp-json/wp/v2/users/ HTTP/1.1" 200 1186 "-" "Mozilla/5.0 (Windows NT 10.0; Win64; x64) AppleWebKit/537.36 (KHTML, like Gecko) Chrome/78.0.3904.108 Safari/537.36"
2.58.56.62 - - [27/Jan/2026:02:58:56 -0500] "POST /xmlrpc.php HTTP/1.1" 403 6 "-" "Mozilla/5.0 (Windows NT 10.0; Win64; x64) AppleWebKit/537.36 (KHTML, like Gecko) Chrome/78.0.3904.108 Safari/537.36"
2.58.56.62 - - [27/Jan/2026:02:58:56 -0500] "POST /xmlrpc.php HTTP/1.1" 403 6 "-" "Mozilla/5.0 (Windows NT 10.0; Win64; x64) AppleWebKit/537.36 (KHTML, like Gecko) Chrome/78.0.3904.108 Safari/537.36"
74.206.165.145 - - [27/Jan/2026:02:59:22 -0500] "POST /wp-cron.php?doing_wp_cron=1769500762.4028429985046386718750 HTTP/1.1" 200 - "http://matrixmodels.com/wp-cron.php?doing_wp_cron=1769500762.4028429985046386718750" "WordPress/5.6.16; http://matrixmodels.com"
64.59.72.148 - - [27/Jan/2026:02:59:22 -0500] "GET / HTTP/1.1" 200 4446 "-" "check_http/v2.4.9 (nagios-plugins 2.4.9)"
148.113.128.97 - - [27/Jan/2026:03:01:09 -0500] "GET /?dir=%2Fhome%2Fhttpd%2Fhtml%2Fmatrixmodels.com%2Fpublic_html&mode=edit&file=index.php HTTP/1.1" 200 4465 "-" "Mozilla/5.0 (compatible; AhrefsBot/7.0; +http://ahrefs.com/robot/)"
64.59.72.148 - - [27/Jan/2026:03:01:22 -0500] "GET / HTTP/1.1" 200 4446 "-" "check_http/v2.4.9 (nagios-plugins 2.4.9)"
213.109.192.213 - - [27/Jan/2026:03:01:50 -0500] "GET / HTTP/1.1" 200 4446 "-" "Mozilla/5.0 (Windows NT 13.0; Win60; x64) AppleWebKit/537.36 (KHTML, like Gecko) Chrome/132.0.0.0 Safari/537.69"
20.253.116.57 - - [27/Jan/2026:03:02:39 -0500] "GET / HTTP/1.1" 301 - "-" "Mozilla/5.0 (Windows NT 10.0; Win64; x64) AppleWebKit/537.36 (KHTML, like Gecko) Chrome/91.0.4472.124 Safari/537.36"
20.253.116.57 - - [27/Jan/2026:03:02:40 -0500] "GET / HTTP/1.1" 200 4465 "https://mail.matrixmodels.com" "Mozilla/5.0 (Windows NT 10.0; Win64; x64) AppleWebKit/537.36 (KHTML, like Gecko) Chrome/91.0.4472.124 Safari/537.36"
20.253.116.57 - - [27/Jan/2026:03:02:40 -0500] "GET /wp-json/wc/v3 HTTP/1.1" 404 114 "-" "Mozilla/5.0 (Windows NT 10.0; Win64; x64) AppleWebKit/537.36 (KHTML, like Gecko) Chrome/91.0.4472.124 Safari/537.36"
20.253.116.57 - - [27/Jan/2026:03:02:40 -0500] "GET /magento_version HTTP/1.1" 404 8520 "-" "Mozilla/5.0 (Windows NT 10.0; Win64; x64) AppleWebKit/537.36 (KHTML, like Gecko) Chrome/91.0.4472.124 Safari/537.36"
20.253.116.57 - - [27/Jan/2026:03:02:40 -0500] "GET /index.php?route=checkout/cart HTTP/1.1" 200 4465 "-" "Mozilla/5.0 (Windows NT 10.0; Win64; x64) AppleWebKit/537.36 (KHTML, like Gecko) Chrome/91.0.4472.124 Safari/537.36"
20.253.116.57 - - [27/Jan/2026:03:02:40 -0500] "GET /wp-login.php?action=register HTTP/1.1" 302 - "-" "Mozilla/5.0 (Windows NT 10.0; Win64; x64) AppleWebKit/537.36 (KHTML, like Gecko) Chrome/91.0.4472.124 Safari/537.36"
