2.58.56.164 - - [26/Jan/2026:19:16:36 -0500] "POST /wp-admin/update.php?action=upload-plugin HTTP/1.1" 500 2656 "www.google.com" "Mozilla/5.0 (Windows NT 10.0; Win64; x64) AppleWebKit/537.36 (KHTML, like Gecko) Chrome/91.0.4472.124 Safari/537.36"
2.58.56.164 - - [26/Jan/2026:19:16:37 -0500] "GET /wp-content/uploads/2026/01/nqfaqhan.php HTTP/1.1" 404 237 "www.google.com" "Mozilla/5.0 (Windows NT 10.0; Win64; x64) AppleWebKit/537.36 (KHTML, like Gecko) Chrome/91.0.4472.124 Safari/537.36"
2.58.56.164 - - [26/Jan/2026:19:16:38 -0500] "GET /wp-content/uploads/2026/nqfaqhan.php HTTP/1.1" 404 234 "www.google.com" "Mozilla/5.0 (Windows NT 10.0; Win64; x64) AppleWebKit/537.36 (KHTML, like Gecko) Chrome/91.0.4472.124 Safari/537.36"
2.58.56.164 - - [26/Jan/2026:19:16:38 -0500] "GET /wp-content/uploads/nqfaqhan.php HTTP/1.1" 404 229 "www.google.com" "Mozilla/5.0 (Windows NT 10.0; Win64; x64) AppleWebKit/537.36 (KHTML, like Gecko) Chrome/91.0.4472.124 Safari/537.36"
2.58.56.164 - - [26/Jan/2026:19:16:39 -0500] "GET /wp-content/nqfaqhan.php HTTP/1.1" 404 221 "www.google.com" "Mozilla/5.0 (Windows NT 10.0; Win64; x64) AppleWebKit/537.36 (KHTML, like Gecko) Chrome/91.0.4472.124 Safari/537.36"
2.58.56.164 - - [26/Jan/2026:19:16:39 -0500] "GET /nqfaqhan.php HTTP/1.1" 404 8466 "www.google.com" "Mozilla/5.0 (Windows NT 10.0; Win64; x64) AppleWebKit/537.36 (KHTML, like Gecko) Chrome/91.0.4472.124 Safari/537.36"
2.58.56.164 - - [26/Jan/2026:19:16:39 -0500] "GET /wp-admin/theme-editor.php?file=404.php HTTP/1.1" 403 2668 "www.google.com" "Mozilla/5.0 (Windows NT 10.0; Win64; x64) AppleWebKit/537.36 (KHTML, like Gecko) Chrome/91.0.4472.124 Safari/537.36"
52.167.144.181 - - [26/Jan/2026:19:16:45 -0500] "GET /wp-content/uploads/2016/07/IMG_0646-1.jpg HTTP/1.1" 200 151167 "-" "Mozilla/5.0 AppleWebKit/537.36 (KHTML, like Gecko; compatible; bingbot/2.0; +http://www.bing.com/bingbot.htm) Chrome/116.0.1938.76 Safari/537.36"
64.59.72.148 - - [26/Jan/2026:19:17:22 -0500] "GET / HTTP/1.1" 200 4446 "-" "check_http/v2.4.9 (nagios-plugins 2.4.9)"
66.249.70.133 - - [26/Jan/2026:19:18:39 -0500] "GET /?p=3582 HTTP/1.1" 404 8442 "-" "Mozilla/5.0 (Linux; Android 6.0.1; Nexus 5X Build/MMB29P) AppleWebKit/537.36 (KHTML, like Gecko) Chrome/143.0.7499.192 Mobile Safari/537.36 (compatible; Googlebot/2.1; +http://www.google.com/bot.html)"
216.244.66.230 - - [26/Jan/2026:19:18:55 -0500] "GET /wp-content/uploads/2016/11/IMG_2548-360x520.jpg HTTP/1.1" 200 62388 "-" "Mozilla/5.0 (compatible; DotBot/1.2; +https://opensiteexplorer.org/dotbot; help@moz.com)"
64.59.72.148 - - [26/Jan/2026:19:19:22 -0500] "GET / HTTP/1.1" 200 4446 "-" "check_http/v2.4.9 (nagios-plugins 2.4.9)"
102.208.98.84 - - [26/Jan/2026:19:19:52 -0500] "GET / HTTP/1.1" 301 - "-" "Mozilla/5.0 (Windows NT 10.0; Win64; x64) AppleWebKit/537.36 (KHTML, like Gecko) Chrome/91.0.4472.124 Safari/537.36"
102.208.98.84 - - [26/Jan/2026:19:19:54 -0500] "GET / HTTP/1.1" 200 4465 "https://www.matrixmodels.com" "Mozilla/5.0 (Windows NT 10.0; Win64; x64) AppleWebKit/537.36 (KHTML, like Gecko) Chrome/91.0.4472.124 Safari/537.36"
102.208.98.84 - - [26/Jan/2026:19:19:54 -0500] "GET /wp-json/wc/v3 HTTP/1.1" 404 114 "-" "Mozilla/5.0 (Windows NT 10.0; Win64; x64) AppleWebKit/537.36 (KHTML, like Gecko) Chrome/91.0.4472.124 Safari/537.36"
102.208.98.84 - - [26/Jan/2026:19:19:54 -0500] "GET /magento_version HTTP/1.1" 301 - "-" "Mozilla/5.0 (Windows NT 10.0; Win64; x64) AppleWebKit/537.36 (KHTML, like Gecko) Chrome/91.0.4472.124 Safari/537.36"
102.208.98.84 - - [26/Jan/2026:19:19:55 -0500] "GET /magento_version HTTP/1.1" 404 8466 "https://www.matrixmodels.com/magento_version" "Mozilla/5.0 (Windows NT 10.0; Win64; x64) AppleWebKit/537.36 (KHTML, like Gecko) Chrome/91.0.4472.124 Safari/537.36"
102.208.98.84 - - [26/Jan/2026:19:19:55 -0500] "GET /index.php?route=checkout/cart HTTP/1.1" 301 - "-" "Mozilla/5.0 (Windows NT 10.0; Win64; x64) AppleWebKit/537.36 (KHTML, like Gecko) Chrome/91.0.4472.124 Safari/537.36"
102.208.98.84 - - [26/Jan/2026:19:19:55 -0500] "GET /?route=checkout%2Fcart HTTP/1.1" 200 4465 "https://www.matrixmodels.com/index.php?route=checkout/cart" "Mozilla/5.0 (Windows NT 10.0; Win64; x64) AppleWebKit/537.36 (KHTML, like Gecko) Chrome/91.0.4472.124 Safari/537.36"
102.208.98.84 - - [26/Jan/2026:19:19:56 -0500] "GET /wp-login.php?action=register HTTP/1.1" 302 - "-" "Mozilla/5.0 (Windows NT 10.0; Win64; x64) AppleWebKit/537.36 (KHTML, like Gecko) Chrome/91.0.4472.124 Safari/537.36"
102.208.98.84 - - [26/Jan/2026:19:19:56 -0500] "GET /wp-login.php?registration=disabled HTTP/1.1" 200 7067 "https://www.matrixmodels.com/wp-login.php?action=register" "Mozilla/5.0 (Windows NT 10.0; Win64; x64) AppleWebKit/537.36 (KHTML, like Gecko) Chrome/91.0.4472.124 Safari/537.36"
188.166.35.151 - - [26/Jan/2026:19:20:23 -0500] "POST /wp-login.php HTTP/1.1" 200 7170 "-" "Mozilla/5.0"
143.110.180.16 - - [26/Jan/2026:19:20:55 -0500] "POST /wp-login.php HTTP/1.1" 200 7170 "-" "Mozilla/5.0"
40.77.167.58 - - [26/Jan/2026:19:20:59 -0500] "GET /otw-portfolio/cara-danvers/ HTTP/1.1" 301 - "-" "Mozilla/5.0 AppleWebKit/537.36 (KHTML, like Gecko; compatible; bingbot/2.0; +http://www.bing.com/bingbot.htm) Chrome/116.0.1938.76 Safari/537.36"
139.99.25.135 - - [26/Jan/2026:19:21:15 -0500] "GET / HTTP/1.1" 301 - "-" "Mozilla/5.0 (Linux; Android 11; CPH2185) AppleWebKit/537.36 (KHTML, like Gecko) Chrome/91.0.4472.101 Mobile Safari/537.36"
139.99.25.135 - - [26/Jan/2026:19:21:17 -0500] "GET / HTTP/1.1" 200 4446 "-" "Mozilla/5.0 (Linux; Android 11; CPH2185) AppleWebKit/537.36 (KHTML, like Gecko) Chrome/91.0.4472.101 Mobile Safari/537.36"
64.59.72.148 - - [26/Jan/2026:19:21:22 -0500] "GET / HTTP/1.1" 200 4446 "-" "check_http/v2.4.9 (nagios-plugins 2.4.9)"
51.161.65.36 - - [26/Jan/2026:19:21:28 -0500] "GET /wp-sitemap.xml HTTP/1.1" 200 18479 "-" "Mozilla/5.0 (compatible; AhrefsBot/7.0; +http://ahrefs.com/robot/)"
176.4.33.228 - - [26/Jan/2026:19:22:37 -0500] "GET /otw-portfolio/chanel-shortcake/ HTTP/1.1" 301 - "https://www.google.com/" "Mozilla/5.0 (iPhone; CPU iPhone OS 18_7 like Mac OS X) AppleWebKit/605.1.15 (KHTML, like Gecko) FxiOS/147.0 Mobile/15E148 Safari/604.1"
176.4.33.228 - - [26/Jan/2026:19:22:37 -0500] "GET / HTTP/1.1" 200 4465 "https://www.google.com/" "Mozilla/5.0 (iPhone; CPU iPhone OS 18_7 like Mac OS X) AppleWebKit/605.1.15 (KHTML, like Gecko) FxiOS/147.0 Mobile/15E148 Safari/604.1"
176.4.33.228 - - [26/Jan/2026:19:22:37 -0500] "GET /otw-portfolio/chanel-shortcake/ HTTP/1.1" 301 - "https://www.google.com/" "Mozilla/5.0 (iPhone; CPU iPhone OS 18_7 like Mac OS X) AppleWebKit/605.1.15 (KHTML, like Gecko) FxiOS/147.0 Mobile/15E148 Safari/604.1"
176.4.33.228 - - [26/Jan/2026:19:22:37 -0500] "GET / HTTP/1.1" 200 4465 "https://www.google.com/" "Mozilla/5.0 (iPhone; CPU iPhone OS 18_7 like Mac OS X) AppleWebKit/605.1.15 (KHTML, like Gecko) FxiOS/147.0 Mobile/15E148 Safari/604.1"
176.4.33.228 - - [26/Jan/2026:19:22:37 -0500] "GET /wp-content/themes/matrix-model/assets/css/custom.css HTTP/1.1" 200 5229 "https://matrixmodels.com/" "Mozilla/5.0 (iPhone; CPU iPhone OS 18_7 like Mac OS X) AppleWebKit/605.1.15 (KHTML, like Gecko) FxiOS/147.0 Mobile/15E148 Safari/604.1"
176.4.33.228 - - [26/Jan/2026:19:22:37 -0500] "GET /wp-content/themes/matrix-model/assets/css/bootstrap_v4.3.1_min.css HTTP/1.1" 200 155712 "https://matrixmodels.com/" "Mozilla/5.0 (iPhone; CPU iPhone OS 18_7 like Mac OS X) AppleWebKit/605.1.15 (KHTML, like Gecko) FxiOS/147.0 Mobile/15E148 Safari/604.1"
176.4.33.228 - - [26/Jan/2026:19:22:38 -0500] "GET /wp-content/themes/matrix-model/assets/css/animate.min.css HTTP/1.1" 200 52592 "https://matrixmodels.com/" "Mozilla/5.0 (iPhone; CPU iPhone OS 18_7 like Mac OS X) AppleWebKit/605.1.15 (KHTML, like Gecko) FxiOS/147.0 Mobile/15E148 Safari/604.1"
176.4.33.228 - - [26/Jan/2026:19:22:38 -0500] "GET /wp-content/themes/matrix-model/assets/css/aos.css HTTP/1.1" 200 26053 "https://matrixmodels.com/" "Mozilla/5.0 (iPhone; CPU iPhone OS 18_7 like Mac OS X) AppleWebKit/605.1.15 (KHTML, like Gecko) FxiOS/147.0 Mobile/15E148 Safari/604.1"
176.4.33.228 - - [26/Jan/2026:19:22:38 -0500] "GET /wp-content/themes/matrix-model/assets/css/owl.carousel.min.css HTTP/1.1" 404 260 "https://matrixmodels.com/" "Mozilla/5.0 (iPhone; CPU iPhone OS 18_7 like Mac OS X) AppleWebKit/605.1.15 (KHTML, like Gecko) FxiOS/147.0 Mobile/15E148 Safari/604.1"
176.4.33.228 - - [26/Jan/2026:19:22:38 -0500] "GET /wp-content/themes/matrix-model/assets/css/owl.theme.default.min.css HTTP/1.1" 404 265 "https://matrixmodels.com/" "Mozilla/5.0 (iPhone; CPU iPhone OS 18_7 like Mac OS X) AppleWebKit/605.1.15 (KHTML, like Gecko) FxiOS/147.0 Mobile/15E148 Safari/604.1"
176.4.33.228 - - [26/Jan/2026:19:22:38 -0500] "GET /wp-content/themes/matrix-model/assets/images/more/i-1.jpg HTTP/1.1" 200 39164 "https://matrixmodels.com/" "Mozilla/5.0 (iPhone; CPU iPhone OS 18_7 like Mac OS X) AppleWebKit/605.1.15 (KHTML, like Gecko) FxiOS/147.0 Mobile/15E148 Safari/604.1"
176.4.33.228 - - [26/Jan/2026:19:22:38 -0500] "GET /wp-content/themes/matrix-model/assets/images/more/i-2.jpg HTTP/1.1" 200 44619 "https://matrixmodels.com/" "Mozilla/5.0 (iPhone; CPU iPhone OS 18_7 like Mac OS X) AppleWebKit/605.1.15 (KHTML, like Gecko) FxiOS/147.0 Mobile/15E148 Safari/604.1"
176.4.33.228 - - [26/Jan/2026:19:22:38 -0500] "GET /wp-content/themes/matrix-model/assets/images/more/i-3.jpg HTTP/1.1" 200 36068 "https://matrixmodels.com/" "Mozilla/5.0 (iPhone; CPU iPhone OS 18_7 like Mac OS X) AppleWebKit/605.1.15 (KHTML, like Gecko) FxiOS/147.0 Mobile/15E148 Safari/604.1"
176.4.33.228 - - [26/Jan/2026:19:22:38 -0500] "GET /wp-content/themes/matrix-model/assets/images/more/i-6.jpg HTTP/1.1" 200 39553 "https://matrixmodels.com/" "Mozilla/5.0 (iPhone; CPU iPhone OS 18_7 like Mac OS X) AppleWebKit/605.1.15 (KHTML, like Gecko) FxiOS/147.0 Mobile/15E148 Safari/604.1"
176.4.33.228 - - [26/Jan/2026:19:22:38 -0500] "GET /wp-content/themes/matrix-model/assets/images/more/i-4.jpg HTTP/1.1" 200 28534 "https://matrixmodels.com/" "Mozilla/5.0 (iPhone; CPU iPhone OS 18_7 like Mac OS X) AppleWebKit/605.1.15 (KHTML, like Gecko) FxiOS/147.0 Mobile/15E148 Safari/604.1"
176.4.33.228 - - [26/Jan/2026:19:22:38 -0500] "GET /wp-content/themes/matrix-model/assets/images/more/i-5.jpg HTTP/1.1" 200 35264 "https://matrixmodels.com/" "Mozilla/5.0 (iPhone; CPU iPhone OS 18_7 like Mac OS X) AppleWebKit/605.1.15 (KHTML, like Gecko) FxiOS/147.0 Mobile/15E148 Safari/604.1"
176.4.33.228 - - [26/Jan/2026:19:22:38 -0500] "GET /wp-content/themes/matrix-model/assets/images/more/i-9.jpg HTTP/1.1" 200 39513 "https://matrixmodels.com/" "Mozilla/5.0 (iPhone; CPU iPhone OS 18_7 like Mac OS X) AppleWebKit/605.1.15 (KHTML, like Gecko) FxiOS/147.0 Mobile/15E148 Safari/604.1"
176.4.33.228 - - [26/Jan/2026:19:22:39 -0500] "GET /wp-content/themes/matrix-model/assets/images/more/i-7.jpg HTTP/1.1" 200 35534 "https://matrixmodels.com/" "Mozilla/5.0 (iPhone; CPU iPhone OS 18_7 like Mac OS X) AppleWebKit/605.1.15 (KHTML, like Gecko) FxiOS/147.0 Mobile/15E148 Safari/604.1"
176.4.33.228 - - [26/Jan/2026:19:22:39 -0500] "GET /wp-content/uploads/2021/07/logo.png HTTP/1.1" 200 181002 "https://matrixmodels.com/" "Mozilla/5.0 (iPhone; CPU iPhone OS 18_7 like Mac OS X) AppleWebKit/605.1.15 (KHTML, like Gecko) FxiOS/147.0 Mobile/15E148 Safari/604.1"
176.4.33.228 - - [26/Jan/2026:19:22:39 -0500] "GET /wp-content/themes/matrix-model/assets/images/more/i-8.jpg HTTP/1.1" 200 31506 "https://matrixmodels.com/" "Mozilla/5.0 (iPhone; CPU iPhone OS 18_7 like Mac OS X) AppleWebKit/605.1.15 (KHTML, like Gecko) FxiOS/147.0 Mobile/15E148 Safari/604.1"
176.4.33.228 - - [26/Jan/2026:19:22:48 -0500] "GET /our-models HTTP/1.1" 301 - "https://matrixmodels.com/" "Mozilla/5.0 (iPhone; CPU iPhone OS 18_7 like Mac OS X) AppleWebKit/605.1.15 (KHTML, like Gecko) FxiOS/147.0 Mobile/15E148 Safari/604.1"
176.4.33.228 - - [26/Jan/2026:19:22:49 -0500] "GET /our-models/ HTTP/1.1" 200 7615 "https://matrixmodels.com/" "Mozilla/5.0 (iPhone; CPU iPhone OS 18_7 like Mac OS X) AppleWebKit/605.1.15 (KHTML, like Gecko) FxiOS/147.0 Mobile/15E148 Safari/604.1"
176.4.33.228 - - [26/Jan/2026:19:22:49 -0500] "GET /wp-includes/js/wp-emoji-release.min.js?ver=5.6.16 HTTP/1.1" 200 14229 "https://matrixmodels.com/our-models/" "Mozilla/5.0 (iPhone; CPU iPhone OS 18_7 like Mac OS X) AppleWebKit/605.1.15 (KHTML, like Gecko) FxiOS/147.0 Mobile/15E148 Safari/604.1"
176.4.33.228 - - [26/Jan/2026:19:22:49 -0500] "GET /wp-includes/css/dist/block-library/style.min.css?ver=5.6.16 HTTP/1.1" 200 51338 "https://matrixmodels.com/our-models/" "Mozilla/5.0 (iPhone; CPU iPhone OS 18_7 like Mac OS X) AppleWebKit/605.1.15 (KHTML, like Gecko) FxiOS/147.0 Mobile/15E148 Safari/604.1"
176.4.33.228 - - [26/Jan/2026:19:22:49 -0500] "GET /wp-content/themes/matrix-model/style.css?ver=5.6.16 HTTP/1.1" 200 41969 "https://matrixmodels.com/our-models/" "Mozilla/5.0 (iPhone; CPU iPhone OS 18_7 like Mac OS X) AppleWebKit/605.1.15 (KHTML, like Gecko) FxiOS/147.0 Mobile/15E148 Safari/604.1"
176.4.33.228 - - [26/Jan/2026:19:22:49 -0500] "GET /wp-includes/js/jquery/jquery-migrate.min.js?ver=3.3.2 HTTP/1.1" 200 11224 "https://matrixmodels.com/our-models/" "Mozilla/5.0 (iPhone; CPU iPhone OS 18_7 like Mac OS X) AppleWebKit/605.1.15 (KHTML, like Gecko) FxiOS/147.0 Mobile/15E148 Safari/604.1"
176.4.33.228 - - [26/Jan/2026:19:22:49 -0500] "GET /wp-includes/js/jquery/jquery.min.js?ver=3.5.1 HTTP/1.1" 200 89496 "https://matrixmodels.com/our-models/" "Mozilla/5.0 (iPhone; CPU iPhone OS 18_7 like Mac OS X) AppleWebKit/605.1.15 (KHTML, like Gecko) FxiOS/147.0 Mobile/15E148 Safari/604.1"
176.4.33.228 - - [26/Jan/2026:19:22:50 -0500] "GET /wp-content/themes/matrix-model/images/inner-logo.jpg HTTP/1.1" 200 8330 "https://matrixmodels.com/our-models/" "Mozilla/5.0 (iPhone; CPU iPhone OS 18_7 like Mac OS X) AppleWebKit/605.1.15 (KHTML, like Gecko) FxiOS/147.0 Mobile/15E148 Safari/604.1"
64.59.72.148 - - [26/Jan/2026:19:23:22 -0500] "GET / HTTP/1.1" 200 4446 "-" "check_http/v2.4.9 (nagios-plugins 2.4.9)"
66.249.70.135 - - [26/Jan/2026:19:24:24 -0500] "GET /wp-content/uploads/2019/04/089.jpg HTTP/1.1" 304 - "-" "Googlebot-Image/1.0"
107.189.1.179 - - [26/Jan/2026:19:25:16 -0500] "GET /wp-login.php HTTP/1.1" 200 6925 "-" "Mozilla/5.0 (Macintosh; Intel Mac OS X 10_8_5) AppleWebKit/537.77.4 (KHTML, like Gecko) Version/6.1.5 Safari/537.77.4"
107.189.1.179 - - [26/Jan/2026:19:25:17 -0500] "POST /wp-login.php HTTP/1.1" 200 7340 "-" "Mozilla/5.0 (Macintosh; Intel Mac OS X 10_8_5) AppleWebKit/537.77.4 (KHTML, like Gecko) Version/6.1.5 Safari/537.77.4"
199.195.249.231 - - [26/Jan/2026:19:25:19 -0500] "GET /wp-login.php HTTP/1.1" 200 6925 "-" "Mozilla/5.0 (X11; Linux x86_64) AppleWebKit/537.36 (KHTML, like Gecko) Chrome/36.0.1985.125 Safari/537.36"
199.195.249.231 - - [26/Jan/2026:19:25:20 -0500] "POST /wp-login.php HTTP/1.1" 200 7199 "-" "Mozilla/5.0 (X11; Linux x86_64) AppleWebKit/537.36 (KHTML, like Gecko) Chrome/36.0.1985.125 Safari/537.36"
195.184.76.34 - - [26/Jan/2026:19:25:21 -0500] "GET / HTTP/1.1" 301 - "-" "Mozilla/5.0 (X11; Ubuntu; Linux x86_64; rv:134.0) Gecko/20100101 Firefox/134.0"
64.59.72.148 - - [26/Jan/2026:19:25:22 -0500] "GET / HTTP/1.1" 200 4446 "-" "check_http/v2.4.9 (nagios-plugins 2.4.9)"
66.249.70.133 - - [26/Jan/2026:19:26:45 -0500] "GET /?p=3124 HTTP/1.1" 404 8442 "-" "Mozilla/5.0 (Linux; Android 6.0.1; Nexus 5X Build/MMB29P) AppleWebKit/537.36 (KHTML, like Gecko) Chrome/143.0.7499.192 Mobile Safari/537.36 (compatible; Googlebot/2.1; +http://www.google.com/bot.html)"
91.230.168.162 - - [26/Jan/2026:19:27:16 -0500] "GET /favicon.ico HTTP/1.1" 200 43 "-" "Mozilla/5.0 (X11; Ubuntu; Linux x86_64; rv:134.0) Gecko/20100101 Firefox/134.0"
64.59.72.148 - - [26/Jan/2026:19:27:22 -0500] "GET / HTTP/1.1" 200 4446 "-" "check_http/v2.4.9 (nagios-plugins 2.4.9)"
143.110.180.16 - - [26/Jan/2026:19:27:57 -0500] "POST /wp-login.php HTTP/1.1" 200 7170 "-" "Mozilla/5.0"
51.161.37.57 - - [26/Jan/2026:19:28:00 -0500] "GET /otw-portfolio/athena-palomino/?dir=%2Fhome HTTP/1.1" 301 - "-" "Mozilla/5.0 (compatible; AhrefsBot/7.0; +http://ahrefs.com/robot/)"
95.90.233.174 - - [26/Jan/2026:19:28:38 -0500] "GET /otw-portfolio/nikki-venom/ HTTP/1.1" 301 - "-" "Mozilla/5.0 (Linux; Android 10; K) AppleWebKit/537.36 (KHTML, like Gecko) SamsungBrowser/29.0 Chrome/136.0.0.0 Mobile Safari/537.36"
95.90.233.174 - - [26/Jan/2026:19:28:39 -0500] "GET / HTTP/1.1" 200 4465 "-" "Mozilla/5.0 (Linux; Android 10; K) AppleWebKit/537.36 (KHTML, like Gecko) SamsungBrowser/29.0 Chrome/136.0.0.0 Mobile Safari/537.36"
95.90.233.174 - - [26/Jan/2026:19:28:39 -0500] "GET /wp-content/themes/matrix-model/assets/css/aos.css HTTP/1.1" 200 26053 "https://matrixmodels.com/" "Mozilla/5.0 (Linux; Android 10; K) AppleWebKit/537.36 (KHTML, like Gecko) SamsungBrowser/29.0 Chrome/136.0.0.0 Mobile Safari/537.36"
95.90.233.174 - - [26/Jan/2026:19:28:39 -0500] "GET /wp-content/themes/matrix-model/assets/css/owl.carousel.min.css HTTP/1.1" 404 260 "https://matrixmodels.com/" "Mozilla/5.0 (Linux; Android 10; K) AppleWebKit/537.36 (KHTML, like Gecko) SamsungBrowser/29.0 Chrome/136.0.0.0 Mobile Safari/537.36"
95.90.233.174 - - [26/Jan/2026:19:28:39 -0500] "GET /wp-content/themes/matrix-model/assets/css/owl.theme.default.min.css HTTP/1.1" 404 265 "https://matrixmodels.com/" "Mozilla/5.0 (Linux; Android 10; K) AppleWebKit/537.36 (KHTML, like Gecko) SamsungBrowser/29.0 Chrome/136.0.0.0 Mobile Safari/537.36"
95.90.233.174 - - [26/Jan/2026:19:28:39 -0500] "GET /wp-content/themes/matrix-model/assets/images/more/i-1.jpg HTTP/1.1" 200 39164 "https://matrixmodels.com/" "Mozilla/5.0 (Linux; Android 10; K) AppleWebKit/537.36 (KHTML, like Gecko) SamsungBrowser/29.0 Chrome/136.0.0.0 Mobile Safari/537.36"
95.90.233.174 - - [26/Jan/2026:19:28:39 -0500] "GET /wp-content/themes/matrix-model/assets/css/custom.css HTTP/1.1" 200 5229 "https://matrixmodels.com/" "Mozilla/5.0 (Linux; Android 10; K) AppleWebKit/537.36 (KHTML, like Gecko) SamsungBrowser/29.0 Chrome/136.0.0.0 Mobile Safari/537.36"
95.90.233.174 - - [26/Jan/2026:19:28:39 -0500] "GET /wp-content/themes/matrix-model/assets/images/more/i-2.jpg HTTP/1.1" 200 44619 "https://matrixmodels.com/" "Mozilla/5.0 (Linux; Android 10; K) AppleWebKit/537.36 (KHTML, like Gecko) SamsungBrowser/29.0 Chrome/136.0.0.0 Mobile Safari/537.36"
95.90.233.174 - - [26/Jan/2026:19:28:39 -0500] "GET /wp-content/themes/matrix-model/assets/images/more/i-3.jpg HTTP/1.1" 200 36068 "https://matrixmodels.com/" "Mozilla/5.0 (Linux; Android 10; K) AppleWebKit/537.36 (KHTML, like Gecko) SamsungBrowser/29.0 Chrome/136.0.0.0 Mobile Safari/537.36"
95.90.233.174 - - [26/Jan/2026:19:28:39 -0500] "GET /wp-content/themes/matrix-model/assets/css/bootstrap_v4.3.1_min.css HTTP/1.1" 200 155712 "https://matrixmodels.com/" "Mozilla/5.0 (Linux; Android 10; K) AppleWebKit/537.36 (KHTML, like Gecko) SamsungBrowser/29.0 Chrome/136.0.0.0 Mobile Safari/537.36"
95.90.233.174 - - [26/Jan/2026:19:28:39 -0500] "GET /wp-content/themes/matrix-model/assets/images/more/i-4.jpg HTTP/1.1" 200 28534 "https://matrixmodels.com/" "Mozilla/5.0 (Linux; Android 10; K) AppleWebKit/537.36 (KHTML, like Gecko) SamsungBrowser/29.0 Chrome/136.0.0.0 Mobile Safari/537.36"
95.90.233.174 - - [26/Jan/2026:19:28:39 -0500] "GET /wp-content/themes/matrix-model/assets/css/animate.min.css HTTP/1.1" 200 52592 "https://matrixmodels.com/" "Mozilla/5.0 (Linux; Android 10; K) AppleWebKit/537.36 (KHTML, like Gecko) SamsungBrowser/29.0 Chrome/136.0.0.0 Mobile Safari/537.36"
95.90.233.174 - - [26/Jan/2026:19:28:40 -0500] "GET /wp-content/themes/matrix-model/assets/images/more/i-5.jpg HTTP/1.1" 200 35264 "https://matrixmodels.com/" "Mozilla/5.0 (Linux; Android 10; K) AppleWebKit/537.36 (KHTML, like Gecko) SamsungBrowser/29.0 Chrome/136.0.0.0 Mobile Safari/537.36"
95.90.233.174 - - [26/Jan/2026:19:28:40 -0500] "GET /wp-content/themes/matrix-model/assets/images/more/i-6.jpg HTTP/1.1" 200 39553 "https://matrixmodels.com/" "Mozilla/5.0 (Linux; Android 10; K) AppleWebKit/537.36 (KHTML, like Gecko) SamsungBrowser/29.0 Chrome/136.0.0.0 Mobile Safari/537.36"
95.90.233.174 - - [26/Jan/2026:19:28:40 -0500] "GET /wp-content/themes/matrix-model/assets/images/more/i-7.jpg HTTP/1.1" 200 35534 "https://matrixmodels.com/" "Mozilla/5.0 (Linux; Android 10; K) AppleWebKit/537.36 (KHTML, like Gecko) SamsungBrowser/29.0 Chrome/136.0.0.0 Mobile Safari/537.36"
95.90.233.174 - - [26/Jan/2026:19:28:40 -0500] "GET /wp-content/themes/matrix-model/assets/images/more/i-8.jpg HTTP/1.1" 200 31506 "https://matrixmodels.com/" "Mozilla/5.0 (Linux; Android 10; K) AppleWebKit/537.36 (KHTML, like Gecko) SamsungBrowser/29.0 Chrome/136.0.0.0 Mobile Safari/537.36"
95.90.233.174 - - [26/Jan/2026:19:28:40 -0500] "GET /wp-content/themes/matrix-model/assets/images/more/i-9.jpg HTTP/1.1" 200 39513 "https://matrixmodels.com/" "Mozilla/5.0 (Linux; Android 10; K) AppleWebKit/537.36 (KHTML, like Gecko) SamsungBrowser/29.0 Chrome/136.0.0.0 Mobile Safari/537.36"
95.90.233.174 - - [26/Jan/2026:19:28:40 -0500] "GET /wp-content/uploads/2021/07/logo.png HTTP/1.1" 200 181002 "https://matrixmodels.com/" "Mozilla/5.0 (Linux; Android 10; K) AppleWebKit/537.36 (KHTML, like Gecko) SamsungBrowser/29.0 Chrome/136.0.0.0 Mobile Safari/537.36"
95.90.233.174 - - [26/Jan/2026:19:28:41 -0500] "GET /wp-content/themes/matrix-model/assets/images/logo/favicon.png HTTP/1.1" 404 259 "https://matrixmodels.com/" "Mozilla/5.0 (Linux; Android 10; K) AppleWebKit/537.36 (KHTML, like Gecko) SamsungBrowser/29.0 Chrome/136.0.0.0 Mobile Safari/537.36"
64.59.72.148 - - [26/Jan/2026:19:29:22 -0500] "GET / HTTP/1.1" 200 4446 "-" "check_http/v2.4.9 (nagios-plugins 2.4.9)"
64.59.72.148 - - [26/Jan/2026:19:31:22 -0500] "GET / HTTP/1.1" 200 4446 "-" "check_http/v2.4.9 (nagios-plugins 2.4.9)"
195.181.162.180 - - [26/Jan/2026:19:32:46 -0500] "GET / HTTP/1.1" 200 4465 "-" "Mozilla/5.0 (Windows NT 10.0; Win64; x64) AppleWebKit/537.36 (KHTML, like Gecko) Chrome/144.0.0.0 Safari/537.36 Edg/144.0.0.0"
195.181.162.180 - - [26/Jan/2026:19:32:46 -0500] "GET /wp-content/themes/matrix-model/assets/css/aos.css HTTP/1.1" 200 26053 "https://matrixmodels.com/" "Mozilla/5.0 (Windows NT 10.0; Win64; x64) AppleWebKit/537.36 (KHTML, like Gecko) Chrome/144.0.0.0 Safari/537.36 Edg/144.0.0.0"
195.181.162.180 - - [26/Jan/2026:19:32:46 -0500] "GET /wp-content/themes/matrix-model/assets/css/bootstrap_v4.3.1_min.css HTTP/1.1" 200 155712 "https://matrixmodels.com/" "Mozilla/5.0 (Windows NT 10.0; Win64; x64) AppleWebKit/537.36 (KHTML, like Gecko) Chrome/144.0.0.0 Safari/537.36 Edg/144.0.0.0"
195.181.162.180 - - [26/Jan/2026:19:32:47 -0500] "GET /wp-content/themes/matrix-model/assets/css/owl.carousel.min.css HTTP/1.1" 404 260 "https://matrixmodels.com/" "Mozilla/5.0 (Windows NT 10.0; Win64; x64) AppleWebKit/537.36 (KHTML, like Gecko) Chrome/144.0.0.0 Safari/537.36 Edg/144.0.0.0"
195.181.162.180 - - [26/Jan/2026:19:32:47 -0500] "GET /wp-content/themes/matrix-model/assets/css/owl.theme.default.min.css HTTP/1.1" 404 265 "https://matrixmodels.com/" "Mozilla/5.0 (Windows NT 10.0; Win64; x64) AppleWebKit/537.36 (KHTML, like Gecko) Chrome/144.0.0.0 Safari/537.36 Edg/144.0.0.0"
195.181.162.180 - - [26/Jan/2026:19:32:47 -0500] "GET /wp-content/themes/matrix-model/assets/css/animate.min.css HTTP/1.1" 200 52592 "https://matrixmodels.com/" "Mozilla/5.0 (Windows NT 10.0; Win64; x64) AppleWebKit/537.36 (KHTML, like Gecko) Chrome/144.0.0.0 Safari/537.36 Edg/144.0.0.0"
195.181.162.180 - - [26/Jan/2026:19:32:47 -0500] "GET /wp-content/themes/matrix-model/assets/css/custom.css HTTP/1.1" 200 5229 "https://matrixmodels.com/" "Mozilla/5.0 (Windows NT 10.0; Win64; x64) AppleWebKit/537.36 (KHTML, like Gecko) Chrome/144.0.0.0 Safari/537.36 Edg/144.0.0.0"
195.181.162.180 - - [26/Jan/2026:19:32:47 -0500] "GET /wp-content/themes/matrix-model/assets/images/more/i-1.jpg HTTP/1.1" 200 39164 "https://matrixmodels.com/" "Mozilla/5.0 (Windows NT 10.0; Win64; x64) AppleWebKit/537.36 (KHTML, like Gecko) Chrome/144.0.0.0 Safari/537.36 Edg/144.0.0.0"
195.181.162.180 - - [26/Jan/2026:19:32:47 -0500] "GET /wp-content/themes/matrix-model/assets/images/more/i-2.jpg HTTP/1.1" 200 44619 "https://matrixmodels.com/" "Mozilla/5.0 (Windows NT 10.0; Win64; x64) AppleWebKit/537.36 (KHTML, like Gecko) Chrome/144.0.0.0 Safari/537.36 Edg/144.0.0.0"
195.181.162.180 - - [26/Jan/2026:19:32:47 -0500] "GET /wp-content/themes/matrix-model/assets/images/more/i-3.jpg HTTP/1.1" 200 36068 "https://matrixmodels.com/" "Mozilla/5.0 (Windows NT 10.0; Win64; x64) AppleWebKit/537.36 (KHTML, like Gecko) Chrome/144.0.0.0 Safari/537.36 Edg/144.0.0.0"
195.181.162.180 - - [26/Jan/2026:19:32:47 -0500] "GET /wp-content/themes/matrix-model/assets/images/more/i-4.jpg HTTP/1.1" 200 28534 "https://matrixmodels.com/" "Mozilla/5.0 (Windows NT 10.0; Win64; x64) AppleWebKit/537.36 (KHTML, like Gecko) Chrome/144.0.0.0 Safari/537.36 Edg/144.0.0.0"
195.181.162.180 - - [26/Jan/2026:19:32:47 -0500] "GET /wp-content/themes/matrix-model/assets/images/more/i-6.jpg HTTP/1.1" 200 39553 "https://matrixmodels.com/" "Mozilla/5.0 (Windows NT 10.0; Win64; x64) AppleWebKit/537.36 (KHTML, like Gecko) Chrome/144.0.0.0 Safari/537.36 Edg/144.0.0.0"
195.181.162.180 - - [26/Jan/2026:19:32:47 -0500] "GET /wp-content/themes/matrix-model/assets/images/more/i-5.jpg HTTP/1.1" 200 35264 "https://matrixmodels.com/" "Mozilla/5.0 (Windows NT 10.0; Win64; x64) AppleWebKit/537.36 (KHTML, like Gecko) Chrome/144.0.0.0 Safari/537.36 Edg/144.0.0.0"
195.181.162.180 - - [26/Jan/2026:19:32:47 -0500] "GET /wp-content/themes/matrix-model/assets/images/more/i-7.jpg HTTP/1.1" 200 35534 "https://matrixmodels.com/" "Mozilla/5.0 (Windows NT 10.0; Win64; x64) AppleWebKit/537.36 (KHTML, like Gecko) Chrome/144.0.0.0 Safari/537.36 Edg/144.0.0.0"
195.181.162.180 - - [26/Jan/2026:19:32:47 -0500] "GET /wp-content/themes/matrix-model/assets/images/more/i-8.jpg HTTP/1.1" 200 31506 "https://matrixmodels.com/" "Mozilla/5.0 (Windows NT 10.0; Win64; x64) AppleWebKit/537.36 (KHTML, like Gecko) Chrome/144.0.0.0 Safari/537.36 Edg/144.0.0.0"
195.181.162.180 - - [26/Jan/2026:19:32:47 -0500] "GET /wp-content/themes/matrix-model/assets/images/more/i-9.jpg HTTP/1.1" 200 39513 "https://matrixmodels.com/" "Mozilla/5.0 (Windows NT 10.0; Win64; x64) AppleWebKit/537.36 (KHTML, like Gecko) Chrome/144.0.0.0 Safari/537.36 Edg/144.0.0.0"
195.181.162.180 - - [26/Jan/2026:19:32:47 -0500] "GET /wp-content/uploads/2021/07/logo.png HTTP/1.1" 200 181002 "https://matrixmodels.com/" "Mozilla/5.0 (Windows NT 10.0; Win64; x64) AppleWebKit/537.36 (KHTML, like Gecko) Chrome/144.0.0.0 Safari/537.36 Edg/144.0.0.0"
195.181.162.180 - - [26/Jan/2026:19:32:47 -0500] "GET /wp-content/themes/matrix-model/assets/images/logo/favicon.png HTTP/1.1" 404 259 "https://matrixmodels.com/" "Mozilla/5.0 (Windows NT 10.0; Win64; x64) AppleWebKit/537.36 (KHTML, like Gecko) Chrome/144.0.0.0 Safari/537.36 Edg/144.0.0.0"
195.181.162.180 - - [26/Jan/2026:19:33:17 -0500] "-" 408 - "-" "-"
64.59.72.148 - - [26/Jan/2026:19:33:22 -0500] "GET / HTTP/1.1" 200 4446 "-" "check_http/v2.4.9 (nagios-plugins 2.4.9)"
51.161.65.27 - - [26/Jan/2026:19:33:24 -0500] "GET /6-8/ HTTP/1.1" 200 12361 "-" "Mozilla/5.0 (compatible; AhrefsBot/7.0; +http://ahrefs.com/robot/)"
136.144.17.232 - - [26/Jan/2026:19:34:20 -0500] "GET /wp-content/uploads/2019/03/CFL08386.jpg HTTP/1.1" 200 124120 "https://yandex.com/" "Mozilla/5.0 (Windows NT 10.0; Win64; x64) AppleWebKit/537.36 (KHTML, like Gecko) Chrome/144.0.0.0 Safari/537.36"
66.249.70.134 - - [26/Jan/2026:19:34:52 -0500] "GET /?p=3177 HTTP/1.1" 404 8442 "-" "Mozilla/5.0 (Linux; Android 6.0.1; Nexus 5X Build/MMB29P) AppleWebKit/537.36 (KHTML, like Gecko) Chrome/143.0.7499.192 Mobile Safari/537.36 (compatible; Googlebot/2.1; +http://www.google.com/bot.html)"
143.110.180.16 - - [26/Jan/2026:19:35:03 -0500] "POST /wp-login.php HTTP/1.1" 200 7170 "-" "Mozilla/5.0"
195.181.162.180 - - [26/Jan/2026:19:35:06 -0500] "GET /our-models HTTP/1.1" 301 - "https://matrixmodels.com/" "Mozilla/5.0 (Windows NT 10.0; Win64; x64) AppleWebKit/537.36 (KHTML, like Gecko) Chrome/144.0.0.0 Safari/537.36 Edg/144.0.0.0"
195.181.162.180 - - [26/Jan/2026:19:35:06 -0500] "GET /our-models/ HTTP/1.1" 200 7615 "https://matrixmodels.com/" "Mozilla/5.0 (Windows NT 10.0; Win64; x64) AppleWebKit/537.36 (KHTML, like Gecko) Chrome/144.0.0.0 Safari/537.36 Edg/144.0.0.0"
195.181.162.180 - - [26/Jan/2026:19:35:06 -0500] "GET /wp-includes/css/dist/block-library/style.min.css?ver=5.6.16 HTTP/1.1" 200 51338 "https://matrixmodels.com/our-models/" "Mozilla/5.0 (Windows NT 10.0; Win64; x64) AppleWebKit/537.36 (KHTML, like Gecko) Chrome/144.0.0.0 Safari/537.36 Edg/144.0.0.0"
195.181.162.180 - - [26/Jan/2026:19:35:06 -0500] "GET /wp-content/themes/matrix-model/style.css?ver=5.6.16 HTTP/1.1" 200 41969 "https://matrixmodels.com/our-models/" "Mozilla/5.0 (Windows NT 10.0; Win64; x64) AppleWebKit/537.36 (KHTML, like Gecko) Chrome/144.0.0.0 Safari/537.36 Edg/144.0.0.0"
195.181.162.180 - - [26/Jan/2026:19:35:06 -0500] "GET /wp-content/themes/matrix-model/images/inner-logo.jpg HTTP/1.1" 200 8330 "https://matrixmodels.com/our-models/" "Mozilla/5.0 (Windows NT 10.0; Win64; x64) AppleWebKit/537.36 (KHTML, like Gecko) Chrome/144.0.0.0 Safari/537.36 Edg/144.0.0.0"
195.181.162.180 - - [26/Jan/2026:19:35:06 -0500] "GET /wp-includes/js/jquery/jquery-migrate.min.js?ver=3.3.2 HTTP/1.1" 200 11224 "https://matrixmodels.com/our-models/" "Mozilla/5.0 (Windows NT 10.0; Win64; x64) AppleWebKit/537.36 (KHTML, like Gecko) Chrome/144.0.0.0 Safari/537.36 Edg/144.0.0.0"
195.181.162.180 - - [26/Jan/2026:19:35:06 -0500] "GET /wp-includes/js/jquery/jquery.min.js?ver=3.5.1 HTTP/1.1" 200 89496 "https://matrixmodels.com/our-models/" "Mozilla/5.0 (Windows NT 10.0; Win64; x64) AppleWebKit/537.36 (KHTML, like Gecko) Chrome/144.0.0.0 Safari/537.36 Edg/144.0.0.0"
195.181.162.180 - - [26/Jan/2026:19:35:06 -0500] "GET /wp-includes/js/wp-emoji-release.min.js?ver=5.6.16 HTTP/1.1" 200 14229 "https://matrixmodels.com/our-models/" "Mozilla/5.0 (Windows NT 10.0; Win64; x64) AppleWebKit/537.36 (KHTML, like Gecko) Chrome/144.0.0.0 Safari/537.36 Edg/144.0.0.0"
195.181.162.180 - - [26/Jan/2026:19:35:06 -0500] "GET /favicon.ico HTTP/1.1" 200 43 "https://matrixmodels.com/our-models/" "Mozilla/5.0 (Windows NT 10.0; Win64; x64) AppleWebKit/537.36 (KHTML, like Gecko) Chrome/144.0.0.0 Safari/537.36 Edg/144.0.0.0"
195.181.162.180 - - [26/Jan/2026:19:35:10 -0500] "GET /our-models/ HTTP/1.1" 200 7615 "https://matrixmodels.com/our-models/" "Mozilla/5.0 (Windows NT 10.0; Win64; x64) AppleWebKit/537.36 (KHTML, like Gecko) Chrome/144.0.0.0 Safari/537.36 Edg/144.0.0.0"
195.181.162.180 - - [26/Jan/2026:19:35:12 -0500] "GET / HTTP/1.1" 200 4465 "https://matrixmodels.com/our-models/" "Mozilla/5.0 (Windows NT 10.0; Win64; x64) AppleWebKit/537.36 (KHTML, like Gecko) Chrome/144.0.0.0 Safari/537.36 Edg/144.0.0.0"
195.181.162.180 - - [26/Jan/2026:19:35:12 -0500] "GET /wp-content/themes/matrix-model/assets/css/owl.carousel.min.css HTTP/1.1" 404 260 "https://matrixmodels.com/" "Mozilla/5.0 (Windows NT 10.0; Win64; x64) AppleWebKit/537.36 (KHTML, like Gecko) Chrome/144.0.0.0 Safari/537.36 Edg/144.0.0.0"
195.181.162.180 - - [26/Jan/2026:19:35:12 -0500] "GET /wp-content/themes/matrix-model/assets/css/owl.theme.default.min.css HTTP/1.1" 404 265 "https://matrixmodels.com/" "Mozilla/5.0 (Windows NT 10.0; Win64; x64) AppleWebKit/537.36 (KHTML, like Gecko) Chrome/144.0.0.0 Safari/537.36 Edg/144.0.0.0"
195.181.162.180 - - [26/Jan/2026:19:35:14 -0500] "GET /our-models/ HTTP/1.1" 200 7615 "https://matrixmodels.com/" "Mozilla/5.0 (Windows NT 10.0; Win64; x64) AppleWebKit/537.36 (KHTML, like Gecko) Chrome/144.0.0.0 Safari/537.36 Edg/144.0.0.0"
195.181.162.180 - - [26/Jan/2026:19:35:18 -0500] "GET /https-www-netflix-com-watch-80115908trackid13752289tctx0%2c2%2c1e4d6191-442a-4bbb-b824-80e2389da213-155638059%2c%2c/ HTTP/1.1" 200 9494 "https://matrixmodels.com/our-models/" "Mozilla/5.0 (Windows NT 10.0; Win64; x64) AppleWebKit/537.36 (KHTML, like Gecko) Chrome/144.0.0.0 Safari/537.36 Edg/144.0.0.0"
195.181.162.180 - - [26/Jan/2026:19:35:18 -0500] "GET /wp-includes/js/wp-embed.min.js?ver=5.6.16 HTTP/1.1" 200 1478 "https://matrixmodels.com/https-www-netflix-com-watch-80115908trackid13752289tctx0%2c2%2c1e4d6191-442a-4bbb-b824-80e2389da213-155638059%2c%2c/" "Mozilla/5.0 (Windows NT 10.0; Win64; x64) AppleWebKit/537.36 (KHTML, like Gecko) Chrome/144.0.0.0 Safari/537.36 Edg/144.0.0.0"
195.181.162.180 - - [26/Jan/2026:19:35:18 -0500] "GET /wp-content/themes/matrix-model/js/navigation.js?ver=20140711 HTTP/1.1" 200 1516 "https://matrixmodels.com/https-www-netflix-com-watch-80115908trackid13752289tctx0%2c2%2c1e4d6191-442a-4bbb-b824-80e2389da213-155638059%2c%2c/" "Mozilla/5.0 (Windows NT 10.0; Win64; x64) AppleWebKit/537.36 (KHTML, like Gecko) Chrome/144.0.0.0 Safari/537.36 Edg/144.0.0.0"
195.181.162.180 - - [26/Jan/2026:19:35:18 -0500] "GET /wp-content/themes/matrix-model/images/title_bg.jpg HTTP/1.1" 200 1124 "https://matrixmodels.com/wp-content/themes/matrix-model/style.css?ver=5.6.16" "Mozilla/5.0 (Windows NT 10.0; Win64; x64) AppleWebKit/537.36 (KHTML, like Gecko) Chrome/144.0.0.0 Safari/537.36 Edg/144.0.0.0"
195.181.162.180 - - [26/Jan/2026:19:35:20 -0500] "GET /about-matrix-models/ HTTP/1.1" 200 10353 "https://matrixmodels.com/https-www-netflix-com-watch-80115908trackid13752289tctx0%2c2%2c1e4d6191-442a-4bbb-b824-80e2389da213-155638059%2c%2c/" "Mozilla/5.0 (Windows NT 10.0; Win64; x64) AppleWebKit/537.36 (KHTML, like Gecko) Chrome/144.0.0.0 Safari/537.36 Edg/144.0.0.0"
195.181.162.180 - - [26/Jan/2026:19:35:20 -0500] "GET /wp-content/uploads/2014/12/Matrix-Models-Photo-Logo.jpg HTTP/1.1" 200 36134 "https://matrixmodels.com/about-matrix-models/" "Mozilla/5.0 (Windows NT 10.0; Win64; x64) AppleWebKit/537.36 (KHTML, like Gecko) Chrome/144.0.0.0 Safari/537.36 Edg/144.0.0.0"
64.59.72.148 - - [26/Jan/2026:19:35:22 -0500] "GET / HTTP/1.1" 200 4446 "-" "check_http/v2.4.9 (nagios-plugins 2.4.9)"
213.180.203.113 - - [26/Jan/2026:19:35:41 -0500] "GET /robots.txt HTTP/1.1" 200 117 "-" "Mozilla/5.0 (compatible; YandexBot/3.0; +http://yandex.com/bots)"
95.108.213.212 - - [26/Jan/2026:19:35:42 -0500] "GET /wp-content/uploads/2016/11/LUNA-17.jpg HTTP/1.1" 200 105104 "-" "Mozilla/5.0 (compatible; YandexImages/3.0; +http://yandex.com/bots)"
195.181.162.180 - - [26/Jan/2026:19:35:48 -0500] "-" 408 - "-" "-"
95.108.213.99 - - [26/Jan/2026:19:36:16 -0500] "GET /wp-sitemap.xml HTTP/1.1" 200 18534 "-" "Mozilla/5.0 (compatible; YandexBot/3.0; +http://yandex.com/bots)"
114.119.149.159 - - [26/Jan/2026:19:36:22 -0500] "GET /wp-content/uploads/2022/02/CECE5-360x520.jpg HTTP/1.1" 200 22577 "http://matrixmodels.com/otw-portfolio/" "Mozilla/5.0 (Linux; Android 7.0;) AppleWebKit/537.36 (KHTML, like Gecko) Mobile Safari/537.36 (compatible; PetalBot;+https://webmaster.petalsearch.com/site/petalbot)"
188.166.35.151 - - [26/Jan/2026:19:36:53 -0500] "POST /wp-login.php HTTP/1.1" 200 7170 "-" "Mozilla/5.0"
64.59.72.148 - - [26/Jan/2026:19:37:22 -0500] "GET / HTTP/1.1" 200 4446 "-" "check_http/v2.4.9 (nagios-plugins 2.4.9)"
114.119.155.22 - - [26/Jan/2026:19:37:44 -0500] "GET /aidra-fox HTTP/1.1" 404 8442 "https://www.starfactorypr.com/2014/10/23/index.html" "Mozilla/5.0 (Linux; Android 7.0;) AppleWebKit/537.36 (KHTML, like Gecko) Mobile Safari/537.36 (compatible; PetalBot;+https://webmaster.petalsearch.com/site/petalbot)"
74.7.175.141 - - [26/Jan/2026:19:38:02 -0500] "GET /robots.txt HTTP/1.1" 301 - "-" "Mozilla/5.0 (Macintosh; Intel Mac OS X 10_15_7) AppleWebKit/537.36 (KHTML, like Gecko) Chrome/131.0.0.0 Safari/537.36; compatible; OAI-SearchBot/1.3; robots.txt; +https://openai.com/searchbot"
74.7.175.141 - - [26/Jan/2026:19:38:02 -0500] "GET /robots.txt HTTP/1.1" 200 117 "https://www.matrixmodels.com/robots.txt" "Mozilla/5.0 (Macintosh; Intel Mac OS X 10_15_7) AppleWebKit/537.36 (KHTML, like Gecko) Chrome/131.0.0.0 Safari/537.36; compatible; OAI-SearchBot/1.3; robots.txt; +https://openai.com/searchbot"
207.46.13.87 - - [26/Jan/2026:19:38:14 -0500] "GET /wp-content/uploads/2015/01/38-360x420.jpg HTTP/1.1" 200 32157 "-" "Mozilla/5.0 AppleWebKit/537.36 (KHTML, like Gecko; compatible; bingbot/2.0; +http://www.bing.com/bingbot.htm) Chrome/116.0.1938.76 Safari/537.36"
157.55.39.8 - - [26/Jan/2026:19:39:14 -0500] "GET /wp-content/uploads/2020/11/DSC_6482.jpg HTTP/1.1" 200 195459 "-" "Mozilla/5.0 AppleWebKit/537.36 (KHTML, like Gecko; compatible; bingbot/2.0; +http://www.bing.com/bingbot.htm) Chrome/116.0.1938.76 Safari/537.36"
54.39.136.99 - - [26/Jan/2026:19:39:20 -0500] "GET /3-6/ HTTP/1.1" 200 12370 "-" "Mozilla/5.0 (compatible; AhrefsBot/7.0; +http://ahrefs.com/robot/)"
64.59.72.148 - - [26/Jan/2026:19:39:22 -0500] "GET / HTTP/1.1" 200 4446 "-" "check_http/v2.4.9 (nagios-plugins 2.4.9)"
37.204.85.244 - - [26/Jan/2026:19:41:06 -0500] "GET /wp-content/uploads/2019/03/CFL08093.jpg HTTP/1.1" 200 135759 "https://ya.ru/images/search?cbir_id=4330540%2F9TjLlv86aMEhZxfaxpdMjQ4412&tmpl_version=releases-frontend-images-v1.1703.0__7d090cb2d4d9823803190509a95d03c049893005&rpt=imageview&cbird=188&lr=10758&url=https%3A%2F%2Favatars.mds.yandex.net%2Fget-images-cbir%2F4330540%2F9TjLlv86aMEhZxfaxpdMjQ4412%2Forig&cbir_page=similar" "Mozilla/5.0 (Windows NT 10.0; Win64; x64) AppleWebKit/537.36 (KHTML, like Gecko) Chrome/109.0.0.0 Safari/537.36"
64.59.72.148 - - [26/Jan/2026:19:41:22 -0500] "GET / HTTP/1.1" 200 4446 "-" "check_http/v2.4.9 (nagios-plugins 2.4.9)"
37.204.85.244 - - [26/Jan/2026:19:41:36 -0500] "-" 408 - "-" "-"
143.110.180.16 - - [26/Jan/2026:19:42:05 -0500] "POST /wp-login.php HTTP/1.1" 200 7170 "-" "Mozilla/5.0"
64.59.72.148 - - [26/Jan/2026:19:43:22 -0500] "GET / HTTP/1.1" 200 4446 "-" "check_http/v2.4.9 (nagios-plugins 2.4.9)"
37.204.85.244 - - [26/Jan/2026:19:43:34 -0500] "GET /otw-portfolio/chanel-shortcake/?utm_medium=organic&utm_source=yandexsmartcamera HTTP/1.1" 301 - "https://ya.ru/images/search?cbir_id=4330540%2F9TjLlv86aMEhZxfaxpdMjQ4412&cbir_page=similar&cbird=188&img_url=https%3A%2F%2Fi3.wp.com%2Fmatrixmodels.com%2Fwp-content%2Fuploads%2F2019%2F03%2FCFL08093.jpg%3Fssl%3D1&lr=10758&pos=19&rpt=imageview&url=https%3A%2F%2Favatars.mds.yandex.net%2Fget-images-cbir%2F4330540%2F9TjLlv86aMEhZxfaxpdMjQ4412%2Forig" "Mozilla/5.0 (Windows NT 10.0; Win64; x64) AppleWebKit/537.36 (KHTML, like Gecko) Chrome/109.0.0.0 Safari/537.36"
37.204.85.244 - - [26/Jan/2026:19:43:34 -0500] "GET /?utm_medium=organic&utm_source=yandexsmartcamera HTTP/1.1" 200 4465 "https://ya.ru/images/search?cbir_id=4330540%2F9TjLlv86aMEhZxfaxpdMjQ4412&cbir_page=similar&cbird=188&img_url=https%3A%2F%2Fi3.wp.com%2Fmatrixmodels.com%2Fwp-content%2Fuploads%2F2019%2F03%2FCFL08093.jpg%3Fssl%3D1&lr=10758&pos=19&rpt=imageview&url=https%3A%2F%2Favatars.mds.yandex.net%2Fget-images-cbir%2F4330540%2F9TjLlv86aMEhZxfaxpdMjQ4412%2Forig" "Mozilla/5.0 (Windows NT 10.0; Win64; x64) AppleWebKit/537.36 (KHTML, like Gecko) Chrome/109.0.0.0 Safari/537.36"
37.204.85.244 - - [26/Jan/2026:19:43:34 -0500] "GET /wp-content/themes/matrix-model/assets/css/aos.css HTTP/1.1" 200 26053 "https://matrixmodels.com/?utm_medium=organic&utm_source=yandexsmartcamera" "Mozilla/5.0 (Windows NT 10.0; Win64; x64) AppleWebKit/537.36 (KHTML, like Gecko) Chrome/109.0.0.0 Safari/537.36"
37.204.85.244 - - [26/Jan/2026:19:43:34 -0500] "GET /wp-content/themes/matrix-model/assets/css/owl.carousel.min.css HTTP/1.1" 404 260 "https://matrixmodels.com/?utm_medium=organic&utm_source=yandexsmartcamera" "Mozilla/5.0 (Windows NT 10.0; Win64; x64) AppleWebKit/537.36 (KHTML, like Gecko) Chrome/109.0.0.0 Safari/537.36"
37.204.85.244 - - [26/Jan/2026:19:43:34 -0500] "GET /wp-content/themes/matrix-model/assets/css/owl.theme.default.min.css HTTP/1.1" 404 265 "https://matrixmodels.com/?utm_medium=organic&utm_source=yandexsmartcamera" "Mozilla/5.0 (Windows NT 10.0; Win64; x64) AppleWebKit/537.36 (KHTML, like Gecko) Chrome/109.0.0.0 Safari/537.36"
37.204.85.244 - - [26/Jan/2026:19:43:34 -0500] "GET /wp-content/themes/matrix-model/assets/css/bootstrap_v4.3.1_min.css HTTP/1.1" 200 155712 "https://matrixmodels.com/?utm_medium=organic&utm_source=yandexsmartcamera" "Mozilla/5.0 (Windows NT 10.0; Win64; x64) AppleWebKit/537.36 (KHTML, like Gecko) Chrome/109.0.0.0 Safari/537.36"
37.204.85.244 - - [26/Jan/2026:19:43:34 -0500] "GET /wp-content/themes/matrix-model/assets/css/custom.css HTTP/1.1" 200 5229 "https://matrixmodels.com/?utm_medium=organic&utm_source=yandexsmartcamera" "Mozilla/5.0 (Windows NT 10.0; Win64; x64) AppleWebKit/537.36 (KHTML, like Gecko) Chrome/109.0.0.0 Safari/537.36"
37.204.85.244 - - [26/Jan/2026:19:43:34 -0500] "GET /wp-content/themes/matrix-model/assets/images/more/i-5.jpg HTTP/1.1" 200 35264 "https://matrixmodels.com/?utm_medium=organic&utm_source=yandexsmartcamera" "Mozilla/5.0 (Windows NT 10.0; Win64; x64) AppleWebKit/537.36 (KHTML, like Gecko) Chrome/109.0.0.0 Safari/537.36"
37.204.85.244 - - [26/Jan/2026:19:43:34 -0500] "GET /wp-content/themes/matrix-model/assets/images/more/i-6.jpg HTTP/1.1" 200 39553 "https://matrixmodels.com/?utm_medium=organic&utm_source=yandexsmartcamera" "Mozilla/5.0 (Windows NT 10.0; Win64; x64) AppleWebKit/537.36 (KHTML, like Gecko) Chrome/109.0.0.0 Safari/537.36"
37.204.85.244 - - [26/Jan/2026:19:43:34 -0500] "GET /wp-content/themes/matrix-model/assets/images/more/i-3.jpg HTTP/1.1" 200 36068 "https://matrixmodels.com/?utm_medium=organic&utm_source=yandexsmartcamera" "Mozilla/5.0 (Windows NT 10.0; Win64; x64) AppleWebKit/537.36 (KHTML, like Gecko) Chrome/109.0.0.0 Safari/537.36"
37.204.85.244 - - [26/Jan/2026:19:43:35 -0500] "GET /wp-content/themes/matrix-model/assets/images/more/i-8.jpg HTTP/1.1" 200 31506 "https://matrixmodels.com/?utm_medium=organic&utm_source=yandexsmartcamera" "Mozilla/5.0 (Windows NT 10.0; Win64; x64) AppleWebKit/537.36 (KHTML, like Gecko) Chrome/109.0.0.0 Safari/537.36"
37.204.85.244 - - [26/Jan/2026:19:43:35 -0500] "GET /wp-content/themes/matrix-model/assets/images/more/i-9.jpg HTTP/1.1" 200 39513 "https://matrixmodels.com/?utm_medium=organic&utm_source=yandexsmartcamera" "Mozilla/5.0 (Windows NT 10.0; Win64; x64) AppleWebKit/537.36 (KHTML, like Gecko) Chrome/109.0.0.0 Safari/537.36"
37.204.85.244 - - [26/Jan/2026:19:43:34 -0500] "GET /wp-content/themes/matrix-model/assets/css/animate.min.css HTTP/1.1" 200 52592 "https://matrixmodels.com/?utm_medium=organic&utm_source=yandexsmartcamera" "Mozilla/5.0 (Windows NT 10.0; Win64; x64) AppleWebKit/537.36 (KHTML, like Gecko) Chrome/109.0.0.0 Safari/537.36"
37.204.85.244 - - [26/Jan/2026:19:43:35 -0500] "GET /wp-content/themes/matrix-model/assets/images/more/i-2.jpg HTTP/1.1" 200 44619 "https://matrixmodels.com/?utm_medium=organic&utm_source=yandexsmartcamera" "Mozilla/5.0 (Windows NT 10.0; Win64; x64) AppleWebKit/537.36 (KHTML, like Gecko) Chrome/109.0.0.0 Safari/537.36"
37.204.85.244 - - [26/Jan/2026:19:43:35 -0500] "GET /wp-content/themes/matrix-model/assets/images/more/i-7.jpg HTTP/1.1" 200 35534 "https://matrixmodels.com/?utm_medium=organic&utm_source=yandexsmartcamera" "Mozilla/5.0 (Windows NT 10.0; Win64; x64) AppleWebKit/537.36 (KHTML, like Gecko) Chrome/109.0.0.0 Safari/537.36"
37.204.85.244 - - [26/Jan/2026:19:43:35 -0500] "GET /wp-content/themes/matrix-model/assets/images/more/i-1.jpg HTTP/1.1" 200 39164 "https://matrixmodels.com/?utm_medium=organic&utm_source=yandexsmartcamera" "Mozilla/5.0 (Windows NT 10.0; Win64; x64) AppleWebKit/537.36 (KHTML, like Gecko) Chrome/109.0.0.0 Safari/537.36"
37.204.85.244 - - [26/Jan/2026:19:43:35 -0500] "GET /wp-content/uploads/2021/07/logo.png HTTP/1.1" 200 181002 "https://matrixmodels.com/?utm_medium=organic&utm_source=yandexsmartcamera" "Mozilla/5.0 (Windows NT 10.0; Win64; x64) AppleWebKit/537.36 (KHTML, like Gecko) Chrome/109.0.0.0 Safari/537.36"
37.204.85.244 - - [26/Jan/2026:19:43:35 -0500] "GET /wp-content/themes/matrix-model/assets/images/more/i-4.jpg HTTP/1.1" 200 28534 "https://matrixmodels.com/?utm_medium=organic&utm_source=yandexsmartcamera" "Mozilla/5.0 (Windows NT 10.0; Win64; x64) AppleWebKit/537.36 (KHTML, like Gecko) Chrome/109.0.0.0 Safari/537.36"
37.204.85.244 - - [26/Jan/2026:19:43:36 -0500] "GET /wp-content/themes/matrix-model/assets/images/logo/favicon.png HTTP/1.1" 404 259 "https://matrixmodels.com/?utm_medium=organic&utm_source=yandexsmartcamera" "Mozilla/5.0 (Windows NT 10.0; Win64; x64) AppleWebKit/537.36 (KHTML, like Gecko) Chrome/109.0.0.0 Safari/537.36"
148.113.130.30 - - [26/Jan/2026:19:44:51 -0500] "GET /feed/?attachment_id=227 HTTP/1.1" 200 719 "-" "Mozilla/5.0 (compatible; AhrefsBot/7.0; +http://ahrefs.com/robot/)"
64.59.72.148 - - [26/Jan/2026:19:45:22 -0500] "GET / HTTP/1.1" 200 4446 "-" "check_http/v2.4.9 (nagios-plugins 2.4.9)"
64.59.72.148 - - [26/Jan/2026:19:47:22 -0500] "GET / HTTP/1.1" 200 4446 "-" "check_http/v2.4.9 (nagios-plugins 2.4.9)"
66.249.70.133 - - [26/Jan/2026:19:48:49 -0500] "GET /?p=3978 HTTP/1.1" 404 8442 "-" "Mozilla/5.0 (Linux; Android 6.0.1; Nexus 5X Build/MMB29P) AppleWebKit/537.36 (KHTML, like Gecko) Chrome/143.0.7499.192 Mobile Safari/537.36 (compatible; Googlebot/2.1; +http://www.google.com/bot.html)"
143.110.180.16 - - [26/Jan/2026:19:49:09 -0500] "POST /wp-login.php HTTP/1.1" 200 7170 "-" "Mozilla/5.0"
64.59.72.148 - - [26/Jan/2026:19:49:22 -0500] "GET / HTTP/1.1" 200 4446 "-" "check_http/v2.4.9 (nagios-plugins 2.4.9)"
151.30.75.180 - - [26/Jan/2026:19:49:43 -0500] "GET /wp-content/uploads/2020/11/DSC_5868.jpg HTTP/1.1" 200 268158 "https://www.google.com/" "Mozilla/5.0 (Linux; Android 10; K) AppleWebKit/537.36 (KHTML, like Gecko) Chrome/144.0.0.0 Mobile Safari/537.36"
51.222.168.72 - - [26/Jan/2026:19:49:59 -0500] "GET /feed/?attachment_id=135 HTTP/1.1" 200 733 "-" "Mozilla/5.0 (compatible; AhrefsBot/7.0; +http://ahrefs.com/robot/)"
158.220.122.128 - - [26/Jan/2026:19:51:06 -0500] "POST /wp-admin/admin-ajax.php HTTP/1.1" 400 1 "-" "Mozilla/5.0 (Debian; Linux i686) AppleWebKit/537.36 (KHTML, like Gecko) Chrome/136.0.0.0 Safari/537.36"
158.220.122.128 - - [26/Jan/2026:19:51:16 -0500] "GET /wp-content/plugins/showbizpro/temp/update_extract/vwAFY.php HTTP/1.1" 404 257 "-" "Mozilla/5.0 (Macintosh; Intel Mac OS X 10_15_6) AppleWebKit/605.1.15 (KHTML, like Gecko) Version/14.0.1 Safari/605.1.15"
64.59.72.148 - - [26/Jan/2026:19:51:22 -0500] "GET / HTTP/1.1" 200 4446 "-" "check_http/v2.4.9 (nagios-plugins 2.4.9)"
66.249.70.134 - - [26/Jan/2026:19:52:04 -0500] "GET /?p=4340 HTTP/1.1" 404 8442 "-" "Mozilla/5.0 (Linux; Android 6.0.1; Nexus 5X Build/MMB29P) AppleWebKit/537.36 (KHTML, like Gecko) Chrome/143.0.7499.192 Mobile Safari/537.36 (compatible; Googlebot/2.1; +http://www.google.com/bot.html)"
207.46.13.168 - - [26/Jan/2026:19:52:36 -0500] "GET /r%C3%A9sultat-keno-midi-aujourd-hui/ HTTP/1.1" 404 8442 "-" "Mozilla/5.0 AppleWebKit/537.36 (KHTML, like Gecko; compatible; bingbot/2.0; +http://www.bing.com/bingbot.htm) Chrome/116.0.1938.76 Safari/537.36"
188.166.35.151 - - [26/Jan/2026:19:53:19 -0500] "POST /wp-login.php HTTP/1.1" 200 7170 "-" "Mozilla/5.0"
64.59.72.148 - - [26/Jan/2026:19:53:22 -0500] "GET / HTTP/1.1" 200 4446 "-" "check_http/v2.4.9 (nagios-plugins 2.4.9)"
51.79.151.214 - - [26/Jan/2026:19:53:36 -0500] "GET / HTTP/1.1" 301 - "-" "Mozilla/5.0 (Linux; Android 11; CPH2185) AppleWebKit/537.36 (KHTML, like Gecko) Chrome/91.0.4472.101 Mobile Safari/537.36"
51.79.151.214 - - [26/Jan/2026:19:53:38 -0500] "GET / HTTP/1.1" 200 4446 "-" "Mozilla/5.0 (Linux; Android 11; CPH2185) AppleWebKit/537.36 (KHTML, like Gecko) Chrome/91.0.4472.101 Mobile Safari/537.36"
54.39.210.255 - - [26/Jan/2026:19:54:58 -0500] "GET /49/ HTTP/1.1" 200 12302 "-" "Mozilla/5.0 (compatible; AhrefsBot/7.0; +http://ahrefs.com/robot/)"
64.59.72.148 - - [26/Jan/2026:19:55:22 -0500] "GET / HTTP/1.1" 200 4446 "-" "check_http/v2.4.9 (nagios-plugins 2.4.9)"
143.110.180.16 - - [26/Jan/2026:19:56:11 -0500] "POST /wp-login.php HTTP/1.1" 200 7170 "-" "Mozilla/5.0"
193.207.168.85 - - [26/Jan/2026:19:56:17 -0500] "GET /wp-content/uploads/2019/03/CFL08093.jpg HTTP/1.1" 200 135759 "https://www.google.com/" "Mozilla/5.0 (Linux; Android 11; M2101K6G Build/RKQ1.200826.002; wv) AppleWebKit/537.36 (KHTML, like Gecko) Version/4.0 Chrome/143.0.7499.193 Mobile Safari/537.36 GoogleApp/17.1.43.ve.arm64"
193.207.168.85 - - [26/Jan/2026:19:56:25 -0500] "GET /wp-content/uploads/2019/03/CFL08329.jpg HTTP/1.1" 200 112089 "https://www.google.com/" "Mozilla/5.0 (Linux; Android 11; M2101K6G Build/RKQ1.200826.002; wv) AppleWebKit/537.36 (KHTML, like Gecko) Version/4.0 Chrome/143.0.7499.193 Mobile Safari/537.36 GoogleApp/17.1.43.ve.arm64"
193.207.168.85 - - [26/Jan/2026:19:56:34 -0500] "GET /wp-content/uploads/2019/03/CFL08393.jpg HTTP/1.1" 200 115950 "https://www.google.com/" "Mozilla/5.0 (Linux; Android 11; M2101K6G Build/RKQ1.200826.002; wv) AppleWebKit/537.36 (KHTML, like Gecko) Version/4.0 Chrome/143.0.7499.193 Mobile Safari/537.36 GoogleApp/17.1.43.ve.arm64"
193.207.168.85 - - [26/Jan/2026:19:56:39 -0500] "GET /wp-content/uploads/2019/03/CFL08047.jpg HTTP/1.1" 200 109940 "https://www.google.com/" "Mozilla/5.0 (Linux; Android 11; M2101K6G Build/RKQ1.200826.002; wv) AppleWebKit/537.36 (KHTML, like Gecko) Version/4.0 Chrome/143.0.7499.193 Mobile Safari/537.36 GoogleApp/17.1.43.ve.arm64"
74.206.165.145 - - [26/Jan/2026:19:57:22 -0500] "POST /wp-cron.php?doing_wp_cron=1769475442.7233738899230957031250 HTTP/1.1" 200 - "http://matrixmodels.com/wp-cron.php?doing_wp_cron=1769475442.7233738899230957031250" "WordPress/5.6.16; http://matrixmodels.com"
64.59.72.148 - - [26/Jan/2026:19:57:22 -0500] "GET / HTTP/1.1" 200 4446 "-" "check_http/v2.4.9 (nagios-plugins 2.4.9)"
83.86.90.94 - - [26/Jan/2026:19:58:23 -0500] "GET /wp-content/uploads/2015/12/JILLIAN-1.jpg HTTP/1.1" 200 119007 "https://www.google.com/" "Mozilla/5.0 (Linux; Android 4.4.4; SM-T560 Build/KTU84P) AppleWebKit/537.36 (KHTML, like Gecko) Version/4.0 Chrome/33.0.0.0 Safari/537.36 GSA/9.94.7.16.arm"
