66.249.70.134 - - [27/Jan/2026:00:54:21 -0500] "GET /?p=3184 HTTP/1.1" 404 8442 "-" "Mozilla/5.0 (Linux; Android 6.0.1; Nexus 5X Build/MMB29P) AppleWebKit/537.36 (KHTML, like Gecko) Chrome/143.0.7499.192 Mobile Safari/537.36 (compatible; Googlebot/2.1; +http://www.google.com/bot.html)"
20.168.122.3 - - [27/Jan/2026:00:55:09 -0500] "GET / HTTP/1.0" 400 362 "-" "-"
64.59.72.148 - - [27/Jan/2026:00:55:22 -0500] "GET / HTTP/1.1" 200 4446 "-" "check_http/v2.4.9 (nagios-plugins 2.4.9)"
64.59.72.148 - - [27/Jan/2026:00:57:22 -0500] "GET / HTTP/1.1" 200 4446 "-" "check_http/v2.4.9 (nagios-plugins 2.4.9)"
78.139.106.84 - - [27/Jan/2026:00:58:28 -0500] "GET /wp-content/uploads/2019/04/006.jpg HTTP/1.1" 200 100758 "https://ya.ru/images/search?from=tabbar&lr=11164&ncrnd=3882&source=related-duck&text=Gabbie%20Carter%20%D0%B1%D0%BE%D0%BB%D1%8C%D1%88%D0%B8%D0%B5%20%D1%81%D0%B8%D1%81%D1%8C%D0%BA%D0%B8" "Mozilla/5.0 (Windows NT 10.0; Win64; x64) AppleWebKit/537.36 (KHTML, like Gecko) Chrome/142.0.0.0 YaBrowser/25.12.0.0 Safari/537.36"
54.39.210.39 - - [27/Jan/2026:00:59:06 -0500] "GET /?dir=%2Fhome%2Fhttpd%2Fhtml%2Fmatrixmodels.com%2Fpublic_html&mode=chmod&file=401.shtml HTTP/1.1" 200 4446 "-" "Mozilla/5.0 (compatible; AhrefsBot/7.0; +http://ahrefs.com/robot/)"
105.154.6.114 - - [27/Jan/2026:00:59:08 -0500] "GET /wp-content/plugins/dpffqcb/index.php HTTP/1.1" 200 40775 "-" "Mozilla/5.0 (Windows NT 10.0; Win64; x64) AppleWebKit/537.36 (KHTML, like Gecko) Chrome/144.0.0.0 Safari/537.36"
105.154.6.114 - - [27/Jan/2026:00:59:08 -0500] "GET /wp-content/plugins/vhfwlnn/index.php HTTP/1.1" 200 40775 "-" "Mozilla/5.0 (Windows NT 10.0; Win64; x64) AppleWebKit/537.36 (KHTML, like Gecko) Chrome/144.0.0.0 Safari/537.36"
105.154.6.114 - - [27/Jan/2026:00:59:09 -0500] "GET /favicon.ico HTTP/1.1" 200 43 "https://matrixmodels.com/wp-content/plugins/dpffqcb/index.php" "Mozilla/5.0 (Windows NT 10.0; Win64; x64) AppleWebKit/537.36 (KHTML, like Gecko) Chrome/144.0.0.0 Safari/537.36"
105.154.6.114 - - [27/Jan/2026:00:59:15 -0500] "GET /wp-content/plugins/vhfwlnn/xs.php HTTP/1.1" 200 295 "-" "Mozilla/5.0 (Windows NT 10.0; Win64; x64) AppleWebKit/537.36 (KHTML, like Gecko) Chrome/144.0.0.0 Safari/537.36"
105.154.6.114 - - [27/Jan/2026:00:59:18 -0500] "GET /wp-content/plugins/vhfwlnn/ss.php HTTP/1.1" 200 295 "-" "Mozilla/5.0 (Windows NT 10.0; Win64; x64) AppleWebKit/537.36 (KHTML, like Gecko) Chrome/144.0.0.0 Safari/537.36"
64.59.72.148 - - [27/Jan/2026:00:59:22 -0500] "GET / HTTP/1.1" 200 4446 "-" "check_http/v2.4.9 (nagios-plugins 2.4.9)"
105.154.6.114 - - [27/Jan/2026:00:59:23 -0500] "GET /wp-content/plugins/vhfwlnn/index.php?p=%2Fhome%2Fhttpd%2Fhtml%2Fmatrixmodels.com%2Fpublic_html%2Fwp-content%2Fplugins%2Fvhfwlnn%2F&edit=wp-headers-blogs.php HTTP/1.1" 200 11836 "https://matrixmodels.com/wp-content/plugins/vhfwlnn/index.php" "Mozilla/5.0 (Windows NT 10.0; Win64; x64) AppleWebKit/537.36 (KHTML, like Gecko) Chrome/144.0.0.0 Safari/537.36"
198.204.240.42 - - [27/Jan/2026:00:59:27 -0500] "GET / HTTP/1.1" 200 4465 "-" "Mozilla/5.0 (Windows NT 10.0; Win64; x64) AppleWebKit/537.36 (KHTML, like Gecko) Chrome/131.0.0.0 Safari/537.36"
198.204.240.42 - - [27/Jan/2026:00:59:27 -0500] "GET / HTTP/1.1" 200 4465 "-" "Mozilla/5.0 (compatible; Googlebot/2.1; +http://www.google.com/bot.html)"
105.154.6.114 - - [27/Jan/2026:00:59:27 -0500] "GET /wp-content/plugins/vhfwlnn/wp-headers-blogs.php HTTP/1.1" 200 19468 "-" "Mozilla/5.0 (Windows NT 10.0; Win64; x64) AppleWebKit/537.36 (KHTML, like Gecko) Chrome/144.0.0.0 Safari/537.36"
198.204.240.42 - - [27/Jan/2026:00:59:30 -0500] "GET /index.php?params=1 HTTP/1.1" 301 - "-" "Mozilla/5.0 (Windows NT 10.0; Win64; x64) AppleWebKit/537.36 (KHTML, like Gecko) Chrome/131.0.0.0 Safari/537.36"
198.204.240.42 - - [27/Jan/2026:00:59:30 -0500] "GET /?params=1 HTTP/1.1" 200 4446 "-" "Mozilla/5.0 (Windows NT 10.0; Win64; x64) AppleWebKit/537.36 (KHTML, like Gecko) Chrome/131.0.0.0 Safari/537.36"
105.154.6.114 - - [27/Jan/2026:00:59:32 -0500] "POST /wp-content/plugins/vhfwlnn/wp-headers-blogs.php HTTP/1.1" 403 6 "https://matrixmodels.com/wp-content/plugins/vhfwlnn/wp-headers-blogs.php" "Mozilla/5.0 (Windows NT 10.0; Win64; x64) AppleWebKit/537.36 (KHTML, like Gecko) Chrome/144.0.0.0 Safari/537.36"
105.154.6.114 - - [27/Jan/2026:00:59:34 -0500] "POST /wp-content/plugins/vhfwlnn/wp-headers-blogs.php HTTP/1.1" 403 6 "https://matrixmodels.com/wp-content/plugins/vhfwlnn/wp-headers-blogs.php" "Mozilla/5.0 (Windows NT 10.0; Win64; x64) AppleWebKit/537.36 (KHTML, like Gecko) Chrome/144.0.0.0 Safari/537.36"
105.154.6.114 - - [27/Jan/2026:00:59:35 -0500] "POST /wp-content/plugins/vhfwlnn/wp-headers-blogs.php HTTP/1.1" 403 6 "https://matrixmodels.com/wp-content/plugins/vhfwlnn/wp-headers-blogs.php" "Mozilla/5.0 (Windows NT 10.0; Win64; x64) AppleWebKit/537.36 (KHTML, like Gecko) Chrome/144.0.0.0 Safari/537.36"
105.154.6.114 - - [27/Jan/2026:00:59:42 -0500] "GET /wp-content/plugins/vhfwlnn/index.php HTTP/1.1" 200 40775 "-" "Mozilla/5.0 (Windows NT 10.0; Win64; x64) AppleWebKit/537.36 (KHTML, like Gecko) Chrome/144.0.0.0 Safari/537.36"
105.154.6.114 - - [27/Jan/2026:00:59:53 -0500] "GET /wp-content/plugins/vhfwlnn/index.php?p=%2Fhome%2Fhttpd%2Fhtml%2Fmatrixmodels.com%2Fpublic_html%2Fwp-content%2Fplugins%2Fvhfwlnn%2F&edit=index.php HTTP/1.1" 200 36100 "https://matrixmodels.com/wp-content/plugins/vhfwlnn/index.php" "Mozilla/5.0 (Windows NT 10.0; Win64; x64) AppleWebKit/537.36 (KHTML, like Gecko) Chrome/144.0.0.0 Safari/537.36"
105.154.6.114 - - [27/Jan/2026:01:00:23 -0500] "-" 408 - "-" "-"
47.128.98.221 - - [27/Jan/2026:01:01:07 -0500] "GET /robots.txt HTTP/1.1" 200 117 "-" "Mozilla/5.0 (Linux; Android 5.0) AppleWebKit/537.36 (KHTML, like Gecko) Mobile Safari/537.36 (compatible; Bytespider; spider-feedback@bytedance.com)"
64.59.72.148 - - [27/Jan/2026:01:01:22 -0500] "GET / HTTP/1.1" 200 4446 "-" "check_http/v2.4.9 (nagios-plugins 2.4.9)"
42.236.12.226 - - [27/Jan/2026:01:02:05 -0500] "GET / HTTP/1.1" 301 - "http://www.matrixmodels.com/" "User-Agent:Mozilla/5.0 (Windows NT 10.0; Win64; x64) AppleWebKit/537.36 (KHTML, like Gecko) Chrome/140.0.0.0 Safari/537.36 Edg/140.0.0.0; 360Spider"
42.236.12.226 - - [27/Jan/2026:01:02:07 -0500] "GET / HTTP/1.1" 200 4446 "http://matrixmodels.com/" "User-Agent:Mozilla/5.0 (Windows NT 10.0; Win64; x64) AppleWebKit/537.36 (KHTML, like Gecko) Chrome/140.0.0.0 Safari/537.36 Edg/140.0.0.0; 360Spider"
77.75.76.164 - - [27/Jan/2026:01:02:47 -0500] "GET /author/root/ HTTP/1.1" 200 12718 "-" "Mozilla/5.0 (compatible; SeznamBot/4.0; +https://o-seznam.cz/napoveda/vyhledavani/en/seznambot-crawler/)"
154.198.117.169 - - [27/Jan/2026:01:02:48 -0500] "-" 408 - "-" "-"
154.198.117.169 - - [27/Jan/2026:01:02:49 -0500] "-" 408 - "-" "-"
154.198.117.169 - - [27/Jan/2026:01:03:19 -0500] "-" 408 - "-" "-"
154.198.117.169 - - [27/Jan/2026:01:03:20 -0500] "-" 408 - "-" "-"
64.59.72.148 - - [27/Jan/2026:01:03:22 -0500] "GET / HTTP/1.1" 200 4446 "-" "check_http/v2.4.9 (nagios-plugins 2.4.9)"
154.198.117.169 - - [27/Jan/2026:01:03:49 -0500] "-" 408 - "-" "-"
154.198.117.169 - - [27/Jan/2026:01:03:51 -0500] "-" 408 - "-" "-"
64.59.72.148 - - [27/Jan/2026:01:05:22 -0500] "GET / HTTP/1.1" 200 4446 "-" "check_http/v2.4.9 (nagios-plugins 2.4.9)"
114.30.12.203 - - [27/Jan/2026:01:06:03 -0500] "-" 408 - "-" "-"
74.206.165.145 - - [27/Jan/2026:01:06:05 -0500] "POST /wp-cron.php?doing_wp_cron=1769493965.1670920848846435546875 HTTP/1.1" 200 - "http://matrixmodels.com/wp-cron.php?doing_wp_cron=1769493965.1670920848846435546875" "WordPress/5.6.16; http://matrixmodels.com"
13.216.212.254 - - [27/Jan/2026:01:06:05 -0500] "GET / HTTP/1.1" 200 4446 "-" "Snap URL Preview Service; bot; snapchat; https://developers.snap.com/robots"
18.212.210.152 - - [27/Jan/2026:01:06:05 -0500] "GET /wp-content/themes/matrix-model/assets/images/logo/favicon.png HTTP/1.1" 404 259 "-" "Snap URL Preview Service; bot; snapchat; https://developers.snap.com/robots"
64.59.72.148 - - [27/Jan/2026:01:07:22 -0500] "GET / HTTP/1.1" 200 4446 "-" "check_http/v2.4.9 (nagios-plugins 2.4.9)"
54.237.197.67 - - [27/Jan/2026:01:08:21 -0500] "GET /wp-content/themes/matrix-model/assets/images/logo/favicon.png HTTP/1.1" 404 259 "-" "Snap URL Preview Service; bot; snapchat; https://developers.snap.com/robots"
114.30.12.203 - - [27/Jan/2026:01:08:32 -0500] "-" 408 - "-" "-"
5.112.219.218 - - [27/Jan/2026:01:08:54 -0500] "-" 408 - "-" "-"
5.112.219.218 - - [27/Jan/2026:01:09:13 -0500] "-" 408 - "-" "-"
74.206.165.145 - - [27/Jan/2026:01:09:22 -0500] "POST /wp-cron.php?doing_wp_cron=1769494162.8257839679718017578125 HTTP/1.1" 200 - "http://matrixmodels.com/wp-cron.php?doing_wp_cron=1769494162.8257839679718017578125" "WordPress/5.6.16; http://matrixmodels.com"
64.59.72.148 - - [27/Jan/2026:01:09:22 -0500] "GET / HTTP/1.1" 200 4446 "-" "check_http/v2.4.9 (nagios-plugins 2.4.9)"
5.112.219.218 - - [27/Jan/2026:01:09:32 -0500] "-" 408 - "-" "-"
98.89.0.180 - - [27/Jan/2026:01:09:34 -0500] "GET /wp-content/themes/matrix-model/assets/images/logo/favicon.png HTTP/1.1" 404 259 "-" "Snap URL Preview Service; bot; snapchat; https://developers.snap.com/robots"
5.112.219.218 - - [27/Jan/2026:01:09:52 -0500] "-" 408 - "-" "-"
23.82.201.139 - - [27/Jan/2026:01:10:44 -0500] "GET /otw-portfolio/holly-berry/?utm_source=ADT&utm_medium=web&utm_campaign=ADT HTTP/1.1" 301 - "-" "Mozilla/5.0 (iPhone; CPU iPhone OS 18_6_2 like Mac OS X) AppleWebKit/605.1.15 (KHTML, like Gecko) CriOS/144.0.7559.95 Mobile/15E148 Safari/604.1"
23.82.201.139 - - [27/Jan/2026:01:10:45 -0500] "GET /?utm_source=ADT&utm_medium=web&utm_campaign=ADT HTTP/1.1" 200 4446 "-" "Mozilla/5.0 (iPhone; CPU iPhone OS 18_6_2 like Mac OS X) AppleWebKit/605.1.15 (KHTML, like Gecko) CriOS/144.0.7559.95 Mobile/15E148 Safari/604.1"
23.82.201.139 - - [27/Jan/2026:01:10:45 -0500] "GET /wp-content/themes/matrix-model/assets/css/custom.css HTTP/1.1" 200 5229 "http://matrixmodels.com/?utm_source=ADT&utm_medium=web&utm_campaign=ADT" "Mozilla/5.0 (iPhone; CPU iPhone OS 18_6_2 like Mac OS X) AppleWebKit/605.1.15 (KHTML, like Gecko) CriOS/144.0.7559.95 Mobile/15E148 Safari/604.1"
23.82.201.139 - - [27/Jan/2026:01:10:45 -0500] "GET /wp-content/themes/matrix-model/assets/css/owl.carousel.min.css HTTP/1.1" 404 260 "http://matrixmodels.com/?utm_source=ADT&utm_medium=web&utm_campaign=ADT" "Mozilla/5.0 (iPhone; CPU iPhone OS 18_6_2 like Mac OS X) AppleWebKit/605.1.15 (KHTML, like Gecko) CriOS/144.0.7559.95 Mobile/15E148 Safari/604.1"
23.82.201.139 - - [27/Jan/2026:01:10:45 -0500] "GET /wp-content/themes/matrix-model/assets/css/owl.theme.default.min.css HTTP/1.1" 404 265 "http://matrixmodels.com/?utm_source=ADT&utm_medium=web&utm_campaign=ADT" "Mozilla/5.0 (iPhone; CPU iPhone OS 18_6_2 like Mac OS X) AppleWebKit/605.1.15 (KHTML, like Gecko) CriOS/144.0.7559.95 Mobile/15E148 Safari/604.1"
23.82.201.139 - - [27/Jan/2026:01:10:45 -0500] "GET /wp-content/themes/matrix-model/assets/css/animate.min.css HTTP/1.1" 200 52592 "http://matrixmodels.com/?utm_source=ADT&utm_medium=web&utm_campaign=ADT" "Mozilla/5.0 (iPhone; CPU iPhone OS 18_6_2 like Mac OS X) AppleWebKit/605.1.15 (KHTML, like Gecko) CriOS/144.0.7559.95 Mobile/15E148 Safari/604.1"
23.82.201.139 - - [27/Jan/2026:01:10:45 -0500] "GET /wp-content/themes/matrix-model/assets/css/aos.css HTTP/1.1" 200 26053 "http://matrixmodels.com/?utm_source=ADT&utm_medium=web&utm_campaign=ADT" "Mozilla/5.0 (iPhone; CPU iPhone OS 18_6_2 like Mac OS X) AppleWebKit/605.1.15 (KHTML, like Gecko) CriOS/144.0.7559.95 Mobile/15E148 Safari/604.1"
23.82.201.139 - - [27/Jan/2026:01:10:45 -0500] "GET /wp-content/themes/matrix-model/assets/images/logo/favicon.png HTTP/1.1" 404 259 "-" "Mozilla/5.0 (iPhone; CPU iPhone OS 18_6_2 like Mac OS X) AppleWebKit/605.1.15 (KHTML, like Gecko) CriOS/144.0.7559.95 Mobile/15E148 Safari/604.1"
23.82.201.139 - - [27/Jan/2026:01:10:45 -0500] "GET /wp-content/themes/matrix-model/assets/css/bootstrap_v4.3.1_min.css HTTP/1.1" 200 155712 "http://matrixmodels.com/?utm_source=ADT&utm_medium=web&utm_campaign=ADT" "Mozilla/5.0 (iPhone; CPU iPhone OS 18_6_2 like Mac OS X) AppleWebKit/605.1.15 (KHTML, like Gecko) CriOS/144.0.7559.95 Mobile/15E148 Safari/604.1"
23.82.201.139 - - [27/Jan/2026:01:10:45 -0500] "GET /wp-content/themes/matrix-model/assets/images/more/i-1.jpg HTTP/1.1" 200 39164 "http://matrixmodels.com/?utm_source=ADT&utm_medium=web&utm_campaign=ADT" "Mozilla/5.0 (iPhone; CPU iPhone OS 18_6_2 like Mac OS X) AppleWebKit/605.1.15 (KHTML, like Gecko) CriOS/144.0.7559.95 Mobile/15E148 Safari/604.1"
23.82.201.139 - - [27/Jan/2026:01:10:46 -0500] "GET /wp-content/themes/matrix-model/assets/images/more/i-2.jpg HTTP/1.1" 200 44619 "http://matrixmodels.com/?utm_source=ADT&utm_medium=web&utm_campaign=ADT" "Mozilla/5.0 (iPhone; CPU iPhone OS 18_6_2 like Mac OS X) AppleWebKit/605.1.15 (KHTML, like Gecko) CriOS/144.0.7559.95 Mobile/15E148 Safari/604.1"
23.82.201.139 - - [27/Jan/2026:01:10:46 -0500] "GET /wp-content/themes/matrix-model/assets/images/more/i-3.jpg HTTP/1.1" 200 36068 "http://matrixmodels.com/?utm_source=ADT&utm_medium=web&utm_campaign=ADT" "Mozilla/5.0 (iPhone; CPU iPhone OS 18_6_2 like Mac OS X) AppleWebKit/605.1.15 (KHTML, like Gecko) CriOS/144.0.7559.95 Mobile/15E148 Safari/604.1"
23.82.201.139 - - [27/Jan/2026:01:10:46 -0500] "GET /wp-content/themes/matrix-model/assets/images/more/i-6.jpg HTTP/1.1" 200 39553 "http://matrixmodels.com/?utm_source=ADT&utm_medium=web&utm_campaign=ADT" "Mozilla/5.0 (iPhone; CPU iPhone OS 18_6_2 like Mac OS X) AppleWebKit/605.1.15 (KHTML, like Gecko) CriOS/144.0.7559.95 Mobile/15E148 Safari/604.1"
23.82.201.139 - - [27/Jan/2026:01:10:46 -0500] "GET /wp-content/themes/matrix-model/assets/images/more/i-5.jpg HTTP/1.1" 200 35264 "http://matrixmodels.com/?utm_source=ADT&utm_medium=web&utm_campaign=ADT" "Mozilla/5.0 (iPhone; CPU iPhone OS 18_6_2 like Mac OS X) AppleWebKit/605.1.15 (KHTML, like Gecko) CriOS/144.0.7559.95 Mobile/15E148 Safari/604.1"
23.82.201.139 - - [27/Jan/2026:01:10:46 -0500] "GET /wp-content/themes/matrix-model/assets/images/more/i-9.jpg HTTP/1.1" 200 39513 "http://matrixmodels.com/?utm_source=ADT&utm_medium=web&utm_campaign=ADT" "Mozilla/5.0 (iPhone; CPU iPhone OS 18_6_2 like Mac OS X) AppleWebKit/605.1.15 (KHTML, like Gecko) CriOS/144.0.7559.95 Mobile/15E148 Safari/604.1"
23.82.201.139 - - [27/Jan/2026:01:10:46 -0500] "GET /wp-content/themes/matrix-model/assets/images/more/i-7.jpg HTTP/1.1" 200 35534 "http://matrixmodels.com/?utm_source=ADT&utm_medium=web&utm_campaign=ADT" "Mozilla/5.0 (iPhone; CPU iPhone OS 18_6_2 like Mac OS X) AppleWebKit/605.1.15 (KHTML, like Gecko) CriOS/144.0.7559.95 Mobile/15E148 Safari/604.1"
23.82.201.139 - - [27/Jan/2026:01:10:46 -0500] "GET /wp-content/themes/matrix-model/assets/images/more/i-8.jpg HTTP/1.1" 200 31506 "http://matrixmodels.com/?utm_source=ADT&utm_medium=web&utm_campaign=ADT" "Mozilla/5.0 (iPhone; CPU iPhone OS 18_6_2 like Mac OS X) AppleWebKit/605.1.15 (KHTML, like Gecko) CriOS/144.0.7559.95 Mobile/15E148 Safari/604.1"
23.82.201.139 - - [27/Jan/2026:01:10:46 -0500] "GET /wp-content/themes/matrix-model/assets/images/more/i-4.jpg HTTP/1.1" 200 28534 "http://matrixmodels.com/?utm_source=ADT&utm_medium=web&utm_campaign=ADT" "Mozilla/5.0 (iPhone; CPU iPhone OS 18_6_2 like Mac OS X) AppleWebKit/605.1.15 (KHTML, like Gecko) CriOS/144.0.7559.95 Mobile/15E148 Safari/604.1"
23.82.201.139 - - [27/Jan/2026:01:10:46 -0500] "GET /wp-content/uploads/2021/07/logo.png HTTP/1.1" 200 181002 "http://matrixmodels.com/?utm_source=ADT&utm_medium=web&utm_campaign=ADT" "Mozilla/5.0 (iPhone; CPU iPhone OS 18_6_2 like Mac OS X) AppleWebKit/605.1.15 (KHTML, like Gecko) CriOS/144.0.7559.95 Mobile/15E148 Safari/604.1"
23.82.201.139 - - [27/Jan/2026:01:10:49 -0500] "GET /our-models HTTP/1.1" 301 - "http://matrixmodels.com/?utm_source=ADT&utm_medium=web&utm_campaign=ADT" "Mozilla/5.0 (iPhone; CPU iPhone OS 18_6_2 like Mac OS X) AppleWebKit/605.1.15 (KHTML, like Gecko) CriOS/144.0.7559.95 Mobile/15E148 Safari/604.1"
23.82.201.139 - - [27/Jan/2026:01:10:49 -0500] "GET /our-models/ HTTP/1.1" 200 7587 "http://matrixmodels.com/?utm_source=ADT&utm_medium=web&utm_campaign=ADT" "Mozilla/5.0 (iPhone; CPU iPhone OS 18_6_2 like Mac OS X) AppleWebKit/605.1.15 (KHTML, like Gecko) CriOS/144.0.7559.95 Mobile/15E148 Safari/604.1"
23.82.201.139 - - [27/Jan/2026:01:10:49 -0500] "GET /wp-includes/css/dist/block-library/style.min.css?ver=5.6.16 HTTP/1.1" 200 51338 "http://matrixmodels.com/our-models/" "Mozilla/5.0 (iPhone; CPU iPhone OS 18_6_2 like Mac OS X) AppleWebKit/605.1.15 (KHTML, like Gecko) CriOS/144.0.7559.95 Mobile/15E148 Safari/604.1"
23.82.201.139 - - [27/Jan/2026:01:10:49 -0500] "GET /wp-content/themes/matrix-model/style.css?ver=5.6.16 HTTP/1.1" 200 41969 "http://matrixmodels.com/our-models/" "Mozilla/5.0 (iPhone; CPU iPhone OS 18_6_2 like Mac OS X) AppleWebKit/605.1.15 (KHTML, like Gecko) CriOS/144.0.7559.95 Mobile/15E148 Safari/604.1"
23.82.201.139 - - [27/Jan/2026:01:10:49 -0500] "GET /wp-includes/js/jquery/jquery-migrate.min.js?ver=3.3.2 HTTP/1.1" 200 11224 "http://matrixmodels.com/our-models/" "Mozilla/5.0 (iPhone; CPU iPhone OS 18_6_2 like Mac OS X) AppleWebKit/605.1.15 (KHTML, like Gecko) CriOS/144.0.7559.95 Mobile/15E148 Safari/604.1"
23.82.201.139 - - [27/Jan/2026:01:10:49 -0500] "GET /wp-includes/js/wp-emoji-release.min.js?ver=5.6.16 HTTP/1.1" 200 14229 "http://matrixmodels.com/our-models/" "Mozilla/5.0 (iPhone; CPU iPhone OS 18_6_2 like Mac OS X) AppleWebKit/605.1.15 (KHTML, like Gecko) CriOS/144.0.7559.95 Mobile/15E148 Safari/604.1"
23.82.201.139 - - [27/Jan/2026:01:10:49 -0500] "GET /wp-includes/js/jquery/jquery.min.js?ver=3.5.1 HTTP/1.1" 200 89496 "http://matrixmodels.com/our-models/" "Mozilla/5.0 (iPhone; CPU iPhone OS 18_6_2 like Mac OS X) AppleWebKit/605.1.15 (KHTML, like Gecko) CriOS/144.0.7559.95 Mobile/15E148 Safari/604.1"
23.82.201.139 - - [27/Jan/2026:01:10:50 -0500] "GET /wp-content/themes/matrix-model/images/inner-logo.jpg HTTP/1.1" 200 8330 "http://matrixmodels.com/our-models/" "Mozilla/5.0 (iPhone; CPU iPhone OS 18_6_2 like Mac OS X) AppleWebKit/605.1.15 (KHTML, like Gecko) CriOS/144.0.7559.95 Mobile/15E148 Safari/604.1"
23.82.201.139 - - [27/Jan/2026:01:10:51 -0500] "GET /favicon.ico HTTP/1.1" 200 43 "-" "Mozilla/5.0 (iPhone; CPU iPhone OS 18_6_2 like Mac OS X) AppleWebKit/605.1.15 (KHTML, like Gecko) CriOS/144.0.7559.95 Mobile/15E148 Safari/604.1"
192.0.113.146 - - [27/Jan/2026:01:11:21 -0500] "GET /wp-content/uploads/2019/07/TWINS-1-1.jpg HTTP/1.1" 200 137688 "-" "Photon/1.0"
64.59.72.148 - - [27/Jan/2026:01:11:22 -0500] "GET / HTTP/1.1" 200 4446 "-" "check_http/v2.4.9 (nagios-plugins 2.4.9)"
64.59.72.148 - - [27/Jan/2026:01:13:22 -0500] "GET / HTTP/1.1" 200 4446 "-" "check_http/v2.4.9 (nagios-plugins 2.4.9)"
52.167.144.20 - - [27/Jan/2026:01:13:30 -0500] "GET /otw-portfolio/aria-haze/ HTTP/1.1" 301 - "-" "Mozilla/5.0 AppleWebKit/537.36 (KHTML, like Gecko; compatible; bingbot/2.0; +http://www.bing.com/bingbot.htm) Chrome/116.0.1938.76 Safari/537.36"
66.249.70.135 - - [27/Jan/2026:01:14:30 -0500] "GET /?p=3636 HTTP/1.1" 404 8442 "-" "Mozilla/5.0 (Linux; Android 6.0.1; Nexus 5X Build/MMB29P) AppleWebKit/537.36 (KHTML, like Gecko) Chrome/143.0.7499.192 Mobile Safari/537.36 (compatible; Googlebot/2.1; +http://www.google.com/bot.html)"
34.236.185.101 - - [27/Jan/2026:01:14:42 -0500] "GET /otw-portfolio/ginger-grey/ HTTP/1.1" 301 - "-" "Mozilla/5.0 AppleWebKit/537.36 (KHTML, like Gecko; compatible; Amazonbot/0.1; +https://developer.amazon.com/support/amazonbot) Chrome/119.0.6045.214 Safari/537.36"
98.83.178.66 - - [27/Jan/2026:01:14:42 -0500] "GET / HTTP/1.1" 200 4446 "-" "Mozilla/5.0 AppleWebKit/537.36 (KHTML, like Gecko; compatible; Amazonbot/0.1; +https://developer.amazon.com/support/amazonbot) Chrome/119.0.6045.214 Safari/537.36"
206.83.98.43 - - [27/Jan/2026:01:15:19 -0500] "GET /otw-portfolio/sami-white-twins/ HTTP/1.1" 301 - "-" "Mozilla/5.0 (Linux; Android 10; K) AppleWebKit/537.36 (KHTML, like Gecko) SamsungBrowser/29.0 Chrome/136.0.0.0 Mobile Safari/537.36"
206.83.98.43 - - [27/Jan/2026:01:15:20 -0500] "GET / HTTP/1.1" 200 4465 "-" "Mozilla/5.0 (Linux; Android 10; K) AppleWebKit/537.36 (KHTML, like Gecko) SamsungBrowser/29.0 Chrome/136.0.0.0 Mobile Safari/537.36"
206.83.98.43 - - [27/Jan/2026:01:15:20 -0500] "GET /wp-content/themes/matrix-model/assets/css/aos.css HTTP/1.1" 200 26053 "https://matrixmodels.com/" "Mozilla/5.0 (Linux; Android 10; K) AppleWebKit/537.36 (KHTML, like Gecko) SamsungBrowser/29.0 Chrome/136.0.0.0 Mobile Safari/537.36"
206.83.98.43 - - [27/Jan/2026:01:15:20 -0500] "GET /wp-content/themes/matrix-model/assets/css/bootstrap_v4.3.1_min.css HTTP/1.1" 200 155712 "https://matrixmodels.com/" "Mozilla/5.0 (Linux; Android 10; K) AppleWebKit/537.36 (KHTML, like Gecko) SamsungBrowser/29.0 Chrome/136.0.0.0 Mobile Safari/537.36"
206.83.98.43 - - [27/Jan/2026:01:15:20 -0500] "GET /wp-content/themes/matrix-model/assets/css/animate.min.css HTTP/1.1" 200 52592 "https://matrixmodels.com/" "Mozilla/5.0 (Linux; Android 10; K) AppleWebKit/537.36 (KHTML, like Gecko) SamsungBrowser/29.0 Chrome/136.0.0.0 Mobile Safari/537.36"
206.83.98.43 - - [27/Jan/2026:01:15:20 -0500] "GET /wp-content/themes/matrix-model/assets/css/owl.carousel.min.css HTTP/1.1" 404 260 "https://matrixmodels.com/" "Mozilla/5.0 (Linux; Android 10; K) AppleWebKit/537.36 (KHTML, like Gecko) SamsungBrowser/29.0 Chrome/136.0.0.0 Mobile Safari/537.36"
206.83.98.43 - - [27/Jan/2026:01:15:20 -0500] "GET /wp-content/themes/matrix-model/assets/css/owl.theme.default.min.css HTTP/1.1" 404 265 "https://matrixmodels.com/" "Mozilla/5.0 (Linux; Android 10; K) AppleWebKit/537.36 (KHTML, like Gecko) SamsungBrowser/29.0 Chrome/136.0.0.0 Mobile Safari/537.36"
206.83.98.43 - - [27/Jan/2026:01:15:20 -0500] "GET /wp-content/themes/matrix-model/assets/images/more/i-1.jpg HTTP/1.1" 200 39164 "https://matrixmodels.com/" "Mozilla/5.0 (Linux; Android 10; K) AppleWebKit/537.36 (KHTML, like Gecko) SamsungBrowser/29.0 Chrome/136.0.0.0 Mobile Safari/537.36"
206.83.98.43 - - [27/Jan/2026:01:15:20 -0500] "GET /wp-content/themes/matrix-model/assets/css/custom.css HTTP/1.1" 200 5229 "https://matrixmodels.com/" "Mozilla/5.0 (Linux; Android 10; K) AppleWebKit/537.36 (KHTML, like Gecko) SamsungBrowser/29.0 Chrome/136.0.0.0 Mobile Safari/537.36"
206.83.98.43 - - [27/Jan/2026:01:15:21 -0500] "GET /wp-content/themes/matrix-model/assets/images/more/i-4.jpg HTTP/1.1" 200 28534 "https://matrixmodels.com/" "Mozilla/5.0 (Linux; Android 10; K) AppleWebKit/537.36 (KHTML, like Gecko) SamsungBrowser/29.0 Chrome/136.0.0.0 Mobile Safari/537.36"
206.83.98.43 - - [27/Jan/2026:01:15:21 -0500] "GET /wp-content/themes/matrix-model/assets/images/more/i-3.jpg HTTP/1.1" 200 36068 "https://matrixmodels.com/" "Mozilla/5.0 (Linux; Android 10; K) AppleWebKit/537.36 (KHTML, like Gecko) SamsungBrowser/29.0 Chrome/136.0.0.0 Mobile Safari/537.36"
206.83.98.43 - - [27/Jan/2026:01:15:21 -0500] "GET /wp-content/themes/matrix-model/assets/images/more/i-2.jpg HTTP/1.1" 200 44619 "https://matrixmodels.com/" "Mozilla/5.0 (Linux; Android 10; K) AppleWebKit/537.36 (KHTML, like Gecko) SamsungBrowser/29.0 Chrome/136.0.0.0 Mobile Safari/537.36"
206.83.98.43 - - [27/Jan/2026:01:15:21 -0500] "GET /wp-content/themes/matrix-model/assets/images/more/i-5.jpg HTTP/1.1" 200 35264 "https://matrixmodels.com/" "Mozilla/5.0 (Linux; Android 10; K) AppleWebKit/537.36 (KHTML, like Gecko) SamsungBrowser/29.0 Chrome/136.0.0.0 Mobile Safari/537.36"
206.83.98.43 - - [27/Jan/2026:01:15:21 -0500] "GET /wp-content/themes/matrix-model/assets/images/more/i-6.jpg HTTP/1.1" 200 39553 "https://matrixmodels.com/" "Mozilla/5.0 (Linux; Android 10; K) AppleWebKit/537.36 (KHTML, like Gecko) SamsungBrowser/29.0 Chrome/136.0.0.0 Mobile Safari/537.36"
206.83.98.43 - - [27/Jan/2026:01:15:21 -0500] "GET /wp-content/themes/matrix-model/assets/images/more/i-7.jpg HTTP/1.1" 200 35534 "https://matrixmodels.com/" "Mozilla/5.0 (Linux; Android 10; K) AppleWebKit/537.36 (KHTML, like Gecko) SamsungBrowser/29.0 Chrome/136.0.0.0 Mobile Safari/537.36"
206.83.98.43 - - [27/Jan/2026:01:15:21 -0500] "GET /wp-content/themes/matrix-model/assets/images/more/i-8.jpg HTTP/1.1" 200 31506 "https://matrixmodels.com/" "Mozilla/5.0 (Linux; Android 10; K) AppleWebKit/537.36 (KHTML, like Gecko) SamsungBrowser/29.0 Chrome/136.0.0.0 Mobile Safari/537.36"
206.83.98.43 - - [27/Jan/2026:01:15:21 -0500] "GET /wp-content/themes/matrix-model/assets/images/more/i-9.jpg HTTP/1.1" 200 39513 "https://matrixmodels.com/" "Mozilla/5.0 (Linux; Android 10; K) AppleWebKit/537.36 (KHTML, like Gecko) SamsungBrowser/29.0 Chrome/136.0.0.0 Mobile Safari/537.36"
206.83.98.43 - - [27/Jan/2026:01:15:21 -0500] "GET /wp-content/uploads/2021/07/logo.png HTTP/1.1" 200 181002 "https://matrixmodels.com/" "Mozilla/5.0 (Linux; Android 10; K) AppleWebKit/537.36 (KHTML, like Gecko) SamsungBrowser/29.0 Chrome/136.0.0.0 Mobile Safari/537.36"
64.59.72.148 - - [27/Jan/2026:01:15:22 -0500] "GET / HTTP/1.1" 200 4446 "-" "check_http/v2.4.9 (nagios-plugins 2.4.9)"
206.83.98.43 - - [27/Jan/2026:01:15:23 -0500] "GET /wp-content/themes/matrix-model/assets/images/logo/favicon.png HTTP/1.1" 404 259 "https://matrixmodels.com/" "Mozilla/5.0 (Linux; Android 10; K) AppleWebKit/537.36 (KHTML, like Gecko) SamsungBrowser/29.0 Chrome/136.0.0.0 Mobile Safari/537.36"
206.83.98.43 - - [27/Jan/2026:01:15:25 -0500] "GET /our-models HTTP/1.1" 301 - "https://matrixmodels.com/" "Mozilla/5.0 (Linux; Android 10; K) AppleWebKit/537.36 (KHTML, like Gecko) SamsungBrowser/29.0 Chrome/136.0.0.0 Mobile Safari/537.36"
206.83.98.43 - - [27/Jan/2026:01:15:25 -0500] "GET /our-models/ HTTP/1.1" 200 7615 "https://matrixmodels.com/" "Mozilla/5.0 (Linux; Android 10; K) AppleWebKit/537.36 (KHTML, like Gecko) SamsungBrowser/29.0 Chrome/136.0.0.0 Mobile Safari/537.36"
206.83.98.43 - - [27/Jan/2026:01:15:25 -0500] "GET /wp-includes/js/jquery/jquery.min.js?ver=3.5.1 HTTP/1.1" 200 89496 "https://matrixmodels.com/our-models/" "Mozilla/5.0 (Linux; Android 10; K) AppleWebKit/537.36 (KHTML, like Gecko) SamsungBrowser/29.0 Chrome/136.0.0.0 Mobile Safari/537.36"
206.83.98.43 - - [27/Jan/2026:01:15:25 -0500] "GET /wp-includes/css/dist/block-library/style.min.css?ver=5.6.16 HTTP/1.1" 200 51338 "https://matrixmodels.com/our-models/" "Mozilla/5.0 (Linux; Android 10; K) AppleWebKit/537.36 (KHTML, like Gecko) SamsungBrowser/29.0 Chrome/136.0.0.0 Mobile Safari/537.36"
206.83.98.43 - - [27/Jan/2026:01:15:25 -0500] "GET /wp-content/themes/matrix-model/style.css?ver=5.6.16 HTTP/1.1" 200 41969 "https://matrixmodels.com/our-models/" "Mozilla/5.0 (Linux; Android 10; K) AppleWebKit/537.36 (KHTML, like Gecko) SamsungBrowser/29.0 Chrome/136.0.0.0 Mobile Safari/537.36"
206.83.98.43 - - [27/Jan/2026:01:15:25 -0500] "GET /wp-content/themes/matrix-model/images/inner-logo.jpg HTTP/1.1" 200 8330 "https://matrixmodels.com/our-models/" "Mozilla/5.0 (Linux; Android 10; K) AppleWebKit/537.36 (KHTML, like Gecko) SamsungBrowser/29.0 Chrome/136.0.0.0 Mobile Safari/537.36"
206.83.98.43 - - [27/Jan/2026:01:15:25 -0500] "GET /wp-includes/js/jquery/jquery-migrate.min.js?ver=3.3.2 HTTP/1.1" 200 11224 "https://matrixmodels.com/our-models/" "Mozilla/5.0 (Linux; Android 10; K) AppleWebKit/537.36 (KHTML, like Gecko) SamsungBrowser/29.0 Chrome/136.0.0.0 Mobile Safari/537.36"
206.83.98.43 - - [27/Jan/2026:01:15:26 -0500] "GET /wp-includes/js/wp-emoji-release.min.js?ver=5.6.16 HTTP/1.1" 200 14229 "https://matrixmodels.com/our-models/" "Mozilla/5.0 (Linux; Android 10; K) AppleWebKit/537.36 (KHTML, like Gecko) SamsungBrowser/29.0 Chrome/136.0.0.0 Mobile Safari/537.36"
206.83.98.43 - - [27/Jan/2026:01:15:26 -0500] "GET /favicon.ico HTTP/1.1" 200 43 "https://matrixmodels.com/our-models/" "Mozilla/5.0 (Linux; Android 10; K) AppleWebKit/537.36 (KHTML, like Gecko) SamsungBrowser/29.0 Chrome/136.0.0.0 Mobile Safari/537.36"
206.83.98.43 - - [27/Jan/2026:01:15:34 -0500] "GET / HTTP/1.1" 200 4465 "https://matrixmodels.com/our-models/" "Mozilla/5.0 (Linux; Android 10; K) AppleWebKit/537.36 (KHTML, like Gecko) SamsungBrowser/29.0 Chrome/136.0.0.0 Mobile Safari/537.36"
206.83.98.43 - - [27/Jan/2026:01:15:34 -0500] "GET /wp-content/themes/matrix-model/assets/css/owl.carousel.min.css HTTP/1.1" 404 260 "https://matrixmodels.com/" "Mozilla/5.0 (Linux; Android 10; K) AppleWebKit/537.36 (KHTML, like Gecko) SamsungBrowser/29.0 Chrome/136.0.0.0 Mobile Safari/537.36"
206.83.98.43 - - [27/Jan/2026:01:15:34 -0500] "GET /wp-content/themes/matrix-model/assets/css/owl.theme.default.min.css HTTP/1.1" 404 265 "https://matrixmodels.com/" "Mozilla/5.0 (Linux; Android 10; K) AppleWebKit/537.36 (KHTML, like Gecko) SamsungBrowser/29.0 Chrome/136.0.0.0 Mobile Safari/537.36"
64.59.72.148 - - [27/Jan/2026:01:17:22 -0500] "GET / HTTP/1.1" 200 4446 "-" "check_http/v2.4.9 (nagios-plugins 2.4.9)"
172.104.42.78 - - [27/Jan/2026:01:17:48 -0500] "HEAD / HTTP/1.1" 301 - "https://www.matrixmodels.com/" "Mozilla/5.0 (Windows NT 10.0; Win64; x64) AppleWebKit/537.36 (KHTML, like Gecko) Chrome/91.0.4472.124 Safari/537.36"
172.104.42.78 - - [27/Jan/2026:01:17:49 -0500] "HEAD / HTTP/1.1" 200 - "https://www.matrixmodels.com/" "Mozilla/5.0 (Windows NT 10.0; Win64; x64) AppleWebKit/537.36 (KHTML, like Gecko) Chrome/91.0.4472.124 Safari/537.36"
172.104.42.78 - - [27/Jan/2026:01:17:49 -0500] "HEAD / HTTP/1.1" 301 - "https://www.matrixmodels.com/" "Mozilla/5.0 (Windows NT 10.0; Win64; x64) AppleWebKit/537.36 (KHTML, like Gecko) Chrome/91.0.4472.124 Safari/537.36"
172.104.42.78 - - [27/Jan/2026:01:17:50 -0500] "HEAD / HTTP/1.1" 200 - "https://www.matrixmodels.com/" "Mozilla/5.0 (Windows NT 10.0; Win64; x64) AppleWebKit/537.36 (KHTML, like Gecko) Chrome/91.0.4472.124 Safari/537.36"
172.104.42.78 - - [27/Jan/2026:01:17:51 -0500] "POST /wp-login.php HTTP/1.1" 200 6925 "https://www.google.com/" "Mozilla/5.0 (Windows NT 10.0; Win64; x64) AppleWebKit/537.36 (KHTML, like Gecko) Chrome/91.0.4472.124 Safari/537.36"
172.104.42.78 - - [27/Jan/2026:01:17:51 -0500] "POST /wp-login.php HTTP/1.1" 200 7374 "https://www.matrixmodels.com/wp-admin/" "Mozilla/5.0 (Windows NT 10.0; Win64; x64) AppleWebKit/537.36 (KHTML, like Gecko) Chrome/90.0.4430.85 Safari/537.36"
172.104.42.78 - - [27/Jan/2026:01:17:51 -0500] "GET /wp-admin/ HTTP/1.1" 302 - "https://www.google.com/" "Mozilla/5.0 (Windows NT 10.0; Win64; x64) AppleWebKit/537.36 (KHTML, like Gecko) Chrome/91.0.4472.124 Safari/537.36"
172.104.42.78 - - [27/Jan/2026:01:17:52 -0500] "GET /wp-login.php?redirect_to=https%3A%2F%2Fwww.matrixmodels.com%2Fwp-admin%2F&reauth=1 HTTP/1.1" 200 6929 "https://www.google.com/" "Mozilla/5.0 (Windows NT 10.0; Win64; x64) AppleWebKit/537.36 (KHTML, like Gecko) Chrome/91.0.4472.124 Safari/537.36"
172.104.42.78 - - [27/Jan/2026:01:17:53 -0500] "POST /xmlrpc.php HTTP/1.1" 403 6 "https://www.google.com/" "Mozilla/5.0 (Windows NT 10.0; Win64; x64) AppleWebKit/537.36 (KHTML, like Gecko) Chrome/91.0.4472.124 Safari/537.36"
172.104.42.78 - - [27/Jan/2026:01:17:54 -0500] "GET /administrator/index.php HTTP/1.1" 301 - "https://www.google.com/" "Mozilla/5.0 (Windows NT 10.0; Win64; x64) AppleWebKit/537.36 (KHTML, like Gecko) Chrome/91.0.4472.124 Safari/537.36"
172.104.42.78 - - [27/Jan/2026:01:17:55 -0500] "GET /administrator/ HTTP/1.1" 404 8466 "https://www.google.com/" "Mozilla/5.0 (Windows NT 10.0; Win64; x64) AppleWebKit/537.36 (KHTML, like Gecko) Chrome/91.0.4472.124 Safari/537.36"
2.58.56.164 - - [27/Jan/2026:01:19:11 -0500] "GET /wp-login.php HTTP/1.1" 200 6925 "www.google.com" "Mozilla/5.0 (Windows NT 10.0; Win64; x64) AppleWebKit/537.36 (KHTML, like Gecko) Chrome/91.0.4472.124 Safari/537.36"
2.58.56.164 - - [27/Jan/2026:01:19:11 -0500] "POST /wp-login.php HTTP/1.1" 302 - "https://matrixmodels.com/wp-admin/" "Mozilla/5.0 (Windows NT 10.0; Win64; x64) AppleWebKit/537.36 (KHTML, like Gecko) Chrome/91.0.4472.124 Safari/537.36"
2.58.56.164 - - [27/Jan/2026:01:19:12 -0500] "GET /wp-login.php?redirect_to=https%3A%2F%2Fmatrixmodels.com%2Fwp-admin%2F&action=confirm_admin_email&wp_lang=en_US HTTP/1.1" 200 3486 "https://matrixmodels.com/wp-admin/" "Mozilla/5.0 (Windows NT 10.0; Win64; x64) AppleWebKit/537.36 (KHTML, like Gecko) Chrome/91.0.4472.124 Safari/537.36"
2.58.56.164 - - [27/Jan/2026:01:19:12 -0500] "GET /wp-admin/ HTTP/1.1" 200 60608 "www.google.com" "Mozilla/5.0 (Windows NT 10.0; Win64; x64) AppleWebKit/537.36 (KHTML, like Gecko) Chrome/91.0.4472.124 Safari/537.36"
2.58.56.164 - - [27/Jan/2026:01:19:13 -0500] "GET /wp-admin/plugin-install.php?tab=upload HTTP/1.1" 200 33758 "www.google.com" "Mozilla/5.0 (Windows NT 10.0; Win64; x64) AppleWebKit/537.36 (KHTML, like Gecko) Chrome/91.0.4472.124 Safari/537.36"
2.58.56.164 - - [27/Jan/2026:01:19:14 -0500] "POST /wp-admin/update.php?action=upload-plugin HTTP/1.1" 200 25307 "www.google.com" "Mozilla/5.0 (Windows NT 10.0; Win64; x64) AppleWebKit/537.36 (KHTML, like Gecko) Chrome/91.0.4472.124 Safari/537.36"
2.58.56.164 - - [27/Jan/2026:01:19:16 -0500] "GET /wp-content/plugins/btyqcfv/index.php HTTP/1.1" 200 62 "www.google.com" "Mozilla/5.0 (Windows NT 10.0; Win64; x64) AppleWebKit/537.36 (KHTML, like Gecko) Chrome/91.0.4472.124 Safari/537.36"
2.58.56.164 - - [27/Jan/2026:01:19:17 -0500] "GET /wp-admin/plugin-install.php?s=File+Manager&tab=search&type=term HTTP/1.1" 200 133314 "www.google.com" "Mozilla/5.0 (Windows NT 10.0; Win64; x64) AppleWebKit/537.36 (KHTML, like Gecko) Chrome/91.0.4472.124 Safari/537.36"
2.58.56.164 - - [27/Jan/2026:01:19:18 -0500] "GET /wp-admin/admin.php?page=wp_file_manager HTTP/1.1" 200 48060 "www.google.com" "Mozilla/5.0 (Windows NT 10.0; Win64; x64) AppleWebKit/537.36 (KHTML, like Gecko) Chrome/91.0.4472.124 Safari/537.36"
2.58.56.164 - - [27/Jan/2026:01:19:18 -0500] "POST /wp-admin/admin-ajax.php HTTP/1.1" 200 78 "www.google.com" "Mozilla/5.0 (Windows NT 10.0; Win64; x64) AppleWebKit/537.36 (KHTML, like Gecko) Chrome/91.0.4472.124 Safari/537.36"
2.58.56.164 - - [27/Jan/2026:01:19:19 -0500] "GET /aguztqqx.php HTTP/1.1" 404 8466 "www.google.com" "Mozilla/5.0 (Windows NT 10.0; Win64; x64) AppleWebKit/537.36 (KHTML, like Gecko) Chrome/91.0.4472.124 Safari/537.36"
2.58.56.164 - - [27/Jan/2026:01:19:19 -0500] "GET /wp-admin/theme-install.php?tab=upload HTTP/1.1" 200 48044 "www.google.com" "Mozilla/5.0 (Windows NT 10.0; Win64; x64) AppleWebKit/537.36 (KHTML, like Gecko) Chrome/91.0.4472.124 Safari/537.36"
51.222.95.157 - - [27/Jan/2026:01:19:20 -0500] "GET /wp-sitemap.xml HTTP/1.1" 200 18534 "-" "Mozilla/5.0 (compatible; AhrefsBot/7.0; +http://ahrefs.com/robot/)"
2.58.56.164 - - [27/Jan/2026:01:19:19 -0500] "POST /wp-admin/update.php?action=upload-theme HTTP/1.1" 200 25848 "www.google.com" "Mozilla/5.0 (Windows NT 10.0; Win64; x64) AppleWebKit/537.36 (KHTML, like Gecko) Chrome/91.0.4472.124 Safari/537.36"
2.58.56.164 - - [27/Jan/2026:01:19:21 -0500] "GET /wp-content/themes/oabzjql/about.php HTTP/1.1" 200 62 "www.google.com" "Mozilla/5.0 (Windows NT 10.0; Win64; x64) AppleWebKit/537.36 (KHTML, like Gecko) Chrome/91.0.4472.124 Safari/537.36"
2.58.56.164 - - [27/Jan/2026:01:19:22 -0500] "GET /wp-admin/theme-editor.php?file=404.php HTTP/1.1" 403 2668 "www.google.com" "Mozilla/5.0 (Windows NT 10.0; Win64; x64) AppleWebKit/537.36 (KHTML, like Gecko) Chrome/91.0.4472.124 Safari/537.36"
2.58.56.164 - - [27/Jan/2026:01:19:22 -0500] "GET /wp-admin/plugin-install.php?tab=upload HTTP/1.1" 200 33758 "www.google.com" "Mozilla/5.0 (Windows NT 10.0; Win64; x64) AppleWebKit/537.36 (KHTML, like Gecko) Chrome/91.0.4472.124 Safari/537.36"
64.59.72.148 - - [27/Jan/2026:01:19:22 -0500] "GET / HTTP/1.1" 200 4446 "-" "check_http/v2.4.9 (nagios-plugins 2.4.9)"
2.58.56.164 - - [27/Jan/2026:01:19:22 -0500] "POST /wp-admin/update.php?action=upload-plugin HTTP/1.1" 500 2656 "www.google.com" "Mozilla/5.0 (Windows NT 10.0; Win64; x64) AppleWebKit/537.36 (KHTML, like Gecko) Chrome/91.0.4472.124 Safari/537.36"
2.58.56.164 - - [27/Jan/2026:01:19:23 -0500] "GET /wp-content/uploads/2026/01/ytqjmgdq.php HTTP/1.1" 404 237 "www.google.com" "Mozilla/5.0 (Windows NT 10.0; Win64; x64) AppleWebKit/537.36 (KHTML, like Gecko) Chrome/91.0.4472.124 Safari/537.36"
2.58.56.164 - - [27/Jan/2026:01:19:24 -0500] "GET /wp-content/uploads/2026/ytqjmgdq.php HTTP/1.1" 404 234 "www.google.com" "Mozilla/5.0 (Windows NT 10.0; Win64; x64) AppleWebKit/537.36 (KHTML, like Gecko) Chrome/91.0.4472.124 Safari/537.36"
2.58.56.164 - - [27/Jan/2026:01:19:24 -0500] "GET /wp-content/uploads/ytqjmgdq.php HTTP/1.1" 404 229 "www.google.com" "Mozilla/5.0 (Windows NT 10.0; Win64; x64) AppleWebKit/537.36 (KHTML, like Gecko) Chrome/91.0.4472.124 Safari/537.36"
2.58.56.164 - - [27/Jan/2026:01:19:25 -0500] "GET /wp-content/ytqjmgdq.php HTTP/1.1" 404 221 "www.google.com" "Mozilla/5.0 (Windows NT 10.0; Win64; x64) AppleWebKit/537.36 (KHTML, like Gecko) Chrome/91.0.4472.124 Safari/537.36"
2.58.56.164 - - [27/Jan/2026:01:19:25 -0500] "GET /ytqjmgdq.php HTTP/1.1" 404 8466 "www.google.com" "Mozilla/5.0 (Windows NT 10.0; Win64; x64) AppleWebKit/537.36 (KHTML, like Gecko) Chrome/91.0.4472.124 Safari/537.36"
2.58.56.164 - - [27/Jan/2026:01:19:25 -0500] "GET /wp-admin/theme-editor.php?file=404.php HTTP/1.1" 403 2668 "www.google.com" "Mozilla/5.0 (Windows NT 10.0; Win64; x64) AppleWebKit/537.36 (KHTML, like Gecko) Chrome/91.0.4472.124 Safari/537.36"
172.104.42.78 - - [27/Jan/2026:01:19:33 -0500] "HEAD / HTTP/1.1" 200 - "https://matrixmodels.com/" "Mozilla/5.0 (Windows NT 10.0; Win64; x64) AppleWebKit/537.36 (KHTML, like Gecko) Chrome/91.0.4472.124 Safari/537.36"
172.104.42.78 - - [27/Jan/2026:01:19:33 -0500] "HEAD / HTTP/1.1" 200 - "https://matrixmodels.com/" "Mozilla/5.0 (Windows NT 10.0; Win64; x64) AppleWebKit/537.36 (KHTML, like Gecko) Chrome/91.0.4472.124 Safari/537.36"
172.104.42.78 - - [27/Jan/2026:01:19:34 -0500] "POST /wp-login.php HTTP/1.1" 200 6925 "https://www.google.com/" "Mozilla/5.0 (Windows NT 10.0; Win64; x64) AppleWebKit/537.36 (KHTML, like Gecko) Chrome/91.0.4472.124 Safari/537.36"
172.104.42.78 - - [27/Jan/2026:01:19:34 -0500] "POST /wp-login.php HTTP/1.1" 200 7335 "https://matrixmodels.com/wp-admin/" "Mozilla/5.0 (Windows NT 10.0; Win64; x64) AppleWebKit/537.36 (KHTML, like Gecko) Chrome/90.0.4430.85 Safari/537.36"
172.104.42.78 - - [27/Jan/2026:01:19:35 -0500] "GET /wp-admin/ HTTP/1.1" 302 - "https://www.google.com/" "Mozilla/5.0 (Windows NT 10.0; Win64; x64) AppleWebKit/537.36 (KHTML, like Gecko) Chrome/91.0.4472.124 Safari/537.36"
172.104.42.78 - - [27/Jan/2026:01:19:35 -0500] "GET /wp-login.php?redirect_to=https%3A%2F%2Fmatrixmodels.com%2Fwp-admin%2F&reauth=1 HTTP/1.1" 200 6925 "https://www.google.com/" "Mozilla/5.0 (Windows NT 10.0; Win64; x64) AppleWebKit/537.36 (KHTML, like Gecko) Chrome/91.0.4472.124 Safari/537.36"
172.104.42.78 - - [27/Jan/2026:01:19:36 -0500] "POST /xmlrpc.php HTTP/1.1" 403 6 "https://www.google.com/" "Mozilla/5.0 (Windows NT 10.0; Win64; x64) AppleWebKit/537.36 (KHTML, like Gecko) Chrome/91.0.4472.124 Safari/537.36"
172.104.42.78 - - [27/Jan/2026:01:19:37 -0500] "GET /administrator/index.php HTTP/1.1" 301 - "https://www.google.com/" "Mozilla/5.0 (Windows NT 10.0; Win64; x64) AppleWebKit/537.36 (KHTML, like Gecko) Chrome/91.0.4472.124 Safari/537.36"
172.104.42.78 - - [27/Jan/2026:01:19:37 -0500] "GET /administrator/ HTTP/1.1" 404 8466 "https://www.google.com/" "Mozilla/5.0 (Windows NT 10.0; Win64; x64) AppleWebKit/537.36 (KHTML, like Gecko) Chrome/91.0.4472.124 Safari/537.36"
178.16.52.44 - - [27/Jan/2026:01:19:53 -0500] "GET / HTTP/1.1" 200 4465 "-" "Go-http-client/1.1"
103.203.177.78 - - [27/Jan/2026:01:20:02 -0500] "-" 408 - "-" "-"
103.203.177.78 - - [27/Jan/2026:01:20:02 -0500] "-" 408 - "-" "-"
107.173.171.201 - - [27/Jan/2026:01:20:14 -0500] "GET / HTTP/1.1" 200 4446 "-" "Mozilla/5.0 (Macintosh; Intel Mac OS X 15_7_3) AppleWebKit/605.1.15 (KHTML, like Gecko) Version/26.0 Safari/605.1.15"
18.212.78.98 - - [27/Jan/2026:01:21:05 -0500] "GET /wp-content/themes/matrix-model/assets/images/logo/favicon.png HTTP/1.1" 404 259 "-" "Snap URL Preview Service; bot; snapchat; https://developers.snap.com/robots"
64.59.72.148 - - [27/Jan/2026:01:21:22 -0500] "GET / HTTP/1.1" 200 4446 "-" "check_http/v2.4.9 (nagios-plugins 2.4.9)"
172.104.42.78 - - [27/Jan/2026:01:21:30 -0500] "HEAD / HTTP/1.1" 200 - "https://matrixmodels.com/" "Mozilla/5.0 (Windows NT 10.0; Win64; x64) AppleWebKit/537.36 (KHTML, like Gecko) Chrome/91.0.4472.124 Safari/537.36"
172.104.42.78 - - [27/Jan/2026:01:21:30 -0500] "HEAD / HTTP/1.1" 200 - "https://matrixmodels.com/" "Mozilla/5.0 (Windows NT 10.0; Win64; x64) AppleWebKit/537.36 (KHTML, like Gecko) Chrome/91.0.4472.124 Safari/537.36"
172.104.42.78 - - [27/Jan/2026:01:21:31 -0500] "POST /wp-login.php HTTP/1.1" 200 6925 "https://www.google.com/" "Mozilla/5.0 (Windows NT 10.0; Win64; x64) AppleWebKit/537.36 (KHTML, like Gecko) Chrome/91.0.4472.124 Safari/537.36"
172.104.42.78 - - [27/Jan/2026:01:21:32 -0500] "POST /wp-login.php HTTP/1.1" 200 7370 "https://matrixmodels.com/wp-admin/" "Mozilla/5.0 (Windows NT 10.0; Win64; x64) AppleWebKit/537.36 (KHTML, like Gecko) Chrome/90.0.4430.85 Safari/537.36"
172.104.42.78 - - [27/Jan/2026:01:21:32 -0500] "GET /wp-admin/ HTTP/1.1" 302 - "https://www.google.com/" "Mozilla/5.0 (Windows NT 10.0; Win64; x64) AppleWebKit/537.36 (KHTML, like Gecko) Chrome/91.0.4472.124 Safari/537.36"
172.104.42.78 - - [27/Jan/2026:01:21:32 -0500] "GET /wp-login.php?redirect_to=https%3A%2F%2Fmatrixmodels.com%2Fwp-admin%2F&reauth=1 HTTP/1.1" 406 59 "https://www.google.com/" "Mozilla/5.0 (Windows NT 10.0; Win64; x64) AppleWebKit/537.36 (KHTML, like Gecko) Chrome/91.0.4472.124 Safari/537.36"
172.104.42.78 - - [27/Jan/2026:01:21:33 -0500] "POST /xmlrpc.php HTTP/1.1" 403 6 "https://www.google.com/" "Mozilla/5.0 (Windows NT 10.0; Win64; x64) AppleWebKit/537.36 (KHTML, like Gecko) Chrome/91.0.4472.124 Safari/537.36"
172.104.42.78 - - [27/Jan/2026:01:21:34 -0500] "GET /administrator/index.php HTTP/1.1" 301 - "https://www.google.com/" "Mozilla/5.0 (Windows NT 10.0; Win64; x64) AppleWebKit/537.36 (KHTML, like Gecko) Chrome/91.0.4472.124 Safari/537.36"
172.104.42.78 - - [27/Jan/2026:01:21:34 -0500] "GET /administrator/ HTTP/1.1" 404 8466 "https://www.google.com/" "Mozilla/5.0 (Windows NT 10.0; Win64; x64) AppleWebKit/537.36 (KHTML, like Gecko) Chrome/91.0.4472.124 Safari/537.36"
66.249.70.135 - - [27/Jan/2026:01:21:42 -0500] "GET /wp-content/uploads/2019/04/006-274x400.jpg HTTP/1.1" 304 - "-" "Googlebot-Image/1.0"
88.130.150.237 - - [27/Jan/2026:01:22:31 -0500] "GET /wp-content/uploads/2015/12/JILLIAN-5.jpg HTTP/1.1" 200 108032 "-" "com.google.android.apps.searchlite/1171859 (Linux; U; Android 10; de_DE; Nokia 2.1; Build/QKQ1.190828.002; Cronet/144.0.7509.3)"
54.91.173.146 - - [27/Jan/2026:01:22:47 -0500] "GET /wp-content/themes/matrix-model/assets/images/logo/favicon.png HTTP/1.1" 404 259 "-" "Snap URL Preview Service; bot; snapchat; https://developers.snap.com/robots"
64.89.163.24 - - [27/Jan/2026:01:23:01 -0500] "GET / HTTP/1.1" 200 4446 "-" "-"
64.89.163.24 - - [27/Jan/2026:01:23:02 -0500] "GET /wp-admin/install.php HTTP/1.1" 200 1304 "-" "-"
64.89.163.24 - - [27/Jan/2026:01:23:02 -0500] "GET /wp-admin/setup-config.php HTTP/1.1" 409 2842 "-" "-"
64.59.72.148 - - [27/Jan/2026:01:23:22 -0500] "GET / HTTP/1.1" 200 4446 "-" "check_http/v2.4.9 (nagios-plugins 2.4.9)"
107.115.203.29 - - [27/Jan/2026:01:23:31 -0500] "GET /wp-content/uploads/2018/01/DSC_6594.jpg HTTP/1.1" 200 149585 "https://yandex.com/images/touch/search?text=athena_cursed+%D0%BE%D0%B1%D0%BD%D0%B0%D0%B6%D0%B5%D0%BD%D0%BD%D0%BE%D0%B5&img_url=https%3A%2F%2Fimages.scrolller.com%2Ffemto%2Fmisslunalong-6qq40gb4sl.webp&pos=82&rpt=simage" "Mozilla/5.0 (Linux; Android 10; K) AppleWebKit/537.36 (KHTML, like Gecko) Chrome/142.0.0.0 Mobile Safari/537.36"
104.210.140.128 - - [27/Jan/2026:01:24:04 -0500] "GET /robots.txt HTTP/1.1" 301 - "-" "Mozilla/5.0 (Macintosh; Intel Mac OS X 10_15_7) AppleWebKit/537.36 (KHTML, like Gecko) Chrome/131.0.0.0 Safari/537.36; compatible; OAI-SearchBot/1.0; +https://openai.com/searchbot"
104.210.140.142 - - [27/Jan/2026:01:24:07 -0500] "GET /robots.txt HTTP/1.1" 200 117 "-" "Mozilla/5.0 (Macintosh; Intel Mac OS X 10_15_7) AppleWebKit/537.36 (KHTML, like Gecko) Chrome/131.0.0.0 Safari/537.36; compatible; OAI-SearchBot/1.0; +https://openai.com/searchbot"
50.19.160.153 - - [27/Jan/2026:01:24:10 -0500] "GET /wp-content/themes/matrix-model/assets/images/logo/favicon.png HTTP/1.1" 404 259 "-" "Snap URL Preview Service; bot; snapchat; https://developers.snap.com/robots"
64.59.72.148 - - [27/Jan/2026:01:25:22 -0500] "GET / HTTP/1.1" 200 4446 "-" "check_http/v2.4.9 (nagios-plugins 2.4.9)"
66.249.70.134 - - [27/Jan/2026:01:25:30 -0500] "GET /keno-statistiques-date/ HTTP/1.1" 404 8442 "-" "Mozilla/5.0 (Linux; Android 6.0.1; Nexus 5X Build/MMB29P) AppleWebKit/537.36 (KHTML, like Gecko) Chrome/143.0.7499.192 Mobile Safari/537.36 (compatible; Googlebot/2.1; +http://www.google.com/bot.html)"
149.88.19.228 - - [27/Jan/2026:01:25:35 -0500] "GET /otw-portfolio/jillian-janson/ HTTP/1.1" 301 - "https://www.google.com/url?q=http://matrixmodels.com/otw-portfolio/jillian-janson/&sa=U&sqi=2&ved=2ahUKEwic1bDviquSAxUyhf0HHWuUB1kQFnoECCgQAQ&zccpm=epi&usg=AOvVaw38HtXVaLO0JV2ocw6_yLW_" "Mozilla/5.0 (iPhone; CPU iPhone OS 26_2_0 like Mac OS X) AppleWebKit/605.1.15 (KHTML, like Gecko) GSA/404.0.856692123 Mobile/15E148 Safari/604.1"
149.88.19.228 - - [27/Jan/2026:01:25:35 -0500] "GET / HTTP/1.1" 200 4446 "-" "Mozilla/5.0 (iPhone; CPU iPhone OS 26_2_0 like Mac OS X) AppleWebKit/605.1.15 (KHTML, like Gecko) GSA/404.0.856692123 Mobile/15E148 Safari/604.1"
149.88.19.228 - - [27/Jan/2026:01:25:36 -0500] "GET /wp-content/themes/matrix-model/assets/css/bootstrap_v4.3.1_min.css HTTP/1.1" 200 155712 "http://matrixmodels.com/" "Mozilla/5.0 (iPhone; CPU iPhone OS 26_2_0 like Mac OS X) AppleWebKit/605.1.15 (KHTML, like Gecko) GSA/404.0.856692123 Mobile/15E148 Safari/604.1"
149.88.19.228 - - [27/Jan/2026:01:25:36 -0500] "GET /wp-content/themes/matrix-model/assets/css/custom.css HTTP/1.1" 200 5229 "http://matrixmodels.com/" "Mozilla/5.0 (iPhone; CPU iPhone OS 26_2_0 like Mac OS X) AppleWebKit/605.1.15 (KHTML, like Gecko) GSA/404.0.856692123 Mobile/15E148 Safari/604.1"
149.88.19.228 - - [27/Jan/2026:01:25:36 -0500] "GET /wp-content/themes/matrix-model/assets/css/aos.css HTTP/1.1" 200 26053 "http://matrixmodels.com/" "Mozilla/5.0 (iPhone; CPU iPhone OS 26_2_0 like Mac OS X) AppleWebKit/605.1.15 (KHTML, like Gecko) GSA/404.0.856692123 Mobile/15E148 Safari/604.1"
149.88.19.228 - - [27/Jan/2026:01:25:36 -0500] "GET /wp-content/themes/matrix-model/assets/css/owl.carousel.min.css HTTP/1.1" 404 260 "http://matrixmodels.com/" "Mozilla/5.0 (iPhone; CPU iPhone OS 26_2_0 like Mac OS X) AppleWebKit/605.1.15 (KHTML, like Gecko) GSA/404.0.856692123 Mobile/15E148 Safari/604.1"
149.88.19.228 - - [27/Jan/2026:01:25:36 -0500] "GET /wp-content/themes/matrix-model/assets/css/owl.theme.default.min.css HTTP/1.1" 404 265 "http://matrixmodels.com/" "Mozilla/5.0 (iPhone; CPU iPhone OS 26_2_0 like Mac OS X) AppleWebKit/605.1.15 (KHTML, like Gecko) GSA/404.0.856692123 Mobile/15E148 Safari/604.1"
149.88.19.228 - - [27/Jan/2026:01:25:36 -0500] "GET /wp-content/themes/matrix-model/assets/css/animate.min.css HTTP/1.1" 200 52592 "http://matrixmodels.com/" "Mozilla/5.0 (iPhone; CPU iPhone OS 26_2_0 like Mac OS X) AppleWebKit/605.1.15 (KHTML, like Gecko) GSA/404.0.856692123 Mobile/15E148 Safari/604.1"
149.88.19.228 - - [27/Jan/2026:01:25:37 -0500] "GET /wp-content/themes/matrix-model/assets/images/more/i-1.jpg HTTP/1.1" 200 39164 "http://matrixmodels.com/" "Mozilla/5.0 (iPhone; CPU iPhone OS 26_2_0 like Mac OS X) AppleWebKit/605.1.15 (KHTML, like Gecko) GSA/404.0.856692123 Mobile/15E148 Safari/604.1"
149.88.19.228 - - [27/Jan/2026:01:25:38 -0500] "GET /wp-content/themes/matrix-model/assets/images/more/i-2.jpg HTTP/1.1" 200 44619 "http://matrixmodels.com/" "Mozilla/5.0 (iPhone; CPU iPhone OS 26_2_0 like Mac OS X) AppleWebKit/605.1.15 (KHTML, like Gecko) GSA/404.0.856692123 Mobile/15E148 Safari/604.1"
149.88.19.228 - - [27/Jan/2026:01:25:38 -0500] "GET /wp-content/themes/matrix-model/assets/images/more/i-3.jpg HTTP/1.1" 200 36068 "http://matrixmodels.com/" "Mozilla/5.0 (iPhone; CPU iPhone OS 26_2_0 like Mac OS X) AppleWebKit/605.1.15 (KHTML, like Gecko) GSA/404.0.856692123 Mobile/15E148 Safari/604.1"
149.88.19.228 - - [27/Jan/2026:01:25:38 -0500] "GET /wp-content/themes/matrix-model/assets/images/more/i-4.jpg HTTP/1.1" 200 28534 "http://matrixmodels.com/" "Mozilla/5.0 (iPhone; CPU iPhone OS 26_2_0 like Mac OS X) AppleWebKit/605.1.15 (KHTML, like Gecko) GSA/404.0.856692123 Mobile/15E148 Safari/604.1"
149.88.19.228 - - [27/Jan/2026:01:25:39 -0500] "GET /wp-content/themes/matrix-model/assets/images/more/i-5.jpg HTTP/1.1" 200 35264 "http://matrixmodels.com/" "Mozilla/5.0 (iPhone; CPU iPhone OS 26_2_0 like Mac OS X) AppleWebKit/605.1.15 (KHTML, like Gecko) GSA/404.0.856692123 Mobile/15E148 Safari/604.1"
149.88.19.228 - - [27/Jan/2026:01:25:39 -0500] "GET /wp-content/themes/matrix-model/assets/images/more/i-6.jpg HTTP/1.1" 200 39553 "http://matrixmodels.com/" "Mozilla/5.0 (iPhone; CPU iPhone OS 26_2_0 like Mac OS X) AppleWebKit/605.1.15 (KHTML, like Gecko) GSA/404.0.856692123 Mobile/15E148 Safari/604.1"
149.88.19.228 - - [27/Jan/2026:01:25:39 -0500] "GET /wp-content/themes/matrix-model/assets/images/more/i-9.jpg HTTP/1.1" 200 39513 "http://matrixmodels.com/" "Mozilla/5.0 (iPhone; CPU iPhone OS 26_2_0 like Mac OS X) AppleWebKit/605.1.15 (KHTML, like Gecko) GSA/404.0.856692123 Mobile/15E148 Safari/604.1"
149.88.19.228 - - [27/Jan/2026:01:25:39 -0500] "GET /wp-content/themes/matrix-model/assets/images/more/i-7.jpg HTTP/1.1" 200 35534 "http://matrixmodels.com/" "Mozilla/5.0 (iPhone; CPU iPhone OS 26_2_0 like Mac OS X) AppleWebKit/605.1.15 (KHTML, like Gecko) GSA/404.0.856692123 Mobile/15E148 Safari/604.1"
