72.222.189.216 - - [26/Jan/2026:15:41:44 -0500] "GET /wp-content/themes/matrix-model/images/title_bg.jpg HTTP/1.1" 200 1124 "https://matrixmodels.com/wp-content/themes/matrix-model/style.css?ver=5.6.16" "Mozilla/5.0 (Macintosh; Intel Mac OS X 10_15_7) AppleWebKit/537.36 (KHTML, like Gecko) Chrome/144.0.0.0 Safari/537.36"
72.222.189.216 - - [26/Jan/2026:15:41:49 -0500] "GET /about-matrix-models/ HTTP/1.1" 200 10353 "https://matrixmodels.com/contact-us/" "Mozilla/5.0 (Macintosh; Intel Mac OS X 10_15_7) AppleWebKit/537.36 (KHTML, like Gecko) Chrome/144.0.0.0 Safari/537.36"
72.222.189.216 - - [26/Jan/2026:15:41:50 -0500] "GET /wp-content/uploads/2014/12/Matrix-Models-Photo-Logo.jpg HTTP/1.1" 200 36134 "https://matrixmodels.com/about-matrix-models/" "Mozilla/5.0 (Macintosh; Intel Mac OS X 10_15_7) AppleWebKit/537.36 (KHTML, like Gecko) Chrome/144.0.0.0 Safari/537.36"
66.249.70.134 - - [26/Jan/2026:15:41:52 -0500] "GET /?p=2262 HTTP/1.1" 404 8442 "-" "Mozilla/5.0 (Linux; Android 6.0.1; Nexus 5X Build/MMB29P) AppleWebKit/537.36 (KHTML, like Gecko) Chrome/143.0.7499.192 Mobile Safari/537.36 (compatible; Googlebot/2.1; +http://www.google.com/bot.html)"
72.222.189.216 - - [26/Jan/2026:15:41:57 -0500] "GET /our-models/ HTTP/1.1" 200 7615 "https://matrixmodels.com/about-matrix-models/" "Mozilla/5.0 (Macintosh; Intel Mac OS X 10_15_7) AppleWebKit/537.36 (KHTML, like Gecko) Chrome/144.0.0.0 Safari/537.36"
72.222.189.216 - - [26/Jan/2026:15:42:27 -0500] "-" 408 - "-" "-"
143.110.180.16 - - [26/Jan/2026:15:43:09 -0500] "POST /wp-login.php HTTP/1.1" 200 7170 "-" "Mozilla/5.0"
139.59.9.11 - - [26/Jan/2026:15:43:11 -0500] "GET / HTTP/1.1" 301 - "-" "Mozilla/5.0 (Windows NT 10.0; WOW64) AppleWebKit/537.36 (KHTML, like Gecko) Chrome/45.0.2454.85 Safari/537.36"
64.59.72.148 - - [26/Jan/2026:15:43:21 -0500] "GET / HTTP/1.1" 200 4446 "-" "check_http/v2.4.9 (nagios-plugins 2.4.9)"
150.255.103.198 - - [26/Jan/2026:15:44:21 -0500] "GET /.well-known/matrix/client HTTP/1.1" 500 535 "-" "Mozilla/5.0 (Windows NT 10.0; Win64; x64) AppleWebKit/537.36 (KHTML, like Gecko) Chrome/87.0.4280.88 Safari/537.36"
64.59.72.148 - - [26/Jan/2026:15:45:21 -0500] "GET / HTTP/1.1" 200 4446 "-" "check_http/v2.4.9 (nagios-plugins 2.4.9)"
66.249.70.133 - - [26/Jan/2026:15:46:25 -0500] "GET /?p=2605 HTTP/1.1" 404 8442 "-" "Mozilla/5.0 (Linux; Android 6.0.1; Nexus 5X Build/MMB29P) AppleWebKit/537.36 (KHTML, like Gecko) Chrome/143.0.7499.192 Mobile Safari/537.36 (compatible; Googlebot/2.1; +http://www.google.com/bot.html)"
188.166.35.151 - - [26/Jan/2026:15:46:35 -0500] "POST /wp-login.php HTTP/1.1" 200 7170 "-" "Mozilla/5.0"
51.222.168.145 - - [26/Jan/2026:15:47:04 -0500] "GET /?dir=%2Fhome%2Fhttpd%2Fhtml%2Fmatrixmodels.com%2Fpublic_html&mode=copy&src=wp-links-opml.php HTTP/1.1" 200 4446 "-" "Mozilla/5.0 (compatible; AhrefsBot/7.0; +http://ahrefs.com/robot/)"
45.139.104.168 - - [26/Jan/2026:15:47:06 -0500] "GET /sendgrid.env HTTP/1.1" 404 8520 "-" "Mozilla/5.0 (Windows NT 10.0; Win64; x64) AppleWebKit/537.36 (KHTML, like Gecko) Chrome/78.0.3890.0 Safari/537.36"
98.52.184.155 - - [26/Jan/2026:15:47:16 -0500] "GET /our-models/ HTTP/1.1" 200 7615 "https://www.google.com/" "Mozilla/5.0 (Windows NT 10.0; Win64; x64) AppleWebKit/537.36 (KHTML, like Gecko) Chrome/144.0.0.0 Safari/537.36"
98.52.184.155 - - [26/Jan/2026:15:47:16 -0500] "GET /wp-includes/css/dist/block-library/style.min.css?ver=5.6.16 HTTP/1.1" 200 51338 "https://matrixmodels.com/our-models/" "Mozilla/5.0 (Windows NT 10.0; Win64; x64) AppleWebKit/537.36 (KHTML, like Gecko) Chrome/144.0.0.0 Safari/537.36"
98.52.184.155 - - [26/Jan/2026:15:47:16 -0500] "GET /wp-content/themes/matrix-model/style.css?ver=5.6.16 HTTP/1.1" 200 41969 "https://matrixmodels.com/our-models/" "Mozilla/5.0 (Windows NT 10.0; Win64; x64) AppleWebKit/537.36 (KHTML, like Gecko) Chrome/144.0.0.0 Safari/537.36"
98.52.184.155 - - [26/Jan/2026:15:47:17 -0500] "GET /wp-includes/js/jquery/jquery-migrate.min.js?ver=3.3.2 HTTP/1.1" 200 11224 "https://matrixmodels.com/our-models/" "Mozilla/5.0 (Windows NT 10.0; Win64; x64) AppleWebKit/537.36 (KHTML, like Gecko) Chrome/144.0.0.0 Safari/537.36"
98.52.184.155 - - [26/Jan/2026:15:47:17 -0500] "GET /wp-includes/js/jquery/jquery.min.js?ver=3.5.1 HTTP/1.1" 200 89496 "https://matrixmodels.com/our-models/" "Mozilla/5.0 (Windows NT 10.0; Win64; x64) AppleWebKit/537.36 (KHTML, like Gecko) Chrome/144.0.0.0 Safari/537.36"
98.52.184.155 - - [26/Jan/2026:15:47:17 -0500] "GET /wp-content/themes/matrix-model/images/inner-logo.jpg HTTP/1.1" 200 8330 "https://matrixmodels.com/our-models/" "Mozilla/5.0 (Windows NT 10.0; Win64; x64) AppleWebKit/537.36 (KHTML, like Gecko) Chrome/144.0.0.0 Safari/537.36"
98.52.184.155 - - [26/Jan/2026:15:47:17 -0500] "GET /wp-includes/js/wp-emoji-release.min.js?ver=5.6.16 HTTP/1.1" 200 14229 "https://matrixmodels.com/our-models/" "Mozilla/5.0 (Windows NT 10.0; Win64; x64) AppleWebKit/537.36 (KHTML, like Gecko) Chrome/144.0.0.0 Safari/537.36"
64.59.72.148 - - [26/Jan/2026:15:47:21 -0500] "GET / HTTP/1.1" 200 4446 "-" "check_http/v2.4.9 (nagios-plugins 2.4.9)"
98.52.184.155 - - [26/Jan/2026:15:47:23 -0500] "GET /about-matrix-models/ HTTP/1.1" 200 10353 "https://matrixmodels.com/our-models/" "Mozilla/5.0 (Windows NT 10.0; Win64; x64) AppleWebKit/537.36 (KHTML, like Gecko) Chrome/144.0.0.0 Safari/537.36"
98.52.184.155 - - [26/Jan/2026:15:47:24 -0500] "GET /wp-includes/js/wp-embed.min.js?ver=5.6.16 HTTP/1.1" 200 1478 "https://matrixmodels.com/about-matrix-models/" "Mozilla/5.0 (Windows NT 10.0; Win64; x64) AppleWebKit/537.36 (KHTML, like Gecko) Chrome/144.0.0.0 Safari/537.36"
98.52.184.155 - - [26/Jan/2026:15:47:24 -0500] "GET /wp-content/themes/matrix-model/js/navigation.js?ver=20140711 HTTP/1.1" 200 1516 "https://matrixmodels.com/about-matrix-models/" "Mozilla/5.0 (Windows NT 10.0; Win64; x64) AppleWebKit/537.36 (KHTML, like Gecko) Chrome/144.0.0.0 Safari/537.36"
98.52.184.155 - - [26/Jan/2026:15:47:24 -0500] "GET /wp-content/uploads/2014/12/Matrix-Models-Photo-Logo.jpg HTTP/1.1" 200 36134 "https://matrixmodels.com/about-matrix-models/" "Mozilla/5.0 (Windows NT 10.0; Win64; x64) AppleWebKit/537.36 (KHTML, like Gecko) Chrome/144.0.0.0 Safari/537.36"
98.52.184.155 - - [26/Jan/2026:15:47:24 -0500] "GET /wp-content/themes/matrix-model/images/title_bg.jpg HTTP/1.1" 200 1124 "https://matrixmodels.com/wp-content/themes/matrix-model/style.css?ver=5.6.16" "Mozilla/5.0 (Windows NT 10.0; Win64; x64) AppleWebKit/537.36 (KHTML, like Gecko) Chrome/144.0.0.0 Safari/537.36"
98.52.184.155 - - [26/Jan/2026:15:47:27 -0500] "GET /our-models/ HTTP/1.1" 200 7615 "https://matrixmodels.com/about-matrix-models/" "Mozilla/5.0 (Windows NT 10.0; Win64; x64) AppleWebKit/537.36 (KHTML, like Gecko) Chrome/144.0.0.0 Safari/537.36"
143.110.180.16 - - [26/Jan/2026:15:47:30 -0500] "POST /wp-login.php HTTP/1.1" 406 59 "-" "Mozilla/5.0"
98.52.184.155 - - [26/Jan/2026:15:47:54 -0500] "-" 408 - "-" "-"
98.52.184.155 - - [26/Jan/2026:15:47:54 -0500] "-" 408 - "-" "-"
184.62.84.102 - - [26/Jan/2026:15:48:10 -0500] "GET /otw-portfolio/audrey-hempburne/ HTTP/1.1" 301 - "-" "Mozilla/5.0 (Macintosh; Intel Mac OS X 10.15; rv:147.0) Gecko/20100101 Firefox/147.0"
184.62.84.102 - - [26/Jan/2026:15:48:11 -0500] "GET / HTTP/1.1" 200 4465 "-" "Mozilla/5.0 (Macintosh; Intel Mac OS X 10.15; rv:147.0) Gecko/20100101 Firefox/147.0"
64.59.72.148 - - [26/Jan/2026:15:49:21 -0500] "GET / HTTP/1.1" 200 4446 "-" "check_http/v2.4.9 (nagios-plugins 2.4.9)"
172.104.42.78 - - [26/Jan/2026:15:49:36 -0500] "HEAD / HTTP/1.1" 301 - "https://www.matrixmodels.com/" "Mozilla/5.0 (Windows NT 10.0; Win64; x64) AppleWebKit/537.36 (KHTML, like Gecko) Chrome/91.0.4472.124 Safari/537.36"
172.104.42.78 - - [26/Jan/2026:15:49:37 -0500] "HEAD / HTTP/1.1" 200 - "https://www.matrixmodels.com/" "Mozilla/5.0 (Windows NT 10.0; Win64; x64) AppleWebKit/537.36 (KHTML, like Gecko) Chrome/91.0.4472.124 Safari/537.36"
172.104.42.78 - - [26/Jan/2026:15:49:38 -0500] "HEAD / HTTP/1.1" 301 - "https://www.matrixmodels.com/" "Mozilla/5.0 (Windows NT 10.0; Win64; x64) AppleWebKit/537.36 (KHTML, like Gecko) Chrome/91.0.4472.124 Safari/537.36"
172.104.42.78 - - [26/Jan/2026:15:49:38 -0500] "HEAD / HTTP/1.1" 200 - "https://www.matrixmodels.com/" "Mozilla/5.0 (Windows NT 10.0; Win64; x64) AppleWebKit/537.36 (KHTML, like Gecko) Chrome/91.0.4472.124 Safari/537.36"
172.104.42.78 - - [26/Jan/2026:15:49:39 -0500] "POST /wp-login.php HTTP/1.1" 200 6925 "https://www.google.com/" "Mozilla/5.0 (Windows NT 10.0; Win64; x64) AppleWebKit/537.36 (KHTML, like Gecko) Chrome/91.0.4472.124 Safari/537.36"
172.104.42.78 - - [26/Jan/2026:15:49:40 -0500] "POST /wp-login.php HTTP/1.1" 200 7374 "https://www.matrixmodels.com/wp-admin/" "Mozilla/5.0 (Windows NT 10.0; Win64; x64) AppleWebKit/537.36 (KHTML, like Gecko) Chrome/90.0.4430.85 Safari/537.36"
172.104.42.78 - - [26/Jan/2026:15:49:40 -0500] "GET /wp-admin/ HTTP/1.1" 302 - "https://www.google.com/" "Mozilla/5.0 (Windows NT 10.0; Win64; x64) AppleWebKit/537.36 (KHTML, like Gecko) Chrome/91.0.4472.124 Safari/537.36"
172.104.42.78 - - [26/Jan/2026:15:49:41 -0500] "GET /wp-login.php?redirect_to=https%3A%2F%2Fwww.matrixmodels.com%2Fwp-admin%2F&reauth=1 HTTP/1.1" 200 6929 "https://www.google.com/" "Mozilla/5.0 (Windows NT 10.0; Win64; x64) AppleWebKit/537.36 (KHTML, like Gecko) Chrome/91.0.4472.124 Safari/537.36"
172.104.42.78 - - [26/Jan/2026:15:49:42 -0500] "POST /xmlrpc.php HTTP/1.1" 403 6 "https://www.google.com/" "Mozilla/5.0 (Windows NT 10.0; Win64; x64) AppleWebKit/537.36 (KHTML, like Gecko) Chrome/91.0.4472.124 Safari/537.36"
172.104.42.78 - - [26/Jan/2026:15:49:43 -0500] "GET /administrator/index.php HTTP/1.1" 301 - "https://www.google.com/" "Mozilla/5.0 (Windows NT 10.0; Win64; x64) AppleWebKit/537.36 (KHTML, like Gecko) Chrome/91.0.4472.124 Safari/537.36"
172.104.42.78 - - [26/Jan/2026:15:49:44 -0500] "GET /administrator/ HTTP/1.1" 404 8466 "https://www.google.com/" "Mozilla/5.0 (Windows NT 10.0; Win64; x64) AppleWebKit/537.36 (KHTML, like Gecko) Chrome/91.0.4472.124 Safari/537.36"
64.59.72.148 - - [26/Jan/2026:15:51:21 -0500] "GET / HTTP/1.1" 200 4446 "-" "check_http/v2.4.9 (nagios-plugins 2.4.9)"
135.237.127.54 - - [26/Jan/2026:15:51:31 -0500] "GET /owa/auth/logon.aspx HTTP/1.1" 404 8520 "-" "Mozilla/5.0 zgrab/0.x"
66.249.70.135 - - [26/Jan/2026:15:51:58 -0500] "GET /?p=2607 HTTP/1.1" 404 8442 "-" "Mozilla/5.0 (Linux; Android 6.0.1; Nexus 5X Build/MMB29P) AppleWebKit/537.36 (KHTML, like Gecko) Chrome/143.0.7499.192 Mobile Safari/537.36 (compatible; Googlebot/2.1; +http://www.google.com/bot.html)"
143.110.180.16 - - [26/Jan/2026:15:51:58 -0500] "POST /wp-login.php HTTP/1.1" 200 7170 "-" "Mozilla/5.0"
193.142.147.209 - - [26/Jan/2026:15:52:06 -0500] "POST / HTTP/1.1" 200 4465 "-" "Mozilla/5.0 (Windows NT 10.0; Win64; x64) AppleWebKit/537.36"
18.235.158.19 - - [26/Jan/2026:15:52:44 -0500] "GET /about-matrix-models/ HTTP/1.1" 200 10323 "-" "Mozilla/5.0 AppleWebKit/537.36 (KHTML, like Gecko; compatible; Amazonbot/0.1; +https://developer.amazon.com/support/amazonbot) Chrome/119.0.6045.214 Safari/537.36"
178.120.51.128 - - [26/Jan/2026:15:53:03 -0500] "GET / HTTP/1.1" 200 4465 "-" "Mozilla/5.0 (Windows NT 10.0; Win64; x64) AppleWebKit/537.36 (KHTML, like Gecko) Chrome/142.0.0.0 Safari/537.36 OPR/126.0.0.0"
178.120.51.128 - - [26/Jan/2026:15:53:03 -0500] "GET /wp-content/themes/matrix-model/assets/css/bootstrap_v4.3.1_min.css HTTP/1.1" 200 155712 "https://matrixmodels.com/" "Mozilla/5.0 (Windows NT 10.0; Win64; x64) AppleWebKit/537.36 (KHTML, like Gecko) Chrome/142.0.0.0 Safari/537.36 OPR/126.0.0.0"
178.120.51.128 - - [26/Jan/2026:15:53:04 -0500] "GET /wp-content/themes/matrix-model/assets/css/aos.css HTTP/1.1" 200 26053 "https://matrixmodels.com/" "Mozilla/5.0 (Windows NT 10.0; Win64; x64) AppleWebKit/537.36 (KHTML, like Gecko) Chrome/142.0.0.0 Safari/537.36 OPR/126.0.0.0"
178.120.51.128 - - [26/Jan/2026:15:53:04 -0500] "GET /wp-content/themes/matrix-model/assets/css/owl.carousel.min.css HTTP/1.1" 404 260 "https://matrixmodels.com/" "Mozilla/5.0 (Windows NT 10.0; Win64; x64) AppleWebKit/537.36 (KHTML, like Gecko) Chrome/142.0.0.0 Safari/537.36 OPR/126.0.0.0"
178.120.51.128 - - [26/Jan/2026:15:53:04 -0500] "GET /wp-content/themes/matrix-model/assets/css/animate.min.css HTTP/1.1" 200 52592 "https://matrixmodels.com/" "Mozilla/5.0 (Windows NT 10.0; Win64; x64) AppleWebKit/537.36 (KHTML, like Gecko) Chrome/142.0.0.0 Safari/537.36 OPR/126.0.0.0"
178.120.51.128 - - [26/Jan/2026:15:53:04 -0500] "GET /wp-content/themes/matrix-model/assets/css/owl.theme.default.min.css HTTP/1.1" 404 265 "https://matrixmodels.com/" "Mozilla/5.0 (Windows NT 10.0; Win64; x64) AppleWebKit/537.36 (KHTML, like Gecko) Chrome/142.0.0.0 Safari/537.36 OPR/126.0.0.0"
178.120.51.128 - - [26/Jan/2026:15:53:04 -0500] "GET /wp-content/themes/matrix-model/assets/css/custom.css HTTP/1.1" 200 5229 "https://matrixmodels.com/" "Mozilla/5.0 (Windows NT 10.0; Win64; x64) AppleWebKit/537.36 (KHTML, like Gecko) Chrome/142.0.0.0 Safari/537.36 OPR/126.0.0.0"
178.120.51.128 - - [26/Jan/2026:15:53:04 -0500] "GET /wp-content/themes/matrix-model/assets/images/more/i-1.jpg HTTP/1.1" 200 39164 "https://matrixmodels.com/" "Mozilla/5.0 (Windows NT 10.0; Win64; x64) AppleWebKit/537.36 (KHTML, like Gecko) Chrome/142.0.0.0 Safari/537.36 OPR/126.0.0.0"
178.120.51.128 - - [26/Jan/2026:15:53:04 -0500] "GET /wp-content/themes/matrix-model/assets/images/more/i-2.jpg HTTP/1.1" 200 44619 "https://matrixmodels.com/" "Mozilla/5.0 (Windows NT 10.0; Win64; x64) AppleWebKit/537.36 (KHTML, like Gecko) Chrome/142.0.0.0 Safari/537.36 OPR/126.0.0.0"
178.120.51.128 - - [26/Jan/2026:15:53:04 -0500] "GET /wp-content/themes/matrix-model/assets/images/more/i-3.jpg HTTP/1.1" 200 36068 "https://matrixmodels.com/" "Mozilla/5.0 (Windows NT 10.0; Win64; x64) AppleWebKit/537.36 (KHTML, like Gecko) Chrome/142.0.0.0 Safari/537.36 OPR/126.0.0.0"
178.120.51.128 - - [26/Jan/2026:15:53:04 -0500] "GET /wp-content/themes/matrix-model/assets/images/more/i-4.jpg HTTP/1.1" 200 28534 "https://matrixmodels.com/" "Mozilla/5.0 (Windows NT 10.0; Win64; x64) AppleWebKit/537.36 (KHTML, like Gecko) Chrome/142.0.0.0 Safari/537.36 OPR/126.0.0.0"
178.120.51.128 - - [26/Jan/2026:15:53:05 -0500] "GET /wp-content/themes/matrix-model/assets/images/more/i-5.jpg HTTP/1.1" 200 35264 "https://matrixmodels.com/" "Mozilla/5.0 (Windows NT 10.0; Win64; x64) AppleWebKit/537.36 (KHTML, like Gecko) Chrome/142.0.0.0 Safari/537.36 OPR/126.0.0.0"
178.120.51.128 - - [26/Jan/2026:15:53:05 -0500] "GET /wp-content/themes/matrix-model/assets/images/more/i-6.jpg HTTP/1.1" 200 39553 "https://matrixmodels.com/" "Mozilla/5.0 (Windows NT 10.0; Win64; x64) AppleWebKit/537.36 (KHTML, like Gecko) Chrome/142.0.0.0 Safari/537.36 OPR/126.0.0.0"
178.120.51.128 - - [26/Jan/2026:15:53:05 -0500] "GET /wp-content/themes/matrix-model/assets/images/more/i-7.jpg HTTP/1.1" 200 35534 "https://matrixmodels.com/" "Mozilla/5.0 (Windows NT 10.0; Win64; x64) AppleWebKit/537.36 (KHTML, like Gecko) Chrome/142.0.0.0 Safari/537.36 OPR/126.0.0.0"
178.120.51.128 - - [26/Jan/2026:15:53:05 -0500] "GET /wp-content/themes/matrix-model/assets/images/more/i-8.jpg HTTP/1.1" 200 31506 "https://matrixmodels.com/" "Mozilla/5.0 (Windows NT 10.0; Win64; x64) AppleWebKit/537.36 (KHTML, like Gecko) Chrome/142.0.0.0 Safari/537.36 OPR/126.0.0.0"
178.120.51.128 - - [26/Jan/2026:15:53:05 -0500] "GET /wp-content/themes/matrix-model/assets/images/more/i-9.jpg HTTP/1.1" 200 39513 "https://matrixmodels.com/" "Mozilla/5.0 (Windows NT 10.0; Win64; x64) AppleWebKit/537.36 (KHTML, like Gecko) Chrome/142.0.0.0 Safari/537.36 OPR/126.0.0.0"
178.120.51.128 - - [26/Jan/2026:15:53:05 -0500] "GET /wp-content/uploads/2021/07/logo.png HTTP/1.1" 200 181002 "https://matrixmodels.com/" "Mozilla/5.0 (Windows NT 10.0; Win64; x64) AppleWebKit/537.36 (KHTML, like Gecko) Chrome/142.0.0.0 Safari/537.36 OPR/126.0.0.0"
178.120.51.128 - - [26/Jan/2026:15:53:06 -0500] "GET /wp-content/themes/matrix-model/assets/images/logo/favicon.png HTTP/1.1" 404 259 "https://matrixmodels.com/" "Mozilla/5.0 (Windows NT 10.0; Win64; x64) AppleWebKit/537.36 (KHTML, like Gecko) Chrome/142.0.0.0 Safari/537.36 OPR/126.0.0.0"
142.44.220.235 - - [26/Jan/2026:15:53:11 -0500] "GET /feed/?attachment_id=221 HTTP/1.1" 200 717 "-" "Mozilla/5.0 (compatible; AhrefsBot/7.0; +http://ahrefs.com/robot/)"
64.59.72.148 - - [26/Jan/2026:15:53:21 -0500] "GET / HTTP/1.1" 200 4446 "-" "check_http/v2.4.9 (nagios-plugins 2.4.9)"
178.120.51.128 - - [26/Jan/2026:15:53:34 -0500] "-" 408 - "-" "-"
178.120.51.128 - - [26/Jan/2026:15:53:34 -0500] "-" 408 - "-" "-"
162.142.125.117 - - [26/Jan/2026:15:53:38 -0500] "GET / HTTP/1.1" 301 - "-" "Mozilla/5.0 (compatible; CensysInspect/1.1; +https://about.censys.io/)"
162.142.125.117 - - [26/Jan/2026:15:53:41 -0500] "PRI * HTTP/2.0" 400 226 "-" "-"
207.46.13.87 - - [26/Jan/2026:15:54:34 -0500] "GET /wp-content/uploads/2019/04/009-360x520.jpg HTTP/1.1" 200 52978 "-" "Mozilla/5.0 AppleWebKit/537.36 (KHTML, like Gecko; compatible; bingbot/2.0; +http://www.bing.com/bingbot.htm) Chrome/116.0.1938.76 Safari/537.36"
1.145.137.27 - - [26/Jan/2026:15:54:50 -0500] "GET /wp-content/uploads/2019/04/006.jpg HTTP/1.1" 200 100758 "https://www.google.com/" "Mozilla/5.0 (iPhone; CPU iPhone OS 14_4_2 like Mac OS X) AppleWebKit/605.1.15 (KHTML, like Gecko) Version/14.0.3 Mobile/15E148 Safari/604.1"
64.59.72.148 - - [26/Jan/2026:15:55:21 -0500] "GET / HTTP/1.1" 200 4446 "-" "check_http/v2.4.9 (nagios-plugins 2.4.9)"
162.142.125.117 - - [26/Jan/2026:15:56:13 -0500] "GET /sitemap.xml HTTP/1.1" 302 - "-" "Mozilla/5.0 (compatible; CensysInspect/1.1; +https://about.censys.io/)"
143.110.180.16 - - [26/Jan/2026:15:56:31 -0500] "POST /wp-login.php HTTP/1.1" 406 59 "-" "Mozilla/5.0"
64.59.72.148 - - [26/Jan/2026:15:57:21 -0500] "GET / HTTP/1.1" 200 4446 "-" "check_http/v2.4.9 (nagios-plugins 2.4.9)"
66.249.70.135 - - [26/Jan/2026:15:57:32 -0500] "GET /?p=3347 HTTP/1.1" 404 8442 "-" "Mozilla/5.0 (Linux; Android 6.0.1; Nexus 5X Build/MMB29P) AppleWebKit/537.36 (KHTML, like Gecko) Chrome/143.0.7499.192 Mobile Safari/537.36 (compatible; Googlebot/2.1; +http://www.google.com/bot.html)"
45.156.129.52 - - [26/Jan/2026:15:58:22 -0500] "GET / HTTP/1.1" 301 - "-" "Mozilla/5.0 (Windows NT 10.0; Win64; x64) AppleWebKit/537.36 (KHTML, like Gecko) Chrome/60.0.3112.113 Safari/537.36"
45.156.129.52 - - [26/Jan/2026:15:58:22 -0500] "GET / HTTP/1.1" 200 4465 "https://www.matrixmodels.com/" "Mozilla/5.0 (Windows NT 10.0; Win64; x64) AppleWebKit/537.36 (KHTML, like Gecko) Chrome/60.0.3112.113 Safari/537.36"
177.75.23.216 - - [26/Jan/2026:15:59:13 -0500] "POST /wp-login.php HTTP/1.1" 200 7198 "https://www.matrixmodels.com/wp-admin/" "Mozilla/5.0 (Windows NT 10.0; Win64; x64) AppleWebKit/537.36 (KHTML, like Gecko) Chrome/90.0.4430.85 Safari/537.36"
177.75.23.216 - - [26/Jan/2026:15:59:13 -0500] "GET /wp-admin/ HTTP/1.1" 302 - "-" "Mozilla/5.0 (Windows NT 10.0; Win64; x64) AppleWebKit/537.36 (KHTML, like Gecko) Chrome/112.0.0.0 Safari/537.36"
177.75.23.216 - - [26/Jan/2026:15:59:14 -0500] "GET /wp-login.php?redirect_to=https%3A%2F%2Fwww.matrixmodels.com%2Fwp-admin%2F&reauth=1 HTTP/1.1" 200 6929 "-" "Mozilla/5.0 (Windows NT 10.0; Win64; x64) AppleWebKit/537.36 (KHTML, like Gecko) Chrome/112.0.0.0 Safari/537.36"
124.117.192.78 - - [26/Jan/2026:15:59:15 -0500] "GET / HTTP/1.1" 301 - "-" "Go-http-client/1.1"
51.161.37.76 - - [26/Jan/2026:15:59:16 -0500] "GET /feed/?attachment_id=137 HTTP/1.1" 200 721 "-" "Mozilla/5.0 (compatible; AhrefsBot/7.0; +http://ahrefs.com/robot/)"
64.59.72.148 - - [26/Jan/2026:15:59:21 -0500] "GET / HTTP/1.1" 200 4446 "-" "check_http/v2.4.9 (nagios-plugins 2.4.9)"
216.244.66.230 - - [26/Jan/2026:15:59:48 -0500] "GET /robots.txt HTTP/1.1" 301 - "-" "Mozilla/5.0 (compatible; DotBot/1.2; +https://opensiteexplorer.org/dotbot; help@moz.com)"
216.244.66.230 - - [26/Jan/2026:15:59:48 -0500] "GET /robots.txt HTTP/1.1" 200 116 "-" "Mozilla/5.0 (compatible; DotBot/1.2; +https://opensiteexplorer.org/dotbot; help@moz.com)"
143.110.180.16 - - [26/Jan/2026:16:01:14 -0500] "POST /wp-login.php HTTP/1.1" 200 7170 "-" "Mozilla/5.0"
64.59.72.148 - - [26/Jan/2026:16:01:21 -0500] "GET / HTTP/1.1" 200 4446 "-" "check_http/v2.4.9 (nagios-plugins 2.4.9)"
188.166.35.151 - - [26/Jan/2026:16:03:03 -0500] "POST /wp-login.php HTTP/1.1" 200 7170 "-" "Mozilla/5.0"
66.249.70.135 - - [26/Jan/2026:16:03:05 -0500] "GET /?p=2807 HTTP/1.1" 404 8442 "-" "Mozilla/5.0 (Linux; Android 6.0.1; Nexus 5X Build/MMB29P) AppleWebKit/537.36 (KHTML, like Gecko) Chrome/143.0.7499.192 Mobile Safari/537.36 (compatible; Googlebot/2.1; +http://www.google.com/bot.html)"
64.59.72.148 - - [26/Jan/2026:16:03:21 -0500] "GET / HTTP/1.1" 200 4446 "-" "check_http/v2.4.9 (nagios-plugins 2.4.9)"
184.62.84.102 - - [26/Jan/2026:16:03:29 -0500] "GET /otw-portfolio/audrey-hempburne/ HTTP/1.1" 301 - "-" "Mozilla/5.0 (Macintosh; Intel Mac OS X 10.15; rv:147.0) Gecko/20100101 Firefox/147.0"
184.62.84.102 - - [26/Jan/2026:16:03:32 -0500] "GET / HTTP/1.1" 200 4465 "-" "Mozilla/5.0 (Macintosh; Intel Mac OS X 10.15; rv:147.0) Gecko/20100101 Firefox/147.0"
184.62.84.102 - - [26/Jan/2026:16:03:33 -0500] "GET /wp-content/themes/matrix-model/assets/css/owl.carousel.min.css HTTP/1.1" 404 260 "https://matrixmodels.com/" "Mozilla/5.0 (Macintosh; Intel Mac OS X 10.15; rv:147.0) Gecko/20100101 Firefox/147.0"
184.62.84.102 - - [26/Jan/2026:16:03:33 -0500] "GET /wp-content/themes/matrix-model/assets/css/owl.theme.default.min.css HTTP/1.1" 404 265 "https://matrixmodels.com/" "Mozilla/5.0 (Macintosh; Intel Mac OS X 10.15; rv:147.0) Gecko/20100101 Firefox/147.0"
15.235.27.137 - - [26/Jan/2026:16:05:04 -0500] "GET /02-2/ HTTP/1.1" 200 12318 "-" "Mozilla/5.0 (compatible; AhrefsBot/7.0; +http://ahrefs.com/robot/)"
64.59.72.148 - - [26/Jan/2026:16:05:21 -0500] "GET / HTTP/1.1" 200 4446 "-" "check_http/v2.4.9 (nagios-plugins 2.4.9)"
43.159.132.207 - - [26/Jan/2026:16:05:33 -0500] "GET / HTTP/1.1" 200 4446 "-" "Mozilla/5.0 (iPhone; CPU iPhone OS 13_2_3 like Mac OS X) AppleWebKit/605.1.15 (KHTML, like Gecko) Version/13.0.3 Mobile/15E148 Safari/604.1"
209.141.32.196 - - [26/Jan/2026:16:05:38 -0500] "GET /wp-login.php HTTP/1.1" 200 6925 "-" "Mozilla/5.0 (compatible; MSIE 9.0; Windows NT 6.1; Trident/5.0)"
209.141.32.196 - - [26/Jan/2026:16:05:38 -0500] "POST /wp-login.php HTTP/1.1" 200 7358 "-" "Mozilla/5.0 (compatible; MSIE 9.0; Windows NT 6.1; Trident/5.0)"
143.110.180.16 - - [26/Jan/2026:16:05:44 -0500] "POST /wp-login.php HTTP/1.1" 406 59 "-" "Mozilla/5.0"
64.59.72.148 - - [26/Jan/2026:16:07:21 -0500] "GET / HTTP/1.1" 200 4446 "-" "check_http/v2.4.9 (nagios-plugins 2.4.9)"
118.193.58.125 - - [26/Jan/2026:16:07:33 -0500] "GET / HTTP/1.1" 301 - "-" "Mozilla/5.0 (Macintosh; Intel Mac OS X 10_15_7) AppleWebKit/537.36 (KHTML, like Gecko) Chrome/120.0.0.0 Safari/537.36 Edg/120.0.0.0"
118.193.58.125 - - [26/Jan/2026:16:07:38 -0500] "GET /favicon.ico HTTP/1.1" 200 43 "-" "Mozilla/5.0 (Macintosh; Intel Mac OS X 10_7_0) AppleWebKit/535.11 (KHTML, like Gecko) Chrome/17.0.963.56 Safari/535.11"
118.193.58.125 - - [26/Jan/2026:16:07:39 -0500] "GET /robots.txt HTTP/1.1" 200 117 "-" "Mozilla/5.0 (Macintosh; Intel Mac OS X 10_7_0) AppleWebKit/535.11 (KHTML, like Gecko) Chrome/17.0.963.56 Safari/535.11"
118.193.58.125 - - [26/Jan/2026:16:07:39 -0500] "GET /sitemap.xml HTTP/1.1" 302 - "-" "Mozilla/5.0 (Macintosh; Intel Mac OS X 10_7_0) AppleWebKit/535.11 (KHTML, like Gecko) Chrome/17.0.963.56 Safari/535.11"
118.193.58.125 - - [26/Jan/2026:16:07:40 -0500] "GET /wp-sitemap.xml HTTP/1.1" 200 18534 "https://74.206.165.146/sitemap.xml" "Mozilla/5.0 (Macintosh; Intel Mac OS X 10_7_0) AppleWebKit/535.11 (KHTML, like Gecko) Chrome/17.0.963.56 Safari/535.11"
216.244.66.230 - - [26/Jan/2026:16:07:47 -0500] "GET /profile.php?id206 HTTP/1.1" 301 - "-" "Mozilla/5.0 (compatible; DotBot/1.2; +https://opensiteexplorer.org/dotbot; help@moz.com)"
77.111.247.57 - - [26/Jan/2026:16:07:55 -0500] "GET /otw-portfolio/malory-malibu/ HTTP/1.1" 301 - "-" "Mozilla/5.0 (Windows NT 10.0; Win64; x64) AppleWebKit/537.36 (KHTML, like Gecko) Chrome/142.0.0.0 Safari/537.36 OPR/126.0.0.0"
77.111.247.57 - - [26/Jan/2026:16:07:55 -0500] "GET / HTTP/1.1" 200 4465 "-" "Mozilla/5.0 (Windows NT 10.0; Win64; x64) AppleWebKit/537.36 (KHTML, like Gecko) Chrome/142.0.0.0 Safari/537.36 OPR/126.0.0.0"
77.111.247.57 - - [26/Jan/2026:16:07:55 -0500] "GET /wp-content/themes/matrix-model/assets/css/bootstrap_v4.3.1_min.css HTTP/1.1" 200 155712 "https://matrixmodels.com/" "Mozilla/5.0 (Windows NT 10.0; Win64; x64) AppleWebKit/537.36 (KHTML, like Gecko) Chrome/142.0.0.0 Safari/537.36 OPR/126.0.0.0"
77.111.247.57 - - [26/Jan/2026:16:07:55 -0500] "GET /wp-content/themes/matrix-model/assets/css/aos.css HTTP/1.1" 200 26053 "https://matrixmodels.com/" "Mozilla/5.0 (Windows NT 10.0; Win64; x64) AppleWebKit/537.36 (KHTML, like Gecko) Chrome/142.0.0.0 Safari/537.36 OPR/126.0.0.0"
77.111.247.57 - - [26/Jan/2026:16:07:55 -0500] "GET /wp-content/themes/matrix-model/assets/css/owl.carousel.min.css HTTP/1.1" 404 260 "https://matrixmodels.com/" "Mozilla/5.0 (Windows NT 10.0; Win64; x64) AppleWebKit/537.36 (KHTML, like Gecko) Chrome/142.0.0.0 Safari/537.36 OPR/126.0.0.0"
77.111.247.57 - - [26/Jan/2026:16:07:55 -0500] "GET /wp-content/themes/matrix-model/assets/css/owl.theme.default.min.css HTTP/1.1" 404 265 "https://matrixmodels.com/" "Mozilla/5.0 (Windows NT 10.0; Win64; x64) AppleWebKit/537.36 (KHTML, like Gecko) Chrome/142.0.0.0 Safari/537.36 OPR/126.0.0.0"
77.111.247.57 - - [26/Jan/2026:16:07:55 -0500] "GET /wp-content/themes/matrix-model/assets/css/animate.min.css HTTP/1.1" 200 52592 "https://matrixmodels.com/" "Mozilla/5.0 (Windows NT 10.0; Win64; x64) AppleWebKit/537.36 (KHTML, like Gecko) Chrome/142.0.0.0 Safari/537.36 OPR/126.0.0.0"
77.111.247.57 - - [26/Jan/2026:16:07:55 -0500] "GET /wp-content/themes/matrix-model/assets/css/custom.css HTTP/1.1" 200 5229 "https://matrixmodels.com/" "Mozilla/5.0 (Windows NT 10.0; Win64; x64) AppleWebKit/537.36 (KHTML, like Gecko) Chrome/142.0.0.0 Safari/537.36 OPR/126.0.0.0"
77.111.247.57 - - [26/Jan/2026:16:07:56 -0500] "GET /wp-content/themes/matrix-model/assets/images/more/i-1.jpg HTTP/1.1" 200 39164 "https://matrixmodels.com/" "Mozilla/5.0 (Windows NT 10.0; Win64; x64) AppleWebKit/537.36 (KHTML, like Gecko) Chrome/142.0.0.0 Safari/537.36 OPR/126.0.0.0"
77.111.247.57 - - [26/Jan/2026:16:07:56 -0500] "GET /wp-content/themes/matrix-model/assets/images/more/i-3.jpg HTTP/1.1" 200 36068 "https://matrixmodels.com/" "Mozilla/5.0 (Windows NT 10.0; Win64; x64) AppleWebKit/537.36 (KHTML, like Gecko) Chrome/142.0.0.0 Safari/537.36 OPR/126.0.0.0"
77.111.247.57 - - [26/Jan/2026:16:07:56 -0500] "GET /wp-content/themes/matrix-model/assets/images/more/i-4.jpg HTTP/1.1" 200 28534 "https://matrixmodels.com/" "Mozilla/5.0 (Windows NT 10.0; Win64; x64) AppleWebKit/537.36 (KHTML, like Gecko) Chrome/142.0.0.0 Safari/537.36 OPR/126.0.0.0"
77.111.247.57 - - [26/Jan/2026:16:07:56 -0500] "GET /wp-content/themes/matrix-model/assets/images/more/i-2.jpg HTTP/1.1" 200 44619 "https://matrixmodels.com/" "Mozilla/5.0 (Windows NT 10.0; Win64; x64) AppleWebKit/537.36 (KHTML, like Gecko) Chrome/142.0.0.0 Safari/537.36 OPR/126.0.0.0"
77.111.247.57 - - [26/Jan/2026:16:07:56 -0500] "GET /wp-content/themes/matrix-model/assets/images/more/i-5.jpg HTTP/1.1" 200 35264 "https://matrixmodels.com/" "Mozilla/5.0 (Windows NT 10.0; Win64; x64) AppleWebKit/537.36 (KHTML, like Gecko) Chrome/142.0.0.0 Safari/537.36 OPR/126.0.0.0"
77.111.247.57 - - [26/Jan/2026:16:07:56 -0500] "GET /wp-content/themes/matrix-model/assets/images/more/i-6.jpg HTTP/1.1" 200 39553 "https://matrixmodels.com/" "Mozilla/5.0 (Windows NT 10.0; Win64; x64) AppleWebKit/537.36 (KHTML, like Gecko) Chrome/142.0.0.0 Safari/537.36 OPR/126.0.0.0"
77.111.247.57 - - [26/Jan/2026:16:07:56 -0500] "GET /wp-content/themes/matrix-model/assets/images/more/i-7.jpg HTTP/1.1" 200 35534 "https://matrixmodels.com/" "Mozilla/5.0 (Windows NT 10.0; Win64; x64) AppleWebKit/537.36 (KHTML, like Gecko) Chrome/142.0.0.0 Safari/537.36 OPR/126.0.0.0"
77.111.247.57 - - [26/Jan/2026:16:07:56 -0500] "GET /wp-content/themes/matrix-model/assets/images/more/i-8.jpg HTTP/1.1" 200 31506 "https://matrixmodels.com/" "Mozilla/5.0 (Windows NT 10.0; Win64; x64) AppleWebKit/537.36 (KHTML, like Gecko) Chrome/142.0.0.0 Safari/537.36 OPR/126.0.0.0"
77.111.247.57 - - [26/Jan/2026:16:07:56 -0500] "GET /wp-content/themes/matrix-model/assets/images/more/i-9.jpg HTTP/1.1" 200 39513 "https://matrixmodels.com/" "Mozilla/5.0 (Windows NT 10.0; Win64; x64) AppleWebKit/537.36 (KHTML, like Gecko) Chrome/142.0.0.0 Safari/537.36 OPR/126.0.0.0"
77.111.247.57 - - [26/Jan/2026:16:07:56 -0500] "GET /wp-content/uploads/2021/07/logo.png HTTP/1.1" 200 181002 "https://matrixmodels.com/" "Mozilla/5.0 (Windows NT 10.0; Win64; x64) AppleWebKit/537.36 (KHTML, like Gecko) Chrome/142.0.0.0 Safari/537.36 OPR/126.0.0.0"
77.111.247.57 - - [26/Jan/2026:16:07:58 -0500] "GET /wp-content/themes/matrix-model/assets/images/logo/favicon.png HTTP/1.1" 404 259 "https://matrixmodels.com/" "Mozilla/5.0 (Windows NT 10.0; Win64; x64) AppleWebKit/537.36 (KHTML, like Gecko) Chrome/142.0.0.0 Safari/537.36 OPR/126.0.0.0"
74.206.165.145 - - [26/Jan/2026:16:08:38 -0500] "POST /wp-cron.php?doing_wp_cron=1769461718.8114099502563476562500 HTTP/1.1" 200 - "http://matrixmodels.com/wp-cron.php?doing_wp_cron=1769461718.8114099502563476562500" "WordPress/5.6.16; http://matrixmodels.com"
66.249.70.134 - - [26/Jan/2026:16:08:38 -0500] "GET /?p=5011 HTTP/1.1" 404 8442 "-" "Mozilla/5.0 (Linux; Android 6.0.1; Nexus 5X Build/MMB29P) AppleWebKit/537.36 (KHTML, like Gecko) Chrome/143.0.7499.192 Mobile Safari/537.36 (compatible; Googlebot/2.1; +http://www.google.com/bot.html)"
64.59.72.148 - - [26/Jan/2026:16:09:21 -0500] "GET / HTTP/1.1" 200 4446 "-" "check_http/v2.4.9 (nagios-plugins 2.4.9)"
143.110.180.16 - - [26/Jan/2026:16:10:07 -0500] "POST /wp-login.php HTTP/1.1" 200 7170 "-" "Mozilla/5.0"
51.161.37.76 - - [26/Jan/2026:16:10:52 -0500] "GET /jenna-ross/ HTTP/1.1" 200 12590 "-" "Mozilla/5.0 (compatible; AhrefsBot/7.0; +http://ahrefs.com/robot/)"
64.59.72.148 - - [26/Jan/2026:16:11:21 -0500] "GET / HTTP/1.1" 200 4446 "-" "check_http/v2.4.9 (nagios-plugins 2.4.9)"
64.59.72.148 - - [26/Jan/2026:16:13:21 -0500] "GET / HTTP/1.1" 200 4446 "-" "check_http/v2.4.9 (nagios-plugins 2.4.9)"
66.249.70.133 - - [26/Jan/2026:16:14:12 -0500] "GET /?p=3698 HTTP/1.1" 404 8442 "-" "Mozilla/5.0 (Linux; Android 6.0.1; Nexus 5X Build/MMB29P) AppleWebKit/537.36 (KHTML, like Gecko) Chrome/143.0.7499.192 Mobile Safari/537.36 (compatible; Googlebot/2.1; +http://www.google.com/bot.html)"
143.110.180.16 - - [26/Jan/2026:16:14:41 -0500] "POST /wp-login.php HTTP/1.1" 406 59 "-" "Mozilla/5.0"
170.168.94.216 - - [26/Jan/2026:16:14:47 -0500] "GET /wp-login.php HTTP/1.1" 200 6901 "http://matrixmodels.com" "Mozilla/5.0 (Windows NT 10.0; Win64; x64; rv:94.0) Gecko/20100101 Firefox/94.0"
77.111.246.40 - - [26/Jan/2026:16:14:49 -0500] "GET /our-models HTTP/1.1" 301 - "https://matrixmodels.com/" "Mozilla/5.0 (Windows NT 10.0; Win64; x64) AppleWebKit/537.36 (KHTML, like Gecko) Chrome/142.0.0.0 Safari/537.36 OPR/126.0.0.0"
77.111.246.40 - - [26/Jan/2026:16:14:49 -0500] "GET /our-models/ HTTP/1.1" 200 7615 "https://matrixmodels.com/" "Mozilla/5.0 (Windows NT 10.0; Win64; x64) AppleWebKit/537.36 (KHTML, like Gecko) Chrome/142.0.0.0 Safari/537.36 OPR/126.0.0.0"
77.111.246.40 - - [26/Jan/2026:16:14:50 -0500] "GET /wp-includes/css/dist/block-library/style.min.css?ver=5.6.16 HTTP/1.1" 200 51338 "https://matrixmodels.com/our-models/" "Mozilla/5.0 (Windows NT 10.0; Win64; x64) AppleWebKit/537.36 (KHTML, like Gecko) Chrome/142.0.0.0 Safari/537.36 OPR/126.0.0.0"
77.111.246.40 - - [26/Jan/2026:16:14:50 -0500] "GET /wp-content/themes/matrix-model/style.css?ver=5.6.16 HTTP/1.1" 200 41969 "https://matrixmodels.com/our-models/" "Mozilla/5.0 (Windows NT 10.0; Win64; x64) AppleWebKit/537.36 (KHTML, like Gecko) Chrome/142.0.0.0 Safari/537.36 OPR/126.0.0.0"
170.168.94.216 - - [26/Jan/2026:16:14:49 -0500] "POST /wp-login.php HTTP/1.1" 302 - "http://matrixmodels.com/wp-login.php" "Mozilla/5.0 (Windows NT 10.0; Win64; x64; rv:94.0) Gecko/20100101 Firefox/94.0"
77.111.246.40 - - [26/Jan/2026:16:14:50 -0500] "GET /wp-includes/js/jquery/jquery.min.js?ver=3.5.1 HTTP/1.1" 200 89496 "https://matrixmodels.com/our-models/" "Mozilla/5.0 (Windows NT 10.0; Win64; x64) AppleWebKit/537.36 (KHTML, like Gecko) Chrome/142.0.0.0 Safari/537.36 OPR/126.0.0.0"
77.111.246.40 - - [26/Jan/2026:16:14:50 -0500] "GET /wp-includes/js/jquery/jquery-migrate.min.js?ver=3.3.2 HTTP/1.1" 200 11224 "https://matrixmodels.com/our-models/" "Mozilla/5.0 (Windows NT 10.0; Win64; x64) AppleWebKit/537.36 (KHTML, like Gecko) Chrome/142.0.0.0 Safari/537.36 OPR/126.0.0.0"
77.111.246.40 - - [26/Jan/2026:16:14:50 -0500] "GET /wp-content/themes/matrix-model/images/inner-logo.jpg HTTP/1.1" 200 8330 "https://matrixmodels.com/our-models/" "Mozilla/5.0 (Windows NT 10.0; Win64; x64) AppleWebKit/537.36 (KHTML, like Gecko) Chrome/142.0.0.0 Safari/537.36 OPR/126.0.0.0"
77.111.246.40 - - [26/Jan/2026:16:14:51 -0500] "GET /wp-includes/js/wp-emoji-release.min.js?ver=5.6.16 HTTP/1.1" 200 14229 "https://matrixmodels.com/our-models/" "Mozilla/5.0 (Windows NT 10.0; Win64; x64) AppleWebKit/537.36 (KHTML, like Gecko) Chrome/142.0.0.0 Safari/537.36 OPR/126.0.0.0"
52.167.144.25 - - [26/Jan/2026:16:14:58 -0500] "GET /otw-portfolio/devon-green/ HTTP/1.1" 301 - "-" "Mozilla/5.0 AppleWebKit/537.36 (KHTML, like Gecko; compatible; bingbot/2.0; +http://www.bing.com/bingbot.htm) Chrome/116.0.1938.76 Safari/537.36"
52.167.144.25 - - [26/Jan/2026:16:14:59 -0500] "GET / HTTP/1.1" 200 4465 "-" "Mozilla/5.0 AppleWebKit/537.36 (KHTML, like Gecko; compatible; bingbot/2.0; +http://www.bing.com/bingbot.htm) Chrome/116.0.1938.76 Safari/537.36"
77.111.246.40 - - [26/Jan/2026:16:14:59 -0500] "GET /favicon.ico HTTP/1.1" 200 43 "https://matrixmodels.com/our-models/" "Mozilla/5.0 (Windows NT 10.0; Win64; x64) AppleWebKit/537.36 (KHTML, like Gecko) Chrome/142.0.0.0 Safari/537.36 OPR/126.0.0.0"
66.249.70.134 - - [26/Jan/2026:16:15:02 -0500] "GET /r%C3%A8gle-du-rami-%C3%A0-3/ HTTP/1.1" 404 8442 "-" "Mozilla/5.0 (Linux; Android 6.0.1; Nexus 5X Build/MMB29P) AppleWebKit/537.36 (KHTML, like Gecko) Chrome/143.0.7499.192 Mobile Safari/537.36 (compatible; Googlebot/2.1; +http://www.google.com/bot.html)"
84.185.19.167 - - [26/Jan/2026:16:15:08 -0500] "-" 408 - "-" "-"
64.59.72.148 - - [26/Jan/2026:16:15:21 -0500] "GET / HTTP/1.1" 200 4446 "-" "check_http/v2.4.9 (nagios-plugins 2.4.9)"
148.113.128.222 - - [26/Jan/2026:16:16:46 -0500] "GET /panduan-lengkap-main-di-slot88/ HTTP/1.1" 404 8466 "-" "Mozilla/5.0 (compatible; AhrefsBot/7.0; +http://ahrefs.com/robot/)"
64.59.72.148 - - [26/Jan/2026:16:17:21 -0500] "GET / HTTP/1.1" 200 4446 "-" "check_http/v2.4.9 (nagios-plugins 2.4.9)"
168.235.125.190 - - [26/Jan/2026:16:18:07 -0500] "GET /wp-content/uploads/2019/04/005.jpg HTTP/1.1" 200 94451 "https://www.google.com/" "Mozilla/5.0 (iPhone; CPU iPhone OS 18_5 like Mac OS X) AppleWebKit/605.1.15 (KHTML, like Gecko) GSA/385.0.802777482 Mobile/22F76 Safari/604.1"
143.110.180.16 - - [26/Jan/2026:16:19:13 -0500] "POST /wp-login.php HTTP/1.1" 200 7170 "-" "Mozilla/5.0"
83.29.49.159 - - [26/Jan/2026:16:19:19 -0500] "GET / HTTP/1.1" 200 4465 "-" "Mozilla/5.0 (Android 16; Mobile; rv:148.0) Gecko/148.0 Firefox/148.0"
83.29.49.159 - - [26/Jan/2026:16:19:19 -0500] "GET /wp-content/themes/matrix-model/assets/css/aos.css HTTP/1.1" 200 26053 "https://matrixmodels.com/" "Mozilla/5.0 (Android 16; Mobile; rv:148.0) Gecko/148.0 Firefox/148.0"
83.29.49.159 - - [26/Jan/2026:16:19:19 -0500] "GET /wp-content/themes/matrix-model/assets/css/owl.carousel.min.css HTTP/1.1" 404 260 "https://matrixmodels.com/" "Mozilla/5.0 (Android 16; Mobile; rv:148.0) Gecko/148.0 Firefox/148.0"
83.29.49.159 - - [26/Jan/2026:16:19:19 -0500] "GET /wp-content/themes/matrix-model/assets/css/owl.theme.default.min.css HTTP/1.1" 404 265 "https://matrixmodels.com/" "Mozilla/5.0 (Android 16; Mobile; rv:148.0) Gecko/148.0 Firefox/148.0"
83.29.49.159 - - [26/Jan/2026:16:19:19 -0500] "GET /wp-content/themes/matrix-model/assets/css/bootstrap_v4.3.1_min.css HTTP/1.1" 200 155712 "https://matrixmodels.com/" "Mozilla/5.0 (Android 16; Mobile; rv:148.0) Gecko/148.0 Firefox/148.0"
83.29.49.159 - - [26/Jan/2026:16:19:19 -0500] "GET /wp-content/themes/matrix-model/assets/css/animate.min.css HTTP/1.1" 200 52592 "https://matrixmodels.com/" "Mozilla/5.0 (Android 16; Mobile; rv:148.0) Gecko/148.0 Firefox/148.0"
83.29.49.159 - - [26/Jan/2026:16:19:19 -0500] "GET /wp-content/themes/matrix-model/assets/css/custom.css HTTP/1.1" 200 5229 "https://matrixmodels.com/" "Mozilla/5.0 (Android 16; Mobile; rv:148.0) Gecko/148.0 Firefox/148.0"
83.29.49.159 - - [26/Jan/2026:16:19:20 -0500] "GET /wp-content/themes/matrix-model/assets/images/logo/favicon.png HTTP/1.1" 404 259 "-" "Mozilla/5.0 (Android 16; Mobile; rv:148.0) Gecko/148.0 Firefox/148.0"
83.29.49.159 - - [26/Jan/2026:16:19:20 -0500] "GET /wp-content/themes/matrix-model/assets/images/more/i-7.jpg HTTP/1.1" 200 35534 "https://matrixmodels.com/" "Mozilla/5.0 (Android 16; Mobile; rv:148.0) Gecko/148.0 Firefox/148.0"
83.29.49.159 - - [26/Jan/2026:16:19:20 -0500] "GET /wp-content/themes/matrix-model/assets/images/more/i-5.jpg HTTP/1.1" 200 35264 "https://matrixmodels.com/" "Mozilla/5.0 (Android 16; Mobile; rv:148.0) Gecko/148.0 Firefox/148.0"
83.29.49.159 - - [26/Jan/2026:16:19:20 -0500] "GET /wp-content/themes/matrix-model/assets/images/more/i-8.jpg HTTP/1.1" 200 31506 "https://matrixmodels.com/" "Mozilla/5.0 (Android 16; Mobile; rv:148.0) Gecko/148.0 Firefox/148.0"
83.29.49.159 - - [26/Jan/2026:16:19:20 -0500] "GET /wp-content/themes/matrix-model/assets/images/more/i-1.jpg HTTP/1.1" 200 39164 "https://matrixmodels.com/" "Mozilla/5.0 (Android 16; Mobile; rv:148.0) Gecko/148.0 Firefox/148.0"
83.29.49.159 - - [26/Jan/2026:16:19:20 -0500] "GET /wp-content/themes/matrix-model/assets/images/more/i-2.jpg HTTP/1.1" 200 44619 "https://matrixmodels.com/" "Mozilla/5.0 (Android 16; Mobile; rv:148.0) Gecko/148.0 Firefox/148.0"
83.29.49.159 - - [26/Jan/2026:16:19:20 -0500] "GET /wp-content/themes/matrix-model/assets/images/more/i-3.jpg HTTP/1.1" 200 36068 "https://matrixmodels.com/" "Mozilla/5.0 (Android 16; Mobile; rv:148.0) Gecko/148.0 Firefox/148.0"
83.29.49.159 - - [26/Jan/2026:16:19:20 -0500] "GET /wp-content/themes/matrix-model/assets/images/more/i-4.jpg HTTP/1.1" 200 28534 "https://matrixmodels.com/" "Mozilla/5.0 (Android 16; Mobile; rv:148.0) Gecko/148.0 Firefox/148.0"
83.29.49.159 - - [26/Jan/2026:16:19:20 -0500] "GET /wp-content/themes/matrix-model/assets/images/more/i-6.jpg HTTP/1.1" 200 39553 "https://matrixmodels.com/" "Mozilla/5.0 (Android 16; Mobile; rv:148.0) Gecko/148.0 Firefox/148.0"
83.29.49.159 - - [26/Jan/2026:16:19:20 -0500] "GET /wp-content/uploads/2021/07/logo.png HTTP/1.1" 200 181002 "https://matrixmodels.com/" "Mozilla/5.0 (Android 16; Mobile; rv:148.0) Gecko/148.0 Firefox/148.0"
83.29.49.159 - - [26/Jan/2026:16:19:20 -0500] "GET /wp-content/themes/matrix-model/assets/images/more/i-9.jpg HTTP/1.1" 200 39513 "https://matrixmodels.com/" "Mozilla/5.0 (Android 16; Mobile; rv:148.0) Gecko/148.0 Firefox/148.0"
64.59.72.148 - - [26/Jan/2026:16:19:21 -0500] "GET / HTTP/1.1" 200 4446 "-" "check_http/v2.4.9 (nagios-plugins 2.4.9)"
83.29.49.159 - - [26/Jan/2026:16:19:29 -0500] "GET /our-models HTTP/1.1" 301 - "https://matrixmodels.com/" "Mozilla/5.0 (Android 16; Mobile; rv:148.0) Gecko/148.0 Firefox/148.0"
83.29.49.159 - - [26/Jan/2026:16:19:29 -0500] "GET /our-models/ HTTP/1.1" 200 7615 "https://matrixmodels.com/" "Mozilla/5.0 (Android 16; Mobile; rv:148.0) Gecko/148.0 Firefox/148.0"
83.29.49.159 - - [26/Jan/2026:16:19:29 -0500] "GET /wp-includes/css/dist/block-library/style.min.css?ver=5.6.16 HTTP/1.1" 200 51338 "https://matrixmodels.com/our-models/" "Mozilla/5.0 (Android 16; Mobile; rv:148.0) Gecko/148.0 Firefox/148.0"
83.29.49.159 - - [26/Jan/2026:16:19:29 -0500] "GET /wp-content/themes/matrix-model/style.css?ver=5.6.16 HTTP/1.1" 200 41969 "https://matrixmodels.com/our-models/" "Mozilla/5.0 (Android 16; Mobile; rv:148.0) Gecko/148.0 Firefox/148.0"
83.29.49.159 - - [26/Jan/2026:16:19:30 -0500] "GET /wp-includes/js/wp-emoji-release.min.js?ver=5.6.16 HTTP/1.1" 200 14229 "https://matrixmodels.com/our-models/" "Mozilla/5.0 (Android 16; Mobile; rv:148.0) Gecko/148.0 Firefox/148.0"
83.29.49.159 - - [26/Jan/2026:16:19:30 -0500] "GET /wp-includes/js/jquery/jquery-migrate.min.js?ver=3.3.2 HTTP/1.1" 200 11224 "https://matrixmodels.com/our-models/" "Mozilla/5.0 (Android 16; Mobile; rv:148.0) Gecko/148.0 Firefox/148.0"
83.29.49.159 - - [26/Jan/2026:16:19:30 -0500] "GET /wp-includes/js/jquery/jquery.min.js?ver=3.5.1 HTTP/1.1" 200 89496 "https://matrixmodels.com/our-models/" "Mozilla/5.0 (Android 16; Mobile; rv:148.0) Gecko/148.0 Firefox/148.0"
83.29.49.159 - - [26/Jan/2026:16:19:30 -0500] "GET /wp-content/themes/matrix-model/images/inner-logo.jpg HTTP/1.1" 200 8330 "https://matrixmodels.com/our-models/" "Mozilla/5.0 (Android 16; Mobile; rv:148.0) Gecko/148.0 Firefox/148.0"
188.166.35.151 - - [26/Jan/2026:16:19:36 -0500] "POST /wp-login.php HTTP/1.1" 200 7170 "-" "Mozilla/5.0"
83.29.49.159 - - [26/Jan/2026:16:19:40 -0500] "GET / HTTP/1.1" 200 4465 "https://matrixmodels.com/our-models/" "Mozilla/5.0 (Android 16; Mobile; rv:148.0) Gecko/148.0 Firefox/148.0"
83.29.49.159 - - [26/Jan/2026:16:19:40 -0500] "GET /wp-content/themes/matrix-model/assets/css/owl.theme.default.min.css HTTP/1.1" 404 265 "https://matrixmodels.com/" "Mozilla/5.0 (Android 16; Mobile; rv:148.0) Gecko/148.0 Firefox/148.0"
83.29.49.159 - - [26/Jan/2026:16:19:40 -0500] "GET /wp-content/themes/matrix-model/assets/css/owl.carousel.min.css HTTP/1.1" 404 260 "https://matrixmodels.com/" "Mozilla/5.0 (Android 16; Mobile; rv:148.0) Gecko/148.0 Firefox/148.0"
43.173.180.82 - - [26/Jan/2026:16:20:14 -0500] "GET /?dir=%2Fhome%2Ffrom-bluehost HTTP/1.1" 200 4446 "-" "Mozilla/5.0 (Windows NT 10.0; Win64; x64) AppleWebKit/537.36 (KHTML, like Gecko) Chrome/131.0.0.0 Safari/537.36"
43.173.174.134 - - [26/Jan/2026:16:20:15 -0500] "GET /wp-content/themes/matrix-model/assets/css/owl.theme.default.min.css HTTP/1.1" 404 265 "http://matrixmodels.com/?dir=%2Fhome%2Ffrom-bluehost" "Mozilla/5.0 (Windows NT 10.0; Win64; x64) AppleWebKit/537.36 (KHTML, like Gecko) Chrome/131.0.0.0 Safari/537.36"
43.173.180.176 - - [26/Jan/2026:16:20:16 -0500] "GET /wp-content/themes/matrix-model/assets/css/owl.carousel.min.css HTTP/1.1" 404 260 "http://matrixmodels.com/?dir=%2Fhome%2Ffrom-bluehost" "Mozilla/5.0 (Windows NT 10.0; Win64; x64) AppleWebKit/537.36 (KHTML, like Gecko) Chrome/131.0.0.0 Safari/537.36"
64.59.72.148 - - [26/Jan/2026:16:21:21 -0500] "GET / HTTP/1.1" 200 4446 "-" "check_http/v2.4.9 (nagios-plugins 2.4.9)"
54.39.136.67 - - [26/Jan/2026:16:22:25 -0500] "GET /?dir=%2Fhome%2Fhttpd%2Fhtml%2Fmatrixmodels.com%2Fpublic_html&mode=rmdir&rm=. HTTP/1.1" 200 4446 "-" "Mozilla/5.0 (compatible; AhrefsBot/7.0; +http://ahrefs.com/robot/)"
64.59.72.148 - - [26/Jan/2026:16:23:21 -0500] "GET / HTTP/1.1" 200 4446 "-" "check_http/v2.4.9 (nagios-plugins 2.4.9)"
143.110.180.16 - - [26/Jan/2026:16:23:45 -0500] "POST /wp-login.php HTTP/1.1" 406 59 "-" "Mozilla/5.0"
172.104.42.78 - - [26/Jan/2026:16:23:47 -0500] "HEAD / HTTP/1.1" 301 - "https://www.matrixmodels.com/" "Mozilla/5.0 (Windows NT 10.0; Win64; x64) AppleWebKit/537.36 (KHTML, like Gecko) Chrome/91.0.4472.124 Safari/537.36"
172.104.42.78 - - [26/Jan/2026:16:23:48 -0500] "HEAD / HTTP/1.1" 200 - "https://www.matrixmodels.com/" "Mozilla/5.0 (Windows NT 10.0; Win64; x64) AppleWebKit/537.36 (KHTML, like Gecko) Chrome/91.0.4472.124 Safari/537.36"
172.104.42.78 - - [26/Jan/2026:16:23:49 -0500] "HEAD / HTTP/1.1" 301 - "https://www.matrixmodels.com/" "Mozilla/5.0 (Windows NT 10.0; Win64; x64) AppleWebKit/537.36 (KHTML, like Gecko) Chrome/91.0.4472.124 Safari/537.36"
172.104.42.78 - - [26/Jan/2026:16:23:49 -0500] "HEAD / HTTP/1.1" 200 - "https://www.matrixmodels.com/" "Mozilla/5.0 (Windows NT 10.0; Win64; x64) AppleWebKit/537.36 (KHTML, like Gecko) Chrome/91.0.4472.124 Safari/537.36"
172.104.42.78 - - [26/Jan/2026:16:23:50 -0500] "POST /wp-login.php HTTP/1.1" 200 6925 "https://www.google.com/" "Mozilla/5.0 (Windows NT 10.0; Win64; x64) AppleWebKit/537.36 (KHTML, like Gecko) Chrome/91.0.4472.124 Safari/537.36"
172.104.42.78 - - [26/Jan/2026:16:23:50 -0500] "POST /wp-login.php HTTP/1.1" 200 7374 "https://www.matrixmodels.com/wp-admin/" "Mozilla/5.0 (Windows NT 10.0; Win64; x64) AppleWebKit/537.36 (KHTML, like Gecko) Chrome/90.0.4430.85 Safari/537.36"
172.104.42.78 - - [26/Jan/2026:16:23:51 -0500] "GET /wp-admin/ HTTP/1.1" 302 - "https://www.google.com/" "Mozilla/5.0 (Windows NT 10.0; Win64; x64) AppleWebKit/537.36 (KHTML, like Gecko) Chrome/91.0.4472.124 Safari/537.36"
172.104.42.78 - - [26/Jan/2026:16:23:52 -0500] "GET /wp-login.php?redirect_to=https%3A%2F%2Fwww.matrixmodels.com%2Fwp-admin%2F&reauth=1 HTTP/1.1" 200 6929 "https://www.google.com/" "Mozilla/5.0 (Windows NT 10.0; Win64; x64) AppleWebKit/537.36 (KHTML, like Gecko) Chrome/91.0.4472.124 Safari/537.36"
172.104.42.78 - - [26/Jan/2026:16:23:53 -0500] "POST /xmlrpc.php HTTP/1.1" 403 6 "https://www.google.com/" "Mozilla/5.0 (Windows NT 10.0; Win64; x64) AppleWebKit/537.36 (KHTML, like Gecko) Chrome/91.0.4472.124 Safari/537.36"
172.104.42.78 - - [26/Jan/2026:16:23:53 -0500] "GET /administrator/index.php HTTP/1.1" 301 - "https://www.google.com/" "Mozilla/5.0 (Windows NT 10.0; Win64; x64) AppleWebKit/537.36 (KHTML, like Gecko) Chrome/91.0.4472.124 Safari/537.36"
172.104.42.78 - - [26/Jan/2026:16:23:54 -0500] "GET /administrator/ HTTP/1.1" 404 8466 "https://www.google.com/" "Mozilla/5.0 (Windows NT 10.0; Win64; x64) AppleWebKit/537.36 (KHTML, like Gecko) Chrome/91.0.4472.124 Safari/537.36"
66.249.70.133 - - [26/Jan/2026:16:25:18 -0500] "GET /?p=3060 HTTP/1.1" 404 8442 "-" "Mozilla/5.0 (Linux; Android 6.0.1; Nexus 5X Build/MMB29P) AppleWebKit/537.36 (KHTML, like Gecko) Chrome/143.0.7499.192 Mobile Safari/537.36 (compatible; Googlebot/2.1; +http://www.google.com/bot.html)"
64.59.72.148 - - [26/Jan/2026:16:25:21 -0500] "GET / HTTP/1.1" 200 4446 "-" "check_http/v2.4.9 (nagios-plugins 2.4.9)"
83.123.103.177 - - [26/Jan/2026:16:25:22 -0500] "-" 408 - "-" "-"
66.249.93.199 - - [26/Jan/2026:16:25:23 -0500] "GET /wp-content/uploads/2019/04/005.jpg HTTP/1.1" 200 94451 "-" "Mozilla/5.0 (Windows NT 5.1; rv:11.0) Gecko Firefox/11.0 (via ggpht.com GoogleImageProxy)"
83.123.103.177 - - [26/Jan/2026:16:25:25 -0500] "-" 408 - "-" "-"
66.249.93.200 - - [26/Jan/2026:16:25:25 -0500] "GET /wp-content/uploads/2019/04/051.jpg HTTP/1.1" 200 73623 "-" "Mozilla/5.0 (Windows NT 5.1; rv:11.0) Gecko Firefox/11.0 (via ggpht.com GoogleImageProxy)"
64.59.72.148 - - [26/Jan/2026:16:27:21 -0500] "GET / HTTP/1.1" 200 4446 "-" "check_http/v2.4.9 (nagios-plugins 2.4.9)"
143.110.180.16 - - [26/Jan/2026:16:28:09 -0500] "POST /wp-login.php HTTP/1.1" 200 7170 "-" "Mozilla/5.0"
54.39.0.203 - - [26/Jan/2026:16:28:10 -0500] "GET /?dir=%2Fhome%2Fhttpd%2Fhtml%2Fmatrixmodels.com%2Fpublic_html&mode=copy&src=403.shtml HTTP/1.1" 200 4465 "-" "Mozilla/5.0 (compatible; AhrefsBot/7.0; +http://ahrefs.com/robot/)"
64.59.72.148 - - [26/Jan/2026:16:29:21 -0500] "GET / HTTP/1.1" 200 4446 "-" "check_http/v2.4.9 (nagios-plugins 2.4.9)"
172.104.42.78 - - [26/Jan/2026:16:29:29 -0500] "HEAD / HTTP/1.1" 200 - "https://matrixmodels.com/" "Mozilla/5.0 (Windows NT 10.0; Win64; x64) AppleWebKit/537.36 (KHTML, like Gecko) Chrome/91.0.4472.124 Safari/537.36"
172.104.42.78 - - [26/Jan/2026:16:29:30 -0500] "HEAD / HTTP/1.1" 200 - "https://matrixmodels.com/" "Mozilla/5.0 (Windows NT 10.0; Win64; x64) AppleWebKit/537.36 (KHTML, like Gecko) Chrome/91.0.4472.124 Safari/537.36"
172.104.42.78 - - [26/Jan/2026:16:29:31 -0500] "POST /wp-login.php HTTP/1.1" 200 6925 "https://www.google.com/" "Mozilla/5.0 (Windows NT 10.0; Win64; x64) AppleWebKit/537.36 (KHTML, like Gecko) Chrome/91.0.4472.124 Safari/537.36"
172.104.42.78 - - [26/Jan/2026:16:29:31 -0500] "POST /wp-login.php HTTP/1.1" 200 7335 "https://matrixmodels.com/wp-admin/" "Mozilla/5.0 (Windows NT 10.0; Win64; x64) AppleWebKit/537.36 (KHTML, like Gecko) Chrome/90.0.4430.85 Safari/537.36"
172.104.42.78 - - [26/Jan/2026:16:29:31 -0500] "GET /wp-admin/ HTTP/1.1" 302 - "https://www.google.com/" "Mozilla/5.0 (Windows NT 10.0; Win64; x64) AppleWebKit/537.36 (KHTML, like Gecko) Chrome/91.0.4472.124 Safari/537.36"
172.104.42.78 - - [26/Jan/2026:16:29:31 -0500] "GET /wp-login.php?redirect_to=https%3A%2F%2Fmatrixmodels.com%2Fwp-admin%2F&reauth=1 HTTP/1.1" 200 6925 "https://www.google.com/" "Mozilla/5.0 (Windows NT 10.0; Win64; x64) AppleWebKit/537.36 (KHTML, like Gecko) Chrome/91.0.4472.124 Safari/537.36"
172.104.42.78 - - [26/Jan/2026:16:29:32 -0500] "POST /xmlrpc.php HTTP/1.1" 403 6 "https://www.google.com/" "Mozilla/5.0 (Windows NT 10.0; Win64; x64) AppleWebKit/537.36 (KHTML, like Gecko) Chrome/91.0.4472.124 Safari/537.36"
172.104.42.78 - - [26/Jan/2026:16:29:33 -0500] "GET /administrator/index.php HTTP/1.1" 301 - "https://www.google.com/" "Mozilla/5.0 (Windows NT 10.0; Win64; x64) AppleWebKit/537.36 (KHTML, like Gecko) Chrome/91.0.4472.124 Safari/537.36"
172.104.42.78 - - [26/Jan/2026:16:29:33 -0500] "GET /administrator/ HTTP/1.1" 404 8466 "https://www.google.com/" "Mozilla/5.0 (Windows NT 10.0; Win64; x64) AppleWebKit/537.36 (KHTML, like Gecko) Chrome/91.0.4472.124 Safari/537.36"
66.249.70.134 - - [26/Jan/2026:16:30:52 -0500] "GET /?p=2451 HTTP/1.1" 404 8442 "-" "Mozilla/5.0 (Linux; Android 6.0.1; Nexus 5X Build/MMB29P) AppleWebKit/537.36 (KHTML, like Gecko) Chrome/143.0.7499.192 Mobile Safari/537.36 (compatible; Googlebot/2.1; +http://www.google.com/bot.html)"
64.59.72.148 - - [26/Jan/2026:16:31:21 -0500] "GET / HTTP/1.1" 200 4446 "-" "check_http/v2.4.9 (nagios-plugins 2.4.9)"
