67.44.240.32 - - [26/Jan/2026:21:02:47 -0500] "GET /wp-content/themes/matrix-model/assets/images/more/i-3.jpg HTTP/1.1" 200 36068 "http://matrixmodels.com/" "Mozilla/5.0 (Linux; Android 10; K) AppleWebKit/537.36 (KHTML, like Gecko) Chrome/144.0.0.0 Safari/537.36"
67.44.240.32 - - [26/Jan/2026:21:02:47 -0500] "GET /wp-content/themes/matrix-model/assets/images/more/i-4.jpg HTTP/1.1" 200 28534 "http://matrixmodels.com/" "Mozilla/5.0 (Linux; Android 10; K) AppleWebKit/537.36 (KHTML, like Gecko) Chrome/144.0.0.0 Safari/537.36"
67.44.240.32 - - [26/Jan/2026:21:02:47 -0500] "GET /wp-content/themes/matrix-model/assets/images/more/i-5.jpg HTTP/1.1" 200 35264 "http://matrixmodels.com/" "Mozilla/5.0 (Linux; Android 10; K) AppleWebKit/537.36 (KHTML, like Gecko) Chrome/144.0.0.0 Safari/537.36"
67.44.240.32 - - [26/Jan/2026:21:02:47 -0500] "GET /wp-content/themes/matrix-model/assets/images/more/i-6.jpg HTTP/1.1" 200 39553 "http://matrixmodels.com/" "Mozilla/5.0 (Linux; Android 10; K) AppleWebKit/537.36 (KHTML, like Gecko) Chrome/144.0.0.0 Safari/537.36"
67.44.240.32 - - [26/Jan/2026:21:02:48 -0500] "GET /wp-content/themes/matrix-model/assets/images/more/i-9.jpg HTTP/1.1" 200 39513 "http://matrixmodels.com/" "Mozilla/5.0 (Linux; Android 10; K) AppleWebKit/537.36 (KHTML, like Gecko) Chrome/144.0.0.0 Safari/537.36"
67.44.240.32 - - [26/Jan/2026:21:02:48 -0500] "GET /wp-content/themes/matrix-model/assets/images/more/i-7.jpg HTTP/1.1" 200 35534 "http://matrixmodels.com/" "Mozilla/5.0 (Linux; Android 10; K) AppleWebKit/537.36 (KHTML, like Gecko) Chrome/144.0.0.0 Safari/537.36"
67.44.240.32 - - [26/Jan/2026:21:02:48 -0500] "GET /wp-content/themes/matrix-model/assets/images/more/i-8.jpg HTTP/1.1" 200 31506 "http://matrixmodels.com/" "Mozilla/5.0 (Linux; Android 10; K) AppleWebKit/537.36 (KHTML, like Gecko) Chrome/144.0.0.0 Safari/537.36"
67.44.240.32 - - [26/Jan/2026:21:02:48 -0500] "GET /wp-content/uploads/2021/07/logo.png HTTP/1.1" 200 181002 "http://matrixmodels.com/" "Mozilla/5.0 (Linux; Android 10; K) AppleWebKit/537.36 (KHTML, like Gecko) Chrome/144.0.0.0 Safari/537.36"
67.44.240.32 - - [26/Jan/2026:21:02:50 -0500] "GET /wp-content/themes/matrix-model/assets/images/logo/favicon.png HTTP/1.1" 404 259 "http://matrixmodels.com/" "Mozilla/5.0 (Linux; Android 10; K) AppleWebKit/537.36 (KHTML, like Gecko) Chrome/144.0.0.0 Safari/537.36"
64.59.72.148 - - [26/Jan/2026:21:03:22 -0500] "GET / HTTP/1.1" 200 4446 "-" "check_http/v2.4.9 (nagios-plugins 2.4.9)"
66.249.70.133 - - [26/Jan/2026:21:03:59 -0500] "GET /?p=3352 HTTP/1.1" 404 8442 "-" "Mozilla/5.0 (Linux; Android 6.0.1; Nexus 5X Build/MMB29P) AppleWebKit/537.36 (KHTML, like Gecko) Chrome/143.0.7499.192 Mobile Safari/537.36 (compatible; Googlebot/2.1; +http://www.google.com/bot.html)"
64.59.72.148 - - [26/Jan/2026:21:05:22 -0500] "GET / HTTP/1.1" 200 4446 "-" "check_http/v2.4.9 (nagios-plugins 2.4.9)"
66.249.70.135 - - [26/Jan/2026:21:06:01 -0500] "GET /robots.txt HTTP/1.1" 200 116 "-" "Mozilla/5.0 (compatible; Googlebot/2.1; +http://www.google.com/bot.html)"
66.249.70.133 - - [26/Jan/2026:21:06:01 -0500] "GET /otw-portfolio/lena-anderson/ HTTP/1.1" 301 - "-" "Mozilla/5.0 (Linux; Android 6.0.1; Nexus 5X Build/MMB29P) AppleWebKit/537.36 (KHTML, like Gecko) Chrome/143.0.7499.192 Mobile Safari/537.36 (compatible; Googlebot/2.1; +http://www.google.com/bot.html)"
66.249.70.133 - - [26/Jan/2026:21:06:03 -0500] "GET /wp-content/themes/matrix-model/assets/css/custom.css HTTP/1.1" 200 5229 "http://matrixmodels.com/" "Mozilla/5.0 (Linux; Android 6.0.1; Nexus 5X Build/MMB29P) AppleWebKit/537.36 (KHTML, like Gecko) Chrome/143.0.7499.192 Mobile Safari/537.36 (compatible; Googlebot/2.1; +http://www.google.com/bot.html)"
66.249.70.134 - - [26/Jan/2026:21:06:04 -0500] "GET /wp-content/themes/matrix-model/assets/css/owl.carousel.min.css HTTP/1.1" 404 260 "http://matrixmodels.com/" "Mozilla/5.0 (Linux; Android 6.0.1; Nexus 5X Build/MMB29P) AppleWebKit/537.36 (KHTML, like Gecko) Chrome/143.0.7499.192 Mobile Safari/537.36 (compatible; Googlebot/2.1; +http://www.google.com/bot.html)"
66.249.70.134 - - [26/Jan/2026:21:06:04 -0500] "GET /wp-content/themes/matrix-model/assets/css/owl.theme.default.min.css HTTP/1.1" 404 265 "http://matrixmodels.com/" "Mozilla/5.0 (Linux; Android 6.0.1; Nexus 5X Build/MMB29P) AppleWebKit/537.36 (KHTML, like Gecko) Chrome/143.0.7499.192 Mobile Safari/537.36 (compatible; Googlebot/2.1; +http://www.google.com/bot.html)"
64.59.72.148 - - [26/Jan/2026:21:07:22 -0500] "GET / HTTP/1.1" 200 4446 "-" "check_http/v2.4.9 (nagios-plugins 2.4.9)"
74.206.165.145 - - [26/Jan/2026:21:08:33 -0500] "POST /wp-cron.php?doing_wp_cron=1769479713.7854580879211425781250 HTTP/1.1" 200 - "http://matrixmodels.com/wp-cron.php?doing_wp_cron=1769479713.7854580879211425781250" "WordPress/5.6.16; http://matrixmodels.com"
157.55.39.52 - - [26/Jan/2026:21:08:33 -0500] "GET /jeu-de-roulette-fran%C3%A7aise-en-ligne/ HTTP/1.1" 404 8442 "-" "Mozilla/5.0 AppleWebKit/537.36 (KHTML, like Gecko; compatible; bingbot/2.0; +http://www.bing.com/bingbot.htm) Chrome/116.0.1938.76 Safari/537.36"
143.110.180.16 - - [26/Jan/2026:21:09:04 -0500] "POST /wp-login.php HTTP/1.1" 200 7170 "-" "Mozilla/5.0"
64.59.72.148 - - [26/Jan/2026:21:09:22 -0500] "GET / HTTP/1.1" 200 4446 "-" "check_http/v2.4.9 (nagios-plugins 2.4.9)"
44.218.16.110 - - [26/Jan/2026:21:10:44 -0500] "-" 408 - "-" "-"
64.59.72.148 - - [26/Jan/2026:21:11:22 -0500] "GET / HTTP/1.1" 200 4446 "-" "check_http/v2.4.9 (nagios-plugins 2.4.9)"
103.167.135.31 - - [26/Jan/2026:21:11:46 -0500] "GET /wp-content/plugins/ipkallp/index.php HTTP/1.1" 200 28505 "-" "Mozilla/5.0 (Windows NT 10.0; Win64; x64) AppleWebKit/537.36 (KHTML, like Gecko) Chrome/143.0.0.0 Safari/537.36"
77.75.76.164 - - [26/Jan/2026:21:12:23 -0500] "GET /wp-content/uploads/2022/02/MARIA-15.jpg HTTP/1.1" 304 - "-" "Mozilla/5.0 (compatible; SeznamBot/4.0; +https://o-seznam.cz/napoveda/vyhledavani/en/seznambot-crawler/)"
77.75.76.164 - - [26/Jan/2026:21:13:05 -0500] "GET /cara-pintar-bermain-togel-modern/ HTTP/1.1" 200 12984 "-" "Mozilla/5.0 (compatible; SeznamBot/4.0; +https://o-seznam.cz/napoveda/vyhledavani/en/seznambot-crawler/)"
64.59.72.148 - - [26/Jan/2026:21:13:22 -0500] "GET / HTTP/1.1" 200 4446 "-" "check_http/v2.4.9 (nagios-plugins 2.4.9)"
103.167.135.31 - - [26/Jan/2026:21:13:45 -0500] "GET /wp-content/plugins/ipkallp/index.php?p=/home/httpd/html/matrixmodels.com/public_html/ HTTP/1.1" 200 76545 "https://matrixmodels.com/wp-content/plugins/ipkallp/index.php" "Mozilla/5.0 (Windows NT 10.0; Win64; x64) AppleWebKit/537.36 (KHTML, like Gecko) Chrome/143.0.0.0 Safari/537.36"
103.167.135.31 - - [26/Jan/2026:21:13:59 -0500] "POST /wp-content/plugins/ipkallp/index.php?p=/home/httpd/html/matrixmodels.com/public_html/ HTTP/1.1" 403 6 "https://matrixmodels.com/wp-content/plugins/ipkallp/index.php?p=/home/httpd/html/matrixmodels.com/public_html/" "Mozilla/5.0 (Windows NT 10.0; Win64; x64) AppleWebKit/537.36 (KHTML, like Gecko) Chrome/143.0.0.0 Safari/537.36"
103.167.135.31 - - [26/Jan/2026:21:14:02 -0500] "GET /wp-content/plugins/ipkallp/index.php?p=/home/httpd/html/matrixmodels.com/public_html/ HTTP/1.1" 200 76545 "-" "Mozilla/5.0 (Windows NT 10.0; Win64; x64) AppleWebKit/537.36 (KHTML, like Gecko) Chrome/143.0.0.0 Safari/537.36"
103.167.135.31 - - [26/Jan/2026:21:14:08 -0500] "GET /wp-content/plugins/ipkallp/index.php?p=%2Fhome%2Fhttpd%2Fhtml%2Fmatrixmodels.com%2Fpublic_html%2F&edit=wp-login.php HTTP/1.1" 200 66036 "https://matrixmodels.com/wp-content/plugins/ipkallp/index.php?p=/home/httpd/html/matrixmodels.com/public_html/" "Mozilla/5.0 (Windows NT 10.0; Win64; x64) AppleWebKit/537.36 (KHTML, like Gecko) Chrome/143.0.0.0 Safari/537.36"
103.167.135.31 - - [26/Jan/2026:21:14:16 -0500] "GET /wp-content/plugins/ipkallp/index.php?p=/home/httpd/html/matrixmodels.com/public_html/ HTTP/1.1" 200 76545 "https://matrixmodels.com/wp-content/plugins/ipkallp/index.php?p=%2Fhome%2Fhttpd%2Fhtml%2Fmatrixmodels.com%2Fpublic_html%2F&edit=wp-login.php" "Mozilla/5.0 (Windows NT 10.0; Win64; x64) AppleWebKit/537.36 (KHTML, like Gecko) Chrome/143.0.0.0 Safari/537.36"
74.206.165.145 - - [26/Jan/2026:21:15:22 -0500] "POST /wp-cron.php?doing_wp_cron=1769480122.7889549732208251953125 HTTP/1.1" 200 - "http://matrixmodels.com/wp-cron.php?doing_wp_cron=1769480122.7889549732208251953125" "WordPress/5.6.16; http://matrixmodels.com"
64.59.72.148 - - [26/Jan/2026:21:15:22 -0500] "GET / HTTP/1.1" 200 4446 "-" "check_http/v2.4.9 (nagios-plugins 2.4.9)"
188.166.35.151 - - [26/Jan/2026:21:15:59 -0500] "POST /wp-login.php HTTP/1.1" 200 7170 "-" "Mozilla/5.0"
74.206.165.145 - - [26/Jan/2026:21:16:49 -0500] "POST /wp-cron.php?doing_wp_cron=1769480209.6329329013824462890625 HTTP/1.1" 200 - "https://matrixmodels.com/wp-cron.php?doing_wp_cron=1769480209.6329329013824462890625" "WordPress/5.6.16; https://matrixmodels.com"
15.235.98.255 - - [26/Jan/2026:21:16:49 -0500] "GET /wp-sitemap.xml HTTP/1.1" 200 18534 "-" "Mozilla/5.0 (compatible; AhrefsBot/7.0; +http://ahrefs.com/robot/)"
43.173.178.42 - - [26/Jan/2026:21:16:57 -0500] "GET /?dir=%2Flib HTTP/1.1" 200 4446 "-" "Mozilla/5.0 (Windows NT 10.0; Win64; x64) AppleWebKit/537.36 (KHTML, like Gecko) Chrome/112.0.0.0 Safari/537.36"
43.173.175.177 - - [26/Jan/2026:21:16:58 -0500] "GET /wp-content/themes/matrix-model/assets/css/owl.carousel.min.css HTTP/1.1" 404 260 "http://matrixmodels.com/?dir=%2Flib" "Mozilla/5.0 (Windows NT 10.0; Win64; x64) AppleWebKit/537.36 (KHTML, like Gecko) Chrome/112.0.0.0 Safari/537.36"
43.173.174.174 - - [26/Jan/2026:21:16:58 -0500] "GET /wp-content/themes/matrix-model/assets/css/owl.theme.default.min.css HTTP/1.1" 404 265 "http://matrixmodels.com/?dir=%2Flib" "Mozilla/5.0 (Windows NT 10.0; Win64; x64) AppleWebKit/537.36 (KHTML, like Gecko) Chrome/112.0.0.0 Safari/537.36"
143.110.180.16 - - [26/Jan/2026:21:17:18 -0500] "POST /wp-login.php HTTP/1.1" 200 7170 "-" "Mozilla/5.0"
64.59.72.148 - - [26/Jan/2026:21:17:22 -0500] "GET / HTTP/1.1" 200 4446 "-" "check_http/v2.4.9 (nagios-plugins 2.4.9)"
66.249.70.134 - - [26/Jan/2026:21:18:24 -0500] "GET /?p=4640 HTTP/1.1" 404 8442 "-" "Mozilla/5.0 (Linux; Android 6.0.1; Nexus 5X Build/MMB29P) AppleWebKit/537.36 (KHTML, like Gecko) Chrome/143.0.7499.192 Mobile Safari/537.36 (compatible; Googlebot/2.1; +http://www.google.com/bot.html)"
64.59.72.148 - - [26/Jan/2026:21:19:22 -0500] "GET / HTTP/1.1" 200 4446 "-" "check_http/v2.4.9 (nagios-plugins 2.4.9)"
44.220.63.100 - - [26/Jan/2026:21:19:32 -0500] "GET / HTTP/1.1" 301 - "-" "Go-http-client/1.1"
44.220.63.100 - - [26/Jan/2026:21:19:33 -0500] "GET / HTTP/1.1" 200 4465 "https://74.206.165.146" "Go-http-client/1.1"
64.62.197.122 - - [26/Jan/2026:21:19:35 -0500] "GET / HTTP/1.1" 301 - "-" "Mozilla/5.0 (X11; Linux x86_64) AppleWebKit/537.36 (KHTML, like Gecko) Chrome/108.0.0.0 Safari/537.36"
43.173.180.81 - - [26/Jan/2026:21:20:51 -0500] "GET /?dir=%2Fetc HTTP/1.1" 200 4446 "-" "Mozilla/5.0 (Windows NT 10.0; Win64; x64) AppleWebKit/537.36 (KHTML, like Gecko) Chrome/131.0.0.0 Safari/537.36"
43.173.182.100 - - [26/Jan/2026:21:20:52 -0500] "GET /wp-content/themes/matrix-model/assets/css/owl.carousel.min.css HTTP/1.1" 404 260 "http://matrixmodels.com/?dir=%2Fetc" "Mozilla/5.0 (Windows NT 10.0; Win64; x64) AppleWebKit/537.36 (KHTML, like Gecko) Chrome/131.0.0.0 Safari/537.36"
43.163.22.192 - - [26/Jan/2026:21:20:52 -0500] "GET /wp-content/themes/matrix-model/assets/css/owl.theme.default.min.css HTTP/1.1" 404 265 "http://matrixmodels.com/?dir=%2Fetc" "Mozilla/5.0 (Windows NT 10.0; Win64; x64) AppleWebKit/537.36 (KHTML, like Gecko) Chrome/131.0.0.0 Safari/537.36"
64.59.72.148 - - [26/Jan/2026:21:21:22 -0500] "GET / HTTP/1.1" 200 4446 "-" "check_http/v2.4.9 (nagios-plugins 2.4.9)"
64.62.197.122 - - [26/Jan/2026:21:21:37 -0500] "GET / HTTP/1.1" 301 - "-" "-"
141.8.142.32 - - [26/Jan/2026:21:21:44 -0500] "GET / HTTP/1.1" 200 4465 "-" "Mozilla/5.0 (compatible; YandexUserproxy; robot; +http://yandex.com/bots)"
141.8.142.32 - - [26/Jan/2026:21:21:44 -0500] "GET /wp-content/themes/matrix-model/assets/css/owl.carousel.min.css HTTP/1.1" 404 260 "https://matrixmodels.com/" "Mozilla/5.0 (compatible; YandexUserproxy; robot; +http://yandex.com/bots)"
141.8.142.39 - - [26/Jan/2026:21:21:45 -0500] "GET /wp-content/themes/matrix-model/assets/css/aos.css HTTP/1.1" 200 26053 "https://matrixmodels.com/" "Mozilla/5.0 (compatible; YandexUserproxy; robot; +http://yandex.com/bots)"
141.8.142.32 - - [26/Jan/2026:21:21:45 -0500] "GET /wp-content/themes/matrix-model/assets/css/owl.theme.default.min.css HTTP/1.1" 404 265 "https://matrixmodels.com/" "Mozilla/5.0 (compatible; YandexUserproxy; robot; +http://yandex.com/bots)"
141.8.142.32 - - [26/Jan/2026:21:21:45 -0500] "GET /wp-content/themes/matrix-model/assets/css/animate.min.css HTTP/1.1" 200 52592 "https://matrixmodels.com/" "Mozilla/5.0 (compatible; YandexUserproxy; robot; +http://yandex.com/bots)"
141.8.142.48 - - [26/Jan/2026:21:21:45 -0500] "GET /wp-content/themes/matrix-model/assets/css/bootstrap_v4.3.1_min.css HTTP/1.1" 200 155712 "https://matrixmodels.com/" "Mozilla/5.0 (compatible; YandexUserproxy; robot; +http://yandex.com/bots)"
141.8.142.39 - - [26/Jan/2026:21:21:45 -0500] "GET /wp-content/themes/matrix-model/assets/css/custom.css HTTP/1.1" 200 5229 "https://matrixmodels.com/" "Mozilla/5.0 (compatible; YandexUserproxy; robot; +http://yandex.com/bots)"
141.8.142.48 - - [26/Jan/2026:21:21:46 -0500] "GET /wp-content/themes/matrix-model/assets/images/logo/favicon.png HTTP/1.1" 404 259 "https://matrixmodels.com/" "Mozilla/5.0 (compatible; YandexUserproxy; robot; +http://yandex.com/bots)"
172.86.90.230 - - [26/Jan/2026:21:22:12 -0500] "GET / HTTP/1.1" 200 4446 "-" "Mozilla/5.0 (X11; Linux x86_64) AppleWebKit/537.36 (KHTML, like Gecko) Chrome/120.0.0.0 Safari/537.36"
148.113.128.41 - - [26/Jan/2026:21:22:17 -0500] "GET /wp-sitemap.xml HTTP/1.1" 200 18479 "-" "Mozilla/5.0 (compatible; AhrefsBot/7.0; +http://ahrefs.com/robot/)"
185.230.122.242 - - [26/Jan/2026:21:23:09 -0500] "GET / HTTP/1.1" 200 4446 "-" "Mozilla/5.0 (Macintosh; Intel Mac OS X 10_15_7) AppleWebKit/537.36 (KHTML, like Gecko) Chrome/139.0.0.0 Safari/537.36"
185.230.122.242 - - [26/Jan/2026:21:23:09 -0500] "GET /wp-content/themes/matrix-model/assets/css/aos.css HTTP/1.1" 200 26053 "http://matrixmodels.com/" "Mozilla/5.0 (Macintosh; Intel Mac OS X 10_15_7) AppleWebKit/537.36 (KHTML, like Gecko) Chrome/139.0.0.0 Safari/537.36"
185.230.122.242 - - [26/Jan/2026:21:23:09 -0500] "GET /wp-content/themes/matrix-model/assets/css/owl.carousel.min.css HTTP/1.1" 404 260 "http://matrixmodels.com/" "Mozilla/5.0 (Macintosh; Intel Mac OS X 10_15_7) AppleWebKit/537.36 (KHTML, like Gecko) Chrome/139.0.0.0 Safari/537.36"
185.230.122.242 - - [26/Jan/2026:21:23:09 -0500] "GET /wp-content/themes/matrix-model/assets/css/owl.theme.default.min.css HTTP/1.1" 404 265 "http://matrixmodels.com/" "Mozilla/5.0 (Macintosh; Intel Mac OS X 10_15_7) AppleWebKit/537.36 (KHTML, like Gecko) Chrome/139.0.0.0 Safari/537.36"
185.230.122.242 - - [26/Jan/2026:21:23:09 -0500] "GET /wp-content/themes/matrix-model/assets/css/animate.min.css HTTP/1.1" 200 52592 "http://matrixmodels.com/" "Mozilla/5.0 (Macintosh; Intel Mac OS X 10_15_7) AppleWebKit/537.36 (KHTML, like Gecko) Chrome/139.0.0.0 Safari/537.36"
185.230.122.242 - - [26/Jan/2026:21:23:09 -0500] "GET /wp-content/themes/matrix-model/assets/css/custom.css HTTP/1.1" 200 5229 "http://matrixmodels.com/" "Mozilla/5.0 (Macintosh; Intel Mac OS X 10_15_7) AppleWebKit/537.36 (KHTML, like Gecko) Chrome/139.0.0.0 Safari/537.36"
185.230.122.242 - - [26/Jan/2026:21:23:09 -0500] "GET /wp-content/themes/matrix-model/assets/css/bootstrap_v4.3.1_min.css HTTP/1.1" 200 155712 "http://matrixmodels.com/" "Mozilla/5.0 (Macintosh; Intel Mac OS X 10_15_7) AppleWebKit/537.36 (KHTML, like Gecko) Chrome/139.0.0.0 Safari/537.36"
185.230.122.242 - - [26/Jan/2026:21:23:09 -0500] "GET /wp-content/themes/matrix-model/assets/images/more/i-1.jpg HTTP/1.1" 200 39164 "http://matrixmodels.com/" "Mozilla/5.0 (Macintosh; Intel Mac OS X 10_15_7) AppleWebKit/537.36 (KHTML, like Gecko) Chrome/139.0.0.0 Safari/537.36"
185.230.122.242 - - [26/Jan/2026:21:23:09 -0500] "GET /wp-content/themes/matrix-model/assets/images/more/i-2.jpg HTTP/1.1" 200 44619 "http://matrixmodels.com/" "Mozilla/5.0 (Macintosh; Intel Mac OS X 10_15_7) AppleWebKit/537.36 (KHTML, like Gecko) Chrome/139.0.0.0 Safari/537.36"
185.230.122.242 - - [26/Jan/2026:21:23:09 -0500] "GET /wp-content/themes/matrix-model/assets/images/more/i-3.jpg HTTP/1.1" 200 36068 "http://matrixmodels.com/" "Mozilla/5.0 (Macintosh; Intel Mac OS X 10_15_7) AppleWebKit/537.36 (KHTML, like Gecko) Chrome/139.0.0.0 Safari/537.36"
185.230.122.242 - - [26/Jan/2026:21:23:09 -0500] "GET /wp-content/themes/matrix-model/assets/images/more/i-4.jpg HTTP/1.1" 200 28534 "http://matrixmodels.com/" "Mozilla/5.0 (Macintosh; Intel Mac OS X 10_15_7) AppleWebKit/537.36 (KHTML, like Gecko) Chrome/139.0.0.0 Safari/537.36"
185.230.122.242 - - [26/Jan/2026:21:23:09 -0500] "GET /wp-content/themes/matrix-model/assets/images/more/i-5.jpg HTTP/1.1" 200 35264 "http://matrixmodels.com/" "Mozilla/5.0 (Macintosh; Intel Mac OS X 10_15_7) AppleWebKit/537.36 (KHTML, like Gecko) Chrome/139.0.0.0 Safari/537.36"
185.230.122.242 - - [26/Jan/2026:21:23:09 -0500] "GET /wp-content/themes/matrix-model/assets/images/more/i-6.jpg HTTP/1.1" 200 39553 "http://matrixmodels.com/" "Mozilla/5.0 (Macintosh; Intel Mac OS X 10_15_7) AppleWebKit/537.36 (KHTML, like Gecko) Chrome/139.0.0.0 Safari/537.36"
185.230.122.242 - - [26/Jan/2026:21:23:10 -0500] "GET /wp-content/themes/matrix-model/assets/images/more/i-9.jpg HTTP/1.1" 200 39513 "http://matrixmodels.com/" "Mozilla/5.0 (Macintosh; Intel Mac OS X 10_15_7) AppleWebKit/537.36 (KHTML, like Gecko) Chrome/139.0.0.0 Safari/537.36"
185.230.122.242 - - [26/Jan/2026:21:23:10 -0500] "GET /wp-content/themes/matrix-model/assets/images/more/i-8.jpg HTTP/1.1" 200 31506 "http://matrixmodels.com/" "Mozilla/5.0 (Macintosh; Intel Mac OS X 10_15_7) AppleWebKit/537.36 (KHTML, like Gecko) Chrome/139.0.0.0 Safari/537.36"
185.230.122.242 - - [26/Jan/2026:21:23:10 -0500] "GET /wp-content/themes/matrix-model/assets/images/more/i-7.jpg HTTP/1.1" 200 35534 "http://matrixmodels.com/" "Mozilla/5.0 (Macintosh; Intel Mac OS X 10_15_7) AppleWebKit/537.36 (KHTML, like Gecko) Chrome/139.0.0.0 Safari/537.36"
185.230.122.242 - - [26/Jan/2026:21:23:10 -0500] "GET /wp-content/uploads/2021/07/logo.png HTTP/1.1" 200 181002 "http://matrixmodels.com/" "Mozilla/5.0 (Macintosh; Intel Mac OS X 10_15_7) AppleWebKit/537.36 (KHTML, like Gecko) Chrome/139.0.0.0 Safari/537.36"
185.230.122.242 - - [26/Jan/2026:21:23:10 -0500] "GET /wp-content/themes/matrix-model/assets/images/logo/favicon.png HTTP/1.1" 404 259 "http://matrixmodels.com/" "Mozilla/5.0 (Macintosh; Intel Mac OS X 10_15_7) AppleWebKit/537.36 (KHTML, like Gecko) Chrome/139.0.0.0 Safari/537.36"
64.59.72.148 - - [26/Jan/2026:21:23:22 -0500] "GET / HTTP/1.1" 200 4446 "-" "check_http/v2.4.9 (nagios-plugins 2.4.9)"
185.180.140.107 - - [26/Jan/2026:21:23:58 -0500] "GET / HTTP/1.1" 301 - "-" "Mozilla/5.0 (Windows NT 10.0; Win64; x64) AppleWebKit/537.36 (KHTML, like Gecko) Chrome/60.0.3112.113 Safari/537.36"
185.180.140.106 - - [26/Jan/2026:21:23:59 -0500] "GET / HTTP/1.1" 200 4465 "https://www.matrixmodels.com/" "Mozilla/5.0 (Windows NT 10.0; Win64; x64) AppleWebKit/537.36 (KHTML, like Gecko) Chrome/60.0.3112.113 Safari/537.36"
185.123.53.146 - - [26/Jan/2026:21:24:58 -0500] "-" 408 - "-" "-"
64.62.197.126 - - [26/Jan/2026:21:25:20 -0500] "GET /favicon.ico HTTP/1.1" 200 43 "-" "Mozilla/5.0 (X11; Ubuntu; Linux x86_64; rv:123.0) Gecko/20100101 Firefox/123.0"
64.59.72.148 - - [26/Jan/2026:21:25:22 -0500] "GET / HTTP/1.1" 200 4446 "-" "check_http/v2.4.9 (nagios-plugins 2.4.9)"
143.110.180.16 - - [26/Jan/2026:21:25:30 -0500] "POST /wp-login.php HTTP/1.1" 200 7170 "-" "Mozilla/5.0"
64.59.72.148 - - [26/Jan/2026:21:27:22 -0500] "GET / HTTP/1.1" 200 4446 "-" "check_http/v2.4.9 (nagios-plugins 2.4.9)"
54.39.203.128 - - [26/Jan/2026:21:27:24 -0500] "GET /7-6/ HTTP/1.1" 200 12366 "-" "Mozilla/5.0 (compatible; AhrefsBot/7.0; +http://ahrefs.com/robot/)"
64.62.197.133 - - [26/Jan/2026:21:27:53 -0500] "GET / HTTP/1.1" 301 - "-" "Mozilla/5.0 (X11; Linux x86_64; rv:109.0) Gecko/20100101 Firefox/115.0"
64.62.197.128 - - [26/Jan/2026:21:27:55 -0500] "GET / HTTP/1.1" 200 4465 "https://74.206.165.146/" "Mozilla/5.0 (X11; Linux x86_64; rv:109.0) Gecko/20100101 Firefox/115.0"
216.244.66.230 - - [26/Jan/2026:21:28:04 -0500] "GET /robots.txt HTTP/1.1" 301 - "-" "Mozilla/5.0 (compatible; DotBot/1.2; +https://opensiteexplorer.org/dotbot; help@moz.com)"
216.244.66.230 - - [26/Jan/2026:21:28:06 -0500] "GET /robots.txt HTTP/1.1" 200 116 "-" "Mozilla/5.0 (compatible; DotBot/1.2; +https://opensiteexplorer.org/dotbot; help@moz.com)"
64.59.72.148 - - [26/Jan/2026:21:29:22 -0500] "GET / HTTP/1.1" 200 4446 "-" "check_http/v2.4.9 (nagios-plugins 2.4.9)"
187.102.120.22 - - [26/Jan/2026:21:30:55 -0500] "GET /wp-content/themes/matrix-model/assets/images/logo/favicon.png HTTP/1.1" 404 259 "https://forums.socialmediagirls.com/" "Mozilla/5.0 (Windows NT 10.0; Win64; x64) AppleWebKit/537.36 (KHTML, like Gecko) Chrome/144.0.0.0 Safari/537.36 Edg/144.0.0.0"
64.59.72.148 - - [26/Jan/2026:21:31:22 -0500] "GET / HTTP/1.1" 200 4446 "-" "check_http/v2.4.9 (nagios-plugins 2.4.9)"
148.113.128.160 - - [26/Jan/2026:21:31:58 -0500] "GET /5-8/ HTTP/1.1" 200 12370 "-" "Mozilla/5.0 (compatible; AhrefsBot/7.0; +http://ahrefs.com/robot/)"
188.166.35.151 - - [26/Jan/2026:21:32:38 -0500] "POST /wp-login.php HTTP/1.1" 200 7170 "-" "Mozilla/5.0"
177.75.23.216 - - [26/Jan/2026:21:33:10 -0500] "GET /wp-content/plugins/ybnwj/index.php HTTP/1.1" 404 232 "-" "Mozilla/5.0 (iPhone; CPU iPhone OS 16_6 like Mac OS X) AppleWebKit/605.1.15 (KHTML, like Gecko) Version/16.6 Mobile/15E148 Safari/604.1"
177.75.23.216 - - [26/Jan/2026:21:33:13 -0500] "GET /wp-content/plugins/ybnwj/index.php HTTP/1.1" 404 232 "-" "Mozilla/5.0 (Windows NT 10.0; Win64; x64) AppleWebKit/537.36 (KHTML, like Gecko) Chrome/128.0.0.0 Safari/537.36"
64.59.72.148 - - [26/Jan/2026:21:33:22 -0500] "GET / HTTP/1.1" 200 4446 "-" "check_http/v2.4.9 (nagios-plugins 2.4.9)"
143.110.180.16 - - [26/Jan/2026:21:33:44 -0500] "POST /wp-login.php HTTP/1.1" 200 7170 "-" "Mozilla/5.0"
216.244.66.230 - - [26/Jan/2026:21:35:16 -0500] "GET /profile.php?dir=%2Fhome%2Fhttpd%2Fhtml HTTP/1.1" 301 - "-" "Mozilla/5.0 (compatible; DotBot/1.2; +https://opensiteexplorer.org/dotbot; help@moz.com)"
64.59.72.148 - - [26/Jan/2026:21:35:22 -0500] "GET / HTTP/1.1" 200 4446 "-" "check_http/v2.4.9 (nagios-plugins 2.4.9)"
64.62.197.122 - - [26/Jan/2026:21:36:28 -0500] "GET /geoserver/web/ HTTP/1.1" 404 8520 "-" "Mozilla/5.0 (Macintosh; Intel Mac OS X 10_15_7) AppleWebKit/537.36 (KHTML, like Gecko) HeadlessChrome/135.0.0.0 Safari/537.36"
54.39.89.52 - - [26/Jan/2026:21:36:57 -0500] "GET /otw-portfolio/athena-palomino/?dir=%2Fhome%2Fhttpd HTTP/1.1" 301 - "-" "Mozilla/5.0 (compatible; AhrefsBot/7.0; +http://ahrefs.com/robot/)"
64.59.72.148 - - [26/Jan/2026:21:37:22 -0500] "GET / HTTP/1.1" 200 4446 "-" "check_http/v2.4.9 (nagios-plugins 2.4.9)"
103.247.21.47 - - [26/Jan/2026:21:37:52 -0500] "-" 408 - "-" "-"
64.59.72.148 - - [26/Jan/2026:21:39:22 -0500] "GET / HTTP/1.1" 200 4446 "-" "check_http/v2.4.9 (nagios-plugins 2.4.9)"
64.62.197.122 - - [26/Jan/2026:21:40:25 -0500] "GET /.git/config HTTP/1.1" 500 535 "-" "Mozilla/5.0 (Windows NT 10.0; WOW64) AppleWebKit/537.36 (KHTML, like Gecko) Chrome/116.0.0.0 Safari/537.36"
54.39.0.195 - - [26/Jan/2026:21:41:08 -0500] "GET /otw-portfolio/amber-moore/ HTTP/1.1" 301 - "-" "Mozilla/5.0 (compatible; AhrefsBot/7.0; +http://ahrefs.com/robot/)"
64.59.72.148 - - [26/Jan/2026:21:41:22 -0500] "GET / HTTP/1.1" 200 4446 "-" "check_http/v2.4.9 (nagios-plugins 2.4.9)"
143.110.180.16 - - [26/Jan/2026:21:41:57 -0500] "POST /wp-login.php HTTP/1.1" 200 7170 "-" "Mozilla/5.0"
64.59.72.148 - - [26/Jan/2026:21:43:22 -0500] "GET / HTTP/1.1" 200 4446 "-" "check_http/v2.4.9 (nagios-plugins 2.4.9)"
198.98.51.43 - - [26/Jan/2026:21:45:04 -0500] "GET /wp-login.php HTTP/1.1" 200 6901 "-" "Mozilla/5.0 (Macintosh; Intel Mac OS X 10_9_2) AppleWebKit/537.75.14 (KHTML, like Gecko) Version/7.0.3 Safari/537.75.14"
198.98.51.43 - - [26/Jan/2026:21:45:04 -0500] "POST /wp-login.php HTTP/1.1" 200 7328 "-" "Mozilla/5.0 (Macintosh; Intel Mac OS X 10_9_2) AppleWebKit/537.75.14 (KHTML, like Gecko) Version/7.0.3 Safari/537.75.14"
15.235.27.79 - - [26/Jan/2026:21:45:13 -0500] "GET /?dir=%2Fhome%2Fhttpd%2Fhtml%2Fmatrixmodels.com%2Fpublic_html&mode=copy&src=xmlrpc.php HTTP/1.1" 200 4446 "-" "Mozilla/5.0 (compatible; AhrefsBot/7.0; +http://ahrefs.com/robot/)"
64.59.72.148 - - [26/Jan/2026:21:45:22 -0500] "GET / HTTP/1.1" 200 4446 "-" "check_http/v2.4.9 (nagios-plugins 2.4.9)"
52.71.87.183 - - [26/Jan/2026:21:46:03 -0500] "GET /robots.txt HTTP/1.1" 200 116 "-" "Mozilla/5.0 (Macintosh; Intel Mac OS X 10_15_7) AppleWebKit/537.36 (KHTML, like Gecko) Chrome/108.0.0.0 Safari/537.36"
77.75.76.164 - - [26/Jan/2026:21:46:07 -0500] "GET /model-available/ HTTP/1.1" 200 8820 "-" "Mozilla/5.0 (compatible; SeznamBot/4.0; +https://o-seznam.cz/napoveda/vyhledavani/en/seznambot-crawler/)"
66.249.70.133 - - [26/Jan/2026:21:47:12 -0500] "GET /?p=4788 HTTP/1.1" 404 8442 "-" "Mozilla/5.0 (Linux; Android 6.0.1; Nexus 5X Build/MMB29P) AppleWebKit/537.36 (KHTML, like Gecko) Chrome/143.0.7499.192 Mobile Safari/537.36 (compatible; Googlebot/2.1; +http://www.google.com/bot.html)"
64.59.72.148 - - [26/Jan/2026:21:47:22 -0500] "GET / HTTP/1.1" 200 4446 "-" "check_http/v2.4.9 (nagios-plugins 2.4.9)"
54.39.136.75 - - [26/Jan/2026:21:49:19 -0500] "GET /feed/?attachment_id=134 HTTP/1.1" 200 719 "-" "Mozilla/5.0 (compatible; AhrefsBot/7.0; +http://ahrefs.com/robot/)"
80.94.95.37 - - [26/Jan/2026:21:49:20 -0500] "GET /wp-login.php HTTP/1.1" 200 6925 "-" "Mozilla/5.0 (Windows NT 10.0; Win64; x64) AppleWebKit/537.36 (KHTML, like Gecko) Chrome/142.0.0.0 Safari/537.36"
80.94.95.37 - - [26/Jan/2026:21:49:20 -0500] "POST /wp-login.php HTTP/1.1" 200 7392 "https://matrixmodels.com/wp-login.php" "Mozilla/5.0 (Windows NT 10.0; Win64; x64) AppleWebKit/537.36 (KHTML, like Gecko) Chrome/142.0.0.0 Safari/537.36"
64.59.72.148 - - [26/Jan/2026:21:49:22 -0500] "GET / HTTP/1.1" 200 4446 "-" "check_http/v2.4.9 (nagios-plugins 2.4.9)"
188.166.35.151 - - [26/Jan/2026:21:49:24 -0500] "POST /wp-login.php HTTP/1.1" 200 7170 "-" "Mozilla/5.0"
143.110.180.16 - - [26/Jan/2026:21:50:10 -0500] "POST /wp-login.php HTTP/1.1" 200 7170 "-" "Mozilla/5.0"
40.77.167.13 - - [26/Jan/2026:21:50:30 -0500] "GET /wp-content/uploads/2021/12/MALORY-6A.jpg HTTP/1.1" 200 127837 "-" "Mozilla/5.0 AppleWebKit/537.36 (KHTML, like Gecko; compatible; bingbot/2.0; +http://www.bing.com/bingbot.htm) Chrome/116.0.1938.76 Safari/537.36"
64.59.72.148 - - [26/Jan/2026:21:51:22 -0500] "GET / HTTP/1.1" 200 4446 "-" "check_http/v2.4.9 (nagios-plugins 2.4.9)"
64.59.72.148 - - [26/Jan/2026:21:53:22 -0500] "GET / HTTP/1.1" 200 4446 "-" "check_http/v2.4.9 (nagios-plugins 2.4.9)"
51.222.95.167 - - [26/Jan/2026:21:53:39 -0500] "GET /otw-portfolio/ginger-grey/ HTTP/1.1" 301 - "-" "Mozilla/5.0 (compatible; AhrefsBot/7.0; +http://ahrefs.com/robot/)"
135.119.89.109 - - [26/Jan/2026:21:54:03 -0500] "GET / HTTP/1.1" 301 - "-" "Mozilla/5.0 zgrab/0.x"
135.119.89.109 - - [26/Jan/2026:21:54:08 -0500] "GET / HTTP/1.1" 200 4465 "https://74.206.165.146/" "Mozilla/5.0 zgrab/0.x"
52.71.87.183 - - [26/Jan/2026:21:54:18 -0500] "GET / HTTP/1.1" 301 - "-" "Mozilla/5.0 (Macintosh; Intel Mac OS X 10_15_7) AppleWebKit/537.36 (KHTML, like Gecko) Chrome/108.0.0.0 Safari/537.36"
52.71.87.183 - - [26/Jan/2026:21:54:18 -0500] "GET / HTTP/1.1" 200 4465 "-" "Mozilla/5.0 (Macintosh; Intel Mac OS X 10_15_7) AppleWebKit/537.36 (KHTML, like Gecko) Chrome/108.0.0.0 Safari/537.36"
74.7.228.25 - - [26/Jan/2026:21:54:29 -0500] "GET /robots.txt HTTP/1.1" 200 117 "-" "Mozilla/5.0 (Macintosh; Intel Mac OS X 10_15_7) AppleWebKit/537.36 (KHTML, like Gecko) Chrome/131.0.0.0 Safari/537.36; compatible; OAI-SearchBot/1.3; robots.txt; +https://openai.com/searchbot"
64.59.72.148 - - [26/Jan/2026:21:55:22 -0500] "GET / HTTP/1.1" 200 4446 "-" "check_http/v2.4.9 (nagios-plugins 2.4.9)"
77.75.76.164 - - [26/Jan/2026:21:56:34 -0500] "GET /wp-content/uploads/2019/03/CFL02518.jpg HTTP/1.1" 304 - "-" "Mozilla/5.0 (compatible; SeznamBot/4.0; +https://o-seznam.cz/napoveda/vyhledavani/en/seznambot-crawler/)"
64.59.72.148 - - [26/Jan/2026:21:57:22 -0500] "GET / HTTP/1.1" 200 4446 "-" "check_http/v2.4.9 (nagios-plugins 2.4.9)"
176.113.115.74 - - [26/Jan/2026:21:57:23 -0500] "GET / HTTP/1.1" 200 4465 "-" "Mozilla/5.0 (Windows NT 10.0; Win64; x64) AppleWebKit/537.36 (KHTML, like Gecko) Chrome/140.0.0.0 Safari/537.36"
176.113.115.74 - - [26/Jan/2026:21:57:23 -0500] "GET / HTTP/1.0" 400 362 "-" "-"
54.39.6.178 - - [26/Jan/2026:21:57:49 -0500] "GET /feed/?attachment_id=231 HTTP/1.1" 200 719 "-" "Mozilla/5.0 (compatible; AhrefsBot/7.0; +http://ahrefs.com/robot/)"
80.94.95.37 - - [26/Jan/2026:21:58:14 -0500] "GET /wp-admin/user-new.php HTTP/1.1" 302 - "-" "Mozilla/5.0 (Windows NT 10.0; Win64; x64) AppleWebKit/537.36 (KHTML, like Gecko) Chrome/142.0.0.0 Safari/537.36"
80.94.95.37 - - [26/Jan/2026:21:58:15 -0500] "GET /wp-login.php?redirect_to=https%3A%2F%2Fmatrixmodels.com%2Fwp-admin%2Fuser-new.php&reauth=1 HTTP/1.1" 200 6937 "-" "Mozilla/5.0 (Windows NT 10.0; Win64; x64) AppleWebKit/537.36 (KHTML, like Gecko) Chrome/142.0.0.0 Safari/537.36"
80.94.95.37 - - [26/Jan/2026:21:58:15 -0500] "POST /wp-login.php HTTP/1.1" 200 7404 "https://matrixmodels.com/wp-login.php" "Mozilla/5.0 (Windows NT 10.0; Win64; x64) AppleWebKit/537.36 (KHTML, like Gecko) Chrome/142.0.0.0 Safari/537.36"
143.110.180.16 - - [26/Jan/2026:21:58:22 -0500] "POST /wp-login.php HTTP/1.1" 200 7170 "-" "Mozilla/5.0"
77.75.76.164 - - [26/Jan/2026:21:58:34 -0500] "GET /wp-content/uploads/2018/05/106.jpg HTTP/1.1" 304 - "-" "Mozilla/5.0 (compatible; SeznamBot/4.0; +https://o-seznam.cz/napoveda/vyhledavani/en/seznambot-crawler/)"
17.22.253.107 - - [26/Jan/2026:21:59:10 -0500] "GET /wp-content/uploads/2015/09/r29.jpg HTTP/1.1" 200 86126 "-" "Mozilla/5.0 (Macintosh; Intel Mac OS X 10_15_7) AppleWebKit/605.1.15 (KHTML, like Gecko) Version/17.4 Safari/605.1.15 (Applebot/0.1; +http://www.apple.com/go/applebot)"
209.141.33.188 - - [26/Jan/2026:21:59:20 -0500] "GET /wp-login.php HTTP/1.1" 200 6925 "-" "Mozilla/5.0 (Macintosh; Intel Mac OS X 10_7_5) AppleWebKit/537.77.4 (KHTML, like Gecko) Version/6.1.5 Safari/537.77.4"
209.141.33.188 - - [26/Jan/2026:21:59:20 -0500] "POST /wp-login.php HTTP/1.1" 200 7199 "-" "Mozilla/5.0 (Macintosh; Intel Mac OS X 10_7_5) AppleWebKit/537.77.4 (KHTML, like Gecko) Version/6.1.5 Safari/537.77.4"
64.59.72.148 - - [26/Jan/2026:21:59:22 -0500] "GET / HTTP/1.1" 200 4446 "-" "check_http/v2.4.9 (nagios-plugins 2.4.9)"
174.175.143.252 - - [26/Jan/2026:21:59:43 -0500] "GET /otw-portfolio/amber-moore/ HTTP/1.1" 301 - "-" "Mozilla/5.0 (Macintosh; Intel Mac OS X 10_15_6) AppleWebKit/605.1.15 (KHTML, like Gecko) Version/15.6.1 Safari/605.1.15"
174.175.143.252 - - [26/Jan/2026:21:59:43 -0500] "GET / HTTP/1.1" 200 4446 "-" "Mozilla/5.0 (Macintosh; Intel Mac OS X 10_15_6) AppleWebKit/605.1.15 (KHTML, like Gecko) Version/15.6.1 Safari/605.1.15"
174.175.143.252 - - [26/Jan/2026:21:59:44 -0500] "GET /wp-content/themes/matrix-model/assets/css/aos.css HTTP/1.1" 200 26053 "http://matrixmodels.com/" "Mozilla/5.0 (Macintosh; Intel Mac OS X 10_15_6) AppleWebKit/605.1.15 (KHTML, like Gecko) Version/15.6.1 Safari/605.1.15"
174.175.143.252 - - [26/Jan/2026:21:59:44 -0500] "GET /wp-content/themes/matrix-model/assets/css/owl.carousel.min.css HTTP/1.1" 404 260 "http://matrixmodels.com/" "Mozilla/5.0 (Macintosh; Intel Mac OS X 10_15_6) AppleWebKit/605.1.15 (KHTML, like Gecko) Version/15.6.1 Safari/605.1.15"
174.175.143.252 - - [26/Jan/2026:21:59:44 -0500] "GET /wp-content/themes/matrix-model/assets/css/owl.theme.default.min.css HTTP/1.1" 404 265 "http://matrixmodels.com/" "Mozilla/5.0 (Macintosh; Intel Mac OS X 10_15_6) AppleWebKit/605.1.15 (KHTML, like Gecko) Version/15.6.1 Safari/605.1.15"
174.175.143.252 - - [26/Jan/2026:21:59:44 -0500] "GET /wp-content/themes/matrix-model/assets/css/custom.css HTTP/1.1" 200 5229 "http://matrixmodels.com/" "Mozilla/5.0 (Macintosh; Intel Mac OS X 10_15_6) AppleWebKit/605.1.15 (KHTML, like Gecko) Version/15.6.1 Safari/605.1.15"
174.175.143.252 - - [26/Jan/2026:21:59:44 -0500] "GET /wp-content/themes/matrix-model/assets/css/animate.min.css HTTP/1.1" 200 52592 "http://matrixmodels.com/" "Mozilla/5.0 (Macintosh; Intel Mac OS X 10_15_6) AppleWebKit/605.1.15 (KHTML, like Gecko) Version/15.6.1 Safari/605.1.15"
174.175.143.252 - - [26/Jan/2026:21:59:44 -0500] "GET /wp-content/themes/matrix-model/assets/css/bootstrap_v4.3.1_min.css HTTP/1.1" 200 155712 "http://matrixmodels.com/" "Mozilla/5.0 (Macintosh; Intel Mac OS X 10_15_6) AppleWebKit/605.1.15 (KHTML, like Gecko) Version/15.6.1 Safari/605.1.15"
174.175.143.252 - - [26/Jan/2026:21:59:44 -0500] "GET /wp-content/themes/matrix-model/assets/images/more/i-1.jpg HTTP/1.1" 200 39164 "http://matrixmodels.com/" "Mozilla/5.0 (Macintosh; Intel Mac OS X 10_15_6) AppleWebKit/605.1.15 (KHTML, like Gecko) Version/15.6.1 Safari/605.1.15"
174.175.143.252 - - [26/Jan/2026:21:59:44 -0500] "GET /wp-content/themes/matrix-model/assets/images/more/i-2.jpg HTTP/1.1" 200 44619 "http://matrixmodels.com/" "Mozilla/5.0 (Macintosh; Intel Mac OS X 10_15_6) AppleWebKit/605.1.15 (KHTML, like Gecko) Version/15.6.1 Safari/605.1.15"
174.175.143.252 - - [26/Jan/2026:21:59:44 -0500] "GET /wp-content/themes/matrix-model/assets/images/more/i-3.jpg HTTP/1.1" 200 36068 "http://matrixmodels.com/" "Mozilla/5.0 (Macintosh; Intel Mac OS X 10_15_6) AppleWebKit/605.1.15 (KHTML, like Gecko) Version/15.6.1 Safari/605.1.15"
174.175.143.252 - - [26/Jan/2026:21:59:44 -0500] "GET /wp-content/themes/matrix-model/assets/images/more/i-6.jpg HTTP/1.1" 200 39553 "http://matrixmodels.com/" "Mozilla/5.0 (Macintosh; Intel Mac OS X 10_15_6) AppleWebKit/605.1.15 (KHTML, like Gecko) Version/15.6.1 Safari/605.1.15"
174.175.143.252 - - [26/Jan/2026:21:59:44 -0500] "GET /wp-content/themes/matrix-model/assets/images/more/i-5.jpg HTTP/1.1" 200 35264 "http://matrixmodels.com/" "Mozilla/5.0 (Macintosh; Intel Mac OS X 10_15_6) AppleWebKit/605.1.15 (KHTML, like Gecko) Version/15.6.1 Safari/605.1.15"
174.175.143.252 - - [26/Jan/2026:21:59:44 -0500] "GET /wp-content/themes/matrix-model/assets/images/more/i-7.jpg HTTP/1.1" 200 35534 "http://matrixmodels.com/" "Mozilla/5.0 (Macintosh; Intel Mac OS X 10_15_6) AppleWebKit/605.1.15 (KHTML, like Gecko) Version/15.6.1 Safari/605.1.15"
174.175.143.252 - - [26/Jan/2026:21:59:44 -0500] "GET /wp-content/themes/matrix-model/assets/images/more/i-9.jpg HTTP/1.1" 200 39513 "http://matrixmodels.com/" "Mozilla/5.0 (Macintosh; Intel Mac OS X 10_15_6) AppleWebKit/605.1.15 (KHTML, like Gecko) Version/15.6.1 Safari/605.1.15"
174.175.143.252 - - [26/Jan/2026:21:59:44 -0500] "GET /wp-content/themes/matrix-model/assets/images/more/i-8.jpg HTTP/1.1" 200 31506 "http://matrixmodels.com/" "Mozilla/5.0 (Macintosh; Intel Mac OS X 10_15_6) AppleWebKit/605.1.15 (KHTML, like Gecko) Version/15.6.1 Safari/605.1.15"
174.175.143.252 - - [26/Jan/2026:21:59:44 -0500] "GET /wp-content/themes/matrix-model/assets/images/more/i-4.jpg HTTP/1.1" 200 28534 "http://matrixmodels.com/" "Mozilla/5.0 (Macintosh; Intel Mac OS X 10_15_6) AppleWebKit/605.1.15 (KHTML, like Gecko) Version/15.6.1 Safari/605.1.15"
174.175.143.252 - - [26/Jan/2026:21:59:44 -0500] "GET /wp-content/uploads/2021/07/logo.png HTTP/1.1" 200 181002 "http://matrixmodels.com/" "Mozilla/5.0 (Macintosh; Intel Mac OS X 10_15_6) AppleWebKit/605.1.15 (KHTML, like Gecko) Version/15.6.1 Safari/605.1.15"
174.175.143.252 - - [26/Jan/2026:21:59:45 -0500] "GET /wp-content/themes/matrix-model/assets/images/logo/favicon.png HTTP/1.1" 404 259 "http://matrixmodels.com/" "Mozilla/5.0 (Macintosh; Intel Mac OS X 10_15_6) AppleWebKit/605.1.15 (KHTML, like Gecko) Version/15.6.1 Safari/605.1.15"
174.175.143.252 - - [26/Jan/2026:21:59:47 -0500] "GET /our-models HTTP/1.1" 301 - "http://matrixmodels.com/" "Mozilla/5.0 (Macintosh; Intel Mac OS X 10_15_6) AppleWebKit/605.1.15 (KHTML, like Gecko) Version/15.6.1 Safari/605.1.15"
174.175.143.252 - - [26/Jan/2026:21:59:47 -0500] "GET /our-models/ HTTP/1.1" 200 7587 "http://matrixmodels.com/" "Mozilla/5.0 (Macintosh; Intel Mac OS X 10_15_6) AppleWebKit/605.1.15 (KHTML, like Gecko) Version/15.6.1 Safari/605.1.15"
174.175.143.252 - - [26/Jan/2026:21:59:48 -0500] "GET /wp-includes/css/dist/block-library/style.min.css?ver=5.6.16 HTTP/1.1" 200 51338 "http://matrixmodels.com/our-models/" "Mozilla/5.0 (Macintosh; Intel Mac OS X 10_15_6) AppleWebKit/605.1.15 (KHTML, like Gecko) Version/15.6.1 Safari/605.1.15"
174.175.143.252 - - [26/Jan/2026:21:59:48 -0500] "GET /wp-includes/js/wp-emoji-release.min.js?ver=5.6.16 HTTP/1.1" 200 14229 "http://matrixmodels.com/our-models/" "Mozilla/5.0 (Macintosh; Intel Mac OS X 10_15_6) AppleWebKit/605.1.15 (KHTML, like Gecko) Version/15.6.1 Safari/605.1.15"
174.175.143.252 - - [26/Jan/2026:21:59:48 -0500] "GET /wp-includes/js/jquery/jquery.min.js?ver=3.5.1 HTTP/1.1" 200 89496 "http://matrixmodels.com/our-models/" "Mozilla/5.0 (Macintosh; Intel Mac OS X 10_15_6) AppleWebKit/605.1.15 (KHTML, like Gecko) Version/15.6.1 Safari/605.1.15"
174.175.143.252 - - [26/Jan/2026:21:59:48 -0500] "GET /wp-content/themes/matrix-model/style.css?ver=5.6.16 HTTP/1.1" 200 41969 "http://matrixmodels.com/our-models/" "Mozilla/5.0 (Macintosh; Intel Mac OS X 10_15_6) AppleWebKit/605.1.15 (KHTML, like Gecko) Version/15.6.1 Safari/605.1.15"
174.175.143.252 - - [26/Jan/2026:21:59:48 -0500] "GET /wp-includes/js/jquery/jquery-migrate.min.js?ver=3.3.2 HTTP/1.1" 200 11224 "http://matrixmodels.com/our-models/" "Mozilla/5.0 (Macintosh; Intel Mac OS X 10_15_6) AppleWebKit/605.1.15 (KHTML, like Gecko) Version/15.6.1 Safari/605.1.15"
174.175.143.252 - - [26/Jan/2026:21:59:48 -0500] "GET /wp-content/themes/matrix-model/images/inner-logo.jpg HTTP/1.1" 200 8330 "http://matrixmodels.com/our-models/" "Mozilla/5.0 (Macintosh; Intel Mac OS X 10_15_6) AppleWebKit/605.1.15 (KHTML, like Gecko) Version/15.6.1 Safari/605.1.15"
174.175.143.252 - - [26/Jan/2026:21:59:48 -0500] "GET /favicon.ico HTTP/1.1" 200 43 "http://matrixmodels.com/our-models/" "Mozilla/5.0 (Macintosh; Intel Mac OS X 10_15_6) AppleWebKit/605.1.15 (KHTML, like Gecko) Version/15.6.1 Safari/605.1.15"
174.175.143.252 - - [26/Jan/2026:21:59:53 -0500] "GET /our-models/ HTTP/1.1" 200 7587 "http://matrixmodels.com/" "Mozilla/5.0 (Macintosh; Intel Mac OS X 10_15_6) AppleWebKit/605.1.15 (KHTML, like Gecko) Version/15.6.1 Safari/605.1.15"
174.175.143.252 - - [26/Jan/2026:21:59:57 -0500] "GET /blog/ HTTP/1.1" 200 18565 "http://matrixmodels.com/our-models/" "Mozilla/5.0 (Macintosh; Intel Mac OS X 10_15_6) AppleWebKit/605.1.15 (KHTML, like Gecko) Version/15.6.1 Safari/605.1.15"
174.175.143.252 - - [26/Jan/2026:21:59:57 -0500] "GET /wp-content/themes/matrix-model/js/navigation.js?ver=20140711 HTTP/1.1" 200 1516 "http://matrixmodels.com/blog/" "Mozilla/5.0 (Macintosh; Intel Mac OS X 10_15_6) AppleWebKit/605.1.15 (KHTML, like Gecko) Version/15.6.1 Safari/605.1.15"
174.175.143.252 - - [26/Jan/2026:21:59:57 -0500] "GET /wp-includes/js/wp-embed.min.js?ver=5.6.16 HTTP/1.1" 200 1478 "http://matrixmodels.com/blog/" "Mozilla/5.0 (Macintosh; Intel Mac OS X 10_15_6) AppleWebKit/605.1.15 (KHTML, like Gecko) Version/15.6.1 Safari/605.1.15"
74.7.228.55 - - [26/Jan/2026:22:00:03 -0500] "GET /robots.txt HTTP/1.1" 200 117 "-" "Mozilla/5.0 (Macintosh; Intel Mac OS X 10_15_7) AppleWebKit/537.36 (KHTML, like Gecko) Chrome/131.0.0.0 Safari/537.36; compatible; OAI-SearchBot/1.3; robots.txt; +https://openai.com/searchbot"
196.189.184.240 - - [26/Jan/2026:22:00:23 -0500] "-" 408 - "-" "-"
52.71.87.183 - - [26/Jan/2026:22:00:49 -0500] "GET /robots.txt HTTP/1.1" 200 116 "-" "Mozilla/5.0 (Macintosh; Intel Mac OS X 10_15_7) AppleWebKit/537.36 (KHTML, like Gecko) Chrome/108.0.0.0 Safari/537.36"
45.148.126.157 - - [26/Jan/2026:22:00:57 -0500] "GET /wp-login.php HTTP/1.1" 200 6925 "-" "Mozilla/5.0 (Windows NT 10.0; Win64; x64) AppleWebKit/537.36 (KHTML, like Gecko) Chrome/142.0.0.0 Safari/537.36"
45.148.126.157 - - [26/Jan/2026:22:00:59 -0500] "POST /wp-login.php HTTP/1.1" 200 7199 "https://matrixmodels.com/wp-login.php" "Mozilla/5.0 (Windows NT 10.0; Win64; x64) AppleWebKit/537.36 (KHTML, like Gecko) Chrome/142.0.0.0 Safari/537.36"
64.59.72.148 - - [26/Jan/2026:22:01:22 -0500] "GET / HTTP/1.1" 200 4446 "-" "check_http/v2.4.9 (nagios-plugins 2.4.9)"
51.222.95.218 - - [26/Jan/2026:22:02:08 -0500] "GET /otw-portfolio/arya-fae/ HTTP/1.1" 301 - "-" "Mozilla/5.0 (compatible; AhrefsBot/7.0; +http://ahrefs.com/robot/)"
64.59.72.148 - - [26/Jan/2026:22:03:22 -0500] "GET / HTTP/1.1" 200 4446 "-" "check_http/v2.4.9 (nagios-plugins 2.4.9)"
64.59.72.148 - - [26/Jan/2026:22:05:22 -0500] "GET / HTTP/1.1" 200 4446 "-" "check_http/v2.4.9 (nagios-plugins 2.4.9)"
188.166.35.151 - - [26/Jan/2026:22:06:17 -0500] "POST /wp-login.php HTTP/1.1" 200 7170 "-" "Mozilla/5.0"
52.167.144.191 - - [26/Jan/2026:22:06:25 -0500] "GET /black-jack-casino-r%C3%A8gle/ HTTP/1.1" 404 8442 "-" "Mozilla/5.0 AppleWebKit/537.36 (KHTML, like Gecko; compatible; bingbot/2.0; +http://www.bing.com/bingbot.htm) Chrome/116.0.1938.76 Safari/537.36"
54.39.6.144 - - [26/Jan/2026:22:06:33 -0500] "GET /10/ HTTP/1.1" 200 12317 "-" "Mozilla/5.0 (compatible; AhrefsBot/7.0; +http://ahrefs.com/robot/)"
143.110.180.16 - - [26/Jan/2026:22:06:41 -0500] "POST /wp-login.php HTTP/1.1" 200 7170 "-" "Mozilla/5.0"
64.59.72.148 - - [26/Jan/2026:22:07:22 -0500] "GET / HTTP/1.1" 200 4446 "-" "check_http/v2.4.9 (nagios-plugins 2.4.9)"
74.206.165.145 - - [26/Jan/2026:22:09:03 -0500] "POST /wp-cron.php?doing_wp_cron=1769483342.9561390876770019531250 HTTP/1.1" 200 - "https://matrixmodels.com/wp-cron.php?doing_wp_cron=1769483342.9561390876770019531250" "WordPress/5.6.16; https://matrixmodels.com"
52.71.87.183 - - [26/Jan/2026:22:09:02 -0500] "GET / HTTP/1.1" 301 - "-" "Mozilla/5.0 (Macintosh; Intel Mac OS X 10_15_7) AppleWebKit/537.36 (KHTML, like Gecko) Chrome/108.0.0.0 Safari/537.36"
52.71.87.183 - - [26/Jan/2026:22:09:03 -0500] "GET / HTTP/1.1" 200 4465 "-" "Mozilla/5.0 (Macintosh; Intel Mac OS X 10_15_7) AppleWebKit/537.36 (KHTML, like Gecko) Chrome/108.0.0.0 Safari/537.36"
64.59.72.148 - - [26/Jan/2026:22:09:22 -0500] "GET / HTTP/1.1" 200 4446 "-" "check_http/v2.4.9 (nagios-plugins 2.4.9)"
52.66.10.214 - - [26/Jan/2026:22:09:41 -0500] "-" 408 - "-" "-"
205.210.31.74 - - [26/Jan/2026:22:10:22 -0500] "GET /wp-login.php HTTP/1.1" 200 6901 "-" "Hello from Palo Alto Networks, find out more about our scans in https://docs-cortex.paloaltonetworks.com/r/1/Cortex-Xpanse/Scanning-activity"
54.39.136.119 - - [26/Jan/2026:22:10:51 -0500] "GET /erotica-x-13/ HTTP/1.1" 200 12625 "-" "Mozilla/5.0 (compatible; AhrefsBot/7.0; +http://ahrefs.com/robot/)"
95.85.238.22 - - [26/Jan/2026:22:10:54 -0500] "GET /wp-login.php HTTP/1.1" 200 6925 "-" "Mozilla/5.0 (Windows NT 6.1; WOW64; rv:24.0) Gecko/20100101 Firefox/24.0"
95.85.238.22 - - [26/Jan/2026:22:10:56 -0500] "POST /wp-login.php HTTP/1.1" 200 7198 "-" "Mozilla/5.0 (Windows NT 6.1; WOW64; rv:24.0) Gecko/20100101 Firefox/24.0"
64.59.72.148 - - [26/Jan/2026:22:11:22 -0500] "GET / HTTP/1.1" 200 4446 "-" "check_http/v2.4.9 (nagios-plugins 2.4.9)"
51.68.111.208 - - [26/Jan/2026:22:12:23 -0500] "GET /robots.txt HTTP/1.1" 200 116 "-" "Mozilla/5.0 (compatible; MJ12bot/v2.0.4; http://mj12bot.com/)"
51.68.111.208 - - [26/Jan/2026:22:12:23 -0500] "GET / HTTP/1.1" 200 4446 "-" "Mozilla/5.0 (compatible; MJ12bot/v2.0.4; http://mj12bot.com/)"
52.167.144.194 - - [26/Jan/2026:22:12:41 -0500] "GET /contact-us/ HTTP/1.1" 200 9651 "-" "Mozilla/5.0 AppleWebKit/537.36 (KHTML, like Gecko; compatible; bingbot/2.0; +http://www.bing.com/bingbot.htm) Chrome/116.0.1938.76 Safari/537.36"
64.59.72.148 - - [26/Jan/2026:22:13:22 -0500] "GET / HTTP/1.1" 200 4446 "-" "check_http/v2.4.9 (nagios-plugins 2.4.9)"
143.110.180.16 - - [26/Jan/2026:22:14:56 -0500] "POST /wp-login.php HTTP/1.1" 200 7170 "-" "Mozilla/5.0"
54.39.210.65 - - [26/Jan/2026:22:15:00 -0500] "GET /model-available/ HTTP/1.1" 200 8790 "-" "Mozilla/5.0 (compatible; AhrefsBot/7.0; +http://ahrefs.com/robot/)"
64.59.72.148 - - [26/Jan/2026:22:15:22 -0500] "GET / HTTP/1.1" 200 4446 "-" "check_http/v2.4.9 (nagios-plugins 2.4.9)"
66.249.70.129 - - [26/Jan/2026:22:16:00 -0500] "GET /otw-portfolio/chanel-shortcake/ HTTP/1.1" 301 - "-" "Mozilla/5.0 (Linux; Android 6.0.1; Nexus 5X Build/MMB29P) AppleWebKit/537.36 (KHTML, like Gecko) Chrome/143.0.7499.192 Mobile Safari/537.36 (compatible; Googlebot/2.1; +http://www.google.com/bot.html)"
66.249.70.128 - - [26/Jan/2026:22:16:01 -0500] "GET / HTTP/1.1" 200 4465 "-" "Mozilla/5.0 (Linux; Android 6.0.1; Nexus 5X Build/MMB29P) AppleWebKit/537.36 (KHTML, like Gecko) Chrome/143.0.7499.192 Mobile Safari/537.36 (compatible; Googlebot/2.1; +http://www.google.com/bot.html)"
81.29.142.100 - - [26/Jan/2026:22:16:17 -0500] "GET / HTTP/1.1" 301 - "-" "Mozilla/5.0 (Macintosh; Intel Mac OS X 10_15_6) AppleWebKit/605.1.15 (KHTML, like Gecko) Version/14.0.2 Safari/605.1.15"
81.29.142.100 - - [26/Jan/2026:22:16:22 -0500] "GET / HTTP/1.1" 200 4465 "-" "Mozilla/5.0 (Macintosh; Intel Mac OS X 10_15_6) AppleWebKit/605.1.15 (KHTML, like Gecko) Version/14.0.2 Safari/605.1.15"
64.59.72.148 - - [26/Jan/2026:22:17:22 -0500] "GET / HTTP/1.1" 200 4446 "-" "check_http/v2.4.9 (nagios-plugins 2.4.9)"
66.249.70.135 - - [26/Jan/2026:22:18:49 -0500] "GET /?p=4281 HTTP/1.1" 404 8442 "-" "Mozilla/5.0 (Linux; Android 6.0.1; Nexus 5X Build/MMB29P) AppleWebKit/537.36 (KHTML, like Gecko) Chrome/143.0.7499.192 Mobile Safari/537.36 (compatible; Googlebot/2.1; +http://www.google.com/bot.html)"
148.113.128.85 - - [26/Jan/2026:22:19:22 -0500] "GET /?dir=%2Fhome%2Fhttpd%2Fhtml%2Fmatrixmodels.com%2Fpublic_html&mode=create_file HTTP/1.1" 200 4446 "-" "Mozilla/5.0 (compatible; AhrefsBot/7.0; +http://ahrefs.com/robot/)"
64.59.72.148 - - [26/Jan/2026:22:19:22 -0500] "GET / HTTP/1.1" 200 4446 "-" "check_http/v2.4.9 (nagios-plugins 2.4.9)"
64.59.72.148 - - [26/Jan/2026:22:21:22 -0500] "GET / HTTP/1.1" 200 4446 "-" "check_http/v2.4.9 (nagios-plugins 2.4.9)"
91.224.92.115 - - [26/Jan/2026:22:22:19 -0500] "GET /cgi-bin/luci/;stok=/locale HTTP/1.1" 404 224 "-" "-"
95.85.238.23 - - [26/Jan/2026:22:22:39 -0500] "GET /wp-login.php HTTP/1.1" 200 6925 "-" "Mozilla/5.0 (Macintosh; Intel Mac OS X 10_6_8) AppleWebKit/537.36 (KHTML, like Gecko) Chrome/36.0.1985.125 Safari/537.36"
95.85.238.23 - - [26/Jan/2026:22:22:39 -0500] "POST /wp-login.php HTTP/1.1" 200 7212 "-" "Mozilla/5.0 (Macintosh; Intel Mac OS X 10_6_8) AppleWebKit/537.36 (KHTML, like Gecko) Chrome/36.0.1985.125 Safari/537.36"
208.98.51.22 - - [26/Jan/2026:22:23:05 -0500] "GET / HTTP/1.1" 301 - "-" "Mozilla/5.0 (Linux; Android 11; CPH2185) AppleWebKit/537.36 (KHTML, like Gecko) Chrome/91.0.4472.101 Mobile Safari/537.36"
208.98.51.22 - - [26/Jan/2026:22:23:06 -0500] "GET / HTTP/1.1" 200 4446 "-" "Mozilla/5.0 (Linux; Android 11; CPH2185) AppleWebKit/537.36 (KHTML, like Gecko) Chrome/91.0.4472.101 Mobile Safari/537.36"
143.110.180.16 - - [26/Jan/2026:22:23:10 -0500] "POST /wp-login.php HTTP/1.1" 200 7170 "-" "Mozilla/5.0"
188.166.35.151 - - [26/Jan/2026:22:23:15 -0500] "POST /wp-login.php HTTP/1.1" 200 7170 "-" "Mozilla/5.0"
64.59.72.148 - - [26/Jan/2026:22:23:22 -0500] "GET / HTTP/1.1" 200 4446 "-" "check_http/v2.4.9 (nagios-plugins 2.4.9)"
148.113.130.189 - - [26/Jan/2026:22:23:42 -0500] "GET /?dir=%2Fhome%2Fhttpd%2Fhtml%2Fmatrixmodels.com%2Fpublic_html&mode=rename&old=wp-cli.yml HTTP/1.1" 200 4446 "-" "Mozilla/5.0 (compatible; AhrefsBot/7.0; +http://ahrefs.com/robot/)"
113.84.136.129 - - [26/Jan/2026:22:23:50 -0500] "-" 408 - "-" "-"
113.84.136.129 - - [26/Jan/2026:22:24:23 -0500] "-" 408 - "-" "-"
64.59.72.148 - - [26/Jan/2026:22:25:22 -0500] "GET / HTTP/1.1" 200 4446 "-" "check_http/v2.4.9 (nagios-plugins 2.4.9)"
64.59.72.148 - - [26/Jan/2026:22:27:22 -0500] "GET / HTTP/1.1" 200 4446 "-" "check_http/v2.4.9 (nagios-plugins 2.4.9)"
45.91.64.6 - - [26/Jan/2026:22:28:02 -0500] "GET / HTTP/1.0" 400 362 "-" "-"
148.113.130.104 - - [26/Jan/2026:22:28:10 -0500] "GET /?dir=%2Fhome%2Fhttpd%2Fhtml%2Fmatrixmodels.com%2Fpublic_html&mode=delete&file=wp-login.php HTTP/1.1" 200 4465 "-" "Mozilla/5.0 (compatible; AhrefsBot/7.0; +http://ahrefs.com/robot/)"
45.91.64.6 - - [26/Jan/2026:22:28:16 -0500] "GET / HTTP/1.0" 400 362 "-" "-"
4.197.94.190 - - [26/Jan/2026:22:29:07 -0500] "GET /wp-content/plugins/fix/up.php HTTP/1.1" 404 227 "-" "Mozilla/5.0"
4.197.94.190 - - [26/Jan/2026:22:29:08 -0500] "GET /wp-content/plugins/fix/up.php HTTP/1.1" 404 227 "-" "Mozilla/5.0"
64.59.72.148 - - [26/Jan/2026:22:29:22 -0500] "GET / HTTP/1.1" 200 4446 "-" "check_http/v2.4.9 (nagios-plugins 2.4.9)"
149.22.82.106 - - [26/Jan/2026:22:30:21 -0500] "GET /profile.php?id=732 HTTP/1.1" 301 - "-" "Mozilla/5.0 (Windows NT 10.0; Win64; x64) AppleWebKit/537.36 (KHTML, like Gecko) Chrome/144.0.0.0 Safari/537.36"
149.22.82.106 - - [26/Jan/2026:22:30:21 -0500] "GET /profile.php?id=732 HTTP/1.1" 404 8466 "-" "Mozilla/5.0 (Windows NT 10.0; Win64; x64) AppleWebKit/537.36 (KHTML, like Gecko) Chrome/144.0.0.0 Safari/537.36"
149.22.82.106 - - [26/Jan/2026:22:30:22 -0500] "GET /wp-includes/css/dist/block-library/style.min.css?ver=5.6.16 HTTP/1.1" 200 51338 "https://matrixmodels.com/profile.php?id=732" "Mozilla/5.0 (Windows NT 10.0; Win64; x64) AppleWebKit/537.36 (KHTML, like Gecko) Chrome/144.0.0.0 Safari/537.36"
149.22.82.106 - - [26/Jan/2026:22:30:22 -0500] "GET /wp-content/themes/matrix-model/style.css?ver=5.6.16 HTTP/1.1" 200 41969 "https://matrixmodels.com/profile.php?id=732" "Mozilla/5.0 (Windows NT 10.0; Win64; x64) AppleWebKit/537.36 (KHTML, like Gecko) Chrome/144.0.0.0 Safari/537.36"
