158.220.122.128 - - [26/Jan/2026:05:16:06 -0500] "POST /index.php HTTP/1.1" 404 8442 "-" "Mozilla/5.0 (X11; Linux x86_64; rv:1.9.5.20) Gecko/ Firefox/15.0"
158.220.122.128 - - [26/Jan/2026:05:16:14 -0500] "POST /lcms/index.php HTTP/1.1" 404 8442 "-" "Mozilla/5.0 (X11; Linux i686; rv:1.9.5.20) Gecko/ Firefox/3.6.14"
64.59.72.148 - - [26/Jan/2026:05:16:23 -0500] "GET / HTTP/1.1" 200 4446 "-" "check_http/v2.4.9 (nagios-plugins 2.4.9)"
114.119.131.232 - - [26/Jan/2026:05:16:25 -0500] "GET /otw-portfolio/sahara-skye/ HTTP/1.1" 301 - "https://forum.sexlikereal.com/d/566-slr-originals-rally/572" "Mozilla/5.0 (Linux; Android 7.0;) AppleWebKit/537.36 (KHTML, like Gecko) Mobile Safari/537.36 (compatible; PetalBot;+https://webmaster.petalsearch.com/site/petalbot)"
114.119.131.232 - - [26/Jan/2026:05:16:26 -0500] "GET / HTTP/1.1" 200 4446 "https://forum.sexlikereal.com/d/566-slr-originals-rally/572" "Mozilla/5.0 (Linux; Android 7.0;) AppleWebKit/537.36 (KHTML, like Gecko) Mobile Safari/537.36 (compatible; PetalBot;+https://webmaster.petalsearch.com/site/petalbot)"
178.128.200.103 - - [26/Jan/2026:05:17:30 -0500] "PROPFIND / HTTP/1.1" 200 4465 "http://74.206.165.146:443/" "-"
64.59.72.148 - - [26/Jan/2026:05:18:23 -0500] "GET / HTTP/1.1" 200 4446 "-" "check_http/v2.4.9 (nagios-plugins 2.4.9)"
188.166.35.151 - - [26/Jan/2026:05:19:13 -0500] "POST /wp-login.php HTTP/1.1" 200 7170 "-" "Mozilla/5.0"
64.59.72.148 - - [26/Jan/2026:05:20:23 -0500] "GET / HTTP/1.1" 200 4446 "-" "check_http/v2.4.9 (nagios-plugins 2.4.9)"
43.173.177.250 - - [26/Jan/2026:05:21:55 -0500] "GET /otw-portfolio/hanna-hawthorne/ HTTP/1.1" 301 - "http://staging.thenude.com/index.php?action=outgoingLink&class=model-galleries-also_seen_at&out_url=http%3A%2F%2Fmatrixmodels.com%2Fotw-portfolio%2Fhanna-hawthorne%2F&page=tnap" "Mozilla/5.0 (Windows NT 10.0; Win64; x64) AppleWebKit/537.36 (KHTML, like Gecko) Chrome/105.0.0.0 Safari/537.3"
43.173.177.250 - - [26/Jan/2026:05:21:56 -0500] "GET / HTTP/1.1" 200 4446 "http://matrixmodels.com/otw-portfolio/hanna-hawthorne/" "Mozilla/5.0 (Windows NT 10.0; Win64; x64) AppleWebKit/537.36 (KHTML, like Gecko) Chrome/105.0.0.0 Safari/537.3"
43.173.181.82 - - [26/Jan/2026:05:21:57 -0500] "GET /wp-content/themes/matrix-model/assets/css/owl.carousel.min.css HTTP/1.1" 404 260 "http://staging.thenude.com/" "Mozilla/5.0 (Windows NT 10.0; Win64; x64) AppleWebKit/537.36 (KHTML, like Gecko) Chrome/105.0.0.0 Safari/537.3"
43.173.179.17 - - [26/Jan/2026:05:21:57 -0500] "GET /wp-content/themes/matrix-model/assets/css/owl.theme.default.min.css HTTP/1.1" 404 265 "http://staging.thenude.com/" "Mozilla/5.0 (Windows NT 10.0; Win64; x64) AppleWebKit/537.36 (KHTML, like Gecko) Chrome/105.0.0.0 Safari/537.3"
64.59.72.148 - - [26/Jan/2026:05:22:23 -0500] "GET / HTTP/1.1" 200 4446 "-" "check_http/v2.4.9 (nagios-plugins 2.4.9)"
64.59.72.148 - - [26/Jan/2026:05:24:23 -0500] "GET / HTTP/1.1" 200 4446 "-" "check_http/v2.4.9 (nagios-plugins 2.4.9)"
43.163.22.95 - - [26/Jan/2026:05:25:09 -0500] "GET /?dir=%2Fhome%2Fhttpd%2Fhtml%2Fmatrixmodels.com%2Fpublic_html%2Fwp-content%2Fplugins HTTP/1.1" 200 4446 "-" "Mozilla/5.0 (Windows NT 10.0; Win64; x64) AppleWebKit/537.36 (KHTML, like Gecko) Chrome/116.0.0.0 Safari/537.36"
153.230.120.134 - - [26/Jan/2026:05:25:09 -0500] "-" 408 - "-" "-"
153.230.120.134 - - [26/Jan/2026:05:25:09 -0500] "-" 408 - "-" "-"
43.173.179.59 - - [26/Jan/2026:05:25:11 -0500] "GET /wp-content/themes/matrix-model/assets/css/owl.carousel.min.css HTTP/1.1" 404 260 "http://matrixmodels.com/?dir=%2Fhome%2Fhttpd%2Fhtml%2Fmatrixmodels.com%2Fpublic_html%2Fwp-content%2Fplugins" "Mozilla/5.0 (Windows NT 10.0; Win64; x64) AppleWebKit/537.36 (KHTML, like Gecko) Chrome/116.0.0.0 Safari/537.36"
43.173.180.127 - - [26/Jan/2026:05:25:11 -0500] "GET /wp-content/themes/matrix-model/assets/css/owl.theme.default.min.css HTTP/1.1" 404 265 "http://matrixmodels.com/?dir=%2Fhome%2Fhttpd%2Fhtml%2Fmatrixmodels.com%2Fpublic_html%2Fwp-content%2Fplugins" "Mozilla/5.0 (Windows NT 10.0; Win64; x64) AppleWebKit/537.36 (KHTML, like Gecko) Chrome/116.0.0.0 Safari/537.36"
64.59.72.148 - - [26/Jan/2026:05:26:23 -0500] "GET / HTTP/1.1" 200 4446 "-" "check_http/v2.4.9 (nagios-plugins 2.4.9)"
95.85.238.3 - - [26/Jan/2026:05:26:27 -0500] "GET /wp-login.php HTTP/1.1" 200 6925 "-" "Mozilla/5.0 (Windows NT 6.1) AppleWebKit/537.36 (KHTML, like Gecko) Chrome/35.0.1916.153 Safari/537.36"
95.85.238.3 - - [26/Jan/2026:05:26:28 -0500] "POST /wp-login.php HTTP/1.1" 200 7194 "-" "Mozilla/5.0 (Windows NT 6.1) AppleWebKit/537.36 (KHTML, like Gecko) Chrome/35.0.1916.153 Safari/537.36"
153.230.120.134 - - [26/Jan/2026:05:27:18 -0500] "-" 408 - "-" "-"
153.230.120.134 - - [26/Jan/2026:05:27:24 -0500] "-" 408 - "-" "-"
52.167.144.209 - - [26/Jan/2026:05:28:00 -0500] "GET /wp-content/uploads/2018/05/109-360x520.jpg HTTP/1.1" 200 21504 "-" "Mozilla/5.0 AppleWebKit/537.36 (KHTML, like Gecko; compatible; bingbot/2.0; +http://www.bing.com/bingbot.htm) Chrome/116.0.1938.76 Safari/537.36"
64.59.72.148 - - [26/Jan/2026:05:28:23 -0500] "GET / HTTP/1.1" 200 4446 "-" "check_http/v2.4.9 (nagios-plugins 2.4.9)"
142.44.225.0 - - [26/Jan/2026:05:29:16 -0500] "GET /robots.txt HTTP/1.1" 301 - "-" "Mozilla/5.0 (compatible; AhrefsBot/7.0; +http://ahrefs.com/robot/)"
142.44.225.0 - - [26/Jan/2026:05:29:17 -0500] "GET /robots.txt HTTP/1.1" 200 116 "-" "Mozilla/5.0 (compatible; AhrefsBot/7.0; +http://ahrefs.com/robot/)"
54.39.6.145 - - [26/Jan/2026:05:29:20 -0500] "GET / HTTP/1.1" 301 - "-" "Mozilla/5.0 (compatible; AhrefsBot/7.0; +http://ahrefs.com/robot/)"
64.59.72.148 - - [26/Jan/2026:05:30:23 -0500] "GET / HTTP/1.1" 200 4446 "-" "check_http/v2.4.9 (nagios-plugins 2.4.9)"
64.59.72.148 - - [26/Jan/2026:05:32:23 -0500] "GET / HTTP/1.1" 200 4446 "-" "check_http/v2.4.9 (nagios-plugins 2.4.9)"
188.166.35.151 - - [26/Jan/2026:05:32:42 -0500] "POST /wp-login.php HTTP/1.1" 200 7170 "-" "Mozilla/5.0"
92.101.23.111 - - [26/Jan/2026:05:33:38 -0500] "GET /wp-content/uploads/2021/10/GINGER9.jpg HTTP/1.1" 200 141625 "https://yandex.ru/images/search?img_url=https%3A%2F%2Fi3.wp.com%2Fwww.porn-star.com%2Fginger_grey%2F05.jpg%3Fssl%3D1&lr=2&p=1&pos=25&rpt=simage&text=ginger%20grey%20%D0%B3%D0%BE%D0%BB%D0%B0%D1%8F" "Mozilla/5.0 (X11; Linux x86_64) AppleWebKit/537.36 (KHTML, like Gecko) Chrome/104.0.5112.114 YaBrowser/22.9.1.1116 Yowser/2.5 Safari/537.36"
92.101.23.111 - - [26/Jan/2026:05:34:08 -0500] "-" 408 - "-" "-"
64.59.72.148 - - [26/Jan/2026:05:34:23 -0500] "GET / HTTP/1.1" 200 4446 "-" "check_http/v2.4.9 (nagios-plugins 2.4.9)"
66.249.70.134 - - [26/Jan/2026:05:34:35 -0500] "GET /noms-des-machines-%C3%A0-sous-penny/ HTTP/1.1" 404 8442 "-" "Mozilla/5.0 (Linux; Android 6.0.1; Nexus 5X Build/MMB29P) AppleWebKit/537.36 (KHTML, like Gecko) Chrome/143.0.7499.192 Mobile Safari/537.36 (compatible; Googlebot/2.1; +http://www.google.com/bot.html)"
42.236.17.47 - - [26/Jan/2026:05:34:35 -0500] "GET / HTTP/1.1" 301 - "-" "Mozilla/5.0 (Windows NT 10.0; Win64; x64) AppleWebKit/537.36 (KHTML, like Gecko) Chrome/140.0.0.0 Safari/537.36 Edg/140.0.0.0; 360Spider"
42.236.17.47 - - [26/Jan/2026:05:34:36 -0500] "GET / HTTP/1.1" 200 4446 "-" "Mozilla/5.0 (Windows NT 10.0; Win64; x64) AppleWebKit/537.36 (KHTML, like Gecko) Chrome/140.0.0.0 Safari/537.36 Edg/140.0.0.0; 360Spider"
42.236.17.47 - - [26/Jan/2026:05:34:37 -0500] "GET /wp-content/themes/matrix-model/assets/css/animate.min.css HTTP/1.1" 200 52592 "http://matrixmodels.com/" "Mozilla/5.0 (Windows NT 10.0; Win64; x64) AppleWebKit/537.36 (KHTML, like Gecko) Chrome/140.0.0.0 Safari/537.36 Edg/140.0.0.0; 360Spider"
42.236.17.47 - - [26/Jan/2026:05:34:37 -0500] "GET /wp-content/themes/matrix-model/assets/css/custom.css HTTP/1.1" 200 5229 "http://matrixmodels.com/" "Mozilla/5.0 (Windows NT 10.0; Win64; x64) AppleWebKit/537.36 (KHTML, like Gecko) Chrome/140.0.0.0 Safari/537.36 Edg/140.0.0.0; 360Spider"
42.236.17.47 - - [26/Jan/2026:05:34:37 -0500] "GET /wp-content/themes/matrix-model/assets/css/owl.carousel.min.css HTTP/1.1" 404 260 "http://matrixmodels.com/" "Mozilla/5.0 (Windows NT 10.0; Win64; x64) AppleWebKit/537.36 (KHTML, like Gecko) Chrome/140.0.0.0 Safari/537.36 Edg/140.0.0.0; 360Spider"
42.236.17.47 - - [26/Jan/2026:05:34:37 -0500] "GET /wp-content/themes/matrix-model/assets/css/aos.css HTTP/1.1" 200 26053 "http://matrixmodels.com/" "Mozilla/5.0 (Windows NT 10.0; Win64; x64) AppleWebKit/537.36 (KHTML, like Gecko) Chrome/140.0.0.0 Safari/537.36 Edg/140.0.0.0; 360Spider"
42.236.17.47 - - [26/Jan/2026:05:34:37 -0500] "GET /wp-content/themes/matrix-model/assets/css/owl.theme.default.min.css HTTP/1.1" 404 265 "http://matrixmodels.com/" "Mozilla/5.0 (Windows NT 10.0; Win64; x64) AppleWebKit/537.36 (KHTML, like Gecko) Chrome/140.0.0.0 Safari/537.36 Edg/140.0.0.0; 360Spider"
42.236.17.47 - - [26/Jan/2026:05:34:37 -0500] "GET /wp-content/themes/matrix-model/assets/css/bootstrap_v4.3.1_min.css HTTP/1.1" 200 155712 "http://matrixmodels.com/" "Mozilla/5.0 (Windows NT 10.0; Win64; x64) AppleWebKit/537.36 (KHTML, like Gecko) Chrome/140.0.0.0 Safari/537.36 Edg/140.0.0.0; 360Spider"
107.189.14.25 - - [26/Jan/2026:05:35:12 -0500] "GET /wp-login.php HTTP/1.1" 200 6925 "-" "Mozilla/5.0 (Windows NT 6.3; WOW64) AppleWebKit/537.36 (KHTML, like Gecko) Chrome/35.0.1916.153 Safari/537.36"
107.189.14.25 - - [26/Jan/2026:05:35:13 -0500] "POST /wp-login.php HTTP/1.1" 200 7355 "-" "Mozilla/5.0 (Windows NT 6.3; WOW64) AppleWebKit/537.36 (KHTML, like Gecko) Chrome/35.0.1916.153 Safari/537.36"
107.189.29.24 - - [26/Jan/2026:05:35:40 -0500] "GET /wp-login.php HTTP/1.1" 200 6925 "-" "Mozilla/5.0 (iPad; CPU OS 7_1_1 like Mac OS X) AppleWebKit/537.51.2 (KHTML, like Gecko) Version/7.0 Mobile/11D201 Safari/9537.53"
107.189.29.24 - - [26/Jan/2026:05:35:40 -0500] "POST /wp-login.php HTTP/1.1" 200 7198 "-" "Mozilla/5.0 (iPad; CPU OS 7_1_1 like Mac OS X) AppleWebKit/537.51.2 (KHTML, like Gecko) Version/7.0 Mobile/11D201 Safari/9537.53"
85.208.96.207 - - [26/Jan/2026:05:35:42 -0500] "GET /robots.txt HTTP/1.1" 200 117 "-" "Mozilla/5.0 (compatible; SemrushBot/7~bl; +http://www.semrush.com/bot.html)"
185.191.171.16 - - [26/Jan/2026:05:35:42 -0500] "GET /otw-portfolio/stella-sedona/ HTTP/1.1" 301 - "-" "Mozilla/5.0 (compatible; SemrushBot/7~bl; +http://www.semrush.com/bot.html)"
85.208.96.203 - - [26/Jan/2026:05:35:44 -0500] "GET / HTTP/1.1" 200 4465 "-" "Mozilla/5.0 (compatible; SemrushBot/7~bl; +http://www.semrush.com/bot.html)"
64.59.72.148 - - [26/Jan/2026:05:36:23 -0500] "GET / HTTP/1.1" 200 4446 "-" "check_http/v2.4.9 (nagios-plugins 2.4.9)"
158.220.122.128 - - [26/Jan/2026:05:37:23 -0500] "POST /website/blog/ HTTP/1.1" 404 8442 "-" "Mozilla/5.0 (Macintosh; U; Intel Mac OS X 10_5_7; de-de) AppleWebKit/525.18 (KHTML, like Gecko) Version/3.1.1 Safari/525.20"
158.220.122.128 - - [26/Jan/2026:05:37:29 -0500] "POST /_search HTTP/1.1" 404 8442 "-" "Mozilla/5.0 (X11; Linux x86_64) AppleWebKit/537.36 (KHTML, like Gecko) Chrome/137.0.0.0 Safari/537.36"
51.222.168.101 - - [26/Jan/2026:05:38:17 -0500] "GET /wp-sitemap.xml HTTP/1.1" 200 18534 "-" "Mozilla/5.0 (compatible; AhrefsBot/7.0; +http://ahrefs.com/robot/)"
64.59.72.148 - - [26/Jan/2026:05:38:23 -0500] "GET / HTTP/1.1" 200 4446 "-" "check_http/v2.4.9 (nagios-plugins 2.4.9)"
64.59.72.148 - - [26/Jan/2026:05:40:23 -0500] "GET / HTTP/1.1" 200 4446 "-" "check_http/v2.4.9 (nagios-plugins 2.4.9)"
4.194.24.19 - - [26/Jan/2026:05:41:58 -0500] "GET /function/admin.php HTTP/1.1" 404 8466 "-" "Mozilla/5.0 (Windows NT 10.0; Win64; x64) AppleWebKit/537.36 (KHTML, like Gecko) Chrome/120.0.0.0 Safari/537.36"
4.194.24.19 - - [26/Jan/2026:05:41:58 -0500] "GET /fw.php HTTP/1.1" 404 8466 "-" "Mozilla/5.0 (Windows NT 10.0; Win64; x64) AppleWebKit/537.36 (KHTML, like Gecko) Chrome/120.0.0.0 Safari/537.36"
4.194.24.19 - - [26/Jan/2026:05:41:59 -0500] "GET /gelay.php HTTP/1.1" 404 8466 "-" "Mozilla/5.0 (Windows NT 10.0; Win64; x64) AppleWebKit/537.36 (KHTML, like Gecko) Chrome/120.0.0.0 Safari/537.36"
4.194.24.19 - - [26/Jan/2026:05:41:59 -0500] "GET /goat.php HTTP/1.1" 404 8466 "-" "Mozilla/5.0 (Windows NT 10.0; Win64; x64) AppleWebKit/537.36 (KHTML, like Gecko) Chrome/120.0.0.0 Safari/537.36"
4.194.24.19 - - [26/Jan/2026:05:41:59 -0500] "GET /god4m.php HTTP/1.1" 404 8466 "-" "Mozilla/5.0 (Windows NT 10.0; Win64; x64) AppleWebKit/537.36 (KHTML, like Gecko) Chrome/120.0.0.0 Safari/537.36"
4.194.24.19 - - [26/Jan/2026:05:41:59 -0500] "GET /adminfuns.php HTTP/1.1" 404 8466 "-" "Mozilla/5.0 (Windows NT 10.0; Win64; x64) AppleWebKit/537.36 (KHTML, like Gecko) Chrome/120.0.0.0 Safari/537.36"
4.194.24.19 - - [26/Jan/2026:05:42:00 -0500] "GET /goods.php HTTP/1.1" 404 8466 "-" "Mozilla/5.0 (Windows NT 10.0; Win64; x64) AppleWebKit/537.36 (KHTML, like Gecko) Chrome/120.0.0.0 Safari/537.36"
4.194.24.19 - - [26/Jan/2026:05:42:00 -0500] "GET /images/alfa.php HTTP/1.1" 404 8466 "-" "Mozilla/5.0 (Windows NT 10.0; Win64; x64) AppleWebKit/537.36 (KHTML, like Gecko) Chrome/120.0.0.0 Safari/537.36"
4.194.24.19 - - [26/Jan/2026:05:42:00 -0500] "GET /images/index.php HTTP/1.1" 301 - "-" "Mozilla/5.0 (Windows NT 10.0; Win64; x64) AppleWebKit/537.36 (KHTML, like Gecko) Chrome/120.0.0.0 Safari/537.36"
4.194.24.19 - - [26/Jan/2026:05:42:00 -0500] "GET /images/wso.php HTTP/1.1" 404 8466 "-" "Mozilla/5.0 (Windows NT 10.0; Win64; x64) AppleWebKit/537.36 (KHTML, like Gecko) Chrome/120.0.0.0 Safari/537.36"
4.194.24.19 - - [26/Jan/2026:05:42:01 -0500] "GET /images/xmrlpc.php HTTP/1.1" 404 8466 "-" "Mozilla/5.0 (Windows NT 10.0; Win64; x64) AppleWebKit/537.36 (KHTML, like Gecko) Chrome/120.0.0.0 Safari/537.36"
4.194.24.19 - - [26/Jan/2026:05:42:01 -0500] "GET /index2.php HTTP/1.1" 404 8466 "-" "Mozilla/5.0 (Windows NT 10.0; Win64; x64) AppleWebKit/537.36 (KHTML, like Gecko) Chrome/120.0.0.0 Safari/537.36"
4.194.24.19 - - [26/Jan/2026:05:42:01 -0500] "GET /install.php HTTP/1.1" 404 8466 "-" "Mozilla/5.0 (Windows NT 10.0; Win64; x64) AppleWebKit/537.36 (KHTML, like Gecko) Chrome/120.0.0.0 Safari/537.36"
4.194.24.19 - - [26/Jan/2026:05:42:01 -0500] "GET /lock360.php HTTP/1.1" 404 8466 "-" "Mozilla/5.0 (Windows NT 10.0; Win64; x64) AppleWebKit/537.36 (KHTML, like Gecko) Chrome/120.0.0.0 Safari/537.36"
4.194.24.19 - - [26/Jan/2026:05:42:01 -0500] "GET /networks.php HTTP/1.1" 404 8466 "-" "Mozilla/5.0 (Windows NT 10.0; Win64; x64) AppleWebKit/537.36 (KHTML, like Gecko) Chrome/120.0.0.0 Safari/537.36"
4.194.24.19 - - [26/Jan/2026:05:42:02 -0500] "GET /log.php HTTP/1.1" 404 8466 "-" "Mozilla/5.0 (Windows NT 10.0; Win64; x64) AppleWebKit/537.36 (KHTML, like Gecko) Chrome/120.0.0.0 Safari/537.36"
4.194.24.19 - - [26/Jan/2026:05:42:02 -0500] "GET /luuf.php HTTP/1.1" 404 8466 "-" "Mozilla/5.0 (Windows NT 10.0; Win64; x64) AppleWebKit/537.36 (KHTML, like Gecko) Chrome/120.0.0.0 Safari/537.36"
4.194.24.19 - - [26/Jan/2026:05:42:02 -0500] "GET /makeasmtp.php HTTP/1.1" 404 8466 "-" "Mozilla/5.0 (Windows NT 10.0; Win64; x64) AppleWebKit/537.36 (KHTML, like Gecko) Chrome/120.0.0.0 Safari/537.36"
4.194.24.19 - - [26/Jan/2026:05:42:02 -0500] "GET /mari.php HTTP/1.1" 404 8466 "-" "Mozilla/5.0 (Windows NT 10.0; Win64; x64) AppleWebKit/537.36 (KHTML, like Gecko) Chrome/120.0.0.0 Safari/537.36"
4.194.24.19 - - [26/Jan/2026:05:42:03 -0500] "GET /mm.php HTTP/1.1" 404 8466 "-" "Mozilla/5.0 (Windows NT 10.0; Win64; x64) AppleWebKit/537.36 (KHTML, like Gecko) Chrome/120.0.0.0 Safari/537.36"
4.194.24.19 - - [26/Jan/2026:05:42:03 -0500] "GET /moon.php HTTP/1.1" 404 8466 "-" "Mozilla/5.0 (Windows NT 10.0; Win64; x64) AppleWebKit/537.36 (KHTML, like Gecko) Chrome/120.0.0.0 Safari/537.36"
4.194.24.19 - - [26/Jan/2026:05:42:03 -0500] "GET /nc4.php HTTP/1.1" 404 8466 "-" "Mozilla/5.0 (Windows NT 10.0; Win64; x64) AppleWebKit/537.36 (KHTML, like Gecko) Chrome/120.0.0.0 Safari/537.36"
4.194.24.19 - - [26/Jan/2026:05:42:03 -0500] "GET /new.php HTTP/1.1" 404 8466 "-" "Mozilla/5.0 (Windows NT 10.0; Win64; x64) AppleWebKit/537.36 (KHTML, like Gecko) Chrome/120.0.0.0 Safari/537.36"
4.194.24.19 - - [26/Jan/2026:05:42:04 -0500] "GET /wp-good.php HTTP/1.1" 404 8466 "-" "Mozilla/5.0 (Windows NT 10.0; Win64; x64) AppleWebKit/537.36 (KHTML, like Gecko) Chrome/120.0.0.0 Safari/537.36"
4.194.24.19 - - [26/Jan/2026:05:42:04 -0500] "GET /h.php HTTP/1.1" 404 8466 "-" "Mozilla/5.0 (Windows NT 10.0; Win64; x64) AppleWebKit/537.36 (KHTML, like Gecko) Chrome/120.0.0.0 Safari/537.36"
4.194.24.19 - - [26/Jan/2026:05:42:04 -0500] "GET /tmp.php HTTP/1.1" 404 8466 "-" "Mozilla/5.0 (Windows NT 10.0; Win64; x64) AppleWebKit/537.36 (KHTML, like Gecko) Chrome/120.0.0.0 Safari/537.36"
4.194.24.19 - - [26/Jan/2026:05:42:04 -0500] "GET /wp-admin/images/atomlib.php HTTP/1.1" 404 8466 "-" "Mozilla/5.0 (Windows NT 10.0; Win64; x64) AppleWebKit/537.36 (KHTML, like Gecko) Chrome/120.0.0.0 Safari/537.36"
4.194.24.19 - - [26/Jan/2026:05:42:05 -0500] "GET /wp-admin/includes/rk2.php HTTP/1.1" 404 8466 "-" "Mozilla/5.0 (Windows NT 10.0; Win64; x64) AppleWebKit/537.36 (KHTML, like Gecko) Chrome/120.0.0.0 Safari/537.36"
4.194.24.19 - - [26/Jan/2026:05:42:05 -0500] "GET /wp-content/admin-header.php HTTP/1.1" 404 225 "-" "Mozilla/5.0 (Windows NT 10.0; Win64; x64) AppleWebKit/537.36 (KHTML, like Gecko) Chrome/120.0.0.0 Safari/537.36"
4.194.24.19 - - [26/Jan/2026:05:42:05 -0500] "GET /wp-content/plugins/wp-diambar/includes/loadme.php HTTP/1.1" 404 247 "-" "Mozilla/5.0 (Windows NT 10.0; Win64; x64) AppleWebKit/537.36 (KHTML, like Gecko) Chrome/120.0.0.0 Safari/537.36"
4.194.24.19 - - [26/Jan/2026:05:42:05 -0500] "GET /wp-content/themes/twentyfifteen/ HTTP/1.1" 404 230 "-" "Mozilla/5.0 (Windows NT 10.0; Win64; x64) AppleWebKit/537.36 (KHTML, like Gecko) Chrome/120.0.0.0 Safari/537.36"
4.194.24.19 - - [26/Jan/2026:05:42:06 -0500] "GET /wp-content/uploads/ HTTP/1.1" 200 34497 "-" "Mozilla/5.0 (Windows NT 10.0; Win64; x64) AppleWebKit/537.36 (KHTML, like Gecko) Chrome/120.0.0.0 Safari/537.36"
4.194.24.19 - - [26/Jan/2026:05:42:07 -0500] "GET /wp-content/wp-conflg.php HTTP/1.1" 404 222 "-" "Mozilla/5.0 (Windows NT 10.0; Win64; x64) AppleWebKit/537.36 (KHTML, like Gecko) Chrome/120.0.0.0 Safari/537.36"
4.194.24.19 - - [26/Jan/2026:05:42:07 -0500] "GET /wp-content/wp.php HTTP/1.1" 404 215 "-" "Mozilla/5.0 (Windows NT 10.0; Win64; x64) AppleWebKit/537.36 (KHTML, like Gecko) Chrome/120.0.0.0 Safari/537.36"
4.194.24.19 - - [26/Jan/2026:05:42:07 -0500] "GET /wp-includes/Requests/about.php HTTP/1.1" 404 8466 "-" "Mozilla/5.0 (Windows NT 10.0; Win64; x64) AppleWebKit/537.36 (KHTML, like Gecko) Chrome/120.0.0.0 Safari/537.36"
4.194.24.19 - - [26/Jan/2026:05:42:07 -0500] "GET /wp-includes/assets/index.php HTTP/1.1" 301 - "-" "Mozilla/5.0 (Windows NT 10.0; Win64; x64) AppleWebKit/537.36 (KHTML, like Gecko) Chrome/120.0.0.0 Safari/537.36"
4.194.24.19 - - [26/Jan/2026:05:42:08 -0500] "GET /wp-includes/images/index.php HTTP/1.1" 301 - "-" "Mozilla/5.0 (Windows NT 10.0; Win64; x64) AppleWebKit/537.36 (KHTML, like Gecko) Chrome/120.0.0.0 Safari/537.36"
4.194.24.19 - - [26/Jan/2026:05:42:08 -0500] "GET /wp-includes/index.php HTTP/1.1" 301 - "-" "Mozilla/5.0 (Windows NT 10.0; Win64; x64) AppleWebKit/537.36 (KHTML, like Gecko) Chrome/120.0.0.0 Safari/537.36"
4.194.24.19 - - [26/Jan/2026:05:42:08 -0500] "GET /wp-includes/js/dist/development/ HTTP/1.1" 404 8466 "-" "Mozilla/5.0 (Windows NT 10.0; Win64; x64) AppleWebKit/537.36 (KHTML, like Gecko) Chrome/120.0.0.0 Safari/537.36"
4.194.24.19 - - [26/Jan/2026:05:42:08 -0500] "GET /wp-includes/style-engine/index.php HTTP/1.1" 301 - "-" "Mozilla/5.0 (Windows NT 10.0; Win64; x64) AppleWebKit/537.36 (KHTML, like Gecko) Chrome/120.0.0.0 Safari/537.36"
4.194.24.19 - - [26/Jan/2026:05:42:08 -0500] "GET /www.php HTTP/1.1" 404 8466 "-" "Mozilla/5.0 (Windows NT 10.0; Win64; x64) AppleWebKit/537.36 (KHTML, like Gecko) Chrome/120.0.0.0 Safari/537.36"
4.194.24.19 - - [26/Jan/2026:05:42:09 -0500] "GET /.well-known/admin.php HTTP/1.1" 500 535 "-" "Mozilla/5.0 (Windows NT 10.0; Win64; x64) AppleWebKit/537.36 (KHTML, like Gecko) Chrome/120.0.0.0 Safari/537.36"
4.194.24.19 - - [26/Jan/2026:05:42:10 -0500] "GET /d.php HTTP/1.1" 404 8466 "-" "Mozilla/5.0 (Windows NT 10.0; Win64; x64) AppleWebKit/537.36 (KHTML, like Gecko) Chrome/120.0.0.0 Safari/537.36"
4.194.24.19 - - [26/Jan/2026:05:42:10 -0500] "GET /head.php HTTP/1.1" 404 8466 "-" "Mozilla/5.0 (Windows NT 10.0; Win64; x64) AppleWebKit/537.36 (KHTML, like Gecko) Chrome/120.0.0.0 Safari/537.36"
4.194.24.19 - - [26/Jan/2026:05:42:10 -0500] "GET /phpinfo.php HTTP/1.1" 404 8466 "-" "Mozilla/5.0 (Windows NT 10.0; Win64; x64) AppleWebKit/537.36 (KHTML, like Gecko) Chrome/120.0.0.0 Safari/537.36"
4.194.24.19 - - [26/Jan/2026:05:42:10 -0500] "GET /sa.php HTTP/1.1" 404 8466 "-" "Mozilla/5.0 (Windows NT 10.0; Win64; x64) AppleWebKit/537.36 (KHTML, like Gecko) Chrome/120.0.0.0 Safari/537.36"
4.194.24.19 - - [26/Jan/2026:05:42:11 -0500] "GET /sx.php HTTP/1.1" 404 8466 "-" "Mozilla/5.0 (Windows NT 10.0; Win64; x64) AppleWebKit/537.36 (KHTML, like Gecko) Chrome/120.0.0.0 Safari/537.36"
4.194.24.19 - - [26/Jan/2026:05:42:11 -0500] "GET /uploaded_script.php HTTP/1.1" 404 8466 "-" "Mozilla/5.0 (Windows NT 10.0; Win64; x64) AppleWebKit/537.36 (KHTML, like Gecko) Chrome/120.0.0.0 Safari/537.36"
64.59.72.148 - - [26/Jan/2026:05:42:23 -0500] "GET / HTTP/1.1" 200 4446 "-" "check_http/v2.4.9 (nagios-plugins 2.4.9)"
153.230.120.134 - - [26/Jan/2026:05:43:08 -0500] "-" 408 - "-" "-"
153.230.120.134 - - [26/Jan/2026:05:43:08 -0500] "-" 408 - "-" "-"
64.59.72.148 - - [26/Jan/2026:05:44:23 -0500] "GET / HTTP/1.1" 200 4446 "-" "check_http/v2.4.9 (nagios-plugins 2.4.9)"
37.65.160.42 - - [26/Jan/2026:05:46:08 -0500] "GET /wp-content/themes/matrix-model/assets/images/logo/favicon.png HTTP/1.1" 404 259 "https://forums.socialmediagirls.com/" "Mozilla/5.0 (Macintosh; Intel Mac OS X 10_15_7) AppleWebKit/605.1.15 (KHTML, like Gecko) Version/26.2 Safari/605.1.15"
188.166.35.151 - - [26/Jan/2026:05:46:17 -0500] "POST /wp-login.php HTTP/1.1" 200 7170 "-" "Mozilla/5.0"
64.59.72.148 - - [26/Jan/2026:05:46:23 -0500] "GET / HTTP/1.1" 200 4446 "-" "check_http/v2.4.9 (nagios-plugins 2.4.9)"
142.44.225.241 - - [26/Jan/2026:05:46:51 -0500] "GET /wp-sitemap.xml HTTP/1.1" 200 18479 "-" "Mozilla/5.0 (compatible; AhrefsBot/7.0; +http://ahrefs.com/robot/)"
17.241.75.32 - - [26/Jan/2026:05:46:53 -0500] "GET /robots.txt HTTP/1.1" 200 117 "-" "Mozilla/5.0 (Macintosh; Intel Mac OS X 10_15_7) AppleWebKit/605.1.15 (KHTML, like Gecko) Version/17.4 Safari/605.1.15 (Applebot/0.1; +http://www.apple.com/go/applebot)"
17.241.75.32 - - [26/Jan/2026:05:46:53 -0500] "GET /wp-content/uploads/2018/07/Test-shot_june-5_021.jpg HTTP/1.1" 200 246727 "-" "Mozilla/5.0 (Macintosh; Intel Mac OS X 10_15_7) AppleWebKit/605.1.15 (KHTML, like Gecko) Version/17.4 Safari/605.1.15 (Applebot/0.1; +http://www.apple.com/go/applebot)"
5.255.231.37 - - [26/Jan/2026:05:47:27 -0500] "GET /wp-content/uploads/2015/01/2.jpg HTTP/1.1" 200 76762 "-" "Mozilla/5.0 (compatible; YandexImages/3.0; +http://yandex.com/bots)"
64.59.72.148 - - [26/Jan/2026:05:48:23 -0500] "GET / HTTP/1.1" 200 4446 "-" "check_http/v2.4.9 (nagios-plugins 2.4.9)"
178.157.181.144 - - [26/Jan/2026:05:48:59 -0500] "GET /wp-content/uploads/2017/04/xx27.jpg HTTP/1.1" 200 230924 "https://yandex.ru/" "Mozilla/5.0 (Linux; arm_64; Android 12; TECNO CH6i) AppleWebKit/537.36 (KHTML, like Gecko) Chrome/140.0.7339.710 YaApp_Android/25.104.1 YaSearchBrowser/25.104.1 BroPP/1.0 SA/3 Mobile Safari/537.36"
52.167.144.187 - - [26/Jan/2026:05:49:32 -0500] "GET /wp-content/uploads/2016/11/LUNA-7.jpg HTTP/1.1" 200 141558 "-" "Mozilla/5.0 AppleWebKit/537.36 (KHTML, like Gecko; compatible; bingbot/2.0; +http://www.bing.com/bingbot.htm) Chrome/116.0.1938.76 Safari/537.36"
64.59.72.148 - - [26/Jan/2026:05:50:23 -0500] "GET / HTTP/1.1" 200 4446 "-" "check_http/v2.4.9 (nagios-plugins 2.4.9)"
54.236.1.11 - - [26/Jan/2026:05:50:46 -0500] "GET /otw-portfolio/alex-grey/ HTTP/1.1" 301 - "-" "Mozilla/5.0 (compatible; Pinterestbot/1.0; +http://www.pinterest.com/bot.html)"
54.236.1.11 - - [26/Jan/2026:05:50:46 -0500] "GET / HTTP/1.1" 200 4446 "-" "Mozilla/5.0 (compatible; Pinterestbot/1.0; +http://www.pinterest.com/bot.html)"
2.84.238.229 - - [26/Jan/2026:05:51:55 -0500] "-" 408 - "-" "-"
64.59.72.148 - - [26/Jan/2026:05:52:23 -0500] "GET / HTTP/1.1" 200 4446 "-" "check_http/v2.4.9 (nagios-plugins 2.4.9)"
64.59.72.148 - - [26/Jan/2026:05:54:23 -0500] "GET / HTTP/1.1" 200 4446 "-" "check_http/v2.4.9 (nagios-plugins 2.4.9)"
102.212.188.26 - - [26/Jan/2026:05:54:25 -0500] "GET /wp-content/uploads/2022/02/MARIA-15.jpg HTTP/1.1" 200 136178 "https://www.google.com/" "Mozilla/5.0 (Linux; Android 10; K) AppleWebKit/537.36 (KHTML, like Gecko) Chrome/143.0.0.0 Mobile Safari/537.36"
102.212.188.26 - - [26/Jan/2026:05:54:37 -0500] "GET / HTTP/1.1" 200 4465 "https://www.google.com/" "Mozilla/5.0 (Linux; Android 10; K) AppleWebKit/537.36 (KHTML, like Gecko) Chrome/143.0.0.0 Mobile Safari/537.36"
102.212.188.26 - - [26/Jan/2026:05:54:38 -0500] "GET /wp-content/themes/matrix-model/assets/css/owl.carousel.min.css HTTP/1.1" 404 260 "https://matrixmodels.com/" "Mozilla/5.0 (Linux; Android 10; K) AppleWebKit/537.36 (KHTML, like Gecko) Chrome/143.0.0.0 Mobile Safari/537.36"
102.212.188.26 - - [26/Jan/2026:05:54:38 -0500] "GET /wp-content/themes/matrix-model/assets/css/owl.theme.default.min.css HTTP/1.1" 404 265 "https://matrixmodels.com/" "Mozilla/5.0 (Linux; Android 10; K) AppleWebKit/537.36 (KHTML, like Gecko) Chrome/143.0.0.0 Mobile Safari/537.36"
102.212.188.26 - - [26/Jan/2026:05:54:39 -0500] "GET /wp-content/themes/matrix-model/assets/images/logo/favicon.png HTTP/1.1" 404 259 "https://matrixmodels.com/" "Mozilla/5.0 (Linux; Android 10; K) AppleWebKit/537.36 (KHTML, like Gecko) Chrome/143.0.0.0 Mobile Safari/537.36"
102.212.188.26 - - [26/Jan/2026:05:55:08 -0500] "-" 408 - "-" "-"
51.222.168.160 - - [26/Jan/2026:05:55:09 -0500] "GET /5-10/ HTTP/1.1" 200 12366 "-" "Mozilla/5.0 (compatible; AhrefsBot/7.0; +http://ahrefs.com/robot/)"
151.35.104.15 - - [26/Jan/2026:05:55:39 -0500] "-" 408 - "-" "-"
209.141.52.212 - - [26/Jan/2026:05:56:11 -0500] "GET /wp-login.php HTTP/1.1" 200 6925 "-" "Mozilla/5.0 (Windows NT 6.1; rv:24.0) Gecko/20100101 Firefox/24.0"
209.141.52.212 - - [26/Jan/2026:05:56:11 -0500] "POST /wp-login.php HTTP/1.1" 200 7217 "-" "Mozilla/5.0 (Windows NT 6.1; rv:24.0) Gecko/20100101 Firefox/24.0"
64.59.72.148 - - [26/Jan/2026:05:56:23 -0500] "GET / HTTP/1.1" 200 4446 "-" "check_http/v2.4.9 (nagios-plugins 2.4.9)"
64.59.72.148 - - [26/Jan/2026:05:58:23 -0500] "GET / HTTP/1.1" 200 4446 "-" "check_http/v2.4.9 (nagios-plugins 2.4.9)"
188.166.35.151 - - [26/Jan/2026:06:00:08 -0500] "POST /wp-login.php HTTP/1.1" 200 7170 "-" "Mozilla/5.0"
64.59.72.148 - - [26/Jan/2026:06:00:23 -0500] "GET / HTTP/1.1" 200 4446 "-" "check_http/v2.4.9 (nagios-plugins 2.4.9)"
107.189.14.99 - - [26/Jan/2026:06:01:47 -0500] "GET /wp-login.php HTTP/1.1" 200 6901 "-" "Mozilla/5.0 (compatible; MSIE 10.0; Windows NT 6.1; WOW64; Trident/6.0)"
107.189.14.99 - - [26/Jan/2026:06:01:48 -0500] "POST /wp-login.php HTTP/1.1" 200 7310 "-" "Mozilla/5.0 (compatible; MSIE 10.0; Windows NT 6.1; WOW64; Trident/6.0)"
64.59.72.148 - - [26/Jan/2026:06:02:23 -0500] "GET / HTTP/1.1" 200 4446 "-" "check_http/v2.4.9 (nagios-plugins 2.4.9)"
147.185.133.39 - - [26/Jan/2026:06:02:41 -0500] "GET / HTTP/1.1" 200 4465 "-" "Hello from Palo Alto Networks, find out more about our scans in https://docs-cortex.paloaltonetworks.com/r/1/Cortex-Xpanse/Scanning-activity"
148.113.128.20 - - [26/Jan/2026:06:04:02 -0500] "GET /6-4/ HTTP/1.1" 200 12320 "-" "Mozilla/5.0 (compatible; AhrefsBot/7.0; +http://ahrefs.com/robot/)"
107.189.30.231 - - [26/Jan/2026:06:04:07 -0500] "GET /wp-login.php HTTP/1.1" 200 6925 "-" "Mozilla/5.0 (Macintosh; Intel Mac OS X 10_9_4) AppleWebKit/537.77.4 (KHTML, like Gecko) Version/7.0.5 Safari/537.77.4"
107.189.30.231 - - [26/Jan/2026:06:04:08 -0500] "POST /wp-login.php HTTP/1.1" 200 7340 "-" "Mozilla/5.0 (Macintosh; Intel Mac OS X 10_9_4) AppleWebKit/537.77.4 (KHTML, like Gecko) Version/7.0.5 Safari/537.77.4"
207.46.13.87 - - [26/Jan/2026:06:04:09 -0500] "GET /les-meilleures-astuces-pour-machines-%C3%A0-sous/ HTTP/1.1" 404 8442 "-" "Mozilla/5.0 AppleWebKit/537.36 (KHTML, like Gecko; compatible; bingbot/2.0; +http://www.bing.com/bingbot.htm) Chrome/116.0.1938.76 Safari/537.36"
123.60.129.121 - - [26/Jan/2026:06:04:16 -0500] "GET /wp-login.php HTTP/1.1" 200 6925 "-" "Mozilla/5.0 (Windows NT 10.0; Win64; x64) AppleWebKit/537.36 (KHTML, like Gecko) Chrome/80.0.3987.149 Safari/537.36"
64.59.72.148 - - [26/Jan/2026:06:04:23 -0500] "GET / HTTP/1.1" 200 4446 "-" "check_http/v2.4.9 (nagios-plugins 2.4.9)"
64.59.72.148 - - [26/Jan/2026:06:06:23 -0500] "GET / HTTP/1.1" 200 4446 "-" "check_http/v2.4.9 (nagios-plugins 2.4.9)"
74.208.174.68 - - [26/Jan/2026:06:06:29 -0500] "POST /wp-content/plugins/mqltg/index.php HTTP/1.1" 403 6 "-" "Mozilla/5.0 (Windows NT 10.0; Win64; x64) AppleWebKit/537.36 (KHTML, like Gecko) Chrome/138.0.0.0 Safari/537.36"
74.208.174.68 - - [26/Jan/2026:06:06:30 -0500] "GET /wp-content/plugins/mqltg/AOXEN_BOT.php?GET=DE HTTP/1.1" 404 236 "-" "Mozilla/5.0 (Windows NT 10.0; Win64; x64) AppleWebKit/537.36 (KHTML, like Gecko) Chrome/138.0.0.0 Safari/537.36"
74.208.174.68 - - [26/Jan/2026:06:06:30 -0500] "POST /wp-content/plugins/jelch/index.php HTTP/1.1" 403 6 "-" "Mozilla/5.0 (Windows NT 10.0; Win64; x64) AppleWebKit/537.36 (KHTML, like Gecko) Chrome/138.0.0.0 Safari/537.36"
74.208.174.68 - - [26/Jan/2026:06:06:30 -0500] "GET /wp-content/plugins/jelch/AOXEN_BOT.php?GET=DE HTTP/1.1" 404 236 "-" "Mozilla/5.0 (Windows NT 10.0; Win64; x64) AppleWebKit/537.36 (KHTML, like Gecko) Chrome/138.0.0.0 Safari/537.36"
74.208.174.68 - - [26/Jan/2026:06:06:30 -0500] "POST /wp-content/plugins/bqceu/index.php HTTP/1.1" 403 6 "-" "Mozilla/5.0 (Windows NT 10.0; Win64; x64) AppleWebKit/537.36 (KHTML, like Gecko) Chrome/138.0.0.0 Safari/537.36"
74.208.174.68 - - [26/Jan/2026:06:06:31 -0500] "GET /wp-content/plugins/bqceu/AOXEN_BOT.php?GET=DE HTTP/1.1" 404 236 "-" "Mozilla/5.0 (Windows NT 10.0; Win64; x64) AppleWebKit/537.36 (KHTML, like Gecko) Chrome/138.0.0.0 Safari/537.36"
36.250.220.81 - - [26/Jan/2026:06:07:03 -0500] "GET /.well-known/matrix/client HTTP/1.1" 500 535 "-" "Mozilla/5.0 (Windows NT 10.0; Win64; x64) AppleWebKit/537.36 (KHTML, like Gecko) Chrome/87.0.4280.88 Safari/537.36"
216.244.66.230 - - [26/Jan/2026:06:07:04 -0500] "GET /robots.txt HTTP/1.1" 200 116 "-" "Mozilla/5.0 (compatible; DotBot/1.2; +https://opensiteexplorer.org/dotbot; help@moz.com)"
74.206.165.145 - - [26/Jan/2026:06:08:23 -0500] "POST /wp-cron.php?doing_wp_cron=1769425703.2125039100646972656250 HTTP/1.1" 200 - "http://matrixmodels.com/wp-cron.php?doing_wp_cron=1769425703.2125039100646972656250" "WordPress/5.6.16; http://matrixmodels.com"
64.59.72.148 - - [26/Jan/2026:06:08:23 -0500] "GET / HTTP/1.1" 200 4446 "-" "check_http/v2.4.9 (nagios-plugins 2.4.9)"
74.208.174.68 - - [26/Jan/2026:06:09:58 -0500] "POST /wp-content/plugins/pfail/index.php HTTP/1.1" 403 6 "-" "Mozilla/5.0 (Windows NT 10.0; Win64; x64) AppleWebKit/537.36 (KHTML, like Gecko) Chrome/138.0.0.0 Safari/537.36"
74.208.174.68 - - [26/Jan/2026:06:09:58 -0500] "GET /wp-content/plugins/pfail/AOXEN_BOT.php?GET=DE HTTP/1.1" 404 236 "-" "Mozilla/5.0 (Windows NT 10.0; Win64; x64) AppleWebKit/537.36 (KHTML, like Gecko) Chrome/138.0.0.0 Safari/537.36"
74.208.174.68 - - [26/Jan/2026:06:09:59 -0500] "POST /wp-content/plugins/qgowx/index.php HTTP/1.1" 403 6 "-" "Mozilla/5.0 (Windows NT 10.0; Win64; x64) AppleWebKit/537.36 (KHTML, like Gecko) Chrome/138.0.0.0 Safari/537.36"
74.208.174.68 - - [26/Jan/2026:06:09:59 -0500] "GET /wp-content/plugins/qgowx/AOXEN_BOT.php?GET=DE HTTP/1.1" 404 236 "-" "Mozilla/5.0 (Windows NT 10.0; Win64; x64) AppleWebKit/537.36 (KHTML, like Gecko) Chrome/138.0.0.0 Safari/537.36"
74.208.174.68 - - [26/Jan/2026:06:10:01 -0500] "POST /wp-content/plugins/vkdoy/index.php HTTP/1.1" 403 6 "-" "Mozilla/5.0 (Windows NT 10.0; Win64; x64) AppleWebKit/537.36 (KHTML, like Gecko) Chrome/138.0.0.0 Safari/537.36"
74.208.174.68 - - [26/Jan/2026:06:10:01 -0500] "GET /wp-content/plugins/vkdoy/AOXEN_BOT.php?GET=DE HTTP/1.1" 404 236 "-" "Mozilla/5.0 (Windows NT 10.0; Win64; x64) AppleWebKit/537.36 (KHTML, like Gecko) Chrome/138.0.0.0 Safari/537.36"
74.208.174.68 - - [26/Jan/2026:06:10:19 -0500] "POST /wp-content/plugins/upkyp/index.php HTTP/1.1" 403 6 "-" "Mozilla/5.0 (Windows NT 10.0; Win64; x64) AppleWebKit/537.36 (KHTML, like Gecko) Chrome/138.0.0.0 Safari/537.36"
74.208.174.68 - - [26/Jan/2026:06:10:19 -0500] "GET /wp-content/plugins/upkyp/AOXEN_BOT.php?GET=DE HTTP/1.1" 404 236 "-" "Mozilla/5.0 (Windows NT 10.0; Win64; x64) AppleWebKit/537.36 (KHTML, like Gecko) Chrome/138.0.0.0 Safari/537.36"
64.59.72.148 - - [26/Jan/2026:06:10:23 -0500] "GET / HTTP/1.1" 200 4446 "-" "check_http/v2.4.9 (nagios-plugins 2.4.9)"
95.37.168.104 - - [26/Jan/2026:06:11:59 -0500] "GET /otw-portfolio/amber-moore/ HTTP/1.1" 301 - "https://yandex.ru/" "Mozilla/5.0 (Macintosh; Intel Mac OS X 10_15_7) AppleWebKit/605.1.15 (KHTML, like Gecko) Version/16.6.1 Safari/605.1.15"
95.37.168.104 - - [26/Jan/2026:06:11:59 -0500] "GET / HTTP/1.1" 200 4465 "https://yandex.ru/" "Mozilla/5.0 (Macintosh; Intel Mac OS X 10_15_7) AppleWebKit/605.1.15 (KHTML, like Gecko) Version/16.6.1 Safari/605.1.15"
95.37.168.104 - - [26/Jan/2026:06:12:00 -0500] "GET /wp-content/themes/matrix-model/assets/css/aos.css HTTP/1.1" 200 26053 "https://matrixmodels.com/" "Mozilla/5.0 (Macintosh; Intel Mac OS X 10_15_7) AppleWebKit/605.1.15 (KHTML, like Gecko) Version/16.6.1 Safari/605.1.15"
95.37.168.104 - - [26/Jan/2026:06:12:00 -0500] "GET /wp-content/themes/matrix-model/assets/css/bootstrap_v4.3.1_min.css HTTP/1.1" 200 155712 "https://matrixmodels.com/" "Mozilla/5.0 (Macintosh; Intel Mac OS X 10_15_7) AppleWebKit/605.1.15 (KHTML, like Gecko) Version/16.6.1 Safari/605.1.15"
95.37.168.104 - - [26/Jan/2026:06:12:00 -0500] "GET /wp-content/themes/matrix-model/assets/css/owl.theme.default.min.css HTTP/1.1" 404 265 "https://matrixmodels.com/" "Mozilla/5.0 (Macintosh; Intel Mac OS X 10_15_7) AppleWebKit/605.1.15 (KHTML, like Gecko) Version/16.6.1 Safari/605.1.15"
95.37.168.104 - - [26/Jan/2026:06:12:00 -0500] "GET /wp-content/themes/matrix-model/assets/css/owl.carousel.min.css HTTP/1.1" 404 260 "https://matrixmodels.com/" "Mozilla/5.0 (Macintosh; Intel Mac OS X 10_15_7) AppleWebKit/605.1.15 (KHTML, like Gecko) Version/16.6.1 Safari/605.1.15"
95.37.168.104 - - [26/Jan/2026:06:12:00 -0500] "GET /wp-content/themes/matrix-model/assets/css/custom.css HTTP/1.1" 200 5229 "https://matrixmodels.com/" "Mozilla/5.0 (Macintosh; Intel Mac OS X 10_15_7) AppleWebKit/605.1.15 (KHTML, like Gecko) Version/16.6.1 Safari/605.1.15"
95.37.168.104 - - [26/Jan/2026:06:12:00 -0500] "GET /wp-content/themes/matrix-model/assets/images/more/i-1.jpg HTTP/1.1" 200 39164 "https://matrixmodels.com/" "Mozilla/5.0 (Macintosh; Intel Mac OS X 10_15_7) AppleWebKit/605.1.15 (KHTML, like Gecko) Version/16.6.1 Safari/605.1.15"
95.37.168.104 - - [26/Jan/2026:06:12:00 -0500] "GET /wp-content/themes/matrix-model/assets/css/animate.min.css HTTP/1.1" 200 52592 "https://matrixmodels.com/" "Mozilla/5.0 (Macintosh; Intel Mac OS X 10_15_7) AppleWebKit/605.1.15 (KHTML, like Gecko) Version/16.6.1 Safari/605.1.15"
95.37.168.104 - - [26/Jan/2026:06:12:00 -0500] "GET /wp-content/themes/matrix-model/assets/images/more/i-3.jpg HTTP/1.1" 200 36068 "https://matrixmodels.com/" "Mozilla/5.0 (Macintosh; Intel Mac OS X 10_15_7) AppleWebKit/605.1.15 (KHTML, like Gecko) Version/16.6.1 Safari/605.1.15"
95.37.168.104 - - [26/Jan/2026:06:12:00 -0500] "GET /wp-content/themes/matrix-model/assets/images/more/i-4.jpg HTTP/1.1" 200 28534 "https://matrixmodels.com/" "Mozilla/5.0 (Macintosh; Intel Mac OS X 10_15_7) AppleWebKit/605.1.15 (KHTML, like Gecko) Version/16.6.1 Safari/605.1.15"
95.37.168.104 - - [26/Jan/2026:06:12:00 -0500] "GET /wp-content/themes/matrix-model/assets/images/more/i-5.jpg HTTP/1.1" 200 35264 "https://matrixmodels.com/" "Mozilla/5.0 (Macintosh; Intel Mac OS X 10_15_7) AppleWebKit/605.1.15 (KHTML, like Gecko) Version/16.6.1 Safari/605.1.15"
95.37.168.104 - - [26/Jan/2026:06:12:00 -0500] "GET /wp-content/themes/matrix-model/assets/images/more/i-6.jpg HTTP/1.1" 200 39553 "https://matrixmodels.com/" "Mozilla/5.0 (Macintosh; Intel Mac OS X 10_15_7) AppleWebKit/605.1.15 (KHTML, like Gecko) Version/16.6.1 Safari/605.1.15"
95.37.168.104 - - [26/Jan/2026:06:12:00 -0500] "GET /wp-content/themes/matrix-model/assets/images/more/i-2.jpg HTTP/1.1" 200 44619 "https://matrixmodels.com/" "Mozilla/5.0 (Macintosh; Intel Mac OS X 10_15_7) AppleWebKit/605.1.15 (KHTML, like Gecko) Version/16.6.1 Safari/605.1.15"
95.37.168.104 - - [26/Jan/2026:06:12:00 -0500] "GET /wp-content/themes/matrix-model/assets/images/more/i-7.jpg HTTP/1.1" 200 35534 "https://matrixmodels.com/" "Mozilla/5.0 (Macintosh; Intel Mac OS X 10_15_7) AppleWebKit/605.1.15 (KHTML, like Gecko) Version/16.6.1 Safari/605.1.15"
95.37.168.104 - - [26/Jan/2026:06:12:01 -0500] "GET /wp-content/themes/matrix-model/assets/images/more/i-9.jpg HTTP/1.1" 200 39513 "https://matrixmodels.com/" "Mozilla/5.0 (Macintosh; Intel Mac OS X 10_15_7) AppleWebKit/605.1.15 (KHTML, like Gecko) Version/16.6.1 Safari/605.1.15"
95.37.168.104 - - [26/Jan/2026:06:12:01 -0500] "GET /wp-content/themes/matrix-model/assets/images/more/i-8.jpg HTTP/1.1" 200 31506 "https://matrixmodels.com/" "Mozilla/5.0 (Macintosh; Intel Mac OS X 10_15_7) AppleWebKit/605.1.15 (KHTML, like Gecko) Version/16.6.1 Safari/605.1.15"
95.37.168.104 - - [26/Jan/2026:06:12:01 -0500] "GET /wp-content/uploads/2021/07/logo.png HTTP/1.1" 200 181002 "https://matrixmodels.com/" "Mozilla/5.0 (Macintosh; Intel Mac OS X 10_15_7) AppleWebKit/605.1.15 (KHTML, like Gecko) Version/16.6.1 Safari/605.1.15"
64.59.72.148 - - [26/Jan/2026:06:12:23 -0500] "GET / HTTP/1.1" 200 4446 "-" "check_http/v2.4.9 (nagios-plugins 2.4.9)"
54.39.203.8 - - [26/Jan/2026:06:12:24 -0500] "GET /13/ HTTP/1.1" 200 12362 "-" "Mozilla/5.0 (compatible; AhrefsBot/7.0; +http://ahrefs.com/robot/)"
156.240.117.4 - - [26/Jan/2026:06:12:43 -0500] "GET /wp-content/uploads/2015/12/bailey-brooke-8.jpg HTTP/1.1" 200 64368 "-" "python-requests/2.27.0"
188.166.35.151 - - [26/Jan/2026:06:14:05 -0500] "POST /wp-login.php HTTP/1.1" 200 7170 "-" "Mozilla/5.0"
64.59.72.148 - - [26/Jan/2026:06:14:23 -0500] "GET / HTTP/1.1" 200 4446 "-" "check_http/v2.4.9 (nagios-plugins 2.4.9)"
216.244.66.230 - - [26/Jan/2026:06:15:15 -0500] "GET /wp-content/uploads/2015/12/NINA-8.jpg HTTP/1.1" 200 130437 "-" "Mozilla/5.0 (compatible; DotBot/1.2; +https://opensiteexplorer.org/dotbot; help@moz.com)"
216.244.66.230 - - [26/Jan/2026:06:15:23 -0500] "GET /wp-content/uploads/2018/11/17.jpg HTTP/1.1" 200 82586 "-" "Mozilla/5.0 (compatible; DotBot/1.2; +https://opensiteexplorer.org/dotbot; help@moz.com)"
74.208.174.68 - - [26/Jan/2026:06:15:23 -0500] "POST /wp-content/plugins/cjcfn/index.php HTTP/1.1" 403 6 "-" "Mozilla/5.0 (Windows NT 10.0; Win64; x64) AppleWebKit/537.36 (KHTML, like Gecko) Chrome/138.0.0.0 Safari/537.36"
74.208.174.68 - - [26/Jan/2026:06:15:23 -0500] "GET /wp-content/plugins/cjcfn/AOXEN_BOT.php?GET=DE HTTP/1.1" 404 236 "-" "Mozilla/5.0 (Windows NT 10.0; Win64; x64) AppleWebKit/537.36 (KHTML, like Gecko) Chrome/138.0.0.0 Safari/537.36"
64.59.72.148 - - [26/Jan/2026:06:16:23 -0500] "GET / HTTP/1.1" 200 4446 "-" "check_http/v2.4.9 (nagios-plugins 2.4.9)"
114.119.149.159 - - [26/Jan/2026:06:16:37 -0500] "GET /otw-portfolio/olivia-nova HTTP/1.1" 301 - "https://www.thenude.com/Olivia%20Nova_40962.htm" "Mozilla/5.0 (Linux; Android 7.0;) AppleWebKit/537.36 (KHTML, like Gecko) Mobile Safari/537.36 (compatible; PetalBot;+https://webmaster.petalsearch.com/site/petalbot)"
114.119.149.159 - - [26/Jan/2026:06:16:38 -0500] "GET / HTTP/1.1" 200 4446 "https://www.thenude.com/Olivia%20Nova_40962.htm" "Mozilla/5.0 (Linux; Android 7.0;) AppleWebKit/537.36 (KHTML, like Gecko) Mobile Safari/537.36 (compatible; PetalBot;+https://webmaster.petalsearch.com/site/petalbot)"
198.98.60.195 - - [26/Jan/2026:06:18:13 -0500] "GET /wp-login.php HTTP/1.1" 200 6925 "-" "Mozilla/5.0 (X11; Linux i686) AppleWebKit/537.36 (KHTML, like Gecko) Chrome/36.0.1985.125 Safari/537.36"
198.98.60.195 - - [26/Jan/2026:06:18:14 -0500] "POST /wp-login.php HTTP/1.1" 200 7199 "-" "Mozilla/5.0 (X11; Linux i686) AppleWebKit/537.36 (KHTML, like Gecko) Chrome/36.0.1985.125 Safari/537.36"
64.59.72.148 - - [26/Jan/2026:06:18:23 -0500] "GET / HTTP/1.1" 200 4446 "-" "check_http/v2.4.9 (nagios-plugins 2.4.9)"
107.189.11.186 - - [26/Jan/2026:06:19:17 -0500] "GET /wp-login.php HTTP/1.1" 200 6925 "-" "Mozilla/5.0 (Windows NT 6.1; WOW64; Trident/7.0; rv:11.0) like Gecko"
107.189.11.186 - - [26/Jan/2026:06:19:18 -0500] "POST /wp-login.php HTTP/1.1" 200 7194 "-" "Mozilla/5.0 (Windows NT 6.1; WOW64; Trident/7.0; rv:11.0) like Gecko"
149.102.244.104 - - [26/Jan/2026:06:19:45 -0500] "GET /wp-content/uploads/2019/03/CFL08093.jpg HTTP/1.1" 200 135759 "https://yandex.com/images/touch/search?url=https%3A%2F%2Favatars.mds.yandex.net%2Fget-images-cbir%2F3125087%2FSx4x21loUdaryeXkRSVu9g6020%2Forig&rpt=imageview&lr=10472&redircnt=1769426020.1&cbir_id=3125087%2FSx4x21loUdaryeXkRSVu9g6020&cbir_page=similar&img_url=https%3A%2F%2Fi3.wp.com%2Fmatrixmodels.com%2Fwp-content%2Fuploads%2F2019%2F03%2FCFL08093.jpg%3Fssl%3D1&pos=83" "Mozilla/5.0 (Linux; Android 10; K) AppleWebKit/537.36 (KHTML, like Gecko) Chrome/139.0.0.0 Mobile Safari/537.36"
142.44.233.103 - - [26/Jan/2026:06:20:18 -0500] "GET /feed/?attachment_id=142 HTTP/1.1" 200 719 "-" "Mozilla/5.0 (compatible; AhrefsBot/7.0; +http://ahrefs.com/robot/)"
64.59.72.148 - - [26/Jan/2026:06:20:23 -0500] "GET / HTTP/1.1" 200 4446 "-" "check_http/v2.4.9 (nagios-plugins 2.4.9)"
52.167.144.18 - - [26/Jan/2026:06:20:27 -0500] "GET /gagner-aux-casinos/ HTTP/1.1" 404 8442 "-" "Mozilla/5.0 AppleWebKit/537.36 (KHTML, like Gecko; compatible; bingbot/2.0; +http://www.bing.com/bingbot.htm) Chrome/116.0.1938.76 Safari/537.36"
42.236.101.211 - - [26/Jan/2026:06:20:38 -0500] "GET / HTTP/1.1" 200 4446 "http://matrixmodels.com/" "Mozilla/5.0 (Windows NT 10.0; Win64; x64) AppleWebKit/537.36 (KHTML, like Gecko) Chrome/140.0.0.0 Safari/537.36 Edg/140.0.0.0; 360Spider"
200.215.228.177 - - [26/Jan/2026:06:21:13 -0500] "GET /wp-content/uploads/2019/03/Alex-Grey_006.jpg HTTP/1.1" 200 134039 "https://www.bing.com/" "Mozilla/5.0 (Windows NT 10.0; Win64; x64) AppleWebKit/537.36 (KHTML, like Gecko) Chrome/144.0.0.0 Safari/537.36 Edg/144.0.0.0"
64.59.72.148 - - [26/Jan/2026:06:22:23 -0500] "GET / HTTP/1.1" 200 4446 "-" "check_http/v2.4.9 (nagios-plugins 2.4.9)"
107.189.30.231 - - [26/Jan/2026:06:22:47 -0500] "GET /wp-login.php HTTP/1.1" 200 6925 "-" "Mozilla/5.0 (Windows NT 10.0; Win64; x64)"
107.189.30.231 - - [26/Jan/2026:06:22:48 -0500] "POST /wp-login.php HTTP/1.1" 200 7355 "-" "Mozilla/5.0 (Windows NT 10.0; Win64; x64)"
64.59.72.148 - - [26/Jan/2026:06:24:23 -0500] "GET / HTTP/1.1" 200 4446 "-" "check_http/v2.4.9 (nagios-plugins 2.4.9)"
17.241.219.144 - - [26/Jan/2026:06:25:33 -0500] "GET /wp-content/uploads/2018/07/Test-shot_june-5_001.jpg HTTP/1.1" 200 238006 "-" "Mozilla/5.0 (Macintosh; Intel Mac OS X 10_15_7) AppleWebKit/605.1.15 (KHTML, like Gecko) Version/17.4 Safari/605.1.15 (Applebot/0.1; +http://www.apple.com/go/applebot)"
83.217.208.173 - - [26/Jan/2026:06:26:00 -0500] "GET /wp-login.php HTTP/1.1" 200 6925 "-" "Mozilla/5.0 (Windows NT 6.1; rv:30.0) Gecko/20100101 Firefox/30.0"
83.217.208.173 - - [26/Jan/2026:06:26:00 -0500] "POST /wp-login.php HTTP/1.1" 200 7198 "-" "Mozilla/5.0 (Windows NT 6.1; rv:30.0) Gecko/20100101 Firefox/30.0"
64.59.72.148 - - [26/Jan/2026:06:26:23 -0500] "GET / HTTP/1.1" 200 4446 "-" "check_http/v2.4.9 (nagios-plugins 2.4.9)"
193.142.147.209 - - [26/Jan/2026:06:26:33 -0500] "POST / HTTP/1.1" 200 4465 "-" "Mozilla/5.0 (Windows NT 10.0; Win64; x64) AppleWebKit/537.36"
43.173.177.40 - - [26/Jan/2026:06:27:21 -0500] "GET /?dir=%2Fhome%2Fhttpd%2Fhtml%2Fmatrixmodels.com%2Fpublic_html%2Fcgi-bin HTTP/1.1" 200 4446 "-" "Mozilla/5.0 (Windows NT 10.0; Win64; x64) AppleWebKit/537.36 (KHTML, like Gecko) Chrome/116.0.0.0 Safari/537.36"
43.173.181.163 - - [26/Jan/2026:06:27:22 -0500] "GET /wp-content/themes/matrix-model/assets/css/owl.carousel.min.css HTTP/1.1" 404 260 "http://matrixmodels.com/?dir=%2Fhome%2Fhttpd%2Fhtml%2Fmatrixmodels.com%2Fpublic_html%2Fcgi-bin" "Mozilla/5.0 (Windows NT 10.0; Win64; x64) AppleWebKit/537.36 (KHTML, like Gecko) Chrome/116.0.0.0 Safari/537.36"
43.173.173.142 - - [26/Jan/2026:06:27:22 -0500] "GET /wp-content/themes/matrix-model/assets/css/owl.theme.default.min.css HTTP/1.1" 404 265 "http://matrixmodels.com/?dir=%2Fhome%2Fhttpd%2Fhtml%2Fmatrixmodels.com%2Fpublic_html%2Fcgi-bin" "Mozilla/5.0 (Windows NT 10.0; Win64; x64) AppleWebKit/537.36 (KHTML, like Gecko) Chrome/116.0.0.0 Safari/537.36"
142.44.220.86 - - [26/Jan/2026:06:28:21 -0500] "GET /feed/?attachment_id=213 HTTP/1.1" 200 723 "-" "Mozilla/5.0 (compatible; AhrefsBot/7.0; +http://ahrefs.com/robot/)"
188.166.35.151 - - [26/Jan/2026:06:28:23 -0500] "POST /wp-login.php HTTP/1.1" 200 7170 "-" "Mozilla/5.0"
64.59.72.148 - - [26/Jan/2026:06:28:23 -0500] "GET / HTTP/1.1" 200 4446 "-" "check_http/v2.4.9 (nagios-plugins 2.4.9)"
64.59.72.148 - - [26/Jan/2026:06:30:23 -0500] "GET / HTTP/1.1" 200 4446 "-" "check_http/v2.4.9 (nagios-plugins 2.4.9)"
192.252.209.155 - - [26/Jan/2026:06:31:00 -0500] "GET /contact-us/ HTTP/1.0" 200 9621 "http://matrixmodels.com/contact-us/" "Mozilla/5.0 (Windows NT 10.0; Win64; x64) AppleWebKit/537.36 (KHTML, like Gecko) Chrome/131.0.0.0 Safari/537.36 Avast/131.0.0.0"
192.252.209.155 - - [26/Jan/2026:06:31:01 -0500] "GET /blog/ HTTP/1.0" 200 18565 "http://matrixmodels.com/blog/" "Mozilla/5.0 (Windows NT 10.0; Win64; x64) AppleWebKit/537.36 (KHTML, like Gecko) Chrome/131.0.0.0 Safari/537.36 Avast/131.0.0.0"
172.93.148.182 - - [26/Jan/2026:06:31:46 -0500] "GET /contact-us/ HTTP/1.1" 200 9621 "-" "Mozilla/5.0 (Linux x86_64; rv:114.0) Gecko/20100101 Firefox/114.0"
172.93.148.182 - - [26/Jan/2026:06:31:47 -0500] "GET / HTTP/1.1" 200 4446 "http://matrixmodels.com/contact-us/" "Mozilla/5.0 (Linux x86_64; rv:114.0) Gecko/20100101 Firefox/114.0"
172.93.148.182 - - [26/Jan/2026:06:31:48 -0500] "GET /?p=53 HTTP/1.1" 301 - "http://matrixmodels.com/contact-us/" "Mozilla/5.0 (Linux x86_64; rv:114.0) Gecko/20100101 Firefox/114.0"
172.93.148.182 - - [26/Jan/2026:06:31:48 -0500] "GET /contact-us/ HTTP/1.1" 200 9621 "http://matrixmodels.com/?p=53" "Mozilla/5.0 (Linux x86_64; rv:114.0) Gecko/20100101 Firefox/114.0"
172.93.148.182 - - [26/Jan/2026:06:31:49 -0500] "GET /about-matrix-models/ HTTP/1.1" 200 10323 "http://matrixmodels.com/contact-us/" "Mozilla/5.0 (Linux x86_64; rv:114.0) Gecko/20100101 Firefox/114.0"
172.93.148.182 - - [26/Jan/2026:06:31:49 -0500] "GET /comments/feed/ HTTP/1.1" 200 717 "http://matrixmodels.com/contact-us/" "Mozilla/5.0 (Linux x86_64; rv:114.0) Gecko/20100101 Firefox/114.0"
172.93.148.182 - - [26/Jan/2026:06:31:50 -0500] "GET /our-models/ HTTP/1.1" 200 7587 "http://matrixmodels.com/contact-us/" "Mozilla/5.0 (Linux x86_64; rv:114.0) Gecko/20100101 Firefox/114.0"
172.93.148.182 - - [26/Jan/2026:06:31:50 -0500] "GET /feed/ HTTP/1.1" 200 28447 "http://matrixmodels.com/contact-us/" "Mozilla/5.0 (Linux x86_64; rv:114.0) Gecko/20100101 Firefox/114.0"
172.93.148.182 - - [26/Jan/2026:06:31:51 -0500] "GET /blog/ HTTP/1.1" 200 18565 "http://matrixmodels.com/contact-us/" "Mozilla/5.0 (Linux x86_64; rv:114.0) Gecko/20100101 Firefox/114.0"
172.93.148.182 - - [26/Jan/2026:06:31:52 -0500] "GET /wp-includes/wlwmanifest.xml HTTP/1.1" 200 1045 "http://matrixmodels.com/contact-us/" "Mozilla/5.0 (Linux x86_64; rv:114.0) Gecko/20100101 Firefox/114.0"
172.93.148.182 - - [26/Jan/2026:06:31:53 -0500] "GET /https-www-netflix-com-watch-80115908trackid13752289tctx0%2c2%2c1e4d6191-442a-4bbb-b824-80e2389da213-155638059%2c%2c/ HTTP/1.1" 200 9464 "http://matrixmodels.com/contact-us/" "Mozilla/5.0 (Linux x86_64; rv:114.0) Gecko/20100101 Firefox/114.0"
172.93.148.182 - - [26/Jan/2026:06:31:53 -0500] "GET /wp-json/ HTTP/1.1" 200 93506 "http://matrixmodels.com/contact-us/" "Mozilla/5.0 (Linux x86_64; rv:114.0) Gecko/20100101 Firefox/114.0"
172.93.148.182 - - [26/Jan/2026:06:31:54 -0500] "GET /contact-us/ HTTP/1.1" 200 9621 "http://matrixmodels.com/contact-us/" "Mozilla/5.0 (Linux x86_64; rv:114.0) Gecko/20100101 Firefox/114.0"
172.93.148.182 - - [26/Jan/2026:06:31:55 -0500] "GET /wp-json/wp/v2/pages/53 HTTP/1.1" 200 2448 "http://matrixmodels.com/contact-us/" "Mozilla/5.0 (Linux x86_64; rv:114.0) Gecko/20100101 Firefox/114.0"
172.93.148.182 - - [26/Jan/2026:06:31:56 -0500] "GET /xmlrpc.php?rsd HTTP/1.1" 403 6 "http://matrixmodels.com/contact-us/" "Mozilla/5.0 (Linux x86_64; rv:114.0) Gecko/20100101 Firefox/114.0"
172.93.148.182 - - [26/Jan/2026:06:31:56 -0500] "GET /xmlrpc.php HTTP/1.1" 403 6 "http://matrixmodels.com/contact-us/" "Mozilla/5.0 (Linux x86_64; rv:114.0) Gecko/20100101 Firefox/114.0"
172.93.148.182 - - [26/Jan/2026:06:31:57 -0500] "GET / HTTP/1.1" 200 4446 "-" "Mozilla/5.0 (Linux x86_64; rv:114.0) Gecko/20100101 Firefox/114.0"
172.93.148.182 - - [26/Jan/2026:06:31:57 -0500] "GET /our-models HTTP/1.1" 301 - "http://matrixmodels.com/" "Mozilla/5.0 (Linux x86_64; rv:114.0) Gecko/20100101 Firefox/114.0"
172.93.148.182 - - [26/Jan/2026:06:31:58 -0500] "GET /our-models/ HTTP/1.1" 200 7587 "http://matrixmodels.com/our-models" "Mozilla/5.0 (Linux x86_64; rv:114.0) Gecko/20100101 Firefox/114.0"
95.85.238.23 - - [26/Jan/2026:06:32:21 -0500] "GET /wp-login.php HTTP/1.1" 200 6925 "-" "Mozilla/5.0 (Windows NT 6.3; WOW64) AppleWebKit/537.36 (KHTML, like Gecko) Chrome/36.0.1985.125 Safari/537.36"
64.59.72.148 - - [26/Jan/2026:06:32:23 -0500] "GET / HTTP/1.1" 200 4446 "-" "check_http/v2.4.9 (nagios-plugins 2.4.9)"
95.85.238.23 - - [26/Jan/2026:06:32:25 -0500] "POST /wp-login.php HTTP/1.1" 200 7353 "-" "Mozilla/5.0 (Windows NT 6.3; WOW64) AppleWebKit/537.36 (KHTML, like Gecko) Chrome/36.0.1985.125 Safari/537.36"
