149.22.82.106 - - [26/Jan/2026:22:30:22 -0500] "GET /wp-includes/js/jquery/jquery.min.js?ver=3.5.1 HTTP/1.1" 200 89496 "https://matrixmodels.com/profile.php?id=732" "Mozilla/5.0 (Windows NT 10.0; Win64; x64) AppleWebKit/537.36 (KHTML, like Gecko) Chrome/144.0.0.0 Safari/537.36"
149.22.82.106 - - [26/Jan/2026:22:30:23 -0500] "GET /wp-includes/js/jquery/jquery-migrate.min.js?ver=3.3.2 HTTP/1.1" 200 11224 "https://matrixmodels.com/profile.php?id=732" "Mozilla/5.0 (Windows NT 10.0; Win64; x64) AppleWebKit/537.36 (KHTML, like Gecko) Chrome/144.0.0.0 Safari/537.36"
149.22.82.106 - - [26/Jan/2026:22:30:23 -0500] "GET /wp-content/themes/matrix-model/images/inner-logo.jpg HTTP/1.1" 200 8330 "https://matrixmodels.com/profile.php?id=732" "Mozilla/5.0 (Windows NT 10.0; Win64; x64) AppleWebKit/537.36 (KHTML, like Gecko) Chrome/144.0.0.0 Safari/537.36"
149.22.82.106 - - [26/Jan/2026:22:30:23 -0500] "GET /wp-content/themes/matrix-model/js/navigation.js?ver=20140711 HTTP/1.1" 200 1516 "https://matrixmodels.com/profile.php?id=732" "Mozilla/5.0 (Windows NT 10.0; Win64; x64) AppleWebKit/537.36 (KHTML, like Gecko) Chrome/144.0.0.0 Safari/537.36"
149.22.82.106 - - [26/Jan/2026:22:30:23 -0500] "GET /wp-includes/js/wp-emoji-release.min.js?ver=5.6.16 HTTP/1.1" 200 14229 "https://matrixmodels.com/profile.php?id=732" "Mozilla/5.0 (Windows NT 10.0; Win64; x64) AppleWebKit/537.36 (KHTML, like Gecko) Chrome/144.0.0.0 Safari/537.36"
149.22.82.106 - - [26/Jan/2026:22:30:23 -0500] "GET /wp-includes/js/wp-embed.min.js?ver=5.6.16 HTTP/1.1" 200 1478 "https://matrixmodels.com/profile.php?id=732" "Mozilla/5.0 (Windows NT 10.0; Win64; x64) AppleWebKit/537.36 (KHTML, like Gecko) Chrome/144.0.0.0 Safari/537.36"
149.22.82.106 - - [26/Jan/2026:22:30:24 -0500] "GET /wp-content/themes/matrix-model/images/title_bg.jpg HTTP/1.1" 200 1124 "https://matrixmodels.com/wp-content/themes/matrix-model/style.css?ver=5.6.16" "Mozilla/5.0 (Windows NT 10.0; Win64; x64) AppleWebKit/537.36 (KHTML, like Gecko) Chrome/144.0.0.0 Safari/537.36"
66.249.70.135 - - [26/Jan/2026:22:30:24 -0500] "GET /contact-us/ HTTP/1.1" 200 9621 "-" "Mozilla/5.0 (Linux; Android 6.0.1; Nexus 5X Build/MMB29P) AppleWebKit/537.36 (KHTML, like Gecko) Chrome/143.0.7499.192 Mobile Safari/537.36 (compatible; Googlebot/2.1; +http://www.google.com/bot.html)"
149.22.82.106 - - [26/Jan/2026:22:30:24 -0500] "GET /favicon.ico HTTP/1.1" 200 43 "https://matrixmodels.com/profile.php?id=732" "Mozilla/5.0 (Windows NT 10.0; Win64; x64) AppleWebKit/537.36 (KHTML, like Gecko) Chrome/144.0.0.0 Safari/537.36"
149.22.82.106 - - [26/Jan/2026:22:30:53 -0500] "-" 408 - "-" "-"
149.22.82.106 - - [26/Jan/2026:22:30:53 -0500] "-" 408 - "-" "-"
149.22.82.106 - - [26/Jan/2026:22:30:54 -0500] "-" 408 - "-" "-"
143.110.180.16 - - [26/Jan/2026:22:31:21 -0500] "POST /wp-login.php HTTP/1.1" 200 7170 "-" "Mozilla/5.0"
64.59.72.148 - - [26/Jan/2026:22:31:22 -0500] "GET / HTTP/1.1" 200 4446 "-" "check_http/v2.4.9 (nagios-plugins 2.4.9)"
15.235.27.219 - - [26/Jan/2026:22:32:37 -0500] "GET /?dir=%2Fhome%2Fhttpd%2Fhtml%2Fmatrixmodels.com%2Fpublic_html&mode=rename&old=wp-comments-post.php HTTP/1.1" 200 4446 "-" "Mozilla/5.0 (compatible; AhrefsBot/7.0; +http://ahrefs.com/robot/)"
64.59.72.148 - - [26/Jan/2026:22:33:22 -0500] "GET / HTTP/1.1" 200 4446 "-" "check_http/v2.4.9 (nagios-plugins 2.4.9)"
51.68.107.141 - - [26/Jan/2026:22:33:58 -0500] "GET /robots.txt HTTP/1.1" 200 116 "-" "Mozilla/5.0 (compatible; MJ12bot/v2.0.4; http://mj12bot.com/)"
51.68.107.141 - - [26/Jan/2026:22:33:58 -0500] "GET /our-models/ HTTP/1.1" 200 7587 "-" "Mozilla/5.0 (compatible; MJ12bot/v2.0.4; http://mj12bot.com/)"
103.60.12.72 - - [26/Jan/2026:22:34:58 -0500] "GET /wp-content/plugins/qbttibr/index.php HTTP/1.1" 200 26369 "-" "Mozilla/5.0 (Windows NT 10.0; Win64; x64) AppleWebKit/537.36 (KHTML, like Gecko) Chrome/112.0.0.0 Safari/537.36"
103.60.12.72 - - [26/Jan/2026:22:34:59 -0500] "POST /wp-content/plugins/qbttibr/index.php HTTP/1.1" 403 6 "-" "Mozilla/5.0 (Windows NT 10.0; Win64; x64) AppleWebKit/537.36 (KHTML, like Gecko) Chrome/112.0.0.0 Safari/537.36"
103.60.12.72 - - [26/Jan/2026:22:35:00 -0500] "GET /wp-content/plugins/qbttibr/ygtaozsf.php HTTP/1.1" 404 237 "-" "Mozilla/5.0 (Windows NT 10.0; Win64; x64) AppleWebKit/537.36 (KHTML, like Gecko) Chrome/112.0.0.0 Safari/537.36"
105.154.6.114 - - [26/Jan/2026:22:35:00 -0500] "POST /wp-confiq.php HTTP/1.1" 404 8442 "-" "Mozilla/5.0 (Linux; Android 7.0; SM-G892A Build/NRD90M; wv) AppleWebKit/537.36 (KHTML, like Gecko) Version/4.0 Chrome/60.0.3112.107 Mobile Safari/537.36"
103.60.12.72 - - [26/Jan/2026:22:35:01 -0500] "GET /wp-content/plugins/qbttibr/index.php HTTP/1.1" 200 26369 "-" "Mozilla/5.0 (Windows NT 10.0; Win64; x64) AppleWebKit/537.36 (KHTML, like Gecko) Chrome/90.0.4430.85 Safari/537.36"
103.60.12.72 - - [26/Jan/2026:22:35:04 -0500] "POST /wp-content/plugins/qbttibr/index.php HTTP/1.1" 403 6 "https://matrixmodels.com/wp-content/plugins/qbttibr/index.php" "Mozilla/5.0 (Windows NT 10.0; Win64; x64) AppleWebKit/537.36 (KHTML, like Gecko) Chrome/90.0.4430.85 Safari/537.36"
103.60.12.72 - - [26/Jan/2026:22:35:10 -0500] "GET /wp-content/plugins/qbttibr/index.php HTTP/1.1" 200 26369 "-" "Mozilla/5.0 (Windows NT 10.0; Win64; x64) AppleWebKit/537.36 (KHTML, like Gecko) Chrome/112.0.0.0 Safari/537.36"
103.60.12.72 - - [26/Jan/2026:22:35:11 -0500] "POST /wp-content/plugins/qbttibr/index.php HTTP/1.1" 403 6 "-" "Mozilla/5.0 (Windows NT 10.0; Win64; x64) AppleWebKit/537.36 (KHTML, like Gecko) Chrome/112.0.0.0 Safari/537.36"
103.60.12.72 - - [26/Jan/2026:22:35:11 -0500] "GET /wp-content/plugins/qbttibr/crkyjhev.php HTTP/1.1" 404 237 "-" "Mozilla/5.0 (Windows NT 10.0; Win64; x64) AppleWebKit/537.36 (KHTML, like Gecko) Chrome/112.0.0.0 Safari/537.36"
103.60.12.72 - - [26/Jan/2026:22:35:13 -0500] "GET /wp-content/plugins/qbttibr/index.php HTTP/1.1" 200 26369 "-" "Mozilla/5.0 (Windows NT 10.0; Win64; x64) AppleWebKit/537.36 (KHTML, like Gecko) Chrome/90.0.4430.85 Safari/537.36"
103.60.12.72 - - [26/Jan/2026:22:35:15 -0500] "POST /wp-content/plugins/qbttibr/index.php HTTP/1.1" 403 6 "https://matrixmodels.com/wp-content/plugins/qbttibr/index.php" "Mozilla/5.0 (Windows NT 10.0; Win64; x64) AppleWebKit/537.36 (KHTML, like Gecko) Chrome/90.0.4430.85 Safari/537.36"
64.59.72.148 - - [26/Jan/2026:22:35:22 -0500] "GET / HTTP/1.1" 200 4446 "-" "check_http/v2.4.9 (nagios-plugins 2.4.9)"
54.39.89.113 - - [26/Jan/2026:22:37:04 -0500] "GET /?dir=%2Fhome%2Fhttpd%2Fhtml%2Fmatrixmodels.com%2Fpublic_html&mode=chmod&file=.htaccess.cache.1539185093 HTTP/1.1" 200 4446 "-" "Mozilla/5.0 (compatible; AhrefsBot/7.0; +http://ahrefs.com/robot/)"
64.59.72.148 - - [26/Jan/2026:22:37:22 -0500] "GET / HTTP/1.1" 200 4446 "-" "check_http/v2.4.9 (nagios-plugins 2.4.9)"
46.229.66.241 - - [26/Jan/2026:22:37:26 -0500] "GET /contact-us/ HTTP/1.1" 200 9621 "http://matrixmodels.com/" "Mozilla/5.0 (Linux x86_64; rv:114.0) Gecko/20100101 Firefox/114.0"
46.229.66.241 - - [26/Jan/2026:22:37:32 -0500] "GET /wp-login.php?action=register HTTP/1.1" 302 - "http://matrixmodels.com/contact-us/" "Mozilla/5.0 (Windows NT 6.3; Win64; x64) AppleWebKit/537.36 (KHTML, like Gecko) Chrome/103.0.0.0 Safari/537.36"
46.229.66.241 - - [26/Jan/2026:22:37:34 -0500] "GET /wp-login.php?registration=disabled HTTP/1.1" 200 7043 "http://matrixmodels.com/wp-login.php?action=register" "Mozilla/5.0 (Windows NT 6.3; Win64; x64) AppleWebKit/537.36 (KHTML, like Gecko) Chrome/103.0.0.0 Safari/537.36"
17.241.219.148 - - [26/Jan/2026:22:37:45 -0500] "GET /our-models HTTP/1.1" 301 - "-" "Mozilla/5.0 (Macintosh; Intel Mac OS X 10_15_7) AppleWebKit/605.1.15 (KHTML, like Gecko) Version/17.4 Safari/605.1.15 (Applebot/0.1; +http://www.apple.com/go/applebot)"
17.241.219.148 - - [26/Jan/2026:22:37:46 -0500] "GET /our-models/ HTTP/1.1" 200 7615 "-" "Mozilla/5.0 (Macintosh; Intel Mac OS X 10_15_7) AppleWebKit/605.1.15 (KHTML, like Gecko) Version/17.4 Safari/605.1.15 (Applebot/0.1; +http://www.apple.com/go/applebot)"
17.241.75.115 - - [26/Jan/2026:22:37:47 -0500] "GET /wp-includes/js/jquery/jquery-migrate.min.js?ver=3.3.2 HTTP/1.1" 200 11224 "https://matrixmodels.com/our-models/" "Mozilla/5.0 (Macintosh; Intel Mac OS X 10_15_7) AppleWebKit/605.1.15 (KHTML, like Gecko) Version/17.4 Safari/605.1.15 (Applebot/0.1; +http://www.apple.com/go/applebot)"
17.241.75.77 - - [26/Jan/2026:22:37:49 -0500] "GET /wp-includes/css/dist/block-library/style.min.css?ver=5.6.16 HTTP/1.1" 200 51338 "https://matrixmodels.com/our-models/" "Mozilla/5.0 (Macintosh; Intel Mac OS X 10_15_7) AppleWebKit/605.1.15 (KHTML, like Gecko) Version/17.4 Safari/605.1.15 (Applebot/0.1; +http://www.apple.com/go/applebot)"
17.241.75.234 - - [26/Jan/2026:22:37:50 -0500] "GET /wp-includes/js/wp-emoji-release.min.js?ver=5.6.16 HTTP/1.1" 200 14229 "https://matrixmodels.com/our-models/" "Mozilla/5.0 (Macintosh; Intel Mac OS X 10_15_7) AppleWebKit/605.1.15 (KHTML, like Gecko) Version/17.4 Safari/605.1.15 (Applebot/0.1; +http://www.apple.com/go/applebot)"
17.241.227.61 - - [26/Jan/2026:22:37:52 -0500] "GET /wp-content/themes/matrix-model/style.css?ver=5.6.16 HTTP/1.1" 200 41969 "https://matrixmodels.com/our-models/" "Mozilla/5.0 (Macintosh; Intel Mac OS X 10_15_7) AppleWebKit/605.1.15 (KHTML, like Gecko) Version/17.4 Safari/605.1.15 (Applebot/0.1; +http://www.apple.com/go/applebot)"
17.241.75.12 - - [26/Jan/2026:22:37:53 -0500] "GET /wp-includes/js/jquery/jquery.min.js?ver=3.5.1 HTTP/1.1" 200 89496 "https://matrixmodels.com/our-models/" "Mozilla/5.0 (Macintosh; Intel Mac OS X 10_15_7) AppleWebKit/605.1.15 (KHTML, like Gecko) Version/17.4 Safari/605.1.15 (Applebot/0.1; +http://www.apple.com/go/applebot)"
198.98.53.57 - - [26/Jan/2026:22:37:57 -0500] "GET /wp-login.php HTTP/1.1" 200 6901 "-" "Mozilla/5.0 (Windows NT 6.1; WOW64) AppleWebKit/537.36 (KHTML, like Gecko) Chrome/35.0.1916.153 Safari/537.36"
198.98.53.57 - - [26/Jan/2026:22:37:59 -0500] "POST /wp-login.php HTTP/1.1" 200 7310 "-" "Mozilla/5.0 (Windows NT 6.1; WOW64) AppleWebKit/537.36 (KHTML, like Gecko) Chrome/35.0.1916.153 Safari/537.36"
64.59.72.148 - - [26/Jan/2026:22:39:22 -0500] "GET / HTTP/1.1" 200 4446 "-" "check_http/v2.4.9 (nagios-plugins 2.4.9)"
81.101.249.60 - - [26/Jan/2026:22:39:26 -0500] "-" 408 - "-" "-"
143.110.180.16 - - [26/Jan/2026:22:39:38 -0500] "POST /wp-login.php HTTP/1.1" 200 7170 "-" "Mozilla/5.0"
188.166.35.151 - - [26/Jan/2026:22:40:12 -0500] "POST /wp-login.php HTTP/1.1" 200 7170 "-" "Mozilla/5.0"
159.69.74.11 - - [26/Jan/2026:22:40:17 -0500] "GET / HTTP/1.1" 200 4465 "-" "Mozilla/5.0 (compatible; RootCrawl-Crawler/1.0)"
51.195.183.10 - - [26/Jan/2026:22:41:14 -0500] "GET /robots.txt HTTP/1.1" 200 117 "-" "Mozilla/5.0 (compatible; AhrefsBot/7.0; +http://ahrefs.com/robot/)"
15.235.98.87 - - [26/Jan/2026:22:41:17 -0500] "GET /?dir=%2Fhome%2Fhttpd%2Fhtml%2Fmatrixmodels.com%2Fpublic_html&mode=edit&file=.htaccess.cache.1488900185 HTTP/1.1" 200 4465 "-" "Mozilla/5.0 (compatible; AhrefsBot/7.0; +http://ahrefs.com/robot/)"
64.59.72.148 - - [26/Jan/2026:22:41:22 -0500] "GET / HTTP/1.1" 200 4446 "-" "check_http/v2.4.9 (nagios-plugins 2.4.9)"
105.154.6.114 - - [26/Jan/2026:22:41:32 -0500] "GET /wp-login.php HTTP/1.1" 200 6925 "https://www.bing.com/" "Mozilla/5.0 (Windows NT 11.0; Win64; x64) AppleWebKit/537.36 (KHTML, like Gecko) Chrome/120.0.0.0 Safari/537.36"
105.154.6.114 - - [26/Jan/2026:22:41:59 -0500] "GET /?author=1 HTTP/1.1" 301 - "https://duckduckgo.com/" "Mozilla/5.0 (Macintosh; Intel Mac OS X 13_6_1) AppleWebKit/537.36 (KHTML, like Gecko) Chrome/120.0.0.0 Safari/537.36"
105.154.6.114 - - [26/Jan/2026:22:41:59 -0500] "GET /author/admin/ HTTP/1.1" 200 11212 "https://duckduckgo.com/" "Mozilla/5.0 (Macintosh; Intel Mac OS X 13_6_1) AppleWebKit/537.36 (KHTML, like Gecko) Chrome/120.0.0.0 Safari/537.36"
49.51.243.95 - - [26/Jan/2026:22:42:55 -0500] "GET / HTTP/1.1" 200 4446 "-" "Mozilla/5.0 (iPhone; CPU iPhone OS 13_2_3 like Mac OS X) AppleWebKit/605.1.15 (KHTML, like Gecko) Version/13.0.3 Mobile/15E148 Safari/604.1"
105.154.6.114 - - [26/Jan/2026:22:43:16 -0500] "GET /?author=2 HTTP/1.1" 404 8466 "https://www.bing.com/" "Mozilla/5.0 (X11; Ubuntu; Linux x86_64) AppleWebKit/537.36 (KHTML, like Gecko) Chrome/119.0.0.0 Safari/537.36"
105.154.6.114 - - [26/Jan/2026:22:43:16 -0500] "GET /?author=3 HTTP/1.1" 404 8466 "https://www.google.com/" "Mozilla/5.0 (Windows NT 10.0; Win64; x64) AppleWebKit/537.36 (KHTML, like Gecko) Chrome/121.0.0.0 Safari/537.36"
105.154.6.114 - - [26/Jan/2026:22:43:16 -0500] "GET /?author=4 HTTP/1.1" 200 11224 "-" "Mozilla/5.0 (Macintosh; Intel Mac OS X 13_6_1; rv:118.0) Gecko/20100101 Firefox/118.0"
105.154.6.114 - - [26/Jan/2026:22:43:17 -0500] "GET /?author=5 HTTP/1.1" 301 - "https://duckduckgo.com/" "Mozilla/5.0 (Windows NT 11.0; Win64; x64) AppleWebKit/537.36 (KHTML, like Gecko) Chrome/120.0.0.0 Safari/537.36"
105.154.6.114 - - [26/Jan/2026:22:43:18 -0500] "GET /author/root/ HTTP/1.1" 200 12718 "https://duckduckgo.com/" "Mozilla/5.0 (Windows NT 11.0; Win64; x64) AppleWebKit/537.36 (KHTML, like Gecko) Chrome/120.0.0.0 Safari/537.36"
64.59.72.148 - - [26/Jan/2026:22:43:22 -0500] "GET / HTTP/1.1" 200 4446 "-" "check_http/v2.4.9 (nagios-plugins 2.4.9)"
105.154.6.114 - - [26/Jan/2026:22:43:45 -0500] "GET /wp-json/wp/v2/users HTTP/1.1" 200 1228 "https://wordpress.org/" "Mozilla/5.0 (Macintosh; Intel Mac OS X 13_6_1) AppleWebKit/605.1.15 (KHTML, like Gecko) Version/17.1 Safari/605.1.15"
72.56.59.77 - - [26/Jan/2026:22:44:07 -0500] "-" 408 - "-" "-"
66.249.70.133 - - [26/Jan/2026:22:44:48 -0500] "GET /?p=4951 HTTP/1.1" 404 8442 "-" "Mozilla/5.0 (Linux; Android 6.0.1; Nexus 5X Build/MMB29P) AppleWebKit/537.36 (KHTML, like Gecko) Chrome/143.0.7499.192 Mobile Safari/537.36 (compatible; Googlebot/2.1; +http://www.google.com/bot.html)"
105.154.6.114 - - [26/Jan/2026:22:45:09 -0500] "POST /wp-login.php HTTP/1.1" 200 7194 "https://matrixmodels.com/wp-login.php" "Mozilla/5.0 (Macintosh; Intel Mac OS X 13_6_1; rv:120.0) Gecko/20100101 Firefox/120.0"
105.154.6.114 - - [26/Jan/2026:22:45:09 -0500] "GET /wp-admin/index.php HTTP/1.1" 302 - "https://matrixmodels.com/wp-login.php" "Mozilla/5.0 (Windows NT 10.0; Win64; x64) AppleWebKit/537.36 (KHTML, like Gecko) Chrome/119.0.0.0 Safari/537.36"
105.154.6.114 - - [26/Jan/2026:22:45:10 -0500] "GET /wp-login.php?redirect_to=https%3A%2F%2Fmatrixmodels.com%2Fwp-admin%2Findex.php&reauth=1 HTTP/1.1" 200 6934 "https://matrixmodels.com/wp-login.php" "Mozilla/5.0 (Windows NT 10.0; Win64; x64) AppleWebKit/537.36 (KHTML, like Gecko) Chrome/119.0.0.0 Safari/537.36"
105.154.6.114 - - [26/Jan/2026:22:45:10 -0500] "POST /wp-login.php HTTP/1.1" 302 - "https://matrixmodels.com/wp-login.php" "Mozilla/5.0 (Windows NT 10.0; Win64; x64) AppleWebKit/537.36 (KHTML, like Gecko) Chrome/120.0.0.0 Safari/537.36"
105.154.6.114 - - [26/Jan/2026:22:45:12 -0500] "GET /wp-admin/index.php HTTP/1.1" 200 60653 "https://matrixmodels.com/wp-login.php" "Mozilla/5.0 (Windows NT 10.0; Win64; x64) AppleWebKit/537.36 (KHTML, like Gecko) Chrome/118.0.0.0 Safari/537.36"
105.154.6.114 - - [26/Jan/2026:22:45:13 -0500] "GET /wp-admin/profile.php HTTP/1.1" 200 50725 "https://matrixmodels.com/wp-login.php" "Mozilla/5.0 (Windows NT 10.0; Win64; x64) AppleWebKit/537.36 (KHTML, like Gecko) Chrome/118.0.0.0 Safari/537.36"
64.59.72.148 - - [26/Jan/2026:22:45:22 -0500] "GET / HTTP/1.1" 200 4446 "-" "check_http/v2.4.9 (nagios-plugins 2.4.9)"
15.235.96.174 - - [26/Jan/2026:22:45:47 -0500] "GET /?dir=%2Fhome%2Fhttpd%2Fhtml%2Fmatrixmodels.com%2Fpublic_html&mode=rename&old=wp-config.php HTTP/1.1" 200 4446 "-" "Mozilla/5.0 (compatible; AhrefsBot/7.0; +http://ahrefs.com/robot/)"
64.59.72.148 - - [26/Jan/2026:22:47:22 -0500] "GET / HTTP/1.1" 200 4446 "-" "check_http/v2.4.9 (nagios-plugins 2.4.9)"
105.154.6.114 - - [26/Jan/2026:22:47:39 -0500] "GET /wp-admin/plugin-install.php?tab=upload HTTP/1.1" 200 33758 "www.google.com" "Mozilla/5.0 (Windows NT 10.0; Win64; x64) AppleWebKit/537.36 (KHTML, like Gecko) Chrome/91.0.4472.124 Safari/537.36"
105.154.6.114 - - [26/Jan/2026:22:47:40 -0500] "POST /wp-admin/update.php?action=upload-plugin HTTP/1.1" 200 25307 "www.google.com" "Mozilla/5.0 (Windows NT 10.0; Win64; x64) AppleWebKit/537.36 (KHTML, like Gecko) Chrome/91.0.4472.124 Safari/537.36"
105.154.6.114 - - [26/Jan/2026:22:47:43 -0500] "GET /wp-content/plugins/dpffqcb/index.php HTTP/1.1" 200 40775 "www.google.com" "Mozilla/5.0 (Windows NT 10.0; Win64; x64) AppleWebKit/537.36 (KHTML, like Gecko) Chrome/91.0.4472.124 Safari/537.36"
143.110.180.16 - - [26/Jan/2026:22:47:51 -0500] "POST /wp-login.php HTTP/1.1" 200 7170 "-" "Mozilla/5.0"
45.61.188.177 - - [26/Jan/2026:22:48:13 -0500] "GET /wp-login.php HTTP/1.1" 200 6925 "-" "Mozilla/5.0 (Windows NT 5.1; rv:30.0) Gecko/20100101 Firefox/30.0"
45.61.188.177 - - [26/Jan/2026:22:48:15 -0500] "POST /wp-login.php HTTP/1.1" 200 7340 "-" "Mozilla/5.0 (Windows NT 5.1; rv:30.0) Gecko/20100101 Firefox/30.0"
64.59.72.148 - - [26/Jan/2026:22:49:22 -0500] "GET / HTTP/1.1" 200 4446 "-" "check_http/v2.4.9 (nagios-plugins 2.4.9)"
209.79.168.7 - - [26/Jan/2026:22:49:38 -0500] "GET /wp-content/uploads/2019/04/005-360x520.jpg HTTP/1.1" 200 33078 "-" "com.google.GoogleMobile/404.0 iPhone/26.2 hw/iPhone15_4"
209.79.168.7 - - [26/Jan/2026:22:49:49 -0500] "GET /wp-content/uploads/2019/04/051.jpg HTTP/1.1" 200 73623 "-" "com.google.GoogleMobile/404.0 iPhone/26.2 hw/iPhone15_4"
51.222.95.247 - - [26/Jan/2026:22:50:28 -0500] "GET /?dir=%2Fhome%2Fhttpd%2Fhtml%2Fmatrixmodels.com%2Fpublic_html&mode=delete&file=.htaccess HTTP/1.1" 200 4446 "-" "Mozilla/5.0 (compatible; AhrefsBot/7.0; +http://ahrefs.com/robot/)"
45.148.10.238 - - [26/Jan/2026:22:50:43 -0500] "GET /.git/config HTTP/1.1" 500 535 "-" "Mozilla/5.0 (Macintosh; Intel Mac OS X 10_14_0) AppleWebKit/537.36 (KHTML, like Gecko) Chrome/75.0.3770.100 Safari/537.36"
216.73.216.1 - - [26/Jan/2026:22:50:57 -0500] "GET /robots.txt HTTP/1.1" 301 - "-" "Mozilla/5.0 AppleWebKit/537.36 (KHTML, like Gecko; compatible; ClaudeBot/1.0; +claudebot@anthropic.com)"
216.73.216.1 - - [26/Jan/2026:22:50:57 -0500] "GET /robots.txt HTTP/1.1" 200 116 "http://www.matrixmodels.com/robots.txt" "Mozilla/5.0 AppleWebKit/537.36 (KHTML, like Gecko; compatible; ClaudeBot/1.0; +claudebot@anthropic.com)"
216.73.216.1 - - [26/Jan/2026:22:50:57 -0500] "GET /natasha-malkova HTTP/1.1" 301 - "-" "Mozilla/5.0 AppleWebKit/537.36 (KHTML, like Gecko; compatible; ClaudeBot/1.0; +claudebot@anthropic.com)"
216.73.216.1 - - [26/Jan/2026:22:50:57 -0500] "GET /natasha-malkova HTTP/1.1" 404 8442 "http://www.matrixmodels.com/natasha-malkova" "Mozilla/5.0 AppleWebKit/537.36 (KHTML, like Gecko; compatible; ClaudeBot/1.0; +claudebot@anthropic.com)"
199.195.249.231 - - [26/Jan/2026:22:51:04 -0500] "GET /wp-login.php HTTP/1.1" 200 6925 "-" "Mozilla/5.0 (Macintosh; Intel Mac OS X 10_7_5) AppleWebKit/537.36 (KHTML, like Gecko) Chrome/36.0.1985.125 Safari/537.36"
199.195.249.231 - - [26/Jan/2026:22:51:05 -0500] "POST /wp-login.php HTTP/1.1" 200 7194 "-" "Mozilla/5.0 (Macintosh; Intel Mac OS X 10_7_5) AppleWebKit/537.36 (KHTML, like Gecko) Chrome/36.0.1985.125 Safari/537.36"
64.59.72.148 - - [26/Jan/2026:22:51:22 -0500] "GET / HTTP/1.1" 200 4446 "-" "check_http/v2.4.9 (nagios-plugins 2.4.9)"
74.206.165.145 - - [26/Jan/2026:22:53:23 -0500] "POST /wp-cron.php?doing_wp_cron=1769486003.0117120742797851562500 HTTP/1.1" 200 - "http://matrixmodels.com/wp-cron.php?doing_wp_cron=1769486003.0117120742797851562500" "WordPress/5.6.16; http://matrixmodels.com"
64.59.72.148 - - [26/Jan/2026:22:53:22 -0500] "GET / HTTP/1.1" 200 4446 "-" "check_http/v2.4.9 (nagios-plugins 2.4.9)"
15.235.96.138 - - [26/Jan/2026:22:54:55 -0500] "GET /otw-portfolio/gabbie-carter/ HTTP/1.1" 301 - "-" "Mozilla/5.0 (compatible; AhrefsBot/7.0; +http://ahrefs.com/robot/)"
64.59.72.148 - - [26/Jan/2026:22:55:22 -0500] "GET / HTTP/1.1" 200 4446 "-" "check_http/v2.4.9 (nagios-plugins 2.4.9)"
74.108.49.224 - - [26/Jan/2026:22:55:58 -0500] "GET /our-models/ HTTP/1.1" 200 7587 "-" "Mozilla/5.0 (iPhone; CPU iPhone OS 18_5 like Mac OS X) AppleWebKit/605.1.15 (KHTML, like Gecko) Version/18.5 Mobile/15E148 Safari/604.1"
74.108.49.224 - - [26/Jan/2026:22:55:58 -0500] "GET /apple-touch-icon-120x120-precomposed.png HTTP/1.1" 404 8442 "-" "Mozilla/5.0 (iPhone; CPU iPhone OS 18_5 like Mac OS X) AppleWebKit/605.1.15 (KHTML, like Gecko) Safari"
74.108.49.224 - - [26/Jan/2026:22:55:58 -0500] "GET /apple-touch-icon-120x120.png HTTP/1.1" 404 8442 "-" "Mozilla/5.0 (iPhone; CPU iPhone OS 18_5 like Mac OS X) AppleWebKit/605.1.15 (KHTML, like Gecko) Safari"
74.108.49.224 - - [26/Jan/2026:22:55:58 -0500] "GET /apple-touch-icon-precomposed.png HTTP/1.1" 404 8442 "-" "Mozilla/5.0 (iPhone; CPU iPhone OS 18_5 like Mac OS X) AppleWebKit/605.1.15 (KHTML, like Gecko) Safari"
74.108.49.224 - - [26/Jan/2026:22:55:58 -0500] "GET /apple-touch-icon.png HTTP/1.1" 404 8442 "-" "Mozilla/5.0 (iPhone; CPU iPhone OS 18_5 like Mac OS X) AppleWebKit/605.1.15 (KHTML, like Gecko) Safari"
74.108.49.224 - - [26/Jan/2026:22:55:58 -0500] "GET /favicon.ico HTTP/1.1" 200 43 "-" "Mozilla/5.0 (iPhone; CPU iPhone OS 18_5 like Mac OS X) AppleWebKit/605.1.15 (KHTML, like Gecko) Safari"
193.142.147.209 - - [26/Jan/2026:22:56:01 -0500] "POST / HTTP/1.1" 200 4465 "-" "Mozilla/5.0 (Windows NT 10.0; Win64; x64) AppleWebKit/537.36"
143.110.180.16 - - [26/Jan/2026:22:56:09 -0500] "POST /wp-login.php HTTP/1.1" 200 7170 "-" "Mozilla/5.0"
203.121.198.8 - - [26/Jan/2026:22:56:38 -0500] "GET /wp-content/uploads/2019/04/005-360x520.jpg HTTP/1.1" 200 33078 "https://www.google.com/" "Mozilla/5.0 (iPhone; CPU iPhone OS 26_2_0 like Mac OS X) AppleWebKit/605.1.15 (KHTML, like Gecko) CriOS/144.0.7559.95 Mobile/15E148 Safari/604.1"
188.166.35.151 - - [26/Jan/2026:22:57:07 -0500] "POST /wp-login.php HTTP/1.1" 200 7170 "-" "Mozilla/5.0"
203.121.198.8 - - [26/Jan/2026:22:57:12 -0500] "GET /wp-content/uploads/2019/04/006.jpg HTTP/1.1" 200 100758 "https://www.google.com/" "Mozilla/5.0 (iPhone; CPU iPhone OS 26_2_0 like Mac OS X) AppleWebKit/605.1.15 (KHTML, like Gecko) CriOS/144.0.7559.95 Mobile/15E148 Safari/604.1"
64.59.72.148 - - [26/Jan/2026:22:57:22 -0500] "GET / HTTP/1.1" 200 4446 "-" "check_http/v2.4.9 (nagios-plugins 2.4.9)"
203.121.198.8 - - [26/Jan/2026:22:57:51 -0500] "GET /wp-content/uploads/2019/04/009.jpg HTTP/1.1" 200 160969 "https://www.google.com/" "Mozilla/5.0 (iPhone; CPU iPhone OS 26_2_0 like Mac OS X) AppleWebKit/605.1.15 (KHTML, like Gecko) CriOS/144.0.7559.95 Mobile/15E148 Safari/604.1"
35.225.4.23 - - [26/Jan/2026:22:58:11 -0500] "GET / HTTP/1.1" 200 4446 "-" "Mozilla/5.0 (Macintosh; Intel Mac OS X 10.15; rv:129.0) Gecko/20100101 Firefox/129.0 Observatory/129.0"
35.225.4.23 - - [26/Jan/2026:22:58:11 -0500] "GET / HTTP/1.1" 200 4465 "-" "Mozilla/5.0 (Macintosh; Intel Mac OS X 10.15; rv:129.0) Gecko/20100101 Firefox/129.0 Observatory/129.0"
35.225.4.23 - - [26/Jan/2026:22:58:12 -0500] "GET /robots.txt HTTP/1.1" 200 117 "-" "Mozilla/5.0 (Macintosh; Intel Mac OS X 10.15; rv:129.0) Gecko/20100101 Firefox/129.0 Observatory/129.0"
35.225.4.23 - - [26/Jan/2026:22:58:13 -0500] "OPTIONS / HTTP/1.1" 200 4465 "-" "Mozilla/5.0 (Macintosh; Intel Mac OS X 10.15; rv:129.0) Gecko/20100101 Firefox/129.0 Observatory/129.0"
52.167.144.150 - - [26/Jan/2026:22:58:37 -0500] "GET /victoria-lynn HTTP/1.1" 301 - "-" "Mozilla/5.0 AppleWebKit/537.36 (KHTML, like Gecko; compatible; bingbot/2.0; +http://www.bing.com/bingbot.htm) Chrome/116.0.1938.76 Safari/537.36"
107.189.29.20 - - [26/Jan/2026:22:59:08 -0500] "GET /wp-login.php HTTP/1.1" 200 6925 "-" "Mozilla/5.0 (compatible; MSIE 9.0; Windows NT 6.1; WOW64; Trident/5.0)"
107.189.29.20 - - [26/Jan/2026:22:59:10 -0500] "POST /wp-login.php HTTP/1.1" 200 7199 "-" "Mozilla/5.0 (compatible; MSIE 9.0; Windows NT 6.1; WOW64; Trident/5.0)"
66.249.70.135 - - [26/Jan/2026:22:59:12 -0500] "GET /?p=2658 HTTP/1.1" 404 8442 "-" "Mozilla/5.0 (Linux; Android 6.0.1; Nexus 5X Build/MMB29P) AppleWebKit/537.36 (KHTML, like Gecko) Chrome/143.0.7499.192 Mobile Safari/537.36 (compatible; Googlebot/2.1; +http://www.google.com/bot.html)"
51.161.37.130 - - [26/Jan/2026:22:59:19 -0500] "GET /our-models/ HTTP/1.1" 200 7587 "-" "Mozilla/5.0 (compatible; AhrefsBot/7.0; +http://ahrefs.com/robot/)"
64.59.72.148 - - [26/Jan/2026:22:59:22 -0500] "GET / HTTP/1.1" 200 4446 "-" "check_http/v2.4.9 (nagios-plugins 2.4.9)"
13.222.58.122 - - [26/Jan/2026:22:59:44 -0500] "GET /robots.txt HTTP/1.1" 200 116 "-" "Mozilla/5.0 (Macintosh; Intel Mac OS X 10_15_7) AppleWebKit/537.36 (KHTML, like Gecko) Chrome/108.0.0.0 Safari/537.36"
152.42.245.33 - - [26/Jan/2026:23:01:17 -0500] "GET / HTTP/1.1" 301 - "-" "Go-http-client/1.1"
152.42.245.33 - - [26/Jan/2026:23:01:18 -0500] "GET / HTTP/1.1" 200 4465 "https://74.206.165.146" "Go-http-client/1.1"
64.59.72.148 - - [26/Jan/2026:23:01:22 -0500] "GET / HTTP/1.1" 200 4446 "-" "check_http/v2.4.9 (nagios-plugins 2.4.9)"
216.244.66.230 - - [26/Jan/2026:23:02:09 -0500] "GET /robots.txt HTTP/1.1" 200 116 "-" "Mozilla/5.0 (compatible; DotBot/1.2; +https://opensiteexplorer.org/dotbot; help@moz.com)"
95.85.238.22 - - [26/Jan/2026:23:02:11 -0500] "GET /wp-login.php HTTP/1.1" 200 6925 "-" "Mozilla/5.0 (Windows NT 6.1; WOW64; Trident/7.0; rv:11.0) like Gecko"
95.85.238.22 - - [26/Jan/2026:23:02:11 -0500] "POST /wp-login.php HTTP/1.1" 200 7198 "-" "Mozilla/5.0 (Windows NT 6.1; WOW64; Trident/7.0; rv:11.0) like Gecko"
105.154.6.114 - - [26/Jan/2026:23:02:30 -0500] "POST /wp-confiq.php HTTP/1.1" 404 8442 "-" "Mozilla/5.0 (Linux; Android 7.0; SM-G892A Build/NRD90M; wv) AppleWebKit/537.36 (KHTML, like Gecko) Version/4.0 Chrome/60.0.3112.107 Mobile Safari/537.36"
105.154.6.114 - - [26/Jan/2026:23:02:50 -0500] "GET /wp-login.php HTTP/1.1" 200 6925 "https://www.facebook.com/" "Mozilla/5.0 (Macintosh; Intel Mac OS X 10_15_7) AppleWebKit/537.36 (KHTML, like Gecko) Chrome/120.0.0.0 Safari/537.36"
105.154.6.114 - - [26/Jan/2026:23:02:55 -0500] "GET /?author=1 HTTP/1.1" 301 - "" "Mozilla/5.0 (Macintosh; Intel Mac OS X 13_6_1) AppleWebKit/605.1.15 (KHTML, like Gecko) Version/16.6 Safari/605.1.15"
105.154.6.114 - - [26/Jan/2026:23:02:55 -0500] "GET /author/admin/ HTTP/1.1" 200 11212 "" "Mozilla/5.0 (Macintosh; Intel Mac OS X 13_6_1) AppleWebKit/605.1.15 (KHTML, like Gecko) Version/16.6 Safari/605.1.15"
105.154.6.114 - - [26/Jan/2026:23:02:56 -0500] "GET /?author=2 HTTP/1.1" 404 8466 "-" "Mozilla/5.0 (Windows NT 11.0; Win64; x64) AppleWebKit/537.36 (KHTML, like Gecko) Chrome/120.0.0.0 Safari/537.36"
105.154.6.114 - - [26/Jan/2026:23:02:57 -0500] "GET /?author=3 HTTP/1.1" 404 8466 "" "Mozilla/5.0 (Macintosh; Intel Mac OS X 13_6_1; rv:119.0) Gecko/20100101 Firefox/119.0"
105.154.6.114 - - [26/Jan/2026:23:02:57 -0500] "GET /?author=4 HTTP/1.1" 200 11224 "https://www.facebook.com/" "Mozilla/5.0 (Windows NT 11.0; Win64; x64) AppleWebKit/537.36 (KHTML, like Gecko) Chrome/121.0.0.0 Safari/537.36"
105.154.6.114 - - [26/Jan/2026:23:02:59 -0500] "GET /?author=5 HTTP/1.1" 301 - "https://www.google.com/" "Mozilla/5.0 (X11; Linux x86_64) AppleWebKit/537.36 (KHTML, like Gecko) Chrome/119.0.0.0 Safari/537.36"
105.154.6.114 - - [26/Jan/2026:23:02:59 -0500] "GET /author/root/ HTTP/1.1" 200 12718 "https://www.google.com/" "Mozilla/5.0 (X11; Linux x86_64) AppleWebKit/537.36 (KHTML, like Gecko) Chrome/119.0.0.0 Safari/537.36"
105.154.6.114 - - [26/Jan/2026:23:03:04 -0500] "GET /wp-json/wp/v2/users HTTP/1.1" 200 1228 "https://duckduckgo.com/" "Mozilla/5.0 (X11; Linux x86_64) AppleWebKit/537.36 (KHTML, like Gecko) Chrome/120.0.0.0 Safari/537.36"
64.59.72.148 - - [26/Jan/2026:23:03:22 -0500] "GET / HTTP/1.1" 200 4446 "-" "check_http/v2.4.9 (nagios-plugins 2.4.9)"
130.49.216.135 - - [26/Jan/2026:23:03:29 -0500] "GET /contact-us/ HTTP/1.0" 200 9621 "http://matrixmodels.com/contact-us/" "Mozilla/5.0 (Windows NT 10.0; Win64; x64) AppleWebKit/537.36 (KHTML, like Gecko) Chrome/131.0.0.0 Safari/537.36 Avast/131.0.0.0"
107.189.8.157 - - [26/Jan/2026:23:03:39 -0500] "GET /wp-login.php HTTP/1.1" 200 6925 "-" "Mozilla/5.0 (Windows NT 6.2; WOW64; rv:30.0) Gecko/20100101 Firefox/30.0"
107.189.8.157 - - [26/Jan/2026:23:03:40 -0500] "POST /wp-login.php HTTP/1.1" 200 7355 "-" "Mozilla/5.0 (Windows NT 6.2; WOW64; rv:30.0) Gecko/20100101 Firefox/30.0"
130.49.216.135 - - [26/Jan/2026:23:03:50 -0500] "GET / HTTP/1.0" 200 4446 "http://matrixmodels.com/" "Mozilla/5.0 (Windows NT 10.0; Win64; x64) AppleWebKit/537.36 (KHTML, like Gecko) Chrome/131.0.0.0 Safari/537.36 Avast/131.0.0.0"
143.110.180.16 - - [26/Jan/2026:23:04:23 -0500] "POST /wp-login.php HTTP/1.1" 200 7170 "-" "Mozilla/5.0"
105.154.6.114 - - [26/Jan/2026:23:04:55 -0500] "POST /wp-login.php HTTP/1.1" 200 7194 "https://matrixmodels.com/wp-login.php" "Mozilla/5.0 (Macintosh; Intel Mac OS X 13_6_1; rv:118.0) Gecko/20100101 Firefox/118.0"
105.154.6.114 - - [26/Jan/2026:23:04:55 -0500] "GET /wp-admin/index.php HTTP/1.1" 302 - "https://matrixmodels.com/wp-login.php" "Mozilla/5.0 (Macintosh; Intel Mac OS X 13_6_1) AppleWebKit/537.36 (KHTML, like Gecko) Chrome/121.0.0.0 Safari/537.36"
105.154.6.114 - - [26/Jan/2026:23:04:56 -0500] "GET /wp-login.php?redirect_to=https%3A%2F%2Fmatrixmodels.com%2Fwp-admin%2Findex.php&reauth=1 HTTP/1.1" 200 6934 "https://matrixmodels.com/wp-login.php" "Mozilla/5.0 (Macintosh; Intel Mac OS X 13_6_1) AppleWebKit/537.36 (KHTML, like Gecko) Chrome/121.0.0.0 Safari/537.36"
105.154.6.114 - - [26/Jan/2026:23:04:56 -0500] "POST /wp-login.php HTTP/1.1" 302 - "https://matrixmodels.com/wp-login.php" "Mozilla/5.0 (Macintosh; Intel Mac OS X 13_6_1) AppleWebKit/605.1.15 (KHTML, like Gecko) Version/17.0 Safari/605.1.15"
105.154.6.114 - - [26/Jan/2026:23:04:57 -0500] "GET /wp-admin/index.php HTTP/1.1" 200 60643 "https://matrixmodels.com/wp-login.php" "Mozilla/5.0 (Windows NT 10.0; Win64; x64; rv:118.0) Gecko/20100101 Firefox/118.0"
105.154.6.114 - - [26/Jan/2026:23:04:59 -0500] "GET /wp-admin/profile.php HTTP/1.1" 200 50725 "https://matrixmodels.com/wp-login.php" "Mozilla/5.0 (Windows NT 10.0; Win64; x64; rv:118.0) Gecko/20100101 Firefox/118.0"
64.59.72.148 - - [26/Jan/2026:23:05:22 -0500] "GET / HTTP/1.1" 200 4446 "-" "check_http/v2.4.9 (nagios-plugins 2.4.9)"
105.154.6.114 - - [26/Jan/2026:23:05:44 -0500] "GET /wp-admin/plugin-install.php?tab=upload HTTP/1.1" 200 33758 "www.google.com" "Mozilla/5.0 (Windows NT 10.0; Win64; x64) AppleWebKit/537.36 (KHTML, like Gecko) Chrome/91.0.4472.124 Safari/537.36"
105.154.6.114 - - [26/Jan/2026:23:05:44 -0500] "POST /wp-admin/update.php?action=upload-plugin HTTP/1.1" 200 25307 "www.google.com" "Mozilla/5.0 (Windows NT 10.0; Win64; x64) AppleWebKit/537.36 (KHTML, like Gecko) Chrome/91.0.4472.124 Safari/537.36"
105.154.6.114 - - [26/Jan/2026:23:05:47 -0500] "GET /wp-content/plugins/vhfwlnn/index.php HTTP/1.1" 200 40775 "www.google.com" "Mozilla/5.0 (Windows NT 10.0; Win64; x64) AppleWebKit/537.36 (KHTML, like Gecko) Chrome/91.0.4472.124 Safari/537.36"
103.60.12.72 - - [26/Jan/2026:23:05:50 -0500] "GET /wp-content/plugins/qbttibr/index.php HTTP/1.1" 200 26369 "-" "Mozilla/5.0 (Windows NT 10.0; Win64; x64) AppleWebKit/537.36 (KHTML, like Gecko) Chrome/112.0.0.0 Safari/537.36"
103.60.12.72 - - [26/Jan/2026:23:05:51 -0500] "POST /wp-content/plugins/qbttibr/index.php HTTP/1.1" 403 6 "-" "Mozilla/5.0 (Windows NT 10.0; Win64; x64) AppleWebKit/537.36 (KHTML, like Gecko) Chrome/112.0.0.0 Safari/537.36"
103.60.12.72 - - [26/Jan/2026:23:05:52 -0500] "GET /wp-content/plugins/qbttibr/szhpvqfb.php HTTP/1.1" 404 237 "-" "Mozilla/5.0 (Windows NT 10.0; Win64; x64) AppleWebKit/537.36 (KHTML, like Gecko) Chrome/112.0.0.0 Safari/537.36"
103.60.12.72 - - [26/Jan/2026:23:05:52 -0500] "GET /wp-content/plugins/qbttibr/index.php HTTP/1.1" 200 26369 "-" "Mozilla/5.0 (Windows NT 10.0; Win64; x64) AppleWebKit/537.36 (KHTML, like Gecko) Chrome/90.0.4430.85 Safari/537.36"
103.60.12.72 - - [26/Jan/2026:23:05:54 -0500] "POST /wp-content/plugins/qbttibr/index.php HTTP/1.1" 403 6 "https://matrixmodels.com/wp-content/plugins/qbttibr/index.php" "Mozilla/5.0 (Windows NT 10.0; Win64; x64) AppleWebKit/537.36 (KHTML, like Gecko) Chrome/90.0.4430.85 Safari/537.36"
103.60.12.72 - - [26/Jan/2026:23:06:04 -0500] "GET /wp-content/plugins/qbttibr/index.php HTTP/1.1" 200 26369 "-" "Mozilla/5.0 (Windows NT 10.0; Win64; x64) AppleWebKit/537.36 (KHTML, like Gecko) Chrome/112.0.0.0 Safari/537.36"
24.160.34.95 - - [26/Jan/2026:23:06:05 -0500] "GET / HTTP/1.1" 200 4465 "https://apagunion.com/" "Mozilla/5.0 (Windows NT 10.0; Win64; x64; rv:147.0) Gecko/20100101 Firefox/147.0"
103.60.12.72 - - [26/Jan/2026:23:06:05 -0500] "POST /wp-content/plugins/qbttibr/index.php HTTP/1.1" 403 6 "-" "Mozilla/5.0 (Windows NT 10.0; Win64; x64) AppleWebKit/537.36 (KHTML, like Gecko) Chrome/112.0.0.0 Safari/537.36"
24.160.34.95 - - [26/Jan/2026:23:06:05 -0500] "GET /wp-content/themes/matrix-model/assets/css/animate.min.css HTTP/1.1" 200 52592 "https://matrixmodels.com/" "Mozilla/5.0 (Windows NT 10.0; Win64; x64; rv:147.0) Gecko/20100101 Firefox/147.0"
24.160.34.95 - - [26/Jan/2026:23:06:05 -0500] "GET /wp-content/themes/matrix-model/assets/css/owl.carousel.min.css HTTP/1.1" 404 260 "https://matrixmodels.com/" "Mozilla/5.0 (Windows NT 10.0; Win64; x64; rv:147.0) Gecko/20100101 Firefox/147.0"
24.160.34.95 - - [26/Jan/2026:23:06:05 -0500] "GET /wp-content/themes/matrix-model/assets/css/custom.css HTTP/1.1" 200 5229 "https://matrixmodels.com/" "Mozilla/5.0 (Windows NT 10.0; Win64; x64; rv:147.0) Gecko/20100101 Firefox/147.0"
24.160.34.95 - - [26/Jan/2026:23:06:05 -0500] "GET /wp-content/themes/matrix-model/assets/css/owl.theme.default.min.css HTTP/1.1" 404 265 "https://matrixmodels.com/" "Mozilla/5.0 (Windows NT 10.0; Win64; x64; rv:147.0) Gecko/20100101 Firefox/147.0"
24.160.34.95 - - [26/Jan/2026:23:06:05 -0500] "GET /wp-content/themes/matrix-model/assets/css/aos.css HTTP/1.1" 200 26053 "https://matrixmodels.com/" "Mozilla/5.0 (Windows NT 10.0; Win64; x64; rv:147.0) Gecko/20100101 Firefox/147.0"
24.160.34.95 - - [26/Jan/2026:23:06:05 -0500] "GET /wp-content/themes/matrix-model/assets/css/bootstrap_v4.3.1_min.css HTTP/1.1" 200 155712 "https://matrixmodels.com/" "Mozilla/5.0 (Windows NT 10.0; Win64; x64; rv:147.0) Gecko/20100101 Firefox/147.0"
24.160.34.95 - - [26/Jan/2026:23:06:06 -0500] "GET /wp-content/themes/matrix-model/assets/images/more/i-3.jpg HTTP/1.1" 200 36068 "https://matrixmodels.com/" "Mozilla/5.0 (Windows NT 10.0; Win64; x64; rv:147.0) Gecko/20100101 Firefox/147.0"
24.160.34.95 - - [26/Jan/2026:23:06:06 -0500] "GET /wp-content/themes/matrix-model/assets/images/more/i-6.jpg HTTP/1.1" 200 39553 "https://matrixmodels.com/" "Mozilla/5.0 (Windows NT 10.0; Win64; x64; rv:147.0) Gecko/20100101 Firefox/147.0"
24.160.34.95 - - [26/Jan/2026:23:06:06 -0500] "GET /wp-content/themes/matrix-model/assets/images/more/i-8.jpg HTTP/1.1" 200 31506 "https://matrixmodels.com/" "Mozilla/5.0 (Windows NT 10.0; Win64; x64; rv:147.0) Gecko/20100101 Firefox/147.0"
24.160.34.95 - - [26/Jan/2026:23:06:06 -0500] "GET /wp-content/themes/matrix-model/assets/images/more/i-9.jpg HTTP/1.1" 200 39513 "https://matrixmodels.com/" "Mozilla/5.0 (Windows NT 10.0; Win64; x64; rv:147.0) Gecko/20100101 Firefox/147.0"
24.160.34.95 - - [26/Jan/2026:23:06:06 -0500] "GET /wp-content/themes/matrix-model/assets/images/more/i-7.jpg HTTP/1.1" 200 35534 "https://matrixmodels.com/" "Mozilla/5.0 (Windows NT 10.0; Win64; x64; rv:147.0) Gecko/20100101 Firefox/147.0"
24.160.34.95 - - [26/Jan/2026:23:06:06 -0500] "GET /wp-content/themes/matrix-model/assets/images/more/i-2.jpg HTTP/1.1" 200 44619 "https://matrixmodels.com/" "Mozilla/5.0 (Windows NT 10.0; Win64; x64; rv:147.0) Gecko/20100101 Firefox/147.0"
24.160.34.95 - - [26/Jan/2026:23:06:06 -0500] "GET /wp-content/themes/matrix-model/assets/images/more/i-1.jpg HTTP/1.1" 200 39164 "https://matrixmodels.com/" "Mozilla/5.0 (Windows NT 10.0; Win64; x64; rv:147.0) Gecko/20100101 Firefox/147.0"
24.160.34.95 - - [26/Jan/2026:23:06:06 -0500] "GET /wp-content/themes/matrix-model/assets/images/more/i-4.jpg HTTP/1.1" 200 28534 "https://matrixmodels.com/" "Mozilla/5.0 (Windows NT 10.0; Win64; x64; rv:147.0) Gecko/20100101 Firefox/147.0"
24.160.34.95 - - [26/Jan/2026:23:06:06 -0500] "GET /wp-content/themes/matrix-model/assets/images/more/i-5.jpg HTTP/1.1" 200 35264 "https://matrixmodels.com/" "Mozilla/5.0 (Windows NT 10.0; Win64; x64; rv:147.0) Gecko/20100101 Firefox/147.0"
24.160.34.95 - - [26/Jan/2026:23:06:06 -0500] "GET /wp-content/uploads/2021/07/logo.png HTTP/1.1" 200 181002 "https://matrixmodels.com/" "Mozilla/5.0 (Windows NT 10.0; Win64; x64; rv:147.0) Gecko/20100101 Firefox/147.0"
103.60.12.72 - - [26/Jan/2026:23:06:06 -0500] "GET /wp-content/plugins/qbttibr/nucbdcay.php HTTP/1.1" 404 237 "-" "Mozilla/5.0 (Windows NT 10.0; Win64; x64) AppleWebKit/537.36 (KHTML, like Gecko) Chrome/112.0.0.0 Safari/537.36"
24.160.34.95 - - [26/Jan/2026:23:06:06 -0500] "GET /wp-content/themes/matrix-model/assets/images/logo/favicon.png HTTP/1.1" 404 259 "https://matrixmodels.com/" "Mozilla/5.0 (Windows NT 10.0; Win64; x64; rv:147.0) Gecko/20100101 Firefox/147.0"
103.60.12.72 - - [26/Jan/2026:23:06:07 -0500] "GET /wp-content/plugins/qbttibr/index.php HTTP/1.1" 200 26369 "-" "Mozilla/5.0 (Windows NT 10.0; Win64; x64) AppleWebKit/537.36 (KHTML, like Gecko) Chrome/90.0.4430.85 Safari/537.36"
103.60.12.72 - - [26/Jan/2026:23:06:07 -0500] "POST /wp-content/plugins/qbttibr/index.php HTTP/1.1" 403 6 "https://matrixmodels.com/wp-content/plugins/qbttibr/index.php" "Mozilla/5.0 (Windows NT 10.0; Win64; x64) AppleWebKit/537.36 (KHTML, like Gecko) Chrome/90.0.4430.85 Safari/537.36"
95.110.231.169 - - [26/Jan/2026:23:06:10 -0500] "GET / HTTP/1.1" 301 - "-" "Go-http-client/1.1"
95.110.231.169 - - [26/Jan/2026:23:06:11 -0500] "GET / HTTP/1.1" 200 4465 "https://74.206.165.146" "Go-http-client/1.1"
51.44.84.128 - - [26/Jan/2026:23:06:36 -0500] "GET / HTTP/1.1" 301 - "-" "Go-http-client/1.1"
51.44.84.128 - - [26/Jan/2026:23:06:37 -0500] "GET / HTTP/1.1" 200 4465 "https://74.206.165.146" "Go-http-client/1.1"
13.222.58.122 - - [26/Jan/2026:23:06:57 -0500] "GET / HTTP/1.1" 301 - "-" "Mozilla/5.0 (Macintosh; Intel Mac OS X 10_15_7) AppleWebKit/537.36 (KHTML, like Gecko) Chrome/108.0.0.0 Safari/537.36"
13.222.58.122 - - [26/Jan/2026:23:06:57 -0500] "GET / HTTP/1.1" 200 4465 "-" "Mozilla/5.0 (Macintosh; Intel Mac OS X 10_15_7) AppleWebKit/537.36 (KHTML, like Gecko) Chrome/108.0.0.0 Safari/537.36"
64.59.72.148 - - [26/Jan/2026:23:07:22 -0500] "GET / HTTP/1.1" 200 4446 "-" "check_http/v2.4.9 (nagios-plugins 2.4.9)"
81.60.168.64 - - [26/Jan/2026:23:07:39 -0500] "GET /otw-portfolio/gabbie-carter/ HTTP/1.1" 301 - "https://www.google.com/" "Mozilla/5.0 (Windows NT 10.0; Win64; x64) AppleWebKit/537.36 (KHTML, like Gecko) Chrome/144.0.0.0 Safari/537.36"
81.60.168.64 - - [26/Jan/2026:23:07:39 -0500] "GET / HTTP/1.1" 200 4465 "https://www.google.com/" "Mozilla/5.0 (Windows NT 10.0; Win64; x64) AppleWebKit/537.36 (KHTML, like Gecko) Chrome/144.0.0.0 Safari/537.36"
81.60.168.64 - - [26/Jan/2026:23:07:39 -0500] "GET /wp-content/themes/matrix-model/assets/css/bootstrap_v4.3.1_min.css HTTP/1.1" 200 155712 "https://matrixmodels.com/" "Mozilla/5.0 (Windows NT 10.0; Win64; x64) AppleWebKit/537.36 (KHTML, like Gecko) Chrome/144.0.0.0 Safari/537.36"
81.60.168.64 - - [26/Jan/2026:23:07:40 -0500] "GET /wp-content/themes/matrix-model/assets/css/owl.carousel.min.css HTTP/1.1" 404 260 "https://matrixmodels.com/" "Mozilla/5.0 (Windows NT 10.0; Win64; x64) AppleWebKit/537.36 (KHTML, like Gecko) Chrome/144.0.0.0 Safari/537.36"
81.60.168.64 - - [26/Jan/2026:23:07:40 -0500] "GET /wp-content/themes/matrix-model/assets/css/aos.css HTTP/1.1" 200 26053 "https://matrixmodels.com/" "Mozilla/5.0 (Windows NT 10.0; Win64; x64) AppleWebKit/537.36 (KHTML, like Gecko) Chrome/144.0.0.0 Safari/537.36"
81.60.168.64 - - [26/Jan/2026:23:07:40 -0500] "GET /wp-content/themes/matrix-model/assets/css/owl.theme.default.min.css HTTP/1.1" 404 265 "https://matrixmodels.com/" "Mozilla/5.0 (Windows NT 10.0; Win64; x64) AppleWebKit/537.36 (KHTML, like Gecko) Chrome/144.0.0.0 Safari/537.36"
81.60.168.64 - - [26/Jan/2026:23:07:40 -0500] "GET /wp-content/themes/matrix-model/assets/css/custom.css HTTP/1.1" 200 5229 "https://matrixmodels.com/" "Mozilla/5.0 (Windows NT 10.0; Win64; x64) AppleWebKit/537.36 (KHTML, like Gecko) Chrome/144.0.0.0 Safari/537.36"
81.60.168.64 - - [26/Jan/2026:23:07:40 -0500] "GET /wp-content/themes/matrix-model/assets/images/more/i-2.jpg HTTP/1.1" 200 44619 "https://matrixmodels.com/" "Mozilla/5.0 (Windows NT 10.0; Win64; x64) AppleWebKit/537.36 (KHTML, like Gecko) Chrome/144.0.0.0 Safari/537.36"
81.60.168.64 - - [26/Jan/2026:23:07:40 -0500] "GET /wp-content/themes/matrix-model/assets/images/more/i-1.jpg HTTP/1.1" 200 39164 "https://matrixmodels.com/" "Mozilla/5.0 (Windows NT 10.0; Win64; x64) AppleWebKit/537.36 (KHTML, like Gecko) Chrome/144.0.0.0 Safari/537.36"
81.60.168.64 - - [26/Jan/2026:23:07:40 -0500] "GET /wp-content/themes/matrix-model/assets/images/more/i-3.jpg HTTP/1.1" 200 36068 "https://matrixmodels.com/" "Mozilla/5.0 (Windows NT 10.0; Win64; x64) AppleWebKit/537.36 (KHTML, like Gecko) Chrome/144.0.0.0 Safari/537.36"
81.60.168.64 - - [26/Jan/2026:23:07:40 -0500] "GET /wp-content/themes/matrix-model/assets/images/more/i-5.jpg HTTP/1.1" 200 35264 "https://matrixmodels.com/" "Mozilla/5.0 (Windows NT 10.0; Win64; x64) AppleWebKit/537.36 (KHTML, like Gecko) Chrome/144.0.0.0 Safari/537.36"
81.60.168.64 - - [26/Jan/2026:23:07:40 -0500] "GET /wp-content/themes/matrix-model/assets/images/more/i-4.jpg HTTP/1.1" 200 28534 "https://matrixmodels.com/" "Mozilla/5.0 (Windows NT 10.0; Win64; x64) AppleWebKit/537.36 (KHTML, like Gecko) Chrome/144.0.0.0 Safari/537.36"
81.60.168.64 - - [26/Jan/2026:23:07:40 -0500] "GET /wp-content/themes/matrix-model/assets/css/animate.min.css HTTP/1.1" 200 52592 "https://matrixmodels.com/" "Mozilla/5.0 (Windows NT 10.0; Win64; x64) AppleWebKit/537.36 (KHTML, like Gecko) Chrome/144.0.0.0 Safari/537.36"
81.60.168.64 - - [26/Jan/2026:23:07:40 -0500] "GET /wp-content/themes/matrix-model/assets/images/more/i-6.jpg HTTP/1.1" 200 39553 "https://matrixmodels.com/" "Mozilla/5.0 (Windows NT 10.0; Win64; x64) AppleWebKit/537.36 (KHTML, like Gecko) Chrome/144.0.0.0 Safari/537.36"
81.60.168.64 - - [26/Jan/2026:23:07:40 -0500] "GET /wp-content/themes/matrix-model/assets/images/more/i-8.jpg HTTP/1.1" 200 31506 "https://matrixmodels.com/" "Mozilla/5.0 (Windows NT 10.0; Win64; x64) AppleWebKit/537.36 (KHTML, like Gecko) Chrome/144.0.0.0 Safari/537.36"
81.60.168.64 - - [26/Jan/2026:23:07:40 -0500] "GET /wp-content/themes/matrix-model/assets/images/more/i-7.jpg HTTP/1.1" 200 35534 "https://matrixmodels.com/" "Mozilla/5.0 (Windows NT 10.0; Win64; x64) AppleWebKit/537.36 (KHTML, like Gecko) Chrome/144.0.0.0 Safari/537.36"
81.60.168.64 - - [26/Jan/2026:23:07:40 -0500] "GET /wp-content/themes/matrix-model/assets/images/more/i-9.jpg HTTP/1.1" 200 39513 "https://matrixmodels.com/" "Mozilla/5.0 (Windows NT 10.0; Win64; x64) AppleWebKit/537.36 (KHTML, like Gecko) Chrome/144.0.0.0 Safari/537.36"
81.60.168.64 - - [26/Jan/2026:23:07:40 -0500] "GET /wp-content/uploads/2021/07/logo.png HTTP/1.1" 200 181002 "https://matrixmodels.com/" "Mozilla/5.0 (Windows NT 10.0; Win64; x64) AppleWebKit/537.36 (KHTML, like Gecko) Chrome/144.0.0.0 Safari/537.36"
81.60.168.64 - - [26/Jan/2026:23:07:41 -0500] "GET /wp-content/themes/matrix-model/assets/images/logo/favicon.png HTTP/1.1" 404 259 "https://matrixmodels.com/" "Mozilla/5.0 (Windows NT 10.0; Win64; x64) AppleWebKit/537.36 (KHTML, like Gecko) Chrome/144.0.0.0 Safari/537.36"
158.220.122.128 - - [26/Jan/2026:23:07:41 -0500] "GET /__debugging_center_utils___.php?log=;echo%20muemunodaypkxhticudbpnznogplbqyj%20|%20id HTTP/1.1" 404 8442 "-" "Mozilla/5.0 (Kubuntu; Linux x86_64) AppleWebKit/537.36 (KHTML, like Gecko) Chrome/136.0.0.0 Safari/537.36"
81.60.168.64 - - [26/Jan/2026:23:07:45 -0500] "GET /our-models HTTP/1.1" 301 - "https://matrixmodels.com/" "Mozilla/5.0 (Windows NT 10.0; Win64; x64) AppleWebKit/537.36 (KHTML, like Gecko) Chrome/144.0.0.0 Safari/537.36"
81.60.168.64 - - [26/Jan/2026:23:07:45 -0500] "GET /our-models/ HTTP/1.1" 200 7615 "https://matrixmodels.com/" "Mozilla/5.0 (Windows NT 10.0; Win64; x64) AppleWebKit/537.36 (KHTML, like Gecko) Chrome/144.0.0.0 Safari/537.36"
81.60.168.64 - - [26/Jan/2026:23:07:45 -0500] "GET /wp-includes/css/dist/block-library/style.min.css?ver=5.6.16 HTTP/1.1" 200 51338 "https://matrixmodels.com/our-models/" "Mozilla/5.0 (Windows NT 10.0; Win64; x64) AppleWebKit/537.36 (KHTML, like Gecko) Chrome/144.0.0.0 Safari/537.36"
81.60.168.64 - - [26/Jan/2026:23:07:45 -0500] "GET /wp-content/themes/matrix-model/style.css?ver=5.6.16 HTTP/1.1" 200 41969 "https://matrixmodels.com/our-models/" "Mozilla/5.0 (Windows NT 10.0; Win64; x64) AppleWebKit/537.36 (KHTML, like Gecko) Chrome/144.0.0.0 Safari/537.36"
81.60.168.64 - - [26/Jan/2026:23:07:45 -0500] "GET /wp-includes/js/jquery/jquery.min.js?ver=3.5.1 HTTP/1.1" 200 89496 "https://matrixmodels.com/our-models/" "Mozilla/5.0 (Windows NT 10.0; Win64; x64) AppleWebKit/537.36 (KHTML, like Gecko) Chrome/144.0.0.0 Safari/537.36"
81.60.168.64 - - [26/Jan/2026:23:07:45 -0500] "GET /wp-content/themes/matrix-model/images/inner-logo.jpg HTTP/1.1" 200 8330 "https://matrixmodels.com/our-models/" "Mozilla/5.0 (Windows NT 10.0; Win64; x64) AppleWebKit/537.36 (KHTML, like Gecko) Chrome/144.0.0.0 Safari/537.36"
81.60.168.64 - - [26/Jan/2026:23:07:45 -0500] "GET /wp-includes/js/jquery/jquery-migrate.min.js?ver=3.3.2 HTTP/1.1" 200 11224 "https://matrixmodels.com/our-models/" "Mozilla/5.0 (Windows NT 10.0; Win64; x64) AppleWebKit/537.36 (KHTML, like Gecko) Chrome/144.0.0.0 Safari/537.36"
81.60.168.64 - - [26/Jan/2026:23:07:45 -0500] "GET /wp-includes/js/wp-emoji-release.min.js?ver=5.6.16 HTTP/1.1" 200 14229 "https://matrixmodels.com/our-models/" "Mozilla/5.0 (Windows NT 10.0; Win64; x64) AppleWebKit/537.36 (KHTML, like Gecko) Chrome/144.0.0.0 Safari/537.36"
81.60.168.64 - - [26/Jan/2026:23:07:45 -0500] "GET /favicon.ico HTTP/1.1" 200 43 "https://matrixmodels.com/our-models/" "Mozilla/5.0 (Windows NT 10.0; Win64; x64) AppleWebKit/537.36 (KHTML, like Gecko) Chrome/144.0.0.0 Safari/537.36"
158.220.122.128 - - [26/Jan/2026:23:07:51 -0500] "GET /__debugging_center_utils___.php?log=;echo%20muemunodaypkxhticudbpnznogplbqyj%20|%20ipconfig HTTP/1.1" 404 8442 "-" "Mozilla/5.0 (X11; Fedora; Linux x86_64; rv:140.0) Gecko/20100101 Firefox/140.0"
204.10.194.20 - - [26/Jan/2026:23:08:04 -0500] "GET /wp-login.php HTTP/1.1" 200 6925 "https://duckduckgo.com/" "Mozilla/5.0 (X11; Ubuntu; Linux x86_64) AppleWebKit/537.36 (KHTML, like Gecko) Chrome/119.0.0.0 Safari/537.36"
74.206.165.145 - - [26/Jan/2026:23:08:05 -0500] "POST /wp-cron.php?doing_wp_cron=1769486885.0700459480285644531250 HTTP/1.1" 200 - "https://matrixmodels.com/wp-cron.php?doing_wp_cron=1769486885.0700459480285644531250" "WordPress/5.6.16; https://matrixmodels.com"
204.10.194.20 - - [26/Jan/2026:23:08:05 -0500] "GET /?author=1 HTTP/1.1" 301 - "https://wordpress.org/" "Mozilla/5.0 (Windows NT 10.0; Win64; x64; rv:120.0) Gecko/20100101 Firefox/120.0"
204.10.194.20 - - [26/Jan/2026:23:08:05 -0500] "GET /author/admin/ HTTP/1.1" 200 11212 "https://wordpress.org/" "Mozilla/5.0 (Windows NT 10.0; Win64; x64; rv:120.0) Gecko/20100101 Firefox/120.0"
204.10.194.20 - - [26/Jan/2026:23:08:05 -0500] "GET /?author=2 HTTP/1.1" 404 8466 "https://www.google.com/search?q=wordpress" "Mozilla/5.0 (Macintosh; Intel Mac OS X 10_15_7) AppleWebKit/605.1.15 (KHTML, like Gecko) Version/17.2 Safari/605.1.15"
204.10.194.20 - - [26/Jan/2026:23:08:05 -0500] "GET /?author=3 HTTP/1.1" 404 8466 "https://duckduckgo.com/" "Mozilla/5.0 (Windows NT 10.0; Win64; x64; rv:118.0) Gecko/20100101 Firefox/118.0"
204.10.194.20 - - [26/Jan/2026:23:08:05 -0500] "GET /?author=4 HTTP/1.1" 200 11224 "-" "Mozilla/5.0 (Macintosh; Intel Mac OS X 13_6_1) AppleWebKit/605.1.15 (KHTML, like Gecko) Version/17.2 Safari/605.1.15"
204.10.194.20 - - [26/Jan/2026:23:08:05 -0500] "GET /?author=5 HTTP/1.1" 301 - "-" "Mozilla/5.0 (Windows NT 10.0; Win64; x64) AppleWebKit/537.36 (KHTML, like Gecko) Chrome/120.0.0.0 Safari/537.36"
204.10.194.20 - - [26/Jan/2026:23:08:05 -0500] "GET /author/root/ HTTP/1.1" 200 12718 "-" "Mozilla/5.0 (Windows NT 10.0; Win64; x64) AppleWebKit/537.36 (KHTML, like Gecko) Chrome/120.0.0.0 Safari/537.36"
204.10.194.20 - - [26/Jan/2026:23:08:06 -0500] "GET /wp-json/wp/v2/users HTTP/1.1" 200 1228 "" "Mozilla/5.0 (Macintosh; Intel Mac OS X 10_15_7) AppleWebKit/605.1.15 (KHTML, like Gecko) Version/16.6 Safari/605.1.15"
204.10.194.20 - - [26/Jan/2026:23:08:06 -0500] "POST /wp-login.php HTTP/1.1" 200 7194 "https://matrixmodels.com/wp-login.php" "Mozilla/5.0 (Macintosh; Intel Mac OS X 10_15_7; rv:120.0) Gecko/20100101 Firefox/120.0"
204.10.194.20 - - [26/Jan/2026:23:08:06 -0500] "GET /wp-admin/index.php HTTP/1.1" 302 - "https://matrixmodels.com/wp-login.php" "Mozilla/5.0 (Windows NT 10.0; Win64; x64) AppleWebKit/537.36 (KHTML, like Gecko) Chrome/120.0.0.0 Safari/537.36"
204.10.194.20 - - [26/Jan/2026:23:08:06 -0500] "GET /wp-login.php?redirect_to=https%3A%2F%2Fmatrixmodels.com%2Fwp-admin%2Findex.php&reauth=1 HTTP/1.1" 200 6934 "https://matrixmodels.com/wp-login.php" "Mozilla/5.0 (Windows NT 10.0; Win64; x64) AppleWebKit/537.36 (KHTML, like Gecko) Chrome/120.0.0.0 Safari/537.36"
204.10.194.20 - - [26/Jan/2026:23:08:06 -0500] "POST /wp-login.php HTTP/1.1" 302 - "https://matrixmodels.com/wp-login.php" "Mozilla/5.0 (Macintosh; Intel Mac OS X 13_6_1) AppleWebKit/605.1.15 (KHTML, like Gecko) Version/16.6 Safari/605.1.15"
204.10.194.20 - - [26/Jan/2026:23:08:07 -0500] "GET /wp-admin/index.php HTTP/1.1" 200 60643 "https://matrixmodels.com/wp-login.php" "Mozilla/5.0 (X11; Ubuntu; Linux x86_64) AppleWebKit/537.36 (KHTML, like Gecko) Chrome/119.0.0.0 Safari/537.36"
204.10.194.20 - - [26/Jan/2026:23:08:08 -0500] "GET /wp-admin/profile.php HTTP/1.1" 200 50729 "https://matrixmodels.com/wp-login.php" "Mozilla/5.0 (X11; Ubuntu; Linux x86_64) AppleWebKit/537.36 (KHTML, like Gecko) Chrome/119.0.0.0 Safari/537.36"
