74.206.165.145 - - [26/Jan/2026:14:09:22 -0500] "POST /wp-cron.php?doing_wp_cron=1769454562.0626649856567382812500 HTTP/1.1" 200 - "http://matrixmodels.com/wp-cron.php?doing_wp_cron=1769454562.0626649856567382812500" "WordPress/5.6.16; http://matrixmodels.com"
64.59.72.148 - - [26/Jan/2026:14:09:22 -0500] "GET / HTTP/1.1" 200 4446 "-" "check_http/v2.4.9 (nagios-plugins 2.4.9)"
65.50.128.69 - - [26/Jan/2026:14:09:44 -0500] "GET /otw-portfolio/giulia-wylde/ HTTP/1.1" 301 - "-" "Mozilla/5.0 (Windows NT 10.0; Win64; x64) AppleWebKit/537.36 (KHTML, like Gecko) Chrome/144.0.0.0 Safari/537.36"
65.50.128.69 - - [26/Jan/2026:14:09:44 -0500] "GET / HTTP/1.1" 200 4465 "-" "Mozilla/5.0 (Windows NT 10.0; Win64; x64) AppleWebKit/537.36 (KHTML, like Gecko) Chrome/144.0.0.0 Safari/537.36"
65.50.128.69 - - [26/Jan/2026:14:09:44 -0500] "GET /wp-content/themes/matrix-model/assets/css/bootstrap_v4.3.1_min.css HTTP/1.1" 200 155712 "https://matrixmodels.com/" "Mozilla/5.0 (Windows NT 10.0; Win64; x64) AppleWebKit/537.36 (KHTML, like Gecko) Chrome/144.0.0.0 Safari/537.36"
65.50.128.69 - - [26/Jan/2026:14:09:44 -0500] "GET /wp-content/themes/matrix-model/assets/css/aos.css HTTP/1.1" 200 26053 "https://matrixmodels.com/" "Mozilla/5.0 (Windows NT 10.0; Win64; x64) AppleWebKit/537.36 (KHTML, like Gecko) Chrome/144.0.0.0 Safari/537.36"
65.50.128.69 - - [26/Jan/2026:14:09:44 -0500] "GET /wp-content/themes/matrix-model/assets/css/owl.carousel.min.css HTTP/1.1" 404 260 "https://matrixmodels.com/" "Mozilla/5.0 (Windows NT 10.0; Win64; x64) AppleWebKit/537.36 (KHTML, like Gecko) Chrome/144.0.0.0 Safari/537.36"
65.50.128.69 - - [26/Jan/2026:14:09:44 -0500] "GET /wp-content/themes/matrix-model/assets/css/owl.theme.default.min.css HTTP/1.1" 404 265 "https://matrixmodels.com/" "Mozilla/5.0 (Windows NT 10.0; Win64; x64) AppleWebKit/537.36 (KHTML, like Gecko) Chrome/144.0.0.0 Safari/537.36"
65.50.128.69 - - [26/Jan/2026:14:09:44 -0500] "GET /wp-content/themes/matrix-model/assets/css/animate.min.css HTTP/1.1" 200 52592 "https://matrixmodels.com/" "Mozilla/5.0 (Windows NT 10.0; Win64; x64) AppleWebKit/537.36 (KHTML, like Gecko) Chrome/144.0.0.0 Safari/537.36"
65.50.128.69 - - [26/Jan/2026:14:09:44 -0500] "GET /wp-content/themes/matrix-model/assets/images/more/i-1.jpg HTTP/1.1" 200 39164 "https://matrixmodels.com/" "Mozilla/5.0 (Windows NT 10.0; Win64; x64) AppleWebKit/537.36 (KHTML, like Gecko) Chrome/144.0.0.0 Safari/537.36"
65.50.128.69 - - [26/Jan/2026:14:09:44 -0500] "GET /wp-content/themes/matrix-model/assets/css/custom.css HTTP/1.1" 200 5229 "https://matrixmodels.com/" "Mozilla/5.0 (Windows NT 10.0; Win64; x64) AppleWebKit/537.36 (KHTML, like Gecko) Chrome/144.0.0.0 Safari/537.36"
65.50.128.69 - - [26/Jan/2026:14:09:44 -0500] "GET /wp-content/themes/matrix-model/assets/images/more/i-2.jpg HTTP/1.1" 200 44619 "https://matrixmodels.com/" "Mozilla/5.0 (Windows NT 10.0; Win64; x64) AppleWebKit/537.36 (KHTML, like Gecko) Chrome/144.0.0.0 Safari/537.36"
65.50.128.69 - - [26/Jan/2026:14:09:44 -0500] "GET /wp-content/themes/matrix-model/assets/images/more/i-3.jpg HTTP/1.1" 200 36068 "https://matrixmodels.com/" "Mozilla/5.0 (Windows NT 10.0; Win64; x64) AppleWebKit/537.36 (KHTML, like Gecko) Chrome/144.0.0.0 Safari/537.36"
65.50.128.69 - - [26/Jan/2026:14:09:44 -0500] "GET /wp-content/themes/matrix-model/assets/images/more/i-4.jpg HTTP/1.1" 200 28534 "https://matrixmodels.com/" "Mozilla/5.0 (Windows NT 10.0; Win64; x64) AppleWebKit/537.36 (KHTML, like Gecko) Chrome/144.0.0.0 Safari/537.36"
65.50.128.69 - - [26/Jan/2026:14:09:44 -0500] "GET /wp-content/themes/matrix-model/assets/images/more/i-5.jpg HTTP/1.1" 200 35264 "https://matrixmodels.com/" "Mozilla/5.0 (Windows NT 10.0; Win64; x64) AppleWebKit/537.36 (KHTML, like Gecko) Chrome/144.0.0.0 Safari/537.36"
65.50.128.69 - - [26/Jan/2026:14:09:44 -0500] "GET /wp-content/themes/matrix-model/assets/images/more/i-6.jpg HTTP/1.1" 200 39553 "https://matrixmodels.com/" "Mozilla/5.0 (Windows NT 10.0; Win64; x64) AppleWebKit/537.36 (KHTML, like Gecko) Chrome/144.0.0.0 Safari/537.36"
65.50.128.69 - - [26/Jan/2026:14:09:44 -0500] "GET /wp-content/themes/matrix-model/assets/images/more/i-7.jpg HTTP/1.1" 200 35534 "https://matrixmodels.com/" "Mozilla/5.0 (Windows NT 10.0; Win64; x64) AppleWebKit/537.36 (KHTML, like Gecko) Chrome/144.0.0.0 Safari/537.36"
65.50.128.69 - - [26/Jan/2026:14:09:44 -0500] "GET /wp-content/themes/matrix-model/assets/images/more/i-8.jpg HTTP/1.1" 200 31506 "https://matrixmodels.com/" "Mozilla/5.0 (Windows NT 10.0; Win64; x64) AppleWebKit/537.36 (KHTML, like Gecko) Chrome/144.0.0.0 Safari/537.36"
65.50.128.69 - - [26/Jan/2026:14:09:44 -0500] "GET /wp-content/themes/matrix-model/assets/images/more/i-9.jpg HTTP/1.1" 200 39513 "https://matrixmodels.com/" "Mozilla/5.0 (Windows NT 10.0; Win64; x64) AppleWebKit/537.36 (KHTML, like Gecko) Chrome/144.0.0.0 Safari/537.36"
65.50.128.69 - - [26/Jan/2026:14:09:44 -0500] "GET /wp-content/uploads/2021/07/logo.png HTTP/1.1" 200 181002 "https://matrixmodels.com/" "Mozilla/5.0 (Windows NT 10.0; Win64; x64) AppleWebKit/537.36 (KHTML, like Gecko) Chrome/144.0.0.0 Safari/537.36"
65.50.128.69 - - [26/Jan/2026:14:09:45 -0500] "GET /wp-content/themes/matrix-model/assets/images/logo/favicon.png HTTP/1.1" 404 259 "https://matrixmodels.com/" "Mozilla/5.0 (Windows NT 10.0; Win64; x64) AppleWebKit/537.36 (KHTML, like Gecko) Chrome/144.0.0.0 Safari/537.36"
65.50.128.69 - - [26/Jan/2026:14:10:14 -0500] "-" 408 - "-" "-"
40.77.167.7 - - [26/Jan/2026:14:10:17 -0500] "GET /sitemaps.xml HTTP/1.1" 301 - "-" "Mozilla/5.0 AppleWebKit/537.36 (KHTML, like Gecko; compatible; bingbot/2.0; +http://www.bing.com/bingbot.htm) Chrome/116.0.1938.76 Safari/537.36"
52.167.144.137 - - [26/Jan/2026:14:10:27 -0500] "GET /sitemaps.xml HTTP/1.1" 404 8466 "-" "Mozilla/5.0 AppleWebKit/537.36 (KHTML, like Gecko; compatible; bingbot/2.0; +http://www.bing.com/bingbot.htm) Chrome/116.0.1938.76 Safari/537.36"
196.150.33.230 - - [26/Jan/2026:14:10:59 -0500] "GET /wp-content/plugins/qbttibr/index.php HTTP/1.1" 200 26369 "-" "Mozilla/5.0 (Windows NT 10.0; Win64; x64; rv:147.0) Gecko/20100101 Firefox/147.0"
64.59.72.148 - - [26/Jan/2026:14:11:22 -0500] "GET / HTTP/1.1" 200 4446 "-" "check_http/v2.4.9 (nagios-plugins 2.4.9)"
177.75.23.216 - - [26/Jan/2026:14:11:26 -0500] "GET /wp-content/plugins/jlffp/index.php HTTP/1.1" 404 232 "-" "Mozilla/5.0 (iPhone; CPU iPhone OS 16_6 like Mac OS X) AppleWebKit/605.1.15 (KHTML, like Gecko) Version/16.6 Mobile/15E148 Safari/604.1"
177.75.23.216 - - [26/Jan/2026:14:11:26 -0500] "GET /wp-content/plugins/jlffp/index.php HTTP/1.1" 404 232 "-" "Mozilla/5.0 (iPhone; CPU iPhone OS 16_6 like Mac OS X) AppleWebKit/605.1.15 (KHTML, like Gecko) Version/16.6 Mobile/15E148 Safari/604.1"
188.166.35.151 - - [26/Jan/2026:14:11:55 -0500] "POST /wp-login.php HTTP/1.1" 200 7170 "-" "Mozilla/5.0"
172.56.234.164 - - [26/Jan/2026:14:12:07 -0500] "GET /apple-touch-icon-precomposed.png HTTP/1.1" 404 8442 "-" "NetworkingExtension/8622.2.11.10.8 Network/5569.42.2 iOS/26.1"
172.56.234.164 - - [26/Jan/2026:14:12:07 -0500] "GET /favicon.ico HTTP/1.1" 200 43 "-" "NetworkingExtension/8622.2.11.10.8 Network/5569.42.2 iOS/26.1"
172.56.234.164 - - [26/Jan/2026:14:12:07 -0500] "GET /otw-portfolio/alex-grey/ HTTP/1.1" 301 - "-" "Mozilla/5.0 (Macintosh; Intel Mac OS X 10_11_1) AppleWebKit/601.2.4 (KHTML, like Gecko) Version/9.0.1 Safari/601.2.4 facebookexternalhit/1.1 Facebot Twitterbot/1.0"
172.56.234.164 - - [26/Jan/2026:14:12:07 -0500] "GET /apple-touch-icon.png HTTP/1.1" 404 8442 "-" "NetworkingExtension/8622.2.11.10.8 Network/5569.42.2 iOS/26.1"
172.56.234.164 - - [26/Jan/2026:14:12:07 -0500] "GET / HTTP/1.1" 200 4446 "-" "Mozilla/5.0 (Macintosh; Intel Mac OS X 10_11_1) AppleWebKit/601.2.4 (KHTML, like Gecko) Version/9.0.1 Safari/601.2.4 facebookexternalhit/1.1 Facebot Twitterbot/1.0"
172.56.234.164 - - [26/Jan/2026:14:12:07 -0500] "GET /wp-content/themes/matrix-model/assets/images/logo/favicon.png HTTP/1.1" 404 259 "-" "NetworkingExtension/8622.2.11.10.8 Network/5569.42.2 iOS/26.1"
52.167.144.156 - - [26/Jan/2026:14:12:21 -0500] "GET /wp-content/uploads/2018/11/HH_Promo2-360x520.jpg HTTP/1.1" 200 71037 "-" "Mozilla/5.0 AppleWebKit/537.36 (KHTML, like Gecko; compatible; bingbot/2.0; +http://www.bing.com/bingbot.htm) Chrome/116.0.1938.76 Safari/537.36"
64.59.72.148 - - [26/Jan/2026:14:13:22 -0500] "GET / HTTP/1.1" 200 4446 "-" "check_http/v2.4.9 (nagios-plugins 2.4.9)"
20.221.68.74 - - [26/Jan/2026:14:13:25 -0500] "GET /ReportServer HTTP/1.1" 404 8520 "-" "Mozilla/5.0 zgrab/0.x"
36.255.98.223 - - [26/Jan/2026:14:13:34 -0500] "GET / HTTP/1.0" 400 362 "-" "-"
36.255.98.223 - - [26/Jan/2026:14:13:34 -0500] "GET /sslvpn_logon.shtml HTTP/1.0" 404 8520 "https://www.google.com" "Mozilla/5.0 (X11; Linux x86_64) AppleWebKit/537.36 (KHTML, like Gecko) Chrome/119.0.0.0 Safari/537.36"
54.39.89.113 - - [26/Jan/2026:14:13:46 -0500] "GET /alice-6/ HTTP/1.1" 200 12383 "-" "Mozilla/5.0 (compatible; AhrefsBot/7.0; +http://ahrefs.com/robot/)"
43.173.181.117 - - [26/Jan/2026:14:14:59 -0500] "GET /?dir=%2Fsys HTTP/1.1" 200 4446 "-" "Mozilla/5.0 (Windows NT 10.0; Win64; x64) AppleWebKit/537.36 (KHTML, like Gecko) Chrome/105.0.0.0 Safari/537.3"
43.173.176.124 - - [26/Jan/2026:14:15:01 -0500] "GET /wp-content/themes/matrix-model/assets/css/owl.carousel.min.css HTTP/1.1" 404 260 "http://matrixmodels.com/?dir=%2Fsys" "Mozilla/5.0 (Windows NT 10.0; Win64; x64) AppleWebKit/537.36 (KHTML, like Gecko) Chrome/105.0.0.0 Safari/537.3"
43.173.175.76 - - [26/Jan/2026:14:15:01 -0500] "GET /wp-content/themes/matrix-model/assets/css/owl.theme.default.min.css HTTP/1.1" 404 265 "http://matrixmodels.com/?dir=%2Fsys" "Mozilla/5.0 (Windows NT 10.0; Win64; x64) AppleWebKit/537.36 (KHTML, like Gecko) Chrome/105.0.0.0 Safari/537.3"
66.249.66.204 - - [26/Jan/2026:14:15:06 -0500] "GET /?p=3179 HTTP/1.1" 404 8442 "-" "Mozilla/5.0 (Linux; Android 6.0.1; Nexus 5X Build/MMB29P) AppleWebKit/537.36 (KHTML, like Gecko) Chrome/143.0.7499.192 Mobile Safari/537.36 (compatible; Googlebot/2.1; +http://www.google.com/bot.html)"
66.249.70.135 - - [26/Jan/2026:14:15:07 -0500] "GET /?p=2972 HTTP/1.1" 404 8442 "-" "Mozilla/5.0 (Linux; Android 6.0.1; Nexus 5X Build/MMB29P) AppleWebKit/537.36 (KHTML, like Gecko) Chrome/143.0.7499.192 Mobile Safari/537.36 (compatible; Googlebot/2.1; +http://www.google.com/bot.html)"
64.59.72.148 - - [26/Jan/2026:14:15:22 -0500] "GET / HTTP/1.1" 200 4446 "-" "check_http/v2.4.9 (nagios-plugins 2.4.9)"
177.75.23.216 - - [26/Jan/2026:14:15:34 -0500] "GET /wp-content/plugins/ybnwj/index.php HTTP/1.1" 404 232 "-" "Mozilla/5.0 (Macintosh; Intel Mac OS X 10_15_7) AppleWebKit/537.36 (KHTML, like Gecko) Chrome/127.0.0.0 Safari/537.36"
177.75.23.216 - - [26/Jan/2026:14:15:34 -0500] "GET /wp-content/plugins/ybnwj/index.php HTTP/1.1" 404 232 "-" "Mozilla/5.0 (Windows NT 10.0; Win64; x64) AppleWebKit/537.36 (KHTML, like Gecko) Chrome/128.0.0.0 Safari/537.36"
68.41.240.239 - - [26/Jan/2026:14:15:46 -0500] "GET /wp-content/uploads/2019/03/CFL08093.jpg HTTP/1.1" 200 135759 "-" "AndroidHttpClient (Linux; U; Android 15; en_US; SM-G991U; Build/AP3A.240905.015.A2; Cronet/139.0.7205.3)"
114.79.54.151 - - [26/Jan/2026:14:16:45 -0500] "-" 408 - "-" "-"
51.68.107.150 - - [26/Jan/2026:14:16:49 -0500] "GET /robots.txt HTTP/1.1" 200 116 "-" "Mozilla/5.0 (compatible; MJ12bot/v2.0.4; http://mj12bot.com/)"
51.68.107.150 - - [26/Jan/2026:14:16:49 -0500] "GET /our-models/ HTTP/1.1" 200 7587 "-" "Mozilla/5.0 (compatible; MJ12bot/v2.0.4; http://mj12bot.com/)"
114.79.54.151 - - [26/Jan/2026:14:16:29 -0500] "GET /wp-content/uploads/2019/06/CARA-5.jpg HTTP/1.1" 200 130235 "https://ya.ru/images/touch/search?text=Kara+viral+nude&img_url=https%3A%2F%2Fpornktubes.net%2Fwp-content%2Fuploads%2F2025%2F04%2FSuper-hottest-babe-indian-private-porn-big-boob-mms.jpg&pos=8&rpt=simage" "Mozilla/5.0 (Linux; Android 10; K) AppleWebKit/537.36 (KHTML, like Gecko) Chrome/141.0.0.0 Mobile Safari/537.36"
64.59.72.148 - - [26/Jan/2026:14:17:22 -0500] "GET / HTTP/1.1" 200 4446 "-" "check_http/v2.4.9 (nagios-plugins 2.4.9)"
136.119.50.170 - - [26/Jan/2026:14:18:58 -0500] "GET / HTTP/1.0" 200 4446 "-" "-"
136.119.50.170 - - [26/Jan/2026:14:18:59 -0500] "GET / HTTP/1.1" 200 4446 "-" "Mozilla/5.0 (Windows NT 6.1; rv:2.0) Gecko/20100101 Firefox/4.0"
136.119.50.170 - - [26/Jan/2026:14:18:59 -0500] "GET / HTTP/1.1" 200 4446 "https://www.google.com/" "Mozilla/5.0 (Windows NT 10.0; Win64; x64) AppleWebKit/537.36 (KHTML, like Gecko) Chrome/120.0.0.0 Safari/537.36"
64.59.72.148 - - [26/Jan/2026:14:19:22 -0500] "GET / HTTP/1.1" 200 4446 "-" "check_http/v2.4.9 (nagios-plugins 2.4.9)"
136.119.50.170 - - [26/Jan/2026:14:19:30 -0500] "GET / HTTP/1.0" 200 4446 "-" "-"
136.119.50.170 - - [26/Jan/2026:14:19:30 -0500] "GET /robots.txt HTTP/1.1" 200 116 "-" "Mozilla/5.0 (Windows NT 6.1; rv:2.0) Gecko/20100101 Firefox/4.0"
136.119.50.170 - - [26/Jan/2026:14:19:31 -0500] "GET //sitemap.html HTTP/1.0" 301 - "-" "-"
136.119.50.170 - - [26/Jan/2026:14:19:31 -0500] "GET /robots.txt HTTP/1.0" 200 116 "-" "-"
136.119.50.170 - - [26/Jan/2026:14:19:31 -0500] "GET / HTTP/1.0" 200 4465 "-" "-"
136.119.50.170 - - [26/Jan/2026:14:19:31 -0500] "GET /wp-sitemap.xml HTTP/1.1" 200 18479 "-" "Mozilla/5.0 (Windows NT 6.1; rv:2.0) Gecko/20100101 Firefox/4.0"
136.119.50.170 - - [26/Jan/2026:14:19:31 -0500] "GET /sitemap.html HTTP/1.0" 404 8442 "-" "-"
136.119.50.170 - - [26/Jan/2026:14:19:31 -0500] "GET / HTTP/1.1" 200 4446 "-" "Mozilla/5.0 (Windows NT 6.1; rv:2.0) Gecko/20100101 Firefox/4.0"
136.119.50.170 - - [26/Jan/2026:14:19:31 -0500] "GET //sitemap.html HTTP/1.0" 301 - "-" "-"
136.119.50.170 - - [26/Jan/2026:14:19:31 -0500] "GET / HTTP/1.1" 301 - "-" "Mozilla/5.0 (Windows NT 6.1; rv:2.0) Gecko/20100101 Firefox/4.0"
136.119.50.170 - - [26/Jan/2026:14:19:31 -0500] "GET / HTTP/1.1" 200 4446 "http://www.matrixmodels.com/" "Mozilla/5.0 (Windows NT 6.1; rv:2.0) Gecko/20100101 Firefox/4.0"
136.119.50.170 - - [26/Jan/2026:14:19:31 -0500] "GET /sitemap.html HTTP/1.0" 404 8442 "-" "-"
136.119.50.170 - - [26/Jan/2026:14:19:31 -0500] "GET / HTTP/1.1" 200 4446 "-" "Mozilla/5.0 (Windows NT 5.1; rv:17.0) Gecko/20100101 Firefox/17.0"
136.119.50.170 - - [26/Jan/2026:14:19:31 -0500] "GET /wp-content/themes/matrix-model/assets/css/aos.css HTTP/1.1" 200 26053 "http://matrixmodels.com/" "Mozilla/5.0 (Windows NT 5.1; rv:17.0) Gecko/20100101 Firefox/17.0"
136.119.50.170 - - [26/Jan/2026:14:19:31 -0500] "GET /wp-content/themes/matrix-model/assets/css/owl.theme.default.min.css HTTP/1.1" 404 265 "http://matrixmodels.com/" "Mozilla/5.0 (Windows NT 5.1; rv:17.0) Gecko/20100101 Firefox/17.0"
136.119.50.170 - - [26/Jan/2026:14:19:31 -0500] "GET /wp-content/themes/matrix-model/assets/css/owl.carousel.min.css HTTP/1.1" 404 260 "http://matrixmodels.com/" "Mozilla/5.0 (Windows NT 5.1; rv:17.0) Gecko/20100101 Firefox/17.0"
136.119.50.170 - - [26/Jan/2026:14:19:31 -0500] "GET /wp-content/themes/matrix-model/assets/css/custom.css HTTP/1.1" 200 5229 "http://matrixmodels.com/" "Mozilla/5.0 (Windows NT 5.1; rv:17.0) Gecko/20100101 Firefox/17.0"
136.119.50.170 - - [26/Jan/2026:14:19:31 -0500] "GET /sitemap.html HTTP/1.0" 404 8442 "-" "-"
136.119.50.170 - - [26/Jan/2026:14:19:31 -0500] "GET /wp-content/themes/matrix-model/assets/css/bootstrap_v4.3.1_min.css HTTP/1.1" 200 155712 "http://matrixmodels.com/" "Mozilla/5.0 (Windows NT 5.1; rv:17.0) Gecko/20100101 Firefox/17.0"
136.119.50.170 - - [26/Jan/2026:14:19:31 -0500] "GET /wp-content/themes/matrix-model/assets/images/more/i-1.jpg HTTP/1.1" 200 39164 "http://matrixmodels.com/" "Mozilla/5.0 (Windows NT 5.1; rv:17.0) Gecko/20100101 Firefox/17.0"
136.119.50.170 - - [26/Jan/2026:14:19:31 -0500] "GET /wp-content/themes/matrix-model/assets/images/more/i-3.jpg HTTP/1.1" 200 36068 "http://matrixmodels.com/" "Mozilla/5.0 (Windows NT 5.1; rv:17.0) Gecko/20100101 Firefox/17.0"
136.119.50.170 - - [26/Jan/2026:14:19:31 -0500] "GET /wp-content/themes/matrix-model/assets/images/more/i-4.jpg HTTP/1.1" 200 28534 "http://matrixmodels.com/" "Mozilla/5.0 (Windows NT 5.1; rv:17.0) Gecko/20100101 Firefox/17.0"
136.119.50.170 - - [26/Jan/2026:14:19:31 -0500] "GET /wp-content/themes/matrix-model/assets/css/animate.min.css HTTP/1.1" 200 52592 "http://matrixmodels.com/" "Mozilla/5.0 (Windows NT 5.1; rv:17.0) Gecko/20100101 Firefox/17.0"
136.119.50.170 - - [26/Jan/2026:14:19:31 -0500] "GET /wp-content/themes/matrix-model/assets/images/more/i-5.jpg HTTP/1.1" 200 35264 "http://matrixmodels.com/" "Mozilla/5.0 (Windows NT 5.1; rv:17.0) Gecko/20100101 Firefox/17.0"
136.119.50.170 - - [26/Jan/2026:14:19:31 -0500] "GET /wp-content/themes/matrix-model/assets/images/more/i-6.jpg HTTP/1.1" 200 39553 "http://matrixmodels.com/" "Mozilla/5.0 (Windows NT 5.1; rv:17.0) Gecko/20100101 Firefox/17.0"
136.119.50.170 - - [26/Jan/2026:14:19:31 -0500] "GET /wp-content/themes/matrix-model/assets/images/more/i-7.jpg HTTP/1.1" 200 35534 "http://matrixmodels.com/" "Mozilla/5.0 (Windows NT 5.1; rv:17.0) Gecko/20100101 Firefox/17.0"
136.119.50.170 - - [26/Jan/2026:14:19:31 -0500] "GET /wp-content/themes/matrix-model/assets/images/more/i-8.jpg HTTP/1.1" 200 31506 "http://matrixmodels.com/" "Mozilla/5.0 (Windows NT 5.1; rv:17.0) Gecko/20100101 Firefox/17.0"
136.119.50.170 - - [26/Jan/2026:14:19:31 -0500] "GET /wp-content/themes/matrix-model/assets/images/more/i-9.jpg HTTP/1.1" 200 39513 "http://matrixmodels.com/" "Mozilla/5.0 (Windows NT 5.1; rv:17.0) Gecko/20100101 Firefox/17.0"
136.119.50.170 - - [26/Jan/2026:14:19:31 -0500] "GET /wp-content/themes/matrix-model/assets/images/more/i-2.jpg HTTP/1.1" 200 44619 "http://matrixmodels.com/" "Mozilla/5.0 (Windows NT 5.1; rv:17.0) Gecko/20100101 Firefox/17.0"
136.119.50.170 - - [26/Jan/2026:14:19:32 -0500] "GET / HTTP/1.1" 200 4446 "-" "Mozilla/5.0 (Linux; Android 6.0.1; Nexus 5 Build/MRA58N) AppleWebKit/537.36(KHTML, like Gecko) Chrome/66.0.3359.30 Mobile Safari/537.36"
136.119.50.170 - - [26/Jan/2026:14:19:31 -0500] "GET /wp-content/uploads/2021/07/logo.png HTTP/1.1" 200 181002 "http://matrixmodels.com/" "Mozilla/5.0 (Windows NT 5.1; rv:17.0) Gecko/20100101 Firefox/17.0"
136.119.50.170 - - [26/Jan/2026:14:19:32 -0500] "GET / HTTP/1.1" 200 4446 "http://matrixmodels.com/" "Mozilla/5.0 (Windows NT 5.1; rv:17.0) Gecko/20100101 Firefox/17.0"
136.119.50.170 - - [26/Jan/2026:14:19:32 -0500] "GET /wp-content/themes/matrix-model/assets/css/aos.css HTTP/1.1" 200 26053 "http://matrixmodels.com/" "Mozilla/5.0 (Linux; Android 6.0.1; Nexus 5 Build/MRA58N) AppleWebKit/537.36(KHTML, like Gecko) Chrome/66.0.3359.30 Mobile Safari/537.36"
136.119.50.170 - - [26/Jan/2026:14:19:32 -0500] "GET /wp-content/themes/matrix-model/assets/css/owl.carousel.min.css HTTP/1.1" 404 260 "http://matrixmodels.com/" "Mozilla/5.0 (Linux; Android 6.0.1; Nexus 5 Build/MRA58N) AppleWebKit/537.36(KHTML, like Gecko) Chrome/66.0.3359.30 Mobile Safari/537.36"
136.119.50.170 - - [26/Jan/2026:14:19:32 -0500] "GET /wp-content/themes/matrix-model/assets/css/owl.theme.default.min.css HTTP/1.1" 404 265 "http://matrixmodels.com/" "Mozilla/5.0 (Linux; Android 6.0.1; Nexus 5 Build/MRA58N) AppleWebKit/537.36(KHTML, like Gecko) Chrome/66.0.3359.30 Mobile Safari/537.36"
136.119.50.170 - - [26/Jan/2026:14:19:32 -0500] "GET /wp-content/themes/matrix-model/assets/css/custom.css HTTP/1.1" 200 5229 "http://matrixmodels.com/" "Mozilla/5.0 (Linux; Android 6.0.1; Nexus 5 Build/MRA58N) AppleWebKit/537.36(KHTML, like Gecko) Chrome/66.0.3359.30 Mobile Safari/537.36"
136.119.50.170 - - [26/Jan/2026:14:19:32 -0500] "GET /wp-content/themes/matrix-model/assets/css/bootstrap_v4.3.1_min.css HTTP/1.1" 200 155712 "http://matrixmodels.com/" "Mozilla/5.0 (Windows NT 5.1; rv:17.0) Gecko/20100101 Firefox/17.0"
136.119.50.170 - - [26/Jan/2026:14:19:32 -0500] "GET /wp-content/themes/matrix-model/assets/css/bootstrap_v4.3.1_min.css HTTP/1.1" 200 155712 "http://matrixmodels.com/" "Mozilla/5.0 (Linux; Android 6.0.1; Nexus 5 Build/MRA58N) AppleWebKit/537.36(KHTML, like Gecko) Chrome/66.0.3359.30 Mobile Safari/537.36"
136.119.50.170 - - [26/Jan/2026:14:19:32 -0500] "GET /wp-content/themes/matrix-model/assets/css/animate.min.css HTTP/1.1" 200 52592 "http://matrixmodels.com/" "Mozilla/5.0 (Linux; Android 6.0.1; Nexus 5 Build/MRA58N) AppleWebKit/537.36(KHTML, like Gecko) Chrome/66.0.3359.30 Mobile Safari/537.36"
136.119.50.170 - - [26/Jan/2026:14:19:32 -0500] "GET /wp-content/themes/matrix-model/assets/css/aos.css HTTP/1.1" 200 26053 "http://matrixmodels.com/" "Mozilla/5.0 (Windows NT 5.1; rv:17.0) Gecko/20100101 Firefox/17.0"
136.119.50.170 - - [26/Jan/2026:14:19:33 -0500] "GET /wp-content/themes/matrix-model/assets/css/owl.carousel.min.css HTTP/1.1" 404 260 "http://matrixmodels.com/" "Mozilla/5.0 (Windows NT 5.1; rv:17.0) Gecko/20100101 Firefox/17.0"
136.119.50.170 - - [26/Jan/2026:14:19:33 -0500] "GET /wp-content/themes/matrix-model/assets/css/owl.theme.default.min.css HTTP/1.1" 404 265 "http://matrixmodels.com/" "Mozilla/5.0 (Windows NT 5.1; rv:17.0) Gecko/20100101 Firefox/17.0"
136.119.50.170 - - [26/Jan/2026:14:19:33 -0500] "GET /wp-content/themes/matrix-model/assets/css/animate.min.css HTTP/1.1" 200 52592 "http://matrixmodels.com/" "Mozilla/5.0 (Windows NT 5.1; rv:17.0) Gecko/20100101 Firefox/17.0"
136.119.50.170 - - [26/Jan/2026:14:19:33 -0500] "GET /wp-content/themes/matrix-model/assets/css/custom.css HTTP/1.1" 200 5229 "http://matrixmodels.com/" "Mozilla/5.0 (Windows NT 5.1; rv:17.0) Gecko/20100101 Firefox/17.0"
136.119.50.170 - - [26/Jan/2026:14:19:33 -0500] "GET /wp-content/themes/matrix-model/assets/images/more/i-1.jpg HTTP/1.1" 200 39164 "http://matrixmodels.com/" "Mozilla/5.0 (Windows NT 5.1; rv:17.0) Gecko/20100101 Firefox/17.0"
136.119.50.170 - - [26/Jan/2026:14:19:33 -0500] "GET /wp-content/themes/matrix-model/assets/images/more/i-2.jpg HTTP/1.1" 200 44619 "http://matrixmodels.com/" "Mozilla/5.0 (Windows NT 5.1; rv:17.0) Gecko/20100101 Firefox/17.0"
136.119.50.170 - - [26/Jan/2026:14:19:34 -0500] "GET /wp-content/themes/matrix-model/assets/images/more/i-3.jpg HTTP/1.1" 200 36068 "http://matrixmodels.com/" "Mozilla/5.0 (Windows NT 5.1; rv:17.0) Gecko/20100101 Firefox/17.0"
136.119.50.170 - - [26/Jan/2026:14:19:34 -0500] "GET /wp-content/themes/matrix-model/assets/images/more/i-4.jpg HTTP/1.1" 200 28534 "http://matrixmodels.com/" "Mozilla/5.0 (Windows NT 5.1; rv:17.0) Gecko/20100101 Firefox/17.0"
136.119.50.170 - - [26/Jan/2026:14:19:34 -0500] "GET /wp-content/themes/matrix-model/assets/images/more/i-1.jpg HTTP/1.1" 200 39164 "http://matrixmodels.com/" "Mozilla/5.0 (Linux; Android 6.0.1; Nexus 5 Build/MRA58N) AppleWebKit/537.36(KHTML, like Gecko) Chrome/66.0.3359.30 Mobile Safari/537.36"
136.119.50.170 - - [26/Jan/2026:14:19:34 -0500] "GET /wp-content/themes/matrix-model/assets/images/more/i-5.jpg HTTP/1.1" 200 35264 "http://matrixmodels.com/" "Mozilla/5.0 (Windows NT 5.1; rv:17.0) Gecko/20100101 Firefox/17.0"
136.119.50.170 - - [26/Jan/2026:14:19:34 -0500] "GET /wp-content/themes/matrix-model/assets/images/more/i-6.jpg HTTP/1.1" 200 39553 "http://matrixmodels.com/" "Mozilla/5.0 (Windows NT 5.1; rv:17.0) Gecko/20100101 Firefox/17.0"
136.119.50.170 - - [26/Jan/2026:14:19:34 -0500] "GET /wp-content/themes/matrix-model/assets/images/more/i-7.jpg HTTP/1.1" 200 35534 "http://matrixmodels.com/" "Mozilla/5.0 (Windows NT 5.1; rv:17.0) Gecko/20100101 Firefox/17.0"
136.119.50.170 - - [26/Jan/2026:14:19:34 -0500] "GET /wp-content/themes/matrix-model/assets/images/more/i-8.jpg HTTP/1.1" 200 31506 "http://matrixmodels.com/" "Mozilla/5.0 (Windows NT 5.1; rv:17.0) Gecko/20100101 Firefox/17.0"
136.119.50.170 - - [26/Jan/2026:14:19:34 -0500] "GET /wp-content/themes/matrix-model/assets/images/more/i-3.jpg HTTP/1.1" 200 36068 "http://matrixmodels.com/" "Mozilla/5.0 (Linux; Android 6.0.1; Nexus 5 Build/MRA58N) AppleWebKit/537.36(KHTML, like Gecko) Chrome/66.0.3359.30 Mobile Safari/537.36"
136.119.50.170 - - [26/Jan/2026:14:19:34 -0500] "GET /wp-content/themes/matrix-model/assets/images/more/i-2.jpg HTTP/1.1" 200 44619 "http://matrixmodels.com/" "Mozilla/5.0 (Linux; Android 6.0.1; Nexus 5 Build/MRA58N) AppleWebKit/537.36(KHTML, like Gecko) Chrome/66.0.3359.30 Mobile Safari/537.36"
136.119.50.170 - - [26/Jan/2026:14:19:34 -0500] "GET /wp-content/themes/matrix-model/assets/images/more/i-6.jpg HTTP/1.1" 200 39553 "http://matrixmodels.com/" "Mozilla/5.0 (Linux; Android 6.0.1; Nexus 5 Build/MRA58N) AppleWebKit/537.36(KHTML, like Gecko) Chrome/66.0.3359.30 Mobile Safari/537.36"
136.119.50.170 - - [26/Jan/2026:14:19:34 -0500] "GET /wp-content/themes/matrix-model/assets/images/more/i-4.jpg HTTP/1.1" 200 28534 "http://matrixmodels.com/" "Mozilla/5.0 (Linux; Android 6.0.1; Nexus 5 Build/MRA58N) AppleWebKit/537.36(KHTML, like Gecko) Chrome/66.0.3359.30 Mobile Safari/537.36"
136.119.50.170 - - [26/Jan/2026:14:19:34 -0500] "GET /wp-content/themes/matrix-model/assets/images/more/i-5.jpg HTTP/1.1" 200 35264 "http://matrixmodels.com/" "Mozilla/5.0 (Linux; Android 6.0.1; Nexus 5 Build/MRA58N) AppleWebKit/537.36(KHTML, like Gecko) Chrome/66.0.3359.30 Mobile Safari/537.36"
136.119.50.170 - - [26/Jan/2026:14:19:34 -0500] "GET /wp-content/themes/matrix-model/assets/images/more/i-9.jpg HTTP/1.1" 200 39513 "http://matrixmodels.com/" "Mozilla/5.0 (Windows NT 5.1; rv:17.0) Gecko/20100101 Firefox/17.0"
136.119.50.170 - - [26/Jan/2026:14:19:34 -0500] "GET /wp-content/uploads/2021/07/logo.png HTTP/1.1" 200 181002 "http://matrixmodels.com/" "Mozilla/5.0 (Windows NT 5.1; rv:17.0) Gecko/20100101 Firefox/17.0"
136.119.50.170 - - [26/Jan/2026:14:19:34 -0500] "GET /wp-content/themes/matrix-model/assets/images/more/i-8.jpg HTTP/1.1" 200 31506 "http://matrixmodels.com/" "Mozilla/5.0 (Linux; Android 6.0.1; Nexus 5 Build/MRA58N) AppleWebKit/537.36(KHTML, like Gecko) Chrome/66.0.3359.30 Mobile Safari/537.36"
136.119.50.170 - - [26/Jan/2026:14:19:36 -0500] "GET /wp-content/themes/matrix-model/assets/images/more/i-9.jpg HTTP/1.1" 200 39513 "http://matrixmodels.com/" "Mozilla/5.0 (Linux; Android 6.0.1; Nexus 5 Build/MRA58N) AppleWebKit/537.36(KHTML, like Gecko) Chrome/66.0.3359.30 Mobile Safari/537.36"
136.119.50.170 - - [26/Jan/2026:14:19:36 -0500] "GET /wp-content/themes/matrix-model/assets/images/more/i-7.jpg HTTP/1.1" 200 35534 "http://matrixmodels.com/" "Mozilla/5.0 (Linux; Android 6.0.1; Nexus 5 Build/MRA58N) AppleWebKit/537.36(KHTML, like Gecko) Chrome/66.0.3359.30 Mobile Safari/537.36"
136.119.50.170 - - [26/Jan/2026:14:19:36 -0500] "GET /wp-content/uploads/2021/07/logo.png HTTP/1.1" 200 181002 "http://matrixmodels.com/" "Mozilla/5.0 (Linux; Android 6.0.1; Nexus 5 Build/MRA58N) AppleWebKit/537.36(KHTML, like Gecko) Chrome/66.0.3359.30 Mobile Safari/537.36"
64.59.72.148 - - [26/Jan/2026:14:21:22 -0500] "GET / HTTP/1.1" 200 4446 "-" "check_http/v2.4.9 (nagios-plugins 2.4.9)"
54.39.203.76 - - [26/Jan/2026:14:22:03 -0500] "GET /feed/?attachment_id=138 HTTP/1.1" 200 719 "-" "Mozilla/5.0 (compatible; AhrefsBot/7.0; +http://ahrefs.com/robot/)"
144.31.249.53 - - [26/Jan/2026:14:23:05 -0500] "POST /cgi-bin/.%2e/.%2e/.%2e/.%2e/.%2e/.%2e/.%2e/.%2e/.%2e/.%2e/bin/sh HTTP/1.1" 400 226 "-" "libredtail-http"
74.206.165.145 - - [26/Jan/2026:14:23:22 -0500] "POST /wp-cron.php?doing_wp_cron=1769455402.2663569450378417968750 HTTP/1.1" 200 - "http://matrixmodels.com/wp-cron.php?doing_wp_cron=1769455402.2663569450378417968750" "WordPress/5.6.16; http://matrixmodels.com"
64.59.72.148 - - [26/Jan/2026:14:23:22 -0500] "GET / HTTP/1.1" 200 4446 "-" "check_http/v2.4.9 (nagios-plugins 2.4.9)"
207.46.13.51 - - [26/Jan/2026:14:23:31 -0500] "GET /wp-content/uploads/2015/09/r28.jpg HTTP/1.1" 200 99974 "-" "Mozilla/5.0 AppleWebKit/537.36 (KHTML, like Gecko; compatible; bingbot/2.0; +http://www.bing.com/bingbot.htm) Chrome/116.0.1938.76 Safari/537.36"
66.249.70.134 - - [26/Jan/2026:14:24:28 -0500] "GET /?p=2986 HTTP/1.1" 404 8442 "-" "Mozilla/5.0 (Linux; Android 6.0.1; Nexus 5X Build/MMB29P) AppleWebKit/537.36 (KHTML, like Gecko) Chrome/143.0.7499.192 Mobile Safari/537.36 (compatible; Googlebot/2.1; +http://www.google.com/bot.html)"
47.115.204.52 - - [26/Jan/2026:14:25:02 -0500] "GET / HTTP/1.1" 301 - "-" "Go-http-client/1.1"
73.113.151.139 - - [26/Jan/2026:14:25:12 -0500] "GET /wp-content/uploads/2018/08/HANNA11.jpg HTTP/1.1" 200 101688 "https://yandex.ru/images/search?text=%D0%90%D0%BD%D0%B3%D0%B5%D0%BB%D0%B8%D0%BD%D0%B0%20%D0%A5%D0%B0%D0%BD%D0%BD%D0%B0%20%D0%A5%D0%BE%D1%82%D0%BE%D1%80%D0%BD%20%D0%B3%D0%BE%D0%BB%D0%B0%D1%8F&source=related-duck" "Mozilla/5.0 (Windows NT 10.0; Win64; x64) AppleWebKit/537.36 (KHTML, like Gecko) Chrome/142.0.0.0 YaBrowser/25.12.0.0 Safari/537.36"
73.113.151.139 - - [26/Jan/2026:14:25:18 -0500] "GET /wp-content/uploads/2018/08/HANNA11.jpg HTTP/1.1" 200 101688 "https://yandex.ru/images/search?img_url=https%3A%2F%2Fi0.wp.com%2Fimg7.hotnessrater.com%2F6472462%2Fhannah-hawthorne-topless.jpg&lr=109902&pos=3&rpt=simage&source=related-duck&text=%D0%90%D0%BD%D0%B3%D0%B5%D0%BB%D0%B8%D0%BD%D0%B0%20%D0%A5%D0%B0%D0%BD%D0%BD%D0%B0%20%D0%A5%D0%BE%D1%82%D0%BE%D1%80%D0%BD%20%D0%B3%D0%BE%D0%BB%D0%B0%D1%8F" "Mozilla/5.0 (Windows NT 10.0; Win64; x64) AppleWebKit/537.36 (KHTML, like Gecko) Chrome/142.0.0.0 YaBrowser/25.12.0.0 Safari/537.36"
64.59.72.148 - - [26/Jan/2026:14:25:22 -0500] "GET / HTTP/1.1" 200 4446 "-" "check_http/v2.4.9 (nagios-plugins 2.4.9)"
47.115.204.52 - - [26/Jan/2026:14:25:33 -0500] "-" 408 - "-" "-"
45.156.128.130 - - [26/Jan/2026:14:25:53 -0500] "GET / HTTP/1.1" 301 - "-" "Mozilla/5.0 (Windows NT 10.0; Win64; x64) AppleWebKit/537.36 (KHTML, like Gecko) Chrome/60.0.3112.113 Safari/537.36"
45.156.128.43 - - [26/Jan/2026:14:25:54 -0500] "GET / HTTP/1.1" 200 4465 "https://www.matrixmodels.com/" "Mozilla/5.0 (Windows NT 10.0; Win64; x64) AppleWebKit/537.36 (KHTML, like Gecko) Chrome/60.0.3112.113 Safari/537.36"
146.75.203.32 - - [26/Jan/2026:14:26:36 -0500] "GET / HTTP/1.1" 200 4465 "-" "Mozilla/5.0 (iPhone; CPU iPhone OS 18_6_2 like Mac OS X) AppleWebKit/605.1.15 (KHTML, like Gecko) Version/18.6 Mobile/15E148 Safari/604.1"
146.75.203.32 - - [26/Jan/2026:14:26:36 -0500] "GET /wp-content/themes/matrix-model/assets/css/aos.css HTTP/1.1" 200 26053 "https://matrixmodels.com/" "Mozilla/5.0 (iPhone; CPU iPhone OS 18_6_2 like Mac OS X) AppleWebKit/605.1.15 (KHTML, like Gecko) Version/18.6 Mobile/15E148 Safari/604.1"
146.75.203.32 - - [26/Jan/2026:14:26:36 -0500] "GET /wp-content/themes/matrix-model/assets/css/bootstrap_v4.3.1_min.css HTTP/1.1" 200 155712 "https://matrixmodels.com/" "Mozilla/5.0 (iPhone; CPU iPhone OS 18_6_2 like Mac OS X) AppleWebKit/605.1.15 (KHTML, like Gecko) Version/18.6 Mobile/15E148 Safari/604.1"
146.75.203.32 - - [26/Jan/2026:14:26:36 -0500] "GET /wp-content/themes/matrix-model/assets/css/owl.theme.default.min.css HTTP/1.1" 404 265 "https://matrixmodels.com/" "Mozilla/5.0 (iPhone; CPU iPhone OS 18_6_2 like Mac OS X) AppleWebKit/605.1.15 (KHTML, like Gecko) Version/18.6 Mobile/15E148 Safari/604.1"
146.75.203.32 - - [26/Jan/2026:14:26:36 -0500] "GET /wp-content/themes/matrix-model/assets/css/owl.carousel.min.css HTTP/1.1" 404 260 "https://matrixmodels.com/" "Mozilla/5.0 (iPhone; CPU iPhone OS 18_6_2 like Mac OS X) AppleWebKit/605.1.15 (KHTML, like Gecko) Version/18.6 Mobile/15E148 Safari/604.1"
146.75.203.32 - - [26/Jan/2026:14:26:36 -0500] "GET /wp-content/themes/matrix-model/assets/css/animate.min.css HTTP/1.1" 200 52592 "https://matrixmodels.com/" "Mozilla/5.0 (iPhone; CPU iPhone OS 18_6_2 like Mac OS X) AppleWebKit/605.1.15 (KHTML, like Gecko) Version/18.6 Mobile/15E148 Safari/604.1"
146.75.203.32 - - [26/Jan/2026:14:26:36 -0500] "GET /wp-content/themes/matrix-model/assets/css/custom.css HTTP/1.1" 200 5229 "https://matrixmodels.com/" "Mozilla/5.0 (iPhone; CPU iPhone OS 18_6_2 like Mac OS X) AppleWebKit/605.1.15 (KHTML, like Gecko) Version/18.6 Mobile/15E148 Safari/604.1"
146.75.203.32 - - [26/Jan/2026:14:26:36 -0500] "GET /wp-content/themes/matrix-model/assets/images/more/i-1.jpg HTTP/1.1" 200 39164 "https://matrixmodels.com/" "Mozilla/5.0 (iPhone; CPU iPhone OS 18_6_2 like Mac OS X) AppleWebKit/605.1.15 (KHTML, like Gecko) Version/18.6 Mobile/15E148 Safari/604.1"
64.59.72.148 - - [26/Jan/2026:14:27:22 -0500] "GET / HTTP/1.1" 200 4446 "-" "check_http/v2.4.9 (nagios-plugins 2.4.9)"
52.167.144.19 - - [26/Jan/2026:14:27:39 -0500] "GET /wp-content/uploads/2016/05/009.jpg HTTP/1.1" 200 88522 "-" "Mozilla/5.0 AppleWebKit/537.36 (KHTML, like Gecko; compatible; bingbot/2.0; +http://www.bing.com/bingbot.htm) Chrome/116.0.1938.76 Safari/537.36"
188.166.35.151 - - [26/Jan/2026:14:27:49 -0500] "POST /wp-login.php HTTP/1.1" 200 7170 "-" "Mozilla/5.0"
45.156.128.127 - - [26/Jan/2026:14:28:06 -0500] "GET /js/NewWindow_2_all.js HTTP/1.1" 404 8520 "-" "Mozilla/5.0 (Windows NT 10.0; Win64; x64) AppleWebKit/537.36 (KHTML, like Gecko) Chrome/60.0.3112.113 Safari/537.36"
40.77.167.42 - - [26/Jan/2026:14:28:44 -0500] "GET /s%C3%A9curit%C3%A9-d-un-casino-en-ligne/ HTTP/1.1" 404 8442 "-" "Mozilla/5.0 AppleWebKit/537.36 (KHTML, like Gecko; compatible; bingbot/2.0; +http://www.bing.com/bingbot.htm) Chrome/116.0.1938.76 Safari/537.36"
178.71.76.55 - - [26/Jan/2026:14:28:51 -0500] "GET /wp-content/uploads/2019/06/CARA-5.jpg HTTP/1.1" 200 130235 "https://yandex.ru/images/touch/search?_yasc=wcvkgZuB8+qv4Ki9hloNCPtM1WwgWEjC9fStVcxQOwo6+d0yUEuLQvs3btxEma%2Fqgdk3slcv4w%3D%3D&_yasc=wcvkgZuB8+qv4Ki9hloNCPtM1WwgWEjC9fStVcxQOwo6+d0yUEuLQvs3btxEma%2Fqgdk3slcv4w%3D%3D&mstatid=899996&mstatid=899996&promo=mail.ru&promo=mail.ru&spravka=dD0xNzY5NDMzNjc3O2k9OTIuMTAxLjgyLjgyO0Q9Qjg0RDQ1NDVGM0Y4MDgyQ0YxMUZGRTE1M0RBNjJGMUQ5NkQxQTRFNjEzRjg0QTQ1RTM4M0M5QjU0NzA1NDBCNEJCOTJDODMzMUI1REFCQzdENTBERUYyNDUwODBCNEQ1MDNCM0RDMTIyOTg1RkJGNEU0ODdERjI4MDNBRTI5MkNCNzc3MzcxNTU5NkUyRjZBQTYxMzI3RkNERTQ0M0VENDt1PTE3Njk0MzM2Nzc4OTQyOTk0NDc7aD1hMGI1NzY3YjRmNzhiNDY2OWZmOWRmZDAyNjhiOGFiZA%3D%3D&spravka=dD0xNzY5NDMzNjc3O2k9OTIuMTAxLjgyLjgyO0Q9Qjg0RDQ1NDVGM0Y4MDgyQ0YxMUZGRTE1M0RBNjJGMUQ5NkQxQTRFNjEzRjg0QTQ1RTM4M0M5QjU0NzA1NDBCNEJCOTJDODMzMUI1REFCQzdENTBERUYyNDUwODBCNEQ1MDNCM0RDMTIyOTg1RkJGNEU0ODdERjI4MDNBRTI5MkNCNzc3MzcxNTU5NkUyRjZBQTYxMzI3RkNERTQ0M0VENDt1PTE3Njk0MzM2Nzc4OTQyOTk0NDc7aD1hMGI1NzY3YjRmNzhiNDY2OWZmOWRmZDAyNjhiOGFiZA%3D%3D&text=%D0%BF%D0%BE%D1%80%D0%BD%D0%BE+%D1%84%D0%BE%D1%82%D0%BE+%D0%BA%D0%B0%D1%80%D0%B0&img_url=https%3A%2F%2Fmatrixmodels.com%2Fwp-content%2Fuploads%2F2019%2F06%2FCARA-5.jpg&rpt=simage&pos=45" "Mozilla/5.0 (Linux; Android 10; K) AppleWebKit/537.36 (KHTML, like Gecko) Chrome/144.0.0.0 Mobile Safari/537.36"
64.59.72.148 - - [26/Jan/2026:14:29:22 -0500] "GET / HTTP/1.1" 200 4446 "-" "check_http/v2.4.9 (nagios-plugins 2.4.9)"
54.39.136.176 - - [26/Jan/2026:14:30:59 -0500] "GET /?dir=%2Fhome%2Fhttpd%2Fhtml%2Fmatrixmodels.com%2Fpublic_html&mode=copy&src=11default.html HTTP/1.1" 200 4465 "-" "Mozilla/5.0 (compatible; AhrefsBot/7.0; +http://ahrefs.com/robot/)"
64.59.72.148 - - [26/Jan/2026:14:31:22 -0500] "GET / HTTP/1.1" 200 4446 "-" "check_http/v2.4.9 (nagios-plugins 2.4.9)"
178.176.216.102 - - [26/Jan/2026:14:31:45 -0500] "GET /wp-content/uploads/2019/04/006.jpg HTTP/1.1" 200 100758 "https://yandex.ru/images/touch/search?ncrnd=4856&text=%D0%B3%D0%B0%D0%B1%D0%B8+%D0%BA%D0%B0%D1%80%D1%82%D0%B5%D1%80+%D1%84%D0%BE%D1%82%D0%BE+%D0%B3%D0%BE%D0%BB%D0%B0%D1%8F&img_url=https%3A%2F%2Fs8d6.turboimg.net%2Fsp%2F3ee7e45cd7728ae3fceabed5c526940f%2FFTV240419-02113.jpg&rpt=simage&pos=17" "Mozilla/5.0 (Linux; Android 10; K) AppleWebKit/537.36 (KHTML, like Gecko) Chrome/142.0.0.0 Mobile Safari/537.36 OPR/93.0.0.0"
205.209.106.132 - - [26/Jan/2026:14:33:00 -0500] "GET / HTTP/1.1" 200 4446 "-" "Mozilla/5.0 (Windows NT 10.0; Win64; x64) AppleWebKit/537.36 (KHTML, like Gecko) Chrome/124.0.0.0 Safari/537.36"
64.59.72.148 - - [26/Jan/2026:14:33:22 -0500] "GET / HTTP/1.1" 200 4446 "-" "check_http/v2.4.9 (nagios-plugins 2.4.9)"
66.249.70.133 - - [26/Jan/2026:14:33:51 -0500] "GET /casino-de-jeux-alsace/ HTTP/1.1" 404 8442 "-" "Mozilla/5.0 (Linux; Android 6.0.1; Nexus 5X Build/MMB29P) AppleWebKit/537.36 (KHTML, like Gecko) Chrome/143.0.7499.192 Mobile Safari/537.36 (compatible; Googlebot/2.1; +http://www.google.com/bot.html)"
102.85.106.116 - - [26/Jan/2026:14:34:08 -0500] "GET /wp-content/uploads/2019/05/ASHLEY-RED-5.jpg HTTP/1.1" 200 104080 "-" "com.google.android.apps.searchlite/1171859 (Linux; U; Android 10; en_US; Infinix X657; Build/QP1A.190711.020; Cronet/143.0.7445.0)"
46.105.39.50 - - [26/Jan/2026:14:34:28 -0500] "GET /robots.txt HTTP/1.1" 200 116 "-" "Mozilla/5.0 (compatible; MJ12bot/v2.0.4; http://mj12bot.com/)"
46.105.39.50 - - [26/Jan/2026:14:34:29 -0500] "GET / HTTP/1.1" 200 4446 "-" "Mozilla/5.0 (compatible; MJ12bot/v2.0.4; http://mj12bot.com/)"
103.131.71.20 - - [26/Jan/2026:14:34:59 -0500] "GET /robots.txt HTTP/1.1" 200 116 "-" "Mozilla/5.0 (compatible; coccocbot-image/1.0; +http://help.coccoc.com/searchengine)"
103.131.71.20 - - [26/Jan/2026:14:35:02 -0500] "GET /wp-content/themes/matrix-model/assets/images/more/i-9.jpg HTTP/1.1" 304 - "-" "Mozilla/5.0 (compatible; coccocbot-image/1.0; +http://help.coccoc.com/searchengine)"
64.59.72.148 - - [26/Jan/2026:14:35:22 -0500] "GET / HTTP/1.1" 200 4446 "-" "check_http/v2.4.9 (nagios-plugins 2.4.9)"
158.220.122.128 - - [26/Jan/2026:14:35:43 -0500] "POST /javax.faces.resource/dynamiccontent.properties.xhtml HTTP/1.1" 404 8442 "-" "Mozilla/5.0 (Kubuntu; Linux x86_64) AppleWebKit/537.36 (KHTML, like Gecko) Chrome/140.0.0.0 Safari/537.36"
64.59.72.148 - - [26/Jan/2026:14:37:22 -0500] "GET / HTTP/1.1" 200 4446 "-" "check_http/v2.4.9 (nagios-plugins 2.4.9)"
198.98.51.43 - - [26/Jan/2026:14:38:00 -0500] "GET /wp-login.php HTTP/1.1" 200 6925 "-" "Mozilla/5.0 (iPhone; CPU iPhone OS 7_0_4 like Mac OS X) AppleWebKit/537.51.1 (KHTML, like Gecko) Version/7.0 Mobile/11B554a Safari/9537.53"
198.98.51.43 - - [26/Jan/2026:14:38:01 -0500] "POST /wp-login.php HTTP/1.1" 200 7217 "-" "Mozilla/5.0 (iPhone; CPU iPhone OS 7_0_4 like Mac OS X) AppleWebKit/537.51.1 (KHTML, like Gecko) Version/7.0 Mobile/11B554a Safari/9537.53"
64.59.72.148 - - [26/Jan/2026:14:39:22 -0500] "GET / HTTP/1.1" 200 4446 "-" "check_http/v2.4.9 (nagios-plugins 2.4.9)"
51.75.236.135 - - [26/Jan/2026:14:39:29 -0500] "GET /robots.txt HTTP/1.1" 200 117 "-" "Mozilla/5.0 (compatible; AhrefsBot/7.0; +http://ahrefs.com/robot/)"
167.114.139.90 - - [26/Jan/2026:14:39:32 -0500] "GET /cara-pintar-bermain-togel-modern-3/ HTTP/1.1" 404 8466 "-" "Mozilla/5.0 (compatible; AhrefsBot/7.0; +http://ahrefs.com/robot/)"
66.249.64.104 - - [26/Jan/2026:14:39:39 -0500] "GET /ads.txt HTTP/1.1" 301 - "-" "Mozilla/5.0 (compatible; Googlebot/2.1; +http://www.google.com/bot.html)"
66.249.64.102 - - [26/Jan/2026:14:39:40 -0500] "GET /ads.txt HTTP/1.1" 301 - "-" "Mozilla/5.0 (compatible; Googlebot/2.1; +http://www.google.com/bot.html)"
51.222.105.197 - - [26/Jan/2026:14:39:59 -0500] "GET /robots.txt HTTP/1.1" 200 116 "-" "Mozilla/5.0 (compatible; MJ12bot/v1.4.8; http://mj12bot.com/)"
51.222.105.197 - - [26/Jan/2026:14:40:00 -0500] "GET /otw-portfolio/vienna-rose/ HTTP/1.1" 301 - "-" "Mozilla/5.0 (compatible; MJ12bot/v1.4.8; http://mj12bot.com/)"
51.222.105.197 - - [26/Jan/2026:14:40:02 -0500] "GET / HTTP/1.1" 200 4446 "-" "Mozilla/5.0 (compatible; MJ12bot/v1.4.8; http://mj12bot.com/)"
54.236.1.54 - - [26/Jan/2026:14:40:47 -0500] "GET /otw-portfolio/aria-sky/ HTTP/1.1" 301 - "-" "Mozilla/5.0 (compatible; Pinterestbot/1.0; +http://www.pinterest.com/bot.html)"
54.236.1.54 - - [26/Jan/2026:14:40:47 -0500] "GET / HTTP/1.1" 200 4446 "-" "Mozilla/5.0 (compatible; Pinterestbot/1.0; +http://www.pinterest.com/bot.html)"
64.59.72.148 - - [26/Jan/2026:14:41:22 -0500] "GET / HTTP/1.1" 200 4446 "-" "check_http/v2.4.9 (nagios-plugins 2.4.9)"
64.59.72.148 - - [26/Jan/2026:14:43:22 -0500] "GET / HTTP/1.1" 200 4446 "-" "check_http/v2.4.9 (nagios-plugins 2.4.9)"
188.166.35.151 - - [26/Jan/2026:14:43:40 -0500] "POST /wp-login.php HTTP/1.1" 200 7170 "-" "Mozilla/5.0"
165.227.192.181 - - [26/Jan/2026:14:44:43 -0500] "GET / HTTP/1.1" 200 4446 "-" "Mozilla/5.0 (X11; Linux x86_64; rv:142.0) Gecko/20100101 Firefox/142.0"
165.227.192.181 - - [26/Jan/2026:14:44:43 -0500] "GET /wp-content/themes/matrix-model/assets/images/logo/favicon.png HTTP/1.1" 404 259 "http://matrixmodels.com/" "Mozilla/5.0 (X11; Linux x86_64; rv:142.0) Gecko/20100101 Firefox/142.0"
165.227.192.181 - - [26/Jan/2026:14:44:43 -0500] "GET / HTTP/1.1" 200 4465 "-" "Mozilla/5.0 (X11; Linux x86_64) AppleWebKit/537.36 (KHTML, like Gecko) Chrome/142.0.0.0 Safari/537.36"
165.227.192.181 - - [26/Jan/2026:14:44:44 -0500] "GET /wp-content/themes/matrix-model/assets/images/logo/favicon.png HTTP/1.1" 404 259 "https://matrixmodels.com/" "Mozilla/5.0 (X11; Linux x86_64) AppleWebKit/537.36 (KHTML, like Gecko) Chrome/142.0.0.0 Safari/537.36"
170.23.23.145 - - [26/Jan/2026:14:45:12 -0500] "GET /otw-portfolio/audrey-hempburne HTTP/1.1" 301 - "-" "Mozilla/5.0 (Macintosh; Intel Mac OS X 10_15_7) AppleWebKit/605.1.15 (KHTML, like Gecko) Version/18.0 Safari/605.1.15"
170.23.23.145 - - [26/Jan/2026:14:45:12 -0500] "GET / HTTP/1.1" 200 4446 "-" "Mozilla/5.0 (Macintosh; Intel Mac OS X 10_15_7) AppleWebKit/605.1.15 (KHTML, like Gecko) Version/18.0 Safari/605.1.15"
104.233.44.150 - - [26/Jan/2026:14:45:13 -0500] "GET /otw-portfolio/audrey-hempburne HTTP/1.1" 301 - "-" "Mozilla/5.0 (Macintosh; Intel Mac OS X 10_15_7) AppleWebKit/537.36 (KHTML, like Gecko) Chrome/142.0.0.0 Safari/537.36"
64.59.72.148 - - [26/Jan/2026:14:45:22 -0500] "GET / HTTP/1.1" 200 4446 "-" "check_http/v2.4.9 (nagios-plugins 2.4.9)"
77.75.78.164 - - [26/Jan/2026:14:45:58 -0500] "GET /cara-pintar-bermain-togel-modern/ HTTP/1.1" 200 13019 "-" "Mozilla/5.0 (compatible; SeznamBot/4.0; +https://o-seznam.cz/napoveda/vyhledavani/en/seznambot-crawler/)"
64.59.72.148 - - [26/Jan/2026:14:47:22 -0500] "GET / HTTP/1.1" 200 4446 "-" "check_http/v2.4.9 (nagios-plugins 2.4.9)"
51.161.65.237 - - [26/Jan/2026:14:48:09 -0500] "GET /?dir=%2Fhome%2Fhttpd%2Fhtml%2Fmatrixmodels.com%2Fpublic_html&mode=rename&old=wp-load.php HTTP/1.1" 200 4446 "-" "Mozilla/5.0 (compatible; AhrefsBot/7.0; +http://ahrefs.com/robot/)"
178.178.84.186 - - [26/Jan/2026:14:48:17 -0500] "GET /wp-content/uploads/2018/01/DSC_6594.jpg HTTP/1.1" 200 149585 "https://ya.ru/images/search?from=tabbar&img_url=https%3A%2F%2Fdaftsex.net%2Fmedia%2Fmodels%2F1333.jpg&lr=160063&ncrnd=8085&pos=8&rpt=simage&text=Athena%20Palomino%20%D0%B3%D0%BE%D0%BB%D0%B0%D1%8F" "Mozilla/5.0 (Windows NT 10.0; Win64; x64) AppleWebKit/537.36 (KHTML, like Gecko) Chrome/142.0.0.0 YaBrowser/25.12.0.0 Safari/537.36"
178.178.84.186 - - [26/Jan/2026:14:48:38 -0500] "GET /wp-content/uploads/2018/01/DSC_6615.jpg HTTP/1.1" 200 130841 "https://ya.ru/images/search?from=tabbar&img_url=https%3A%2F%2Fcdn1337.pichunter.com%2Fmedia%2Fposts%2F12--11763166%2Fconversions%2F739933-0f3f47a843d76b80745d2121363398d2-post_single_big.jpg&lr=160063&ncrnd=8085&pos=24&rpt=simage&text=Athena%20Palomino%20%D0%B3%D0%BE%D0%BB%D0%B0%D1%8F" "Mozilla/5.0 (Windows NT 10.0; Win64; x64) AppleWebKit/537.36 (KHTML, like Gecko) Chrome/142.0.0.0 YaBrowser/25.12.0.0 Safari/537.36"
178.178.84.186 - - [26/Jan/2026:14:49:08 -0500] "-" 408 - "-" "-"
64.59.72.148 - - [26/Jan/2026:14:49:22 -0500] "GET / HTTP/1.1" 200 4446 "-" "check_http/v2.4.9 (nagios-plugins 2.4.9)"
64.59.72.148 - - [26/Jan/2026:14:51:22 -0500] "GET / HTTP/1.1" 200 4446 "-" "check_http/v2.4.9 (nagios-plugins 2.4.9)"
98.89.254.180 - - [26/Jan/2026:14:51:29 -0500] "GET /robots.txt HTTP/1.1" 200 116 "-" "Mozilla/5.0 (Macintosh; Intel Mac OS X 10_10_1) AppleWebKit/600.2.5 (KHTML, like Gecko) Version/8.0.2 Safari/600.2.5 (TestUserAgent)"
192.144.148.122 - - [26/Jan/2026:14:52:48 -0500] "GET / HTTP/1.1" 200 4446 "-" "Mozilla/5.0 (iPhone; CPU iPhone OS 13_2_3 like Mac OS X) AppleWebKit/605.1.15 (KHTML, like Gecko) Version/13.0.3 Mobile/15E148 Safari/604.1"
64.59.72.148 - - [26/Jan/2026:14:53:22 -0500] "GET / HTTP/1.1" 200 4446 "-" "check_http/v2.4.9 (nagios-plugins 2.4.9)"
116.179.32.195 - - [26/Jan/2026:14:54:27 -0500] "GET /blog/ HTTP/1.1" 200 18620 "-" "Mozilla/5.0 (compatible; Baiduspider/2.0; +http://www.baidu.com/search/spider.html)"
116.179.37.141 - - [26/Jan/2026:14:54:32 -0500] "GET /wp-includes/js/jquery/jquery-migrate.min.js?ver=3.3.2 HTTP/1.1" 200 11224 "https://matrixmodels.com/blog/" "Mozilla/5.0 (compatible; Baiduspider-render/2.0; +http://www.baidu.com/search/spider.html)"
116.179.37.203 - - [26/Jan/2026:14:54:32 -0500] "GET /wp-content/themes/matrix-model/js/navigation.js?ver=20140711 HTTP/1.1" 200 1516 "https://matrixmodels.com/blog/" "Mozilla/5.0 (compatible; Baiduspider-render/2.0; +http://www.baidu.com/search/spider.html)"
116.179.37.246 - - [26/Jan/2026:14:54:32 -0500] "GET /wp-content/themes/matrix-model/style.css?ver=5.6.16 HTTP/1.1" 200 41969 "https://matrixmodels.com/blog/" "Mozilla/5.0 (compatible; Baiduspider-render/2.0; +http://www.baidu.com/search/spider.html)"
116.179.37.141 - - [26/Jan/2026:14:54:32 -0500] "GET /wp-includes/css/dist/block-library/style.min.css?ver=5.6.16 HTTP/1.1" 200 51338 "https://matrixmodels.com/blog/" "Mozilla/5.0 (compatible; Baiduspider-render/2.0; +http://www.baidu.com/search/spider.html)"
116.179.37.247 - - [26/Jan/2026:14:54:32 -0500] "GET /wp-includes/js/jquery/jquery.min.js?ver=3.5.1 HTTP/1.1" 200 89496 "https://matrixmodels.com/blog/" "Mozilla/5.0 (compatible; Baiduspider-render/2.0; +http://www.baidu.com/search/spider.html)"
116.179.37.42 - - [26/Jan/2026:14:54:34 -0500] "GET /wp-includes/js/wp-embed.min.js?ver=5.6.16 HTTP/1.1" 200 1478 "https://matrixmodels.com/blog/" "Mozilla/5.0 (compatible; Baiduspider-render/2.0; +http://www.baidu.com/search/spider.html)"
116.179.37.118 - - [26/Jan/2026:14:54:36 -0500] "GET /wp-includes/js/wp-emoji-release.min.js?ver=5.6.16 HTTP/1.1" 200 14229 "https://matrixmodels.com/blog/" "Mozilla/5.0 (compatible; Baiduspider-render/2.0; +http://www.baidu.com/search/spider.html)"
66.249.70.134 - - [26/Jan/2026:14:54:36 -0500] "GET /?p=5587 HTTP/1.1" 404 8442 "-" "Mozilla/5.0 (Linux; Android 6.0.1; Nexus 5X Build/MMB29P) AppleWebKit/537.36 (KHTML, like Gecko) Chrome/143.0.7499.192 Mobile Safari/537.36 (compatible; Googlebot/2.1; +http://www.google.com/bot.html)"
64.59.72.148 - - [26/Jan/2026:14:55:22 -0500] "GET / HTTP/1.1" 200 4446 "-" "check_http/v2.4.9 (nagios-plugins 2.4.9)"
54.39.203.63 - - [26/Jan/2026:14:56:41 -0500] "GET /?dir=%2Fhome%2Fhttpd%2Fhtml%2Fmatrixmodels.com%2Fpublic_html&mode=rename&old=wp-mail.php HTTP/1.1" 200 4446 "-" "Mozilla/5.0 (compatible; AhrefsBot/7.0; +http://ahrefs.com/robot/)"
64.59.72.148 - - [26/Jan/2026:14:57:22 -0500] "GET / HTTP/1.1" 200 4446 "-" "check_http/v2.4.9 (nagios-plugins 2.4.9)"
74.206.165.145 - - [26/Jan/2026:14:57:54 -0500] "POST /wp-cron.php?doing_wp_cron=1769457474.9206900596618652343750 HTTP/1.1" 200 - "http://matrixmodels.com/wp-cron.php?doing_wp_cron=1769457474.9206900596618652343750" "WordPress/5.6.16; http://matrixmodels.com"
207.46.13.83 - - [26/Jan/2026:14:57:54 -0500] "GET /nouvelle-machine-%C3%A0-sous-casino-montreal/ HTTP/1.1" 404 8442 "-" "Mozilla/5.0 AppleWebKit/537.36 (KHTML, like Gecko; compatible; bingbot/2.0; +http://www.bing.com/bingbot.htm) Chrome/116.0.1938.76 Safari/537.36"
139.99.25.135 - - [26/Jan/2026:14:58:33 -0500] "GET / HTTP/1.1" 301 - "-" "Mozilla/5.0 (Linux; Android 11; CPH2185) AppleWebKit/537.36 (KHTML, like Gecko) Chrome/91.0.4472.101 Mobile Safari/537.36"
139.99.25.135 - - [26/Jan/2026:14:58:34 -0500] "GET / HTTP/1.1" 200 4446 "-" "Mozilla/5.0 (Linux; Android 11; CPH2185) AppleWebKit/537.36 (KHTML, like Gecko) Chrome/91.0.4472.101 Mobile Safari/537.36"
216.73.216.1 - - [26/Jan/2026:14:59:02 -0500] "GET /robots.txt HTTP/1.1" 200 116 "-" "Mozilla/5.0 AppleWebKit/537.36 (KHTML, like Gecko; compatible; ClaudeBot/1.0; +claudebot@anthropic.com)"
216.73.216.1 - - [26/Jan/2026:14:59:02 -0500] "GET /otw-portfolio/harley-jameson HTTP/1.1" 301 - "-" "Mozilla/5.0 AppleWebKit/537.36 (KHTML, like Gecko; compatible; ClaudeBot/1.0; +claudebot@anthropic.com)"
64.59.72.148 - - [26/Jan/2026:14:59:22 -0500] "GET / HTTP/1.1" 200 4446 "-" "check_http/v2.4.9 (nagios-plugins 2.4.9)"
188.166.35.151 - - [26/Jan/2026:14:59:38 -0500] "POST /wp-login.php HTTP/1.1" 200 7170 "-" "Mozilla/5.0"
206.83.114.96 - - [26/Jan/2026:14:59:45 -0500] "GET /otw-portfolio/scarlett-alexis/?utm_source=ADT&utm_medium=web&utm_campaign=ADT HTTP/1.1" 301 - "-" "Mozilla/5.0 (Macintosh; Intel Mac OS X 10_15_7) AppleWebKit/605.1.15 (KHTML, like Gecko) Version/26.2 Safari/605.1.15"
206.83.114.96 - - [26/Jan/2026:14:59:45 -0500] "GET /?utm_source=ADT&utm_medium=web&utm_campaign=ADT HTTP/1.1" 200 4465 "-" "Mozilla/5.0 (Macintosh; Intel Mac OS X 10_15_7) AppleWebKit/605.1.15 (KHTML, like Gecko) Version/26.2 Safari/605.1.15"
206.83.114.96 - - [26/Jan/2026:14:59:45 -0500] "GET /wp-content/themes/matrix-model/assets/css/bootstrap_v4.3.1_min.css HTTP/1.1" 200 155712 "https://matrixmodels.com/?utm_source=ADT&utm_medium=web&utm_campaign=ADT" "Mozilla/5.0 (Macintosh; Intel Mac OS X 10_15_7) AppleWebKit/605.1.15 (KHTML, like Gecko) Version/26.2 Safari/605.1.15"
206.83.114.96 - - [26/Jan/2026:14:59:46 -0500] "GET /wp-content/themes/matrix-model/assets/css/aos.css HTTP/1.1" 200 26053 "https://matrixmodels.com/?utm_source=ADT&utm_medium=web&utm_campaign=ADT" "Mozilla/5.0 (Macintosh; Intel Mac OS X 10_15_7) AppleWebKit/605.1.15 (KHTML, like Gecko) Version/26.2 Safari/605.1.15"
206.83.114.96 - - [26/Jan/2026:14:59:46 -0500] "GET /wp-content/themes/matrix-model/assets/css/owl.theme.default.min.css HTTP/1.1" 404 265 "https://matrixmodels.com/?utm_source=ADT&utm_medium=web&utm_campaign=ADT" "Mozilla/5.0 (Macintosh; Intel Mac OS X 10_15_7) AppleWebKit/605.1.15 (KHTML, like Gecko) Version/26.2 Safari/605.1.15"
206.83.114.96 - - [26/Jan/2026:14:59:46 -0500] "GET /wp-content/themes/matrix-model/assets/css/custom.css HTTP/1.1" 200 5229 "https://matrixmodels.com/?utm_source=ADT&utm_medium=web&utm_campaign=ADT" "Mozilla/5.0 (Macintosh; Intel Mac OS X 10_15_7) AppleWebKit/605.1.15 (KHTML, like Gecko) Version/26.2 Safari/605.1.15"
