79.116.251.78 - - [26/Jan/2026:10:06:09 -0500] "GET /wp-content/themes/matrix-model/assets/images/more/i-9.jpg HTTP/1.1" 200 39513 "https://matrixmodels.com/" "Mozilla/5.0 (Windows NT 10.0; Win64; x64) AppleWebKit/537.36 (KHTML, like Gecko) Chrome/143.0.0.0 Safari/537.36"
79.116.251.78 - - [26/Jan/2026:10:06:10 -0500] "GET /wp-content/themes/matrix-model/assets/images/logo/favicon.png HTTP/1.1" 404 259 "https://matrixmodels.com/" "Mozilla/5.0 (Windows NT 10.0; Win64; x64) AppleWebKit/537.36 (KHTML, like Gecko) Chrome/143.0.0.0 Safari/537.36"
79.116.251.78 - - [26/Jan/2026:10:06:14 -0500] "GET /wp-content/uploads/2025/02/5cfdaa2.jpg HTTP/1.1" 200 129556 "-" "Mozilla/5.0 (Windows NT 10.0; Win64; x64) AppleWebKit/537.36 (KHTML, like Gecko) Chrome/143.0.0.0 Safari/537.36"
79.116.251.78 - - [26/Jan/2026:10:06:14 -0500] "GET /favicon.ico HTTP/1.1" 200 43 "https://matrixmodels.com/wp-content/uploads/2025/02/5cfdaa2.jpg" "Mozilla/5.0 (Windows NT 10.0; Win64; x64) AppleWebKit/537.36 (KHTML, like Gecko) Chrome/143.0.0.0 Safari/537.36"
159.69.201.228 - - [26/Jan/2026:10:06:23 -0500] "GET /wp-content/uploads/2025/02/6_6a3ccc8f.jpg HTTP/1.1" 200 72392 "-" "Mozilla/5.0 (Windows NT 10.0; Win64; x64) AppleWebKit/537.36 (KHTML, like Gecko) Chrome/142.0.0.0 Safari/537.36"
135.148.139.201 - - [26/Jan/2026:10:06:23 -0500] "GET /wp-content/uploads/2025/02/5cfdaa2.jpg HTTP/1.1" 200 129556 "-" "Mozilla/5.0 (Windows NT 10.0; Win64; x64) AppleWebKit/537.36 (KHTML, like Gecko) Chrome/142.0.0.0 Safari/537.36"
57.129.15.220 - - [26/Jan/2026:10:06:23 -0500] "GET /wp-content/uploads/2025/02/5_1afa7277.jpg HTTP/1.1" 200 101308 "-" "Mozilla/5.0 (Windows NT 10.0; Win64; x64) AppleWebKit/537.36 (KHTML, like Gecko) Chrome/142.0.0.0 Safari/537.36"
159.69.201.228 - - [26/Jan/2026:10:06:23 -0500] "GET /wp-content/uploads/2025/02/6_6a3ccc8f.jpg HTTP/1.1" 200 72392 "-" "Mozilla/5.0 (Windows NT 10.0; Win64; x64) AppleWebKit/537.36 (KHTML, like Gecko) Chrome/142.0.0.0 Safari/537.36"
159.69.201.228 - - [26/Jan/2026:10:06:23 -0500] "GET /wp-content/uploads/2025/02/a724563c.jpg HTTP/1.1" 200 97854 "-" "Mozilla/5.0 (Windows NT 10.0; Win64; x64) AppleWebKit/537.36 (KHTML, like Gecko) Chrome/142.0.0.0 Safari/537.36"
159.69.201.228 - - [26/Jan/2026:10:06:23 -0500] "GET /wp-content/uploads/2025/02/a724563c.jpg HTTP/1.1" 200 97854 "-" "Mozilla/5.0 (Windows NT 10.0; Win64; x64) AppleWebKit/537.36 (KHTML, like Gecko) Chrome/142.0.0.0 Safari/537.36"
159.69.201.228 - - [26/Jan/2026:10:06:23 -0500] "GET /wp-content/uploads/2025/02/5_1afa7277.jpg HTTP/1.1" 200 101308 "-" "Mozilla/5.0 (Windows NT 10.0; Win64; x64) AppleWebKit/537.36 (KHTML, like Gecko) Chrome/142.0.0.0 Safari/537.36"
51.81.210.22 - - [26/Jan/2026:10:06:23 -0500] "GET /wp-content/uploads/2025/02/6_6a3ccc8f.jpg HTTP/1.1" 200 72392 "-" "Mozilla/5.0 (Windows NT 10.0; Win64; x64) AppleWebKit/537.36 (KHTML, like Gecko) Chrome/142.0.0.0 Safari/537.36"
146.59.19.88 - - [26/Jan/2026:10:06:23 -0500] "GET /wp-content/uploads/2025/02/a724563c.jpg HTTP/1.1" 200 97854 "-" "Mozilla/5.0 (Windows NT 10.0; Win64; x64) AppleWebKit/537.36 (KHTML, like Gecko) Chrome/142.0.0.0 Safari/537.36"
51.38.129.30 - - [26/Jan/2026:10:06:23 -0500] "GET /wp-content/uploads/2025/02/6_6a3ccc8f.jpg HTTP/1.1" 200 72392 "-" "Mozilla/5.0 (Windows NT 10.0; Win64; x64) AppleWebKit/537.36 (KHTML, like Gecko) Chrome/142.0.0.0 Safari/537.36"
64.59.72.148 - - [26/Jan/2026:10:06:23 -0500] "GET / HTTP/1.1" 200 4446 "-" "check_http/v2.4.9 (nagios-plugins 2.4.9)"
51.81.211.107 - - [26/Jan/2026:10:06:23 -0500] "GET /wp-content/uploads/2025/02/a724563c.jpg HTTP/1.1" 200 97854 "-" "Mozilla/5.0 (Windows NT 10.0; Win64; x64) AppleWebKit/537.36 (KHTML, like Gecko) Chrome/142.0.0.0 Safari/537.36"
146.59.19.88 - - [26/Jan/2026:10:06:23 -0500] "GET /wp-content/uploads/2025/02/5cfdaa2.jpg HTTP/1.1" 200 129556 "-" "Mozilla/5.0 (Windows NT 10.0; Win64; x64) AppleWebKit/537.36 (KHTML, like Gecko) Chrome/142.0.0.0 Safari/537.36"
159.69.201.228 - - [26/Jan/2026:10:06:23 -0500] "GET /wp-content/uploads/2025/02/5cfdaa2.jpg HTTP/1.1" 200 129556 "-" "Mozilla/5.0 (Windows NT 10.0; Win64; x64) AppleWebKit/537.36 (KHTML, like Gecko) Chrome/142.0.0.0 Safari/537.36"
159.69.201.228 - - [26/Jan/2026:10:06:23 -0500] "GET /wp-content/uploads/2025/02/5cfdaa2.jpg HTTP/1.1" 200 129556 "-" "Mozilla/5.0 (Windows NT 10.0; Win64; x64) AppleWebKit/537.36 (KHTML, like Gecko) Chrome/142.0.0.0 Safari/537.36"
159.69.201.228 - - [26/Jan/2026:10:06:25 -0500] "GET /wp-content/uploads/2025/02/6_6a3ccc8f.jpg HTTP/1.1" 200 72392 "-" "Mozilla/5.0 (Windows NT 10.0; Win64; x64) AppleWebKit/537.36 (KHTML, like Gecko) Chrome/142.0.0.0 Safari/537.36"
51.81.210.22 - - [26/Jan/2026:10:06:25 -0500] "GET /wp-content/uploads/2025/02/6_6a3ccc8f.jpg HTTP/1.1" 200 72392 "-" "Mozilla/5.0 (Windows NT 10.0; Win64; x64) AppleWebKit/537.36 (KHTML, like Gecko) Chrome/142.0.0.0 Safari/537.36"
94.130.99.222 - - [26/Jan/2026:10:06:25 -0500] "GET /wp-content/uploads/2025/02/a724563c.jpg HTTP/1.1" 200 97854 "-" "Mozilla/5.0 (Windows NT 10.0; Win64; x64) AppleWebKit/537.36 (KHTML, like Gecko) Chrome/142.0.0.0 Safari/537.36"
57.129.15.220 - - [26/Jan/2026:10:06:25 -0500] "GET /wp-content/uploads/2025/02/a724563c.jpg HTTP/1.1" 200 97854 "-" "Mozilla/5.0 (Windows NT 10.0; Win64; x64) AppleWebKit/537.36 (KHTML, like Gecko) Chrome/142.0.0.0 Safari/537.36"
51.38.129.30 - - [26/Jan/2026:10:06:25 -0500] "GET /wp-content/uploads/2025/02/a724563c.jpg HTTP/1.1" 200 97854 "-" "Mozilla/5.0 (Windows NT 10.0; Win64; x64) AppleWebKit/537.36 (KHTML, like Gecko) Chrome/142.0.0.0 Safari/537.36"
159.69.88.38 - - [26/Jan/2026:10:06:25 -0500] "GET /wp-content/uploads/2025/02/6_6a3ccc8f.jpg HTTP/1.1" 200 72392 "-" "Mozilla/5.0 (Windows NT 10.0; Win64; x64) AppleWebKit/537.36 (KHTML, like Gecko) Chrome/142.0.0.0 Safari/537.36"
159.69.88.38 - - [26/Jan/2026:10:06:25 -0500] "GET /wp-content/uploads/2025/02/a724563c.jpg HTTP/1.1" 200 97854 "-" "Mozilla/5.0 (Windows NT 10.0; Win64; x64) AppleWebKit/537.36 (KHTML, like Gecko) Chrome/142.0.0.0 Safari/537.36"
51.68.137.190 - - [26/Jan/2026:10:06:25 -0500] "GET /wp-content/uploads/2025/02/6_6a3ccc8f.jpg HTTP/1.1" 200 72392 "-" "Mozilla/5.0 (Windows NT 10.0; Win64; x64) AppleWebKit/537.36 (KHTML, like Gecko) Chrome/142.0.0.0 Safari/537.36"
159.69.192.38 - - [26/Jan/2026:10:06:25 -0500] "GET /wp-content/uploads/2025/02/5_1afa7277.jpg HTTP/1.1" 200 101308 "-" "Mozilla/5.0 (Windows NT 10.0; Win64; x64) AppleWebKit/537.36 (KHTML, like Gecko) Chrome/142.0.0.0 Safari/537.36"
51.81.209.132 - - [26/Jan/2026:10:06:25 -0500] "GET /wp-content/uploads/2025/02/5cfdaa2.jpg HTTP/1.1" 200 129556 "-" "Mozilla/5.0 (Windows NT 10.0; Win64; x64) AppleWebKit/537.36 (KHTML, like Gecko) Chrome/142.0.0.0 Safari/537.36"
91.107.231.208 - - [26/Jan/2026:10:06:25 -0500] "GET /wp-content/uploads/2025/02/5cfdaa2.jpg HTTP/1.1" 200 129556 "-" "Mozilla/5.0 (Windows NT 10.0; Win64; x64) AppleWebKit/537.36 (KHTML, like Gecko) Chrome/142.0.0.0 Safari/537.36"
162.19.253.107 - - [26/Jan/2026:10:06:25 -0500] "GET /wp-content/uploads/2025/02/5_1afa7277.jpg HTTP/1.1" 200 101308 "-" "Mozilla/5.0 (Windows NT 10.0; Win64; x64) AppleWebKit/537.36 (KHTML, like Gecko) Chrome/142.0.0.0 Safari/537.36"
51.81.209.132 - - [26/Jan/2026:10:06:26 -0500] "GET /wp-content/uploads/2025/02/5cfdaa2.jpg HTTP/1.1" 200 129556 "-" "Mozilla/5.0 (Windows NT 10.0; Win64; x64) AppleWebKit/537.36 (KHTML, like Gecko) Chrome/142.0.0.0 Safari/537.36"
116.203.201.227 - - [26/Jan/2026:10:06:25 -0500] "GET /wp-content/uploads/2025/02/5cfdaa2.jpg HTTP/1.1" 200 129556 "-" "Mozilla/5.0 (Windows NT 10.0; Win64; x64) AppleWebKit/537.36 (KHTML, like Gecko) Chrome/142.0.0.0 Safari/537.36"
79.116.251.78 - - [26/Jan/2026:10:06:33 -0500] "GET /wp-content/uploads/2025/02/a724563c.jpg HTTP/1.1" 200 97854 "-" "Mozilla/5.0 (Windows NT 10.0; Win64; x64) AppleWebKit/537.36 (KHTML, like Gecko) Chrome/143.0.0.0 Safari/537.36"
79.116.251.78 - - [26/Jan/2026:10:06:35 -0500] "GET / HTTP/1.1" 200 4465 "-" "Mozilla/5.0 (Windows NT 10.0; Win64; x64) AppleWebKit/537.36 (KHTML, like Gecko) Chrome/143.0.0.0 Safari/537.36"
79.116.251.78 - - [26/Jan/2026:10:06:35 -0500] "GET /wp-content/themes/matrix-model/assets/css/owl.carousel.min.css HTTP/1.1" 404 260 "https://matrixmodels.com/" "Mozilla/5.0 (Windows NT 10.0; Win64; x64) AppleWebKit/537.36 (KHTML, like Gecko) Chrome/143.0.0.0 Safari/537.36"
79.116.251.78 - - [26/Jan/2026:10:06:36 -0500] "GET /wp-content/themes/matrix-model/assets/css/owl.theme.default.min.css HTTP/1.1" 404 265 "https://matrixmodels.com/" "Mozilla/5.0 (Windows NT 10.0; Win64; x64) AppleWebKit/537.36 (KHTML, like Gecko) Chrome/143.0.0.0 Safari/537.36"
5.180.242.41 - - [26/Jan/2026:10:06:43 -0500] "GET /wp-content/uploads/2019/03/CFL08093.jpg HTTP/1.1" 200 135759 "https://yandex.ru/images/search?cbir_id=6466935%2FXJ4MrfempGgp_umfxzepfw9958&lr=10990&rpt=imageview&cbird=5&url=https%3A%2F%2Favatars.mds.yandex.net%2Fget-images-cbir%2F6466935%2FXJ4MrfempGgp_umfxzepfw9958%2Forig&cbir_page=similar" "Mozilla/5.0 (Windows NT 10.0; Win64; x64) AppleWebKit/537.36 (KHTML, like Gecko) Chrome/142.0.0.0 YaBrowser/25.12.0.0 Safari/537.36"
95.108.213.252 - - [26/Jan/2026:10:06:50 -0500] "GET /robots.txt HTTP/1.1" 200 116 "-" "Mozilla/5.0 (compatible; YandexBot/3.0; +http://yandex.com/bots)"
148.113.128.57 - - [26/Jan/2026:10:06:51 -0500] "GET /2-6/ HTTP/1.1" 200 12369 "-" "Mozilla/5.0 (compatible; AhrefsBot/7.0; +http://ahrefs.com/robot/)"
87.250.224.82 - - [26/Jan/2026:10:06:51 -0500] "GET /wp-content/uploads/2019/07/TWINS-1-1.jpg HTTP/1.1" 200 137688 "-" "Mozilla/5.0 (compatible; YandexImages/3.0; +http://yandex.com/bots)"
79.116.251.78 - - [26/Jan/2026:10:07:06 -0500] "-" 408 - "-" "-"
157.55.39.195 - - [26/Jan/2026:10:08:17 -0500] "GET /wp-content/uploads/2018/07/22-1.jpg HTTP/1.1" 200 106023 "-" "Mozilla/5.0 AppleWebKit/537.36 (KHTML, like Gecko; compatible; bingbot/2.0; +http://www.bing.com/bingbot.htm) Chrome/116.0.1938.76 Safari/537.36"
74.206.165.145 - - [26/Jan/2026:10:08:23 -0500] "POST /wp-cron.php?doing_wp_cron=1769440103.5801150798797607421875 HTTP/1.1" 200 - "http://matrixmodels.com/wp-cron.php?doing_wp_cron=1769440103.5801150798797607421875" "WordPress/5.6.16; http://matrixmodels.com"
64.59.72.148 - - [26/Jan/2026:10:08:23 -0500] "GET / HTTP/1.1" 200 4446 "-" "check_http/v2.4.9 (nagios-plugins 2.4.9)"
64.59.72.148 - - [26/Jan/2026:10:10:23 -0500] "GET / HTTP/1.1" 200 4446 "-" "check_http/v2.4.9 (nagios-plugins 2.4.9)"
157.55.39.195 - - [26/Jan/2026:10:10:49 -0500] "GET /wp-content/uploads/2019/06/25-360x520.jpg HTTP/1.1" 200 26964 "-" "Mozilla/5.0 AppleWebKit/537.36 (KHTML, like Gecko; compatible; bingbot/2.0; +http://www.bing.com/bingbot.htm) Chrome/116.0.1938.76 Safari/537.36"
216.73.216.1 - - [26/Jan/2026:10:11:06 -0500] "GET /robots.txt HTTP/1.1" 301 - "-" "Mozilla/5.0 AppleWebKit/537.36 (KHTML, like Gecko; compatible; ClaudeBot/1.0; +claudebot@anthropic.com)"
216.73.216.1 - - [26/Jan/2026:10:11:06 -0500] "GET /robots.txt HTTP/1.1" 200 116 "http://www.matrixmodels.com/robots.txt" "Mozilla/5.0 AppleWebKit/537.36 (KHTML, like Gecko; compatible; ClaudeBot/1.0; +claudebot@anthropic.com)"
216.73.216.1 - - [26/Jan/2026:10:11:06 -0500] "GET /lauren-clare HTTP/1.1" 301 - "-" "Mozilla/5.0 AppleWebKit/537.36 (KHTML, like Gecko; compatible; ClaudeBot/1.0; +claudebot@anthropic.com)"
216.73.216.1 - - [26/Jan/2026:10:11:06 -0500] "GET /lauren-clare HTTP/1.1" 404 8442 "http://www.matrixmodels.com/lauren-clare" "Mozilla/5.0 AppleWebKit/537.36 (KHTML, like Gecko; compatible; ClaudeBot/1.0; +claudebot@anthropic.com)"
45.124.27.137 - - [26/Jan/2026:10:11:22 -0500] "GET /wp-content/plugins/ipkallp/index.php HTTP/1.1" 200 28505 "-" "Mozilla/5.0 (Windows NT 10.0; Win64; x64) AppleWebKit/537.36 (KHTML, like Gecko) Chrome/143.0.0.0 Safari/537.36"
45.124.27.137 - - [26/Jan/2026:10:11:52 -0500] "-" 408 - "-" "-"
64.59.72.148 - - [26/Jan/2026:10:12:23 -0500] "GET / HTTP/1.1" 200 4446 "-" "check_http/v2.4.9 (nagios-plugins 2.4.9)"
77.75.78.164 - - [26/Jan/2026:10:12:47 -0500] "GET /tips-strategi-jitu-togel-tahun-ini/ HTTP/1.1" 200 13028 "-" "Mozilla/5.0 (compatible; SeznamBot/4.0; +https://o-seznam.cz/napoveda/vyhledavani/en/seznambot-crawler/)"
34.231.118.144 - - [26/Jan/2026:10:13:24 -0500] "GET /wp-json/oembed/1.0/embed?format=xml&url=http://matrixmodels.com/samantha-rone/ HTTP/1.1" 200 2586 "-" "Mozilla/5.0 AppleWebKit/537.36 (KHTML, like Gecko; compatible; Amazonbot/0.1; +https://developer.amazon.com/support/amazonbot) Chrome/119.0.6045.214 Safari/537.36"
188.166.35.151 - - [26/Jan/2026:10:13:33 -0500] "POST /wp-login.php HTTP/1.1" 200 7170 "-" "Mozilla/5.0"
83.217.208.113 - - [26/Jan/2026:10:13:40 -0500] "GET /wp-login.php HTTP/1.1" 200 6925 "-" "Mozilla/5.0 (Macintosh; Intel Mac OS X 10.9; rv:31.0) Gecko/20100101 Firefox/31.0"
83.217.208.113 - - [26/Jan/2026:10:13:41 -0500] "POST /wp-login.php HTTP/1.1" 200 7194 "-" "Mozilla/5.0 (Macintosh; Intel Mac OS X 10.9; rv:31.0) Gecko/20100101 Firefox/31.0"
45.33.70.134 - - [26/Jan/2026:10:13:42 -0500] "HEAD / HTTP/1.1" 200 - "-" "python-requests/2.32.5"
66.249.70.129 - - [26/Jan/2026:10:13:45 -0500] "GET /our-models/ HTTP/1.1" 200 7615 "-" "Mozilla/5.0 (Linux; Android 6.0.1; Nexus 5X Build/MMB29P) AppleWebKit/537.36 (KHTML, like Gecko) Chrome/99.0.4844.84 Mobile Safari/537.36 (compatible; Googlebot/2.1; +http://www.google.com/bot.html)"
66.249.70.129 - - [26/Jan/2026:10:13:46 -0500] "GET /our-models/ HTTP/1.1" 200 7615 "-" "Mozilla/5.0 (compatible; Googlebot/2.1; +http://www.google.com/bot.html)"
45.33.70.134 - - [26/Jan/2026:10:13:48 -0500] "GET / HTTP/1.1" 200 4465 "-" "Scrapy/2.14.1 (+https://scrapy.org)"
45.33.70.134 - - [26/Jan/2026:10:13:49 -0500] "GET /wp-content/themes/matrix-model/assets/css/aos.css HTTP/1.1" 200 26053 "https://matrixmodels.com/" "Scrapy/2.14.1 (+https://scrapy.org)"
45.33.70.134 - - [26/Jan/2026:10:13:49 -0500] "GET /wp-content/themes/matrix-model/assets/css/owl.carousel.min.css HTTP/1.1" 404 260 "https://matrixmodels.com/" "Scrapy/2.14.1 (+https://scrapy.org)"
45.33.70.134 - - [26/Jan/2026:10:13:49 -0500] "GET /wp-content/themes/matrix-model/assets/css/custom.css HTTP/1.1" 200 5229 "https://matrixmodels.com/" "Scrapy/2.14.1 (+https://scrapy.org)"
45.33.70.134 - - [26/Jan/2026:10:13:49 -0500] "GET /wp-content/themes/matrix-model/assets/css/owl.theme.default.min.css HTTP/1.1" 404 265 "https://matrixmodels.com/" "Scrapy/2.14.1 (+https://scrapy.org)"
45.33.70.134 - - [26/Jan/2026:10:13:49 -0500] "GET /wp-content/themes/matrix-model/assets/css/animate.min.css HTTP/1.1" 200 52592 "https://matrixmodels.com/" "Scrapy/2.14.1 (+https://scrapy.org)"
45.33.70.134 - - [26/Jan/2026:10:13:49 -0500] "GET /wp-content/themes/matrix-model/assets/images/more/i-1.jpg HTTP/1.1" 200 39164 "https://matrixmodels.com/" "Scrapy/2.14.1 (+https://scrapy.org)"
45.33.70.134 - - [26/Jan/2026:10:13:49 -0500] "GET /wp-content/themes/matrix-model/assets/images/more/i-3.jpg HTTP/1.1" 200 36068 "https://matrixmodels.com/" "Scrapy/2.14.1 (+https://scrapy.org)"
45.33.70.134 - - [26/Jan/2026:10:13:49 -0500] "GET /wp-content/themes/matrix-model/assets/images/more/i-2.jpg HTTP/1.1" 200 44619 "https://matrixmodels.com/" "Scrapy/2.14.1 (+https://scrapy.org)"
45.33.70.134 - - [26/Jan/2026:10:13:49 -0500] "GET /wp-content/themes/matrix-model/assets/images/more/i-4.jpg HTTP/1.1" 200 28534 "https://matrixmodels.com/" "Scrapy/2.14.1 (+https://scrapy.org)"
45.33.70.134 - - [26/Jan/2026:10:13:49 -0500] "GET /wp-content/themes/matrix-model/assets/css/bootstrap_v4.3.1_min.css HTTP/1.1" 200 155712 "https://matrixmodels.com/" "Scrapy/2.14.1 (+https://scrapy.org)"
45.33.70.134 - - [26/Jan/2026:10:13:49 -0500] "GET /wp-content/themes/matrix-model/assets/images/more/i-5.jpg HTTP/1.1" 200 35264 "https://matrixmodels.com/" "Scrapy/2.14.1 (+https://scrapy.org)"
45.33.70.134 - - [26/Jan/2026:10:13:49 -0500] "GET /wp-content/themes/matrix-model/assets/images/more/i-6.jpg HTTP/1.1" 200 39553 "https://matrixmodels.com/" "Scrapy/2.14.1 (+https://scrapy.org)"
45.33.70.134 - - [26/Jan/2026:10:13:49 -0500] "GET /wp-content/themes/matrix-model/assets/images/more/i-7.jpg HTTP/1.1" 200 35534 "https://matrixmodels.com/" "Scrapy/2.14.1 (+https://scrapy.org)"
45.33.70.134 - - [26/Jan/2026:10:13:49 -0500] "GET /wp-content/themes/matrix-model/assets/images/more/i-9.jpg HTTP/1.1" 200 39513 "https://matrixmodels.com/" "Scrapy/2.14.1 (+https://scrapy.org)"
45.33.70.134 - - [26/Jan/2026:10:13:49 -0500] "GET /wp-content/themes/matrix-model/assets/images/more/i-8.jpg HTTP/1.1" 200 31506 "https://matrixmodels.com/" "Scrapy/2.14.1 (+https://scrapy.org)"
45.33.70.134 - - [26/Jan/2026:10:13:49 -0500] "GET /wp-content/uploads/2021/07/logo.png HTTP/1.1" 200 181002 "https://matrixmodels.com/" "Scrapy/2.14.1 (+https://scrapy.org)"
64.59.72.148 - - [26/Jan/2026:10:14:23 -0500] "GET / HTTP/1.1" 200 4446 "-" "check_http/v2.4.9 (nagios-plugins 2.4.9)"
51.161.37.84 - - [26/Jan/2026:10:15:41 -0500] "GET /billy/ HTTP/1.1" 200 12335 "-" "Mozilla/5.0 (compatible; AhrefsBot/7.0; +http://ahrefs.com/robot/)"
64.59.72.148 - - [26/Jan/2026:10:16:23 -0500] "GET / HTTP/1.1" 200 4446 "-" "check_http/v2.4.9 (nagios-plugins 2.4.9)"
52.167.144.214 - - [26/Jan/2026:10:16:28 -0500] "GET /wp-content/uploads/2021/02/DSC_1940-360x520.jpg HTTP/1.1" 200 24170 "-" "Mozilla/5.0 AppleWebKit/537.36 (KHTML, like Gecko; compatible; bingbot/2.0; +http://www.bing.com/bingbot.htm) Chrome/116.0.1938.76 Safari/537.36"
52.167.144.214 - - [26/Jan/2026:10:16:30 -0500] "GET /wp-content/uploads/2020/11/DSC_5868-360x520.jpg HTTP/1.1" 200 41849 "-" "Mozilla/5.0 AppleWebKit/537.36 (KHTML, like Gecko; compatible; bingbot/2.0; +http://www.bing.com/bingbot.htm) Chrome/116.0.1938.76 Safari/537.36"
172.172.87.80 - - [26/Jan/2026:10:16:54 -0500] "GET / HTTP/1.1" 200 4465 "-" "Python/3.9 aiohttp/3.10.6"
64.59.72.148 - - [26/Jan/2026:10:18:23 -0500] "GET / HTTP/1.1" 200 4446 "-" "check_http/v2.4.9 (nagios-plugins 2.4.9)"
107.189.5.231 - - [26/Jan/2026:10:19:07 -0500] "GET /wp-login.php HTTP/1.1" 200 6925 "-" "Mozilla/5.0 (Macintosh; Intel Mac OS X 10_9_3) AppleWebKit/537.36 (KHTML, like Gecko) Chrome/35.0.1916.153 Safari/537.36"
107.189.5.231 - - [26/Jan/2026:10:19:08 -0500] "POST /wp-login.php HTTP/1.1" 200 7198 "-" "Mozilla/5.0 (Macintosh; Intel Mac OS X 10_9_3) AppleWebKit/537.36 (KHTML, like Gecko) Chrome/35.0.1916.153 Safari/537.36"
84.17.47.124 - - [26/Jan/2026:10:19:15 -0500] "GET /wp-content/uploads/2019/03/CFL08227.jpg HTTP/1.1" 200 101394 "https://www.google.com/" "Mozilla/5.0 (Windows NT 10.0; Win64; x64) AppleWebKit/537.36 (KHTML, like Gecko) Chrome/143.0.0.0 Safari/537.36"
205.185.222.189 - - [26/Jan/2026:10:19:35 -0500] "GET /our-models/ HTTP/1.1" 200 7615 "https://duckduckgo.com/" "Mozilla/5.0 (Windows NT 10.0; Win64; x64; rv:147.0) Gecko/20100101 Firefox/147.0"
205.185.222.189 - - [26/Jan/2026:10:19:35 -0500] "GET /wp-includes/css/dist/block-library/style.min.css?ver=5.6.16 HTTP/1.1" 200 51338 "https://matrixmodels.com/our-models/" "Mozilla/5.0 (Windows NT 10.0; Win64; x64; rv:147.0) Gecko/20100101 Firefox/147.0"
205.185.222.189 - - [26/Jan/2026:10:19:35 -0500] "GET /wp-content/themes/matrix-model/style.css?ver=5.6.16 HTTP/1.1" 200 41969 "https://matrixmodels.com/our-models/" "Mozilla/5.0 (Windows NT 10.0; Win64; x64; rv:147.0) Gecko/20100101 Firefox/147.0"
205.185.222.189 - - [26/Jan/2026:10:19:35 -0500] "GET /wp-includes/js/jquery/jquery.min.js?ver=3.5.1 HTTP/1.1" 200 89496 "https://matrixmodels.com/our-models/" "Mozilla/5.0 (Windows NT 10.0; Win64; x64; rv:147.0) Gecko/20100101 Firefox/147.0"
205.185.222.189 - - [26/Jan/2026:10:19:35 -0500] "GET /wp-includes/js/jquery/jquery-migrate.min.js?ver=3.3.2 HTTP/1.1" 200 11224 "https://matrixmodels.com/our-models/" "Mozilla/5.0 (Windows NT 10.0; Win64; x64; rv:147.0) Gecko/20100101 Firefox/147.0"
205.185.222.189 - - [26/Jan/2026:10:19:35 -0500] "GET /wp-includes/js/wp-emoji-release.min.js?ver=5.6.16 HTTP/1.1" 200 14229 "https://matrixmodels.com/our-models/" "Mozilla/5.0 (Windows NT 10.0; Win64; x64; rv:147.0) Gecko/20100101 Firefox/147.0"
205.185.222.189 - - [26/Jan/2026:10:19:36 -0500] "GET /wp-content/themes/matrix-model/images/inner-logo.jpg HTTP/1.1" 200 8330 "https://matrixmodels.com/our-models/" "Mozilla/5.0 (Windows NT 10.0; Win64; x64; rv:147.0) Gecko/20100101 Firefox/147.0"
205.185.222.189 - - [26/Jan/2026:10:19:36 -0500] "GET /favicon.ico HTTP/1.1" 200 43 "https://matrixmodels.com/our-models/" "Mozilla/5.0 (Windows NT 10.0; Win64; x64; rv:147.0) Gecko/20100101 Firefox/147.0"
42.236.12.215 - - [26/Jan/2026:10:19:40 -0500] "GET / HTTP/1.1" 301 - "-" "Mozilla/5.0 (Windows NT 10.0; Win64; x64) AppleWebKit/537.36 (KHTML, like Gecko) Chrome/140.0.0.0 Safari/537.36 Edg/140.0.0.0; 360Spider"
42.236.12.215 - - [26/Jan/2026:10:19:41 -0500] "GET / HTTP/1.1" 200 4446 "-" "Mozilla/5.0 (Windows NT 10.0; Win64; x64) AppleWebKit/537.36 (KHTML, like Gecko) Chrome/140.0.0.0 Safari/537.36 Edg/140.0.0.0; 360Spider"
42.236.12.215 - - [26/Jan/2026:10:19:42 -0500] "GET /wp-content/themes/matrix-model/assets/css/aos.css HTTP/1.1" 200 26053 "http://matrixmodels.com/" "Mozilla/5.0 (Windows NT 10.0; Win64; x64) AppleWebKit/537.36 (KHTML, like Gecko) Chrome/140.0.0.0 Safari/537.36 Edg/140.0.0.0; 360Spider"
42.236.12.215 - - [26/Jan/2026:10:19:42 -0500] "GET /wp-content/themes/matrix-model/assets/css/owl.carousel.min.css HTTP/1.1" 404 260 "http://matrixmodels.com/" "Mozilla/5.0 (Windows NT 10.0; Win64; x64) AppleWebKit/537.36 (KHTML, like Gecko) Chrome/140.0.0.0 Safari/537.36 Edg/140.0.0.0; 360Spider"
42.236.12.215 - - [26/Jan/2026:10:19:42 -0500] "GET /wp-content/themes/matrix-model/assets/css/owl.theme.default.min.css HTTP/1.1" 404 265 "http://matrixmodels.com/" "Mozilla/5.0 (Windows NT 10.0; Win64; x64) AppleWebKit/537.36 (KHTML, like Gecko) Chrome/140.0.0.0 Safari/537.36 Edg/140.0.0.0; 360Spider"
42.236.12.215 - - [26/Jan/2026:10:19:42 -0500] "GET /wp-content/themes/matrix-model/assets/css/animate.min.css HTTP/1.1" 200 52592 "http://matrixmodels.com/" "Mozilla/5.0 (Windows NT 10.0; Win64; x64) AppleWebKit/537.36 (KHTML, like Gecko) Chrome/140.0.0.0 Safari/537.36 Edg/140.0.0.0; 360Spider"
42.236.12.215 - - [26/Jan/2026:10:19:42 -0500] "GET /wp-content/themes/matrix-model/assets/css/custom.css HTTP/1.1" 200 5229 "http://matrixmodels.com/" "Mozilla/5.0 (Windows NT 10.0; Win64; x64) AppleWebKit/537.36 (KHTML, like Gecko) Chrome/140.0.0.0 Safari/537.36 Edg/140.0.0.0; 360Spider"
42.236.12.215 - - [26/Jan/2026:10:19:42 -0500] "GET /wp-content/themes/matrix-model/assets/css/bootstrap_v4.3.1_min.css HTTP/1.1" 200 155712 "http://matrixmodels.com/" "Mozilla/5.0 (Windows NT 10.0; Win64; x64) AppleWebKit/537.36 (KHTML, like Gecko) Chrome/140.0.0.0 Safari/537.36 Edg/140.0.0.0; 360Spider"
205.185.222.189 - - [26/Jan/2026:10:19:45 -0500] "GET /our-models/ HTTP/1.1" 200 7615 "https://matrixmodels.com/our-models/" "Mozilla/5.0 (Windows NT 10.0; Win64; x64; rv:147.0) Gecko/20100101 Firefox/147.0"
205.185.222.189 - - [26/Jan/2026:10:19:46 -0500] "GET /our-models/ HTTP/1.1" 200 7615 "https://matrixmodels.com/our-models/" "Mozilla/5.0 (Windows NT 10.0; Win64; x64; rv:147.0) Gecko/20100101 Firefox/147.0"
205.185.222.189 - - [26/Jan/2026:10:19:48 -0500] "GET /about-matrix-models/ HTTP/1.1" 200 10353 "https://matrixmodels.com/our-models/" "Mozilla/5.0 (Windows NT 10.0; Win64; x64; rv:147.0) Gecko/20100101 Firefox/147.0"
205.185.222.189 - - [26/Jan/2026:10:19:49 -0500] "GET /wp-includes/js/wp-embed.min.js?ver=5.6.16 HTTP/1.1" 200 1478 "https://matrixmodels.com/about-matrix-models/" "Mozilla/5.0 (Windows NT 10.0; Win64; x64; rv:147.0) Gecko/20100101 Firefox/147.0"
205.185.222.189 - - [26/Jan/2026:10:19:49 -0500] "GET /wp-content/themes/matrix-model/js/navigation.js?ver=20140711 HTTP/1.1" 200 1516 "https://matrixmodels.com/about-matrix-models/" "Mozilla/5.0 (Windows NT 10.0; Win64; x64; rv:147.0) Gecko/20100101 Firefox/147.0"
205.185.222.189 - - [26/Jan/2026:10:19:49 -0500] "GET /wp-content/themes/matrix-model/images/title_bg.jpg HTTP/1.1" 200 1124 "https://matrixmodels.com/wp-content/themes/matrix-model/style.css?ver=5.6.16" "Mozilla/5.0 (Windows NT 10.0; Win64; x64; rv:147.0) Gecko/20100101 Firefox/147.0"
205.185.222.189 - - [26/Jan/2026:10:19:49 -0500] "GET /wp-content/uploads/2014/12/Matrix-Models-Photo-Logo.jpg HTTP/1.1" 200 36134 "https://matrixmodels.com/about-matrix-models/" "Mozilla/5.0 (Windows NT 10.0; Win64; x64; rv:147.0) Gecko/20100101 Firefox/147.0"
205.185.222.189 - - [26/Jan/2026:10:19:53 -0500] "GET /our-models/ HTTP/1.1" 200 7615 "https://matrixmodels.com/about-matrix-models/" "Mozilla/5.0 (Windows NT 10.0; Win64; x64; rv:147.0) Gecko/20100101 Firefox/147.0"
64.59.72.148 - - [26/Jan/2026:10:20:23 -0500] "GET / HTTP/1.1" 200 4446 "-" "check_http/v2.4.9 (nagios-plugins 2.4.9)"
64.59.72.148 - - [26/Jan/2026:10:22:23 -0500] "GET / HTTP/1.1" 200 4446 "-" "check_http/v2.4.9 (nagios-plugins 2.4.9)"
206.189.132.33 - - [26/Jan/2026:10:23:16 -0500] "GET /.env HTTP/1.1" 500 535 "-" "Mozilla/5.0; Keydrop.io/1.0(onlyscans.com/about);"
206.189.132.33 - - [26/Jan/2026:10:23:16 -0500] "GET / HTTP/1.0" 400 362 "-" "-"
206.189.132.33 - - [26/Jan/2026:10:23:17 -0500] "GET /.git/config HTTP/1.1" 500 535 "-" "Mozilla/5.0; Keydrop.io/1.0(onlyscans.com/about);"
206.189.132.33 - - [26/Jan/2026:10:23:18 -0500] "GET / HTTP/1.0" 400 362 "-" "-"
51.161.65.95 - - [26/Jan/2026:10:24:10 -0500] "GET /alice-1/ HTTP/1.1" 200 12380 "-" "Mozilla/5.0 (compatible; AhrefsBot/7.0; +http://ahrefs.com/robot/)"
64.59.72.148 - - [26/Jan/2026:10:24:23 -0500] "GET / HTTP/1.1" 200 4446 "-" "check_http/v2.4.9 (nagios-plugins 2.4.9)"
45.33.136.254 - - [26/Jan/2026:10:24:39 -0500] "GET / HTTP/1.1" 200 4446 "-" "Mozilla/5.0 (Windows NT 10.0; Win64; x64) AppleWebKit/537.36 (KHTML, like Gecko) Chrome/113.0.0.0 Safari/537.36"
45.33.141.37 - - [26/Jan/2026:10:24:40 -0500] "GET /wp-content/themes/matrix-model/assets/images/logo/favicon.png HTTP/1.1" 404 259 "-" "Mozilla/5.0 (X11; U; Linux x86_64; en-US) AppleWebKit/537.36 (KHTML, like Gecko) Chrome/30.0.1599.114 Safari/537.36 Puffin/5.3.0IP"
64.59.72.148 - - [26/Jan/2026:10:26:23 -0500] "GET / HTTP/1.1" 200 4446 "-" "check_http/v2.4.9 (nagios-plugins 2.4.9)"
64.59.72.148 - - [26/Jan/2026:10:28:23 -0500] "GET / HTTP/1.1" 200 4446 "-" "check_http/v2.4.9 (nagios-plugins 2.4.9)"
77.75.76.164 - - [26/Jan/2026:10:28:28 -0500] "GET /otw-portfolio/sabina-rouge/ HTTP/1.1" 301 - "-" "Mozilla/5.0 (compatible; SeznamBot/4.0; +https://o-seznam.cz/napoveda/vyhledavani/en/seznambot-crawler/)"
188.166.35.151 - - [26/Jan/2026:10:29:28 -0500] "POST /wp-login.php HTTP/1.1" 200 7170 "-" "Mozilla/5.0"
64.59.72.148 - - [26/Jan/2026:10:30:23 -0500] "GET / HTTP/1.1" 200 4446 "-" "check_http/v2.4.9 (nagios-plugins 2.4.9)"
17.22.245.151 - - [26/Jan/2026:10:30:33 -0500] "GET /wp-content/uploads/2016/11/LUNA-11.jpg HTTP/1.1" 200 221236 "-" "Mozilla/5.0 (Macintosh; Intel Mac OS X 10_15_7) AppleWebKit/605.1.15 (KHTML, like Gecko) Version/17.4 Safari/605.1.15 (Applebot/0.1; +http://www.apple.com/go/applebot)"
45.33.136.254 - - [26/Jan/2026:10:30:50 -0500] "GET / HTTP/1.1" 200 4446 "-" "Mozilla/5.0 (Windows NT 10.0; Win64; x64) AppleWebKit/537.36 (KHTML, like Gecko) Chrome/113.0.0.0 Safari/537.36"
45.33.141.39 - - [26/Jan/2026:10:30:51 -0500] "GET /wp-content/themes/matrix-model/assets/images/logo/favicon.png HTTP/1.1" 404 259 "-" "Mozilla/5.0 (X11; U; Linux x86_64; en-US) AppleWebKit/537.36 (KHTML, like Gecko) Chrome/30.0.1599.114 Safari/537.36 Puffin/5.3.0IP"
23.236.53.47 - - [26/Jan/2026:10:30:55 -0500] "GET / HTTP/1.1" 200 4446 "-" "Mozilla/5.0 (Windows NT 10.0; Win64; x64) AppleWebKit/537.36 (KHTML, like Gecko) Chrome/78.0.3904.108 Safari/537.36"
23.236.53.47 - - [26/Jan/2026:10:30:55 -0500] "GET /?author=1 HTTP/1.1" 301 - "-" "Mozilla/5.0 (Windows NT 10.0; Win64; x64) AppleWebKit/537.36 (KHTML, like Gecko) Chrome/78.0.3904.108 Safari/537.36"
23.236.53.47 - - [26/Jan/2026:10:30:55 -0500] "GET /?author=2 HTTP/1.1" 404 8442 "-" "Mozilla/5.0 (Windows NT 10.0; Win64; x64) AppleWebKit/537.36 (KHTML, like Gecko) Chrome/78.0.3904.108 Safari/537.36"
23.236.53.47 - - [26/Jan/2026:10:30:55 -0500] "GET / HTTP/1.1" 200 4446 "-" "Mozilla/5.0 (Windows NT 10.0; Win64; x64) AppleWebKit/537.36 (KHTML, like Gecko) Chrome/78.0.3904.108 Safari/537.36"
23.236.53.47 - - [26/Jan/2026:10:30:55 -0500] "GET /wp-json/wp/v2/users/ HTTP/1.1" 200 1186 "-" "Mozilla/5.0 (Windows NT 10.0; Win64; x64) AppleWebKit/537.36 (KHTML, like Gecko) Chrome/78.0.3904.108 Safari/537.36"
23.236.53.47 - - [26/Jan/2026:10:30:55 -0500] "GET /?author=1 HTTP/1.1" 301 - "-" "Mozilla/5.0 (Windows NT 10.0; Win64; x64) AppleWebKit/537.36 (KHTML, like Gecko) Chrome/78.0.3904.108 Safari/537.36"
23.236.53.47 - - [26/Jan/2026:10:30:55 -0500] "POST /xmlrpc.php HTTP/1.1" 403 6 "-" "Mozilla/5.0 (Windows NT 10.0; Win64; x64) AppleWebKit/537.36 (KHTML, like Gecko) Chrome/78.0.3904.108 Safari/537.36"
23.236.53.47 - - [26/Jan/2026:10:30:55 -0500] "GET /?author=2 HTTP/1.1" 404 8442 "-" "Mozilla/5.0 (Windows NT 10.0; Win64; x64) AppleWebKit/537.36 (KHTML, like Gecko) Chrome/78.0.3904.108 Safari/537.36"
23.236.53.47 - - [26/Jan/2026:10:30:55 -0500] "POST /xmlrpc.php HTTP/1.1" 403 6 "-" "Mozilla/5.0 (Windows NT 10.0; Win64; x64) AppleWebKit/537.36 (KHTML, like Gecko) Chrome/78.0.3904.108 Safari/537.36"
23.236.53.47 - - [26/Jan/2026:10:30:55 -0500] "GET /wp-json/wp/v2/users/ HTTP/1.1" 200 1186 "-" "Mozilla/5.0 (Windows NT 10.0; Win64; x64) AppleWebKit/537.36 (KHTML, like Gecko) Chrome/78.0.3904.108 Safari/537.36"
23.236.53.47 - - [26/Jan/2026:10:30:56 -0500] "POST /xmlrpc.php HTTP/1.1" 403 6 "-" "Mozilla/5.0 (Windows NT 10.0; Win64; x64) AppleWebKit/537.36 (KHTML, like Gecko) Chrome/78.0.3904.108 Safari/537.36"
23.236.53.47 - - [26/Jan/2026:10:30:56 -0500] "POST /xmlrpc.php HTTP/1.1" 403 6 "-" "Mozilla/5.0 (Windows NT 10.0; Win64; x64) AppleWebKit/537.36 (KHTML, like Gecko) Chrome/78.0.3904.108 Safari/537.36"
64.59.72.148 - - [26/Jan/2026:10:32:23 -0500] "GET / HTTP/1.1" 200 4446 "-" "check_http/v2.4.9 (nagios-plugins 2.4.9)"
15.235.27.177 - - [26/Jan/2026:10:33:00 -0500] "GET /3-2/ HTTP/1.1" 200 12440 "-" "Mozilla/5.0 (compatible; AhrefsBot/7.0; +http://ahrefs.com/robot/)"
64.59.72.148 - - [26/Jan/2026:10:34:23 -0500] "GET / HTTP/1.1" 200 4446 "-" "check_http/v2.4.9 (nagios-plugins 2.4.9)"
52.167.144.191 - - [26/Jan/2026:10:35:49 -0500] "GET /jeu-de-casino-en-ligne-vegas/ HTTP/1.1" 404 8442 "-" "Mozilla/5.0 AppleWebKit/537.36 (KHTML, like Gecko; compatible; bingbot/2.0; +http://www.bing.com/bingbot.htm) Chrome/116.0.1938.76 Safari/537.36"
64.59.72.148 - - [26/Jan/2026:10:36:23 -0500] "GET / HTTP/1.1" 200 4446 "-" "check_http/v2.4.9 (nagios-plugins 2.4.9)"
64.59.72.148 - - [26/Jan/2026:10:38:23 -0500] "GET / HTTP/1.1" 200 4446 "-" "check_http/v2.4.9 (nagios-plugins 2.4.9)"
64.59.72.148 - - [26/Jan/2026:10:40:23 -0500] "GET / HTTP/1.1" 200 4446 "-" "check_http/v2.4.9 (nagios-plugins 2.4.9)"
91.90.142.7 - - [26/Jan/2026:10:41:02 -0500] "GET / HTTP/1.1" 301 - "-" "Chrome"
91.90.142.7 - - [26/Jan/2026:10:41:03 -0500] "GET / HTTP/1.1" 200 4465 "-" "Chrome"
95.85.238.23 - - [26/Jan/2026:10:41:16 -0500] "GET /wp-login.php HTTP/1.1" 200 6925 "-" "Mozilla/5.0 (Windows NT 5.1; rv:31.0) Gecko/20100101 Firefox/31.0"
95.85.238.23 - - [26/Jan/2026:10:41:19 -0500] "POST /wp-login.php HTTP/1.1" 200 7353 "-" "Mozilla/5.0 (Windows NT 5.1; rv:31.0) Gecko/20100101 Firefox/31.0"
45.144.113.228 - - [26/Jan/2026:10:41:24 -0500] "GET /wp-content/themes/matrix-model/assets/images/logo/favicon.png HTTP/1.1" 404 259 "https://forums.socialmediagirls.com/" "Mozilla/5.0 (iPhone; CPU iPhone OS 18_6_2 like Mac OS X) AppleWebKit/605.1.15 (KHTML, like Gecko) Version/18.6 Mobile/15E148 Safari/604.1"
109.205.179.242 - - [26/Jan/2026:10:41:39 -0500] "GET /wp-admin/css/ HTTP/1.1" 403 6 "binance.com" "Mozilla/5.0 (Windows NT 10.0; Win64; x64) AppleWebKit/537.36 (KHTML, like Gecko) Chrome/90.0.4430.85 Safari/537.36"
54.39.136.137 - - [26/Jan/2026:10:41:42 -0500] "GET /feed/?attachment_id=140 HTTP/1.1" 200 719 "-" "Mozilla/5.0 (compatible; AhrefsBot/7.0; +http://ahrefs.com/robot/)"
64.59.72.148 - - [26/Jan/2026:10:42:23 -0500] "GET / HTTP/1.1" 200 4446 "-" "check_http/v2.4.9 (nagios-plugins 2.4.9)"
66.249.70.133 - - [26/Jan/2026:10:42:33 -0500] "GET /our-models/ HTTP/1.1" 200 7587 "-" "Mozilla/5.0 (Linux; Android 6.0.1; Nexus 5X Build/MMB29P) AppleWebKit/537.36 (KHTML, like Gecko) Chrome/99.0.4844.84 Mobile Safari/537.36 (compatible; Googlebot/2.1; +http://www.google.com/bot.html)"
35.79.91.231 - - [26/Jan/2026:10:43:23 -0500] "GET / HTTP/1.1" 301 - "-" "Go-http-client/1.1"
35.79.91.231 - - [26/Jan/2026:10:43:25 -0500] "GET / HTTP/1.1" 200 4465 "https://74.206.165.146" "Go-http-client/1.1"
104.173.13.24 - - [26/Jan/2026:10:43:29 -0500] "-" 408 - "-" "-"
104.173.13.24 - - [26/Jan/2026:10:43:30 -0500] "-" 408 - "-" "-"
104.173.13.24 - - [26/Jan/2026:10:43:30 -0500] "-" 408 - "-" "-"
73.211.252.196 - - [26/Jan/2026:10:43:38 -0500] "GET / HTTP/1.1" 200 4446 "-" "Mozilla/5.0 (Windows NT 10.0; Win64; x64) AppleWebKit/537.36 (KHTML, like Gecko) Chrome/143.0.0.0 Safari/537.36 Edg/143.0.0.0"
73.211.252.196 - - [26/Jan/2026:10:43:38 -0500] "GET /wp-content/themes/matrix-model/assets/css/aos.css HTTP/1.1" 200 26053 "http://matrixmodels.com/" "Mozilla/5.0 (Windows NT 10.0; Win64; x64) AppleWebKit/537.36 (KHTML, like Gecko) Chrome/143.0.0.0 Safari/537.36 Edg/143.0.0.0"
73.211.252.196 - - [26/Jan/2026:10:43:38 -0500] "GET /wp-content/themes/matrix-model/assets/css/owl.carousel.min.css HTTP/1.1" 404 260 "http://matrixmodels.com/" "Mozilla/5.0 (Windows NT 10.0; Win64; x64) AppleWebKit/537.36 (KHTML, like Gecko) Chrome/143.0.0.0 Safari/537.36 Edg/143.0.0.0"
73.211.252.196 - - [26/Jan/2026:10:43:38 -0500] "GET /wp-content/themes/matrix-model/assets/css/animate.min.css HTTP/1.1" 200 52592 "http://matrixmodels.com/" "Mozilla/5.0 (Windows NT 10.0; Win64; x64) AppleWebKit/537.36 (KHTML, like Gecko) Chrome/143.0.0.0 Safari/537.36 Edg/143.0.0.0"
73.211.252.196 - - [26/Jan/2026:10:43:38 -0500] "GET /wp-content/themes/matrix-model/assets/css/owl.theme.default.min.css HTTP/1.1" 404 265 "http://matrixmodels.com/" "Mozilla/5.0 (Windows NT 10.0; Win64; x64) AppleWebKit/537.36 (KHTML, like Gecko) Chrome/143.0.0.0 Safari/537.36 Edg/143.0.0.0"
73.211.252.196 - - [26/Jan/2026:10:43:38 -0500] "GET /wp-content/themes/matrix-model/assets/css/custom.css HTTP/1.1" 200 5229 "http://matrixmodels.com/" "Mozilla/5.0 (Windows NT 10.0; Win64; x64) AppleWebKit/537.36 (KHTML, like Gecko) Chrome/143.0.0.0 Safari/537.36 Edg/143.0.0.0"
73.211.252.196 - - [26/Jan/2026:10:43:38 -0500] "GET /wp-content/themes/matrix-model/assets/css/bootstrap_v4.3.1_min.css HTTP/1.1" 200 155712 "http://matrixmodels.com/" "Mozilla/5.0 (Windows NT 10.0; Win64; x64) AppleWebKit/537.36 (KHTML, like Gecko) Chrome/143.0.0.0 Safari/537.36 Edg/143.0.0.0"
73.211.252.196 - - [26/Jan/2026:10:43:38 -0500] "GET /wp-content/themes/matrix-model/assets/images/more/i-3.jpg HTTP/1.1" 200 36068 "http://matrixmodels.com/" "Mozilla/5.0 (Windows NT 10.0; Win64; x64) AppleWebKit/537.36 (KHTML, like Gecko) Chrome/143.0.0.0 Safari/537.36 Edg/143.0.0.0"
73.211.252.196 - - [26/Jan/2026:10:43:38 -0500] "GET /wp-content/themes/matrix-model/assets/images/more/i-1.jpg HTTP/1.1" 200 39164 "http://matrixmodels.com/" "Mozilla/5.0 (Windows NT 10.0; Win64; x64) AppleWebKit/537.36 (KHTML, like Gecko) Chrome/143.0.0.0 Safari/537.36 Edg/143.0.0.0"
73.211.252.196 - - [26/Jan/2026:10:43:38 -0500] "GET /wp-content/themes/matrix-model/assets/images/more/i-2.jpg HTTP/1.1" 200 44619 "http://matrixmodels.com/" "Mozilla/5.0 (Windows NT 10.0; Win64; x64) AppleWebKit/537.36 (KHTML, like Gecko) Chrome/143.0.0.0 Safari/537.36 Edg/143.0.0.0"
73.211.252.196 - - [26/Jan/2026:10:43:38 -0500] "GET /wp-content/themes/matrix-model/assets/images/more/i-4.jpg HTTP/1.1" 200 28534 "http://matrixmodels.com/" "Mozilla/5.0 (Windows NT 10.0; Win64; x64) AppleWebKit/537.36 (KHTML, like Gecko) Chrome/143.0.0.0 Safari/537.36 Edg/143.0.0.0"
73.211.252.196 - - [26/Jan/2026:10:43:38 -0500] "GET /favicon.ico HTTP/1.1" 200 43 "-" "ddg_win"
73.211.252.196 - - [26/Jan/2026:10:43:38 -0500] "GET /wp-content/themes/matrix-model/assets/images/more/i-5.jpg HTTP/1.1" 200 35264 "http://matrixmodels.com/" "Mozilla/5.0 (Windows NT 10.0; Win64; x64) AppleWebKit/537.36 (KHTML, like Gecko) Chrome/143.0.0.0 Safari/537.36 Edg/143.0.0.0"
73.211.252.196 - - [26/Jan/2026:10:43:38 -0500] "GET /wp-content/themes/matrix-model/assets/images/logo/favicon.png HTTP/1.1" 404 259 "-" "ddg_win/0.143.7.0"
73.211.252.196 - - [26/Jan/2026:10:43:38 -0500] "GET /wp-content/uploads/2021/07/logo.png HTTP/1.1" 200 181002 "http://matrixmodels.com/" "Mozilla/5.0 (Windows NT 10.0; Win64; x64) AppleWebKit/537.36 (KHTML, like Gecko) Chrome/143.0.0.0 Safari/537.36 Edg/143.0.0.0"
73.211.252.196 - - [26/Jan/2026:10:43:38 -0500] "GET /wp-content/themes/matrix-model/assets/images/more/i-9.jpg HTTP/1.1" 200 39513 "http://matrixmodels.com/" "Mozilla/5.0 (Windows NT 10.0; Win64; x64) AppleWebKit/537.36 (KHTML, like Gecko) Chrome/143.0.0.0 Safari/537.36 Edg/143.0.0.0"
73.211.252.196 - - [26/Jan/2026:10:43:39 -0500] "GET /wp-content/themes/matrix-model/assets/images/more/i-6.jpg HTTP/1.1" 200 39553 "http://matrixmodels.com/" "Mozilla/5.0 (Windows NT 10.0; Win64; x64) AppleWebKit/537.36 (KHTML, like Gecko) Chrome/143.0.0.0 Safari/537.36 Edg/143.0.0.0"
73.211.252.196 - - [26/Jan/2026:10:43:39 -0500] "GET /wp-content/themes/matrix-model/assets/images/more/i-8.jpg HTTP/1.1" 200 31506 "http://matrixmodels.com/" "Mozilla/5.0 (Windows NT 10.0; Win64; x64) AppleWebKit/537.36 (KHTML, like Gecko) Chrome/143.0.0.0 Safari/537.36 Edg/143.0.0.0"
73.211.252.196 - - [26/Jan/2026:10:43:39 -0500] "GET /wp-content/themes/matrix-model/assets/images/more/i-7.jpg HTTP/1.1" 200 35534 "http://matrixmodels.com/" "Mozilla/5.0 (Windows NT 10.0; Win64; x64) AppleWebKit/537.36 (KHTML, like Gecko) Chrome/143.0.0.0 Safari/537.36 Edg/143.0.0.0"
73.211.252.196 - - [26/Jan/2026:10:43:39 -0500] "GET /wp-content/themes/matrix-model/assets/images/logo/favicon.png HTTP/1.1" 404 259 "http://matrixmodels.com/" "Mozilla/5.0 (Windows NT 10.0; Win64; x64) AppleWebKit/537.36 (KHTML, like Gecko) Chrome/143.0.0.0 Safari/537.36 Edg/143.0.0.0"
73.211.252.196 - - [26/Jan/2026:10:43:42 -0500] "GET /our-models HTTP/1.1" 301 - "http://matrixmodels.com/" "Mozilla/5.0 (Windows NT 10.0; Win64; x64) AppleWebKit/537.36 (KHTML, like Gecko) Chrome/143.0.0.0 Safari/537.36 Edg/143.0.0.0"
73.211.252.196 - - [26/Jan/2026:10:43:42 -0500] "GET /our-models/ HTTP/1.1" 200 7587 "http://matrixmodels.com/" "Mozilla/5.0 (Windows NT 10.0; Win64; x64) AppleWebKit/537.36 (KHTML, like Gecko) Chrome/143.0.0.0 Safari/537.36 Edg/143.0.0.0"
73.211.252.196 - - [26/Jan/2026:10:43:42 -0500] "GET /wp-content/themes/matrix-model/assets/images/logo/favicon.png HTTP/1.1" 404 259 "-" "ddg_win/0.143.7.0"
73.211.252.196 - - [26/Jan/2026:10:43:42 -0500] "GET /wp-includes/css/dist/block-library/style.min.css?ver=5.6.16 HTTP/1.1" 200 51338 "http://matrixmodels.com/our-models/" "Mozilla/5.0 (Windows NT 10.0; Win64; x64) AppleWebKit/537.36 (KHTML, like Gecko) Chrome/143.0.0.0 Safari/537.36 Edg/143.0.0.0"
73.211.252.196 - - [26/Jan/2026:10:43:42 -0500] "GET /wp-content/themes/matrix-model/images/inner-logo.jpg HTTP/1.1" 200 8330 "http://matrixmodels.com/our-models/" "Mozilla/5.0 (Windows NT 10.0; Win64; x64) AppleWebKit/537.36 (KHTML, like Gecko) Chrome/143.0.0.0 Safari/537.36 Edg/143.0.0.0"
73.211.252.196 - - [26/Jan/2026:10:43:42 -0500] "GET /wp-content/themes/matrix-model/style.css?ver=5.6.16 HTTP/1.1" 200 41969 "http://matrixmodels.com/our-models/" "Mozilla/5.0 (Windows NT 10.0; Win64; x64) AppleWebKit/537.36 (KHTML, like Gecko) Chrome/143.0.0.0 Safari/537.36 Edg/143.0.0.0"
73.211.252.196 - - [26/Jan/2026:10:43:42 -0500] "GET /wp-includes/js/jquery/jquery-migrate.min.js?ver=3.3.2 HTTP/1.1" 200 11224 "http://matrixmodels.com/our-models/" "Mozilla/5.0 (Windows NT 10.0; Win64; x64) AppleWebKit/537.36 (KHTML, like Gecko) Chrome/143.0.0.0 Safari/537.36 Edg/143.0.0.0"
73.211.252.196 - - [26/Jan/2026:10:43:42 -0500] "GET /wp-includes/js/jquery/jquery.min.js?ver=3.5.1 HTTP/1.1" 200 89496 "http://matrixmodels.com/our-models/" "Mozilla/5.0 (Windows NT 10.0; Win64; x64) AppleWebKit/537.36 (KHTML, like Gecko) Chrome/143.0.0.0 Safari/537.36 Edg/143.0.0.0"
73.211.252.196 - - [26/Jan/2026:10:43:42 -0500] "GET /wp-includes/js/wp-emoji-release.min.js?ver=5.6.16 HTTP/1.1" 200 14229 "http://matrixmodels.com/our-models/" "Mozilla/5.0 (Windows NT 10.0; Win64; x64) AppleWebKit/537.36 (KHTML, like Gecko) Chrome/143.0.0.0 Safari/537.36 Edg/143.0.0.0"
73.211.252.196 - - [26/Jan/2026:10:43:44 -0500] "GET /favicon.ico HTTP/1.1" 200 43 "http://matrixmodels.com/our-models/" "Mozilla/5.0 (Windows NT 10.0; Win64; x64) AppleWebKit/537.36 (KHTML, like Gecko) Chrome/143.0.0.0 Safari/537.36 Edg/143.0.0.0"
64.59.72.148 - - [26/Jan/2026:10:44:23 -0500] "GET / HTTP/1.1" 200 4446 "-" "check_http/v2.4.9 (nagios-plugins 2.4.9)"
188.166.35.151 - - [26/Jan/2026:10:45:17 -0500] "POST /wp-login.php HTTP/1.1" 200 7170 "-" "Mozilla/5.0"
73.211.252.196 - - [26/Jan/2026:10:45:21 -0500] "GET /about-matrix-models/ HTTP/1.1" 200 10323 "http://matrixmodels.com/our-models/" "Mozilla/5.0 (Windows NT 10.0; Win64; x64) AppleWebKit/537.36 (KHTML, like Gecko) Chrome/143.0.0.0 Safari/537.36 Edg/143.0.0.0"
73.211.252.196 - - [26/Jan/2026:10:45:21 -0500] "GET /wp-content/themes/matrix-model/js/navigation.js?ver=20140711 HTTP/1.1" 200 1516 "http://matrixmodels.com/about-matrix-models/" "Mozilla/5.0 (Windows NT 10.0; Win64; x64) AppleWebKit/537.36 (KHTML, like Gecko) Chrome/143.0.0.0 Safari/537.36 Edg/143.0.0.0"
73.211.252.196 - - [26/Jan/2026:10:45:21 -0500] "GET /wp-includes/js/wp-embed.min.js?ver=5.6.16 HTTP/1.1" 200 1478 "http://matrixmodels.com/about-matrix-models/" "Mozilla/5.0 (Windows NT 10.0; Win64; x64) AppleWebKit/537.36 (KHTML, like Gecko) Chrome/143.0.0.0 Safari/537.36 Edg/143.0.0.0"
73.211.252.196 - - [26/Jan/2026:10:45:21 -0500] "GET /wp-content/themes/matrix-model/assets/images/logo/favicon.png HTTP/1.1" 404 259 "-" "ddg_win/0.143.7.0"
73.211.252.196 - - [26/Jan/2026:10:45:21 -0500] "GET /wp-content/themes/matrix-model/images/title_bg.jpg HTTP/1.1" 200 1124 "http://matrixmodels.com/wp-content/themes/matrix-model/style.css?ver=5.6.16" "Mozilla/5.0 (Windows NT 10.0; Win64; x64) AppleWebKit/537.36 (KHTML, like Gecko) Chrome/143.0.0.0 Safari/537.36 Edg/143.0.0.0"
73.211.252.196 - - [26/Jan/2026:10:45:21 -0500] "GET /wp-content/uploads/2014/12/Matrix-Models-Photo-Logo.jpg HTTP/1.1" 200 36134 "http://matrixmodels.com/about-matrix-models/" "Mozilla/5.0 (Windows NT 10.0; Win64; x64) AppleWebKit/537.36 (KHTML, like Gecko) Chrome/143.0.0.0 Safari/537.36 Edg/143.0.0.0"
64.59.72.148 - - [26/Jan/2026:10:46:23 -0500] "GET / HTTP/1.1" 200 4446 "-" "check_http/v2.4.9 (nagios-plugins 2.4.9)"
79.124.40.174 - - [26/Jan/2026:10:46:46 -0500] "GET /?XDEBUG_SESSION_START=phpstorm HTTP/1.1" 200 4465 "-" "Mozilla/5.0 (Windows NT 10.0; Win64; x64) AppleWebKit/537.36 (KHTML, like Gecko) Chrome/78.0.3904.108 Safari/537.36"
52.167.144.170 - - [26/Jan/2026:10:47:27 -0500] "GET /comment-jouer-sur-la-machine-%C3%A0-sous/ HTTP/1.1" 404 8442 "-" "Mozilla/5.0 AppleWebKit/537.36 (KHTML, like Gecko; compatible; bingbot/2.0; +http://www.bing.com/bingbot.htm) Chrome/116.0.1938.76 Safari/537.36"
64.59.72.148 - - [26/Jan/2026:10:48:23 -0500] "GET / HTTP/1.1" 200 4446 "-" "check_http/v2.4.9 (nagios-plugins 2.4.9)"
113.52.133.204 - - [26/Jan/2026:10:49:34 -0500] "GET /temppp.php HTTP/1.1" 301 - "-" "Mozilla/5.0 (Windows NT 10.0; WOW64; rv:48.0) Gecko/20100101 Firefox/48.0"
113.52.133.204 - - [26/Jan/2026:10:49:35 -0500] "GET /temppp.php HTTP/1.1" 404 8442 "-" "Mozilla/5.0 (Windows NT 10.0; WOW64; rv:48.0) Gecko/20100101 Firefox/48.0"
167.114.139.65 - - [26/Jan/2026:10:49:40 -0500] "GET /panduan-lengkap-main-togel-digital/ HTTP/1.1" 404 8442 "-" "Mozilla/5.0 (compatible; AhrefsBot/7.0; +http://ahrefs.com/robot/)"
64.59.72.148 - - [26/Jan/2026:10:50:23 -0500] "GET / HTTP/1.1" 200 4446 "-" "check_http/v2.4.9 (nagios-plugins 2.4.9)"
45.55.41.19 - - [26/Jan/2026:10:51:32 -0500] "GET /+CSCOL+/Java.jar HTTP/1.1" 404 8520 "-" "Mozilla/5.0 (Windows NT 10.0; Win64; x64) AppleWebKit/537.36 (KHTML, like Gecko) Chrome/108.0.0.0 Safari/537.36"
2.58.56.164 - - [26/Jan/2026:10:51:32 -0500] "GET /wp-login.php HTTP/1.1" 200 6925 "www.google.com" "Mozilla/5.0 (Windows NT 10.0; Win64; x64) AppleWebKit/537.36 (KHTML, like Gecko) Chrome/91.0.4472.124 Safari/537.36"
45.55.41.19 - - [26/Jan/2026:10:51:33 -0500] "GET /+CSCOE+/logon_forms.js HTTP/1.1" 404 8520 "-" "Mozilla/5.0 (Windows NT 10.0; Win64; x64) AppleWebKit/537.36 (KHTML, like Gecko) Chrome/108.0.0.0 Safari/537.36"
2.58.56.164 - - [26/Jan/2026:10:51:32 -0500] "POST /wp-login.php HTTP/1.1" 302 - "https://matrixmodels.com/wp-admin/" "Mozilla/5.0 (Windows NT 10.0; Win64; x64) AppleWebKit/537.36 (KHTML, like Gecko) Chrome/91.0.4472.124 Safari/537.36"
2.58.56.164 - - [26/Jan/2026:10:51:33 -0500] "GET /wp-login.php?redirect_to=https%3A%2F%2Fmatrixmodels.com%2Fwp-admin%2F&action=confirm_admin_email&wp_lang=en_US HTTP/1.1" 200 3486 "https://matrixmodels.com/wp-admin/" "Mozilla/5.0 (Windows NT 10.0; Win64; x64) AppleWebKit/537.36 (KHTML, like Gecko) Chrome/91.0.4472.124 Safari/537.36"
45.55.41.19 - - [26/Jan/2026:10:51:33 -0500] "GET /+CSCOL+/a1.jar HTTP/1.1" 404 8520 "-" "Mozilla/5.0 (Windows NT 10.0; Win64; x64) AppleWebKit/537.36 (KHTML, like Gecko) Chrome/108.0.0.0 Safari/537.36"
2.58.56.164 - - [26/Jan/2026:10:51:33 -0500] "GET /wp-admin/ HTTP/1.1" 200 60596 "www.google.com" "Mozilla/5.0 (Windows NT 10.0; Win64; x64) AppleWebKit/537.36 (KHTML, like Gecko) Chrome/91.0.4472.124 Safari/537.36"
2.58.56.164 - - [26/Jan/2026:10:51:34 -0500] "GET /wp-admin/plugin-install.php?tab=upload HTTP/1.1" 200 33752 "www.google.com" "Mozilla/5.0 (Windows NT 10.0; Win64; x64) AppleWebKit/537.36 (KHTML, like Gecko) Chrome/91.0.4472.124 Safari/537.36"
45.55.41.19 - - [26/Jan/2026:10:51:34 -0500] "GET /+CSCOE+/transfer.js HTTP/1.1" 404 8520 "-" "Mozilla/5.0 (Windows NT 10.0; Win64; x64) AppleWebKit/537.36 (KHTML, like Gecko) Chrome/108.0.0.0 Safari/537.36"
2.58.56.164 - - [26/Jan/2026:10:51:34 -0500] "POST /wp-admin/update.php?action=upload-plugin HTTP/1.1" 200 25301 "www.google.com" "Mozilla/5.0 (Windows NT 10.0; Win64; x64) AppleWebKit/537.36 (KHTML, like Gecko) Chrome/91.0.4472.124 Safari/537.36"
2.58.56.164 - - [26/Jan/2026:10:51:36 -0500] "GET /wp-content/plugins/yvxadpp/index.php HTTP/1.1" 200 26369 "www.google.com" "Mozilla/5.0 (Windows NT 10.0; Win64; x64) AppleWebKit/537.36 (KHTML, like Gecko) Chrome/91.0.4472.124 Safari/537.36"
64.59.72.148 - - [26/Jan/2026:10:52:23 -0500] "GET / HTTP/1.1" 200 4446 "-" "check_http/v2.4.9 (nagios-plugins 2.4.9)"
95.85.238.51 - - [26/Jan/2026:10:54:15 -0500] "GET /wp-login.php HTTP/1.1" 200 6901 "-" "Mozilla/5.0 (Windows NT 5.1) AppleWebKit/537.36 (KHTML, like Gecko) Chrome/36.0.1985.125 Safari/537.36"
95.85.238.51 - - [26/Jan/2026:10:54:16 -0500] "POST /wp-login.php HTTP/1.1" 200 7310 "-" "Mozilla/5.0 (Windows NT 5.1) AppleWebKit/537.36 (KHTML, like Gecko) Chrome/36.0.1985.125 Safari/537.36"
64.59.72.148 - - [26/Jan/2026:10:54:23 -0500] "GET / HTTP/1.1" 200 4446 "-" "check_http/v2.4.9 (nagios-plugins 2.4.9)"
64.59.72.148 - - [26/Jan/2026:10:56:23 -0500] "GET / HTTP/1.1" 200 4446 "-" "check_http/v2.4.9 (nagios-plugins 2.4.9)"
2.58.56.164 - - [26/Jan/2026:10:56:58 -0500] "GET /wp-login.php HTTP/1.1" 200 6925 "www.google.com" "Mozilla/5.0 (Windows NT 10.0; Win64; x64) AppleWebKit/537.36 (KHTML, like Gecko) Chrome/91.0.4472.124 Safari/537.36"
2.58.56.164 - - [26/Jan/2026:10:56:58 -0500] "POST /wp-login.php HTTP/1.1" 302 - "https://matrixmodels.com/wp-admin/" "Mozilla/5.0 (Windows NT 10.0; Win64; x64) AppleWebKit/537.36 (KHTML, like Gecko) Chrome/91.0.4472.124 Safari/537.36"
2.58.56.164 - - [26/Jan/2026:10:56:59 -0500] "GET /wp-login.php?redirect_to=https%3A%2F%2Fmatrixmodels.com%2Fwp-admin%2F&action=confirm_admin_email&wp_lang=en_US HTTP/1.1" 200 3486 "https://matrixmodels.com/wp-admin/" "Mozilla/5.0 (Windows NT 10.0; Win64; x64) AppleWebKit/537.36 (KHTML, like Gecko) Chrome/91.0.4472.124 Safari/537.36"
2.58.56.164 - - [26/Jan/2026:10:56:59 -0500] "GET /wp-admin/ HTTP/1.1" 200 60596 "www.google.com" "Mozilla/5.0 (Windows NT 10.0; Win64; x64) AppleWebKit/537.36 (KHTML, like Gecko) Chrome/91.0.4472.124 Safari/537.36"
2.58.56.164 - - [26/Jan/2026:10:57:00 -0500] "GET /wp-admin/plugin-install.php?tab=upload HTTP/1.1" 200 33752 "www.google.com" "Mozilla/5.0 (Windows NT 10.0; Win64; x64) AppleWebKit/537.36 (KHTML, like Gecko) Chrome/91.0.4472.124 Safari/537.36"
2.58.56.164 - - [26/Jan/2026:10:57:00 -0500] "POST /wp-admin/update.php?action=upload-plugin HTTP/1.1" 200 25301 "www.google.com" "Mozilla/5.0 (Windows NT 10.0; Win64; x64) AppleWebKit/537.36 (KHTML, like Gecko) Chrome/91.0.4472.124 Safari/537.36"
2.58.56.164 - - [26/Jan/2026:10:57:02 -0500] "GET /wp-content/plugins/pysakqt/index.php HTTP/1.1" 200 26369 "www.google.com" "Mozilla/5.0 (Windows NT 10.0; Win64; x64) AppleWebKit/537.36 (KHTML, like Gecko) Chrome/91.0.4472.124 Safari/537.36"
54.39.6.106 - - [26/Jan/2026:10:58:12 -0500] "GET /?dir=%2Fhome%2Fhttpd%2Fhtml%2Fmatrixmodels.com%2Fpublic_html%2F.. HTTP/1.1" 200 4446 "-" "Mozilla/5.0 (compatible; AhrefsBot/7.0; +http://ahrefs.com/robot/)"
64.59.72.148 - - [26/Jan/2026:10:58:23 -0500] "GET / HTTP/1.1" 200 4446 "-" "check_http/v2.4.9 (nagios-plugins 2.4.9)"
217.217.112.213 - - [26/Jan/2026:10:58:24 -0500] "GET /otw-portfolio/sami-white-twins/ HTTP/1.1" 301 - "https://www.babepedia.com/babe/Sami_White" "Mozilla/5.0 (iPhone; CPU iPhone OS 18_7 like Mac OS X) AppleWebKit/605.1.15 (KHTML, like Gecko) Version/26.2 Mobile/15E148 Safari/604.1"
217.217.112.213 - - [26/Jan/2026:10:58:24 -0500] "GET / HTTP/1.1" 200 4465 "https://www.babepedia.com/" "Mozilla/5.0 (iPhone; CPU iPhone OS 18_7 like Mac OS X) AppleWebKit/605.1.15 (KHTML, like Gecko) Version/26.2 Mobile/15E148 Safari/604.1"
